68.48.169.186 - - [06/Jan/2013:14:39:00 -0800] "GET /GetStationPlayList.php?s=0&c=9&uid=37813&sid=14&endFeed=0&version=4.0.12455&mode=iPhoneApp&locale=en_US HTTP/1.1" 200 9381 "-" "Tales2Go/3.2.0 CFNetwork/609 Darwin/13.0.0"
24.230.105.155 - - [06/Jan/2013:14:39:23 -0800] "GET /GetAd.php?sid=498&timeSinceLastAd=3961&previousFeedId=15&nextFeedId=64&tlt=3961&tlf=4&uid=37884&version=4.0.12455&mode=iPhoneApp&locale=en_US HTTP/1.1" 200 22 "-" "Tales2Go/3.2.0 CFNetwork/609 Darwin/13.0.0"
108.18.117.235 - - [06/Jan/2013:14:39:52 -0800] "GET /AddBookmark.php?uid=25218&eid=3046&offset=2942&version=4.0.12455&mode=iPhoneApp&locale=en_US HTTP/1.1" 200 47 "-" "Tales2Go/3.2.0 CFNetwork/485.12.30 Darwin/10.4.0"
68.48.169.186 - - [06/Jan/2013:14:39:52 -0800] "GET /Search.php?uid=37813&term=Rapanzel&s=0&c=20&version=4.0.12455&mode=iPhoneApp&locale=en_US HTTP/1.1" 200 77 "-" "Tales2Go/3.2.0 CFNetwork/609 Darwin/13.0.0"
68.48.169.186 - - [06/Jan/2013:14:39:57 -0800] "GET /GetBookmarkList.php?uid=37813&version=4.0.12455&mode=iPhoneApp&locale=en_US HTTP/1.1" 200 770 "-" "Tales2Go/3.2.0 CFNetwork/609 Darwin/13.0.0"
68.48.169.186 - - [06/Jan/2013:14:40:03 -0800] "GET /FeedDisplay.php?archived&mode=iPhoneApp&fid=18&episode_id=36&nfid=0&uid=37813&version=3.2.0 HTTP/1.1" 200 8626 "-" "Mozilla/5.0 (iPod; CPU iPhone OS 6_0 like Mac OS X) AppleWebKit/536.26 (KHTML, like Gecko) Mobile/10A403"
68.48.169.186 - - [06/Jan/2013:14:40:03 -0800] "GET /GetAd.php?sid=0&timeSinceLastAd=145&previousFeedId=18&nextFeedId=0&tlt=145&tlf=1&uid=37813&version=4.0.12455&mode=iPhoneApp&locale=en_US HTTP/1.1" 200 22 "-" "Tales2Go/3.2.0 CFNetwork/609 Darwin/13.0.0"
108.18.117.235 - - [06/Jan/2013:14:41:03 -0800] "GET /AddBookmark.php?uid=25218&eid=3046&offset=3014&version=4.0.12455&mode=iPhoneApp&locale=en_US HTTP/1.1" 200 47 "-" "Tales2Go/3.2.0 CFNetwork/485.12.30 Darwin/10.4.0"
108.18.117.235 - - [06/Jan/2013:14:41:06 -0800] "GET /AddBookmark.php?uid=25218&eid=3046&offset=3017&version=4.0.12455&mode=iPhoneApp&locale=en_US HTTP/1.1" 200 47 "-" "Tales2Go/3.2.0 CFNetwork/485.12.30 Darwin/10.4.0"
108.18.117.235 - - [06/Jan/2013:14:41:15 -0800] "GET /AddBookmark.php?uid=25218&eid=3046&offset=3026&version=4.0.12455&mode=iPhoneApp&locale=en_US HTTP/1.1" 200 47 "-" "Tales2Go/3.2.0 CFNetwork/485.12.30 Darwin/10.4.0"
108.218.235.57 - - [06/Jan/2013:14:41:19 -0800] "GET /PostUsage.php?uid=37276&sid=0&fid=1535&eid=2945&completed=3986264&timezone=+0000&tlt=0&version=4.0.12455&mode=iPhoneApp&locale=en_US HTTP/1.1" 200 - "-" "Tales2Go/3.2.0 CFNetwork/609 Darwin/13.0.0"
108.218.235.57 - - [06/Jan/2013:14:41:20 -0800] "GET /FeedDisplay.php?archived&mode=iPhoneApp&fid=1535&episode_id=2946&nfid=0&uid=37276&version=3.2.0 HTTP/1.1" 200 8926 "-" "Mozilla/5.0 (iPod; CPU iPhone OS 6_0_1 like Mac OS X) AppleWebKit/536.26 (KHTML, like Gecko) Mobile/10A523"
108.218.235.57 - - [06/Jan/2013:14:41:20 -0800] "GET /images/multipart_arrow_right_disabled.gif HTTP/1.1" 200 278 "http://t2g.stitcher.com/FeedDisplay.php?archived&mode=iPhoneApp&fid=1535&episode_id=2946&nfid=0&uid=37276&version=3.2.0" "Mozilla/5.0 (iPod; CPU iPhone OS 6_0_1 like Mac OS X) AppleWebKit/536.26 (KHTML, like Gecko) Mobile/10A523"
108.18.117.235 - - [06/Jan/2013:14:41:29 -0800] "GET /AddBookmark.php?uid=25218&eid=3046&offset=3039&version=4.0.12455&mode=iPhoneApp&locale=en_US HTTP/1.1" 200 47 "-" "Tales2Go/3.2.0 CFNetwork/485.12.30 Darwin/10.4.0"
108.18.117.235 - - [06/Jan/2013:14:41:38 -0800] "GET /AddBookmark.php?uid=25218&eid=3046&offset=3049&version=4.0.12455&mode=iPhoneApp&locale=en_US HTTP/1.1" 200 47 "-" "Tales2Go/3.2.0 CFNetwork/485.12.30 Darwin/10.4.0"
108.18.117.235 - - [06/Jan/2013:14:41:51 -0800] "GET /AddBookmark.php?uid=25218&eid=3046&offset=3062&version=4.0.12455&mode=iPhoneApp&locale=en_US HTTP/1.1" 200 47 "-" "Tales2Go/3.2.0 CFNetwork/485.12.30 Darwin/10.4.0"
108.218.235.57 - - [06/Jan/2013:14:42:36 -0800] "GET /GetAd.php?sid=0&timeSinceLastAd=4060&previousFeedId=1535&nextFeedId=0&tlt=4060&tlf=2&uid=37276&version=4.0.12455&mode=iPhoneApp&locale=en_US HTTP/1.1" 200 22 "-" "Tales2Go/3.2.0 CFNetwork/609 Darwin/13.0.0"
66.205.138.123 - - [06/Jan/2013:14:43:23 -0800] "GET /AddFavorite.php?uid=22400&fid=951&version=4.0.12455&mode=iPhoneApp&locale=en_US HTTP/1.1" 200 55 "-" "Tales2Go/3.2.0 CFNetwork/609 Darwin/13.0.0"
66.205.138.123 - - [06/Jan/2013:14:43:34 -0800] "GET /PostUsage.php?uid=22400&sid=128&fid=951&eid=1289&completed=1684418&timezone=+0000&tlt=11343&version=4.0.12455&mode=iPhoneApp&locale=en_US HTTP/1.1" 200 - "-" "Tales2Go/3.2.0 CFNetwork/609 Darwin/13.0.0"
66.205.138.123 - - [06/Jan/2013:14:43:34 -0800] "GET /FeedDisplay.php?archived&mode=iPhoneApp&fid=722&episode_id=1026&nfid=0&uid=22400&version=3.2.0 HTTP/1.1" 200 9049 "-" "Mozilla/5.0 (iPhone; CPU iPhone OS 6_0_1 like Mac OS X) AppleWebKit/536.26 (KHTML, like Gecko) Mobile/10A525"
66.205.138.123 - - [06/Jan/2013:14:43:35 -0800] "GET /AddFavorite.php?uid=22400&fid=722&version=4.0.12455&mode=iPhoneApp&locale=en_US HTTP/1.1" 200 55 "-" "Tales2Go/3.2.0 CFNetwork/609 Darwin/13.0.0"
66.205.138.123 - - [06/Jan/2013:14:43:39 -0800] "GET /PostUsage.php?uid=22400&sid=128&fid=722&eid=1026&completed=5044&timezone=+0000&tlt=11343&version=4.0.12455&mode=iPhoneApp&locale=en_US HTTP/1.1" 200 - "-" "Tales2Go/3.2.0 CFNetwork/609 Darwin/13.0.0"
66.205.138.123 - - [06/Jan/2013:14:43:39 -0800] "GET /FeedDisplay.php?archived&mode=iPhoneApp&fid=728&episode_id=1029&nfid=0&uid=22400&version=3.2.0 HTTP/1.1" 200 9037 "-" "Mozilla/5.0 (iPhone; CPU iPhone OS 6_0_1 like Mac OS X) AppleWebKit/536.26 (KHTML, like Gecko) Mobile/10A525"
66.205.138.123 - - [06/Jan/2013:14:43:40 -0800] "GET /AddFavorite.php?uid=22400&fid=728&version=4.0.12455&mode=iPhoneApp&locale=en_US HTTP/1.1" 200 55 "-" "Tales2Go/3.2.0 CFNetwork/609 Darwin/13.0.0"
127.0.0.1 - - [06/Jan/2013:14:43:42 -0800] "GET /PostUsageScript.php?uid=37348&sid=0&fid=1032&eid=1417&completed=365&timezone=+0000&tlt=0&version=4.0.12455&mode=desktop&override&locale=en_US HTTP/1.0" 200 61 "-" "Wget/1.11.4 Red Hat modified"
208.113.232.130 - - [06/Jan/2013:14:43:42 -0800] "GET /PostUsage.php?uid=37348&sid=0&fid=1032&eid=1417&completed=365&timezone=+0000&tlt=0&version=4.0.12455&mode=desktop&override&locale=en_US HTTP/1.0" 200 - "-" "-"
207.138.192.26 - - [06/Jan/2013:14:43:43 -0800] "GET /GetAd.php?sid=4&timeSinceLastAd=491&previousFeedId=1769&nextFeedId=1080&tlt=491&tlf=1&uid=37441&version=4.0.12455&mode=iPhoneApp&locale=en_US HTTP/1.1" 200 22 "-" "Tales2Go/3.2.0 CFNetwork/609 Darwin/13.0.0"
127.0.0.1 - - [06/Jan/2013:14:43:43 -0800] "GET /PostUsageScript.php?uid=37348&sid=0&fid=1032&eid=1417&completed=0&timezone=+0000&tlt=0&version=4.0.12455&mode=desktop&override&locale=en_US HTTP/1.0" 200 61 "-" "Wget/1.11.4 Red Hat modified"
208.113.232.130 - - [06/Jan/2013:14:43:43 -0800] "GET /PostUsage.php?uid=37348&sid=0&fid=1032&eid=1417&completed=0&timezone=+0000&tlt=0&version=4.0.12455&mode=desktop&override&locale=en_US HTTP/1.0" 200 - "-" "-"
207.138.192.26 - - [06/Jan/2013:14:43:43 -0800] "GET /PostUsage.php?uid=37441&sid=4&fid=1769&eid=3268&completed=373928&timezone=+0000&tlt=491&version=4.0.12455&mode=iPhoneApp&locale=en_US HTTP/1.1" 200 - "-" "Tales2Go/3.2.0 CFNetwork/609 Darwin/13.0.0"
207.138.192.26 - - [06/Jan/2013:14:43:43 -0800] "GET /FeedDisplay.php?archived&mode=iPhoneApp&fid=1080&episode_id=1532&nfid=2930&uid=37441&version=3.2.0 HTTP/1.1" 200 8612 "-" "Mozilla/5.0 (iPhone; CPU iPhone OS 6_0_1 like Mac OS X) AppleWebKit/536.26 (KHTML, like Gecko) Mobile/10A523"
66.205.138.123 - - [06/Jan/2013:14:43:43 -0800] "GET /PostUsage.php?uid=22400&sid=128&fid=728&eid=1029&completed=92618&timezone=+0000&tlt=11343&version=4.0.12455&mode=iPhoneApp&locale=en_US HTTP/1.1" 200 - "-" "Tales2Go/3.2.0 CFNetwork/609 Darwin/13.0.0"
66.205.138.123 - - [06/Jan/2013:14:43:43 -0800] "GET /FeedDisplay.php?archived&mode=iPhoneApp&fid=721&episode_id=1022&nfid=0&uid=22400&version=3.2.0 HTTP/1.1" 200 8567 "-" "Mozilla/5.0 (iPhone; CPU iPhone OS 6_0_1 like Mac OS X) AppleWebKit/536.26 (KHTML, like Gecko) Mobile/10A525"
66.205.138.123 - - [06/Jan/2013:14:43:45 -0800] "GET /AddFavorite.php?uid=22400&fid=721&version=4.0.12455&mode=iPhoneApp&locale=en_US HTTP/1.1" 200 55 "-" "Tales2Go/3.2.0 CFNetwork/609 Darwin/13.0.0"
207.138.192.26 - - [06/Jan/2013:14:43:49 -0800] "GET /GetAd.php?sid=4&timeSinceLastAd=496&previousFeedId=1080&nextFeedId=2930&tlt=496&tlf=2&uid=37441&version=4.0.12455&mode=iPhoneApp&locale=en_US HTTP/1.1" 200 22 "-" "Tales2Go/3.2.0 CFNetwork/609 Darwin/13.0.0"
66.205.138.123 - - [06/Jan/2013:14:43:51 -0800] "GET /PostUsage.php?uid=22400&sid=128&fid=721&eid=1022&completed=1399496&timezone=+0000&tlt=11343&version=4.0.12455&mode=iPhoneApp&locale=en_US HTTP/1.1" 200 - "-" "Tales2Go/3.2.0 CFNetwork/609 Darwin/13.0.0"
66.205.138.123 - - [06/Jan/2013:14:43:51 -0800] "GET /FeedDisplay.php?archived&mode=iPhoneApp&fid=728&episode_id=1029&nfid=0&uid=22400&version=3.2.0 HTTP/1.1" 200 9037 "-" "Mozilla/5.0 (iPhone; CPU iPhone OS 6_0_1 like Mac OS X) AppleWebKit/536.26 (KHTML, like Gecko) Mobile/10A525"
66.205.138.123 - - [06/Jan/2013:14:43:58 -0800] "GET /PostUsage.php?uid=22400&sid=128&fid=728&eid=1029&completed=93477&timezone=+0000&tlt=11343&version=4.0.12455&mode=iPhoneApp&locale=en_US HTTP/1.1" 200 - "-" "Tales2Go/3.2.0 CFNetwork/609 Darwin/13.0.0"
66.205.138.123 - - [06/Jan/2013:14:43:58 -0800] "GET /FeedDisplay.php?archived&mode=iPhoneApp&fid=723&episode_id=1028&nfid=0&uid=22400&version=3.2.0 HTTP/1.1" 200 8570 "-" "Mozilla/5.0 (iPhone; CPU iPhone OS 6_0_1 like Mac OS X) AppleWebKit/536.26 (KHTML, like Gecko) Mobile/10A525"
66.205.138.123 - - [06/Jan/2013:14:44:00 -0800] "GET /AddFavorite.php?uid=22400&fid=723&version=4.0.12455&mode=iPhoneApp&locale=en_US HTTP/1.1" 200 55 "-" "Tales2Go/3.2.0 CFNetwork/609 Darwin/13.0.0"
66.205.138.123 - - [06/Jan/2013:14:44:07 -0800] "GET /GetAd.php?sid=0&timeSinceLastAd=15379&previousFeedId=723&nextFeedId=0&tlt=15379&tlf=2&uid=22400&version=4.0.12455&mode=iPhoneApp&locale=en_US HTTP/1.1" 200 22 "-" "Tales2Go/3.2.0 CFNetwork/609 Darwin/13.0.0"
67.172.197.244 - - [06/Jan/2013:14:44:07 -0800] "GET /GetAd.php?sid=46&timeSinceLastAd=8669&previousFeedId=360&nextFeedId=2831&newStation&tlt=8669&tlf=0&uid=18663&version=4.0.12455&mode=iPhoneApp&locale=en_US HTTP/1.1" 200 22 "-" "Tales2Go/3.2.0 CFNetwork/548.1.4 Darwin/11.0.0"
67.172.197.244 - - [06/Jan/2013:14:44:07 -0800] "GET /PostUsage.php?uid=18663&sid=46&fid=360&eid=621&completed=1312729&timezone=+0000&tlt=8669&version=4.0.12455&mode=iPhoneApp&locale=en_US HTTP/1.1" 200 - "-" "Tales2Go/3.2.0 CFNetwork/548.1.4 Darwin/11.0.0"
67.172.197.244 - - [06/Jan/2013:14:44:08 -0800] "GET /FeedDisplay.php?archived&mode=iPhoneApp&fid=2831&episode_id=5376&nfid=358&uid=18663&version=3.2.0 HTTP/1.1" 200 8684 "-" "Mozilla/5.0 (iPod; CPU iPhone OS 5_1_1 like Mac OS X) AppleWebKit/534.46 (KHTML, like Gecko) Mobile/9B206"
67.172.197.244 - - [06/Jan/2013:14:44:13 -0800] "GET /GetAd.php?sid=46&timeSinceLastAd=8672&previousFeedId=2831&nextFeedId=358&tlt=8672&tlf=1&uid=18663&version=4.0.12455&mode=iPhoneApp&locale=en_US HTTP/1.1" 200 22 "-" "Tales2Go/3.2.0 CFNetwork/548.1.4 Darwin/11.0.0"
66.205.138.123 - - [06/Jan/2013:14:44:18 -0800] "GET /PostUsage.php?uid=22400&sid=128&fid=723&eid=1028&completed=4036766&timezone=+0000&tlt=11343&version=4.0.12455&mode=iPhoneApp&locale=en_US HTTP/1.1" 200 - "-" "Tales2Go/3.2.0 CFNetwork/609 Darwin/13.0.0"
66.205.138.123 - - [06/Jan/2013:14:44:18 -0800] "GET /FeedDisplay.php?archived&mode=iPhoneApp&fid=719&episode_id=1011&nfid=0&uid=22400&version=3.2.0 HTTP/1.1" 200 9008 "-" "Mozilla/5.0 (iPhone; CPU iPhone OS 6_0_1 like Mac OS X) AppleWebKit/536.26 (KHTML, like Gecko) Mobile/10A525"
66.205.138.123 - - [06/Jan/2013:14:44:22 -0800] "GET /PostUsage.php?uid=22400&sid=128&fid=719&eid=1011&completed=1695850&timezone=+0000&tlt=11343&version=4.0.12455&mode=iPhoneApp&locale=en_US HTTP/1.1" 200 - "-" "Tales2Go/3.2.0 CFNetwork/609 Darwin/13.0.0"
66.205.138.123 - - [06/Jan/2013:14:44:22 -0800] "GET /FeedDisplay.php?archived&mode=iPhoneApp&fid=722&episode_id=1027&nfid=0&uid=22400&version=3.2.0 HTTP/1.1" 200 9049 "-" "Mozilla/5.0 (iPhone; CPU iPhone OS 6_0_1 like Mac OS X) AppleWebKit/536.26 (KHTML, like Gecko) Mobile/10A525"
66.205.138.123 - - [06/Jan/2013:14:44:33 -0800] "GET /PostUsage.php?uid=22400&sid=0&fid=722&eid=1027&completed=609771&timezone=+0000&tlt=11343&version=4.0.12455&mode=iPhoneApp&locale=en_US HTTP/1.1" 200 - "-" "Tales2Go/3.2.0 CFNetwork/609 Darwin/13.0.0"
66.205.138.123 - - [06/Jan/2013:14:44:33 -0800] "GET /FeedDisplay.php?archived&mode=iPhoneApp&fid=723&episode_id=1028&nfid=0&uid=22400&version=3.2.0 HTTP/1.1" 200 8570 "-" "Mozilla/5.0 (iPhone; CPU iPhone OS 6_0_1 like Mac OS X) AppleWebKit/536.26 (KHTML, like Gecko) Mobile/10A525"
66.205.138.123 - - [06/Jan/2013:14:44:39 -0800] "GET /GetAd.php?sid=0&timeSinceLastAd=15382&previousFeedId=723&nextFeedId=0&tlt=15382&tlf=2&uid=22400&version=4.0.12455&mode=iPhoneApp&locale=en_US HTTP/1.1" 200 22 "-" "Tales2Go/3.2.0 CFNetwork/609 Darwin/13.0.0"
99.57.132.99 - - [06/Jan/2013:14:44:45 -0800] "GET /StartupChecks.php?startup&uid=17395&version=4.0.12455&mode=iPhoneApp&locale=en_US HTTP/1.1" 200 289 "-" "Tales2Go/3.2.0 CFNetwork/609 Darwin/13.0.0"
99.57.132.99 - - [06/Jan/2013:14:44:45 -0800] "GET /LoadUserFromID.php?markStartup&id=17395&udid=5C:59:48:10:0B:04&version=4.0.12455&mode=iPhoneApp&locale=en_US HTTP/1.1" 200 261 "-" "Tales2Go/3.2.0 CFNetwork/609 Darwin/13.0.0"
99.57.132.99 - - [06/Jan/2013:14:44:46 -0800] "GET /GetContentStationList.php?uid=17395&version=4.0.12455&mode=iPhoneApp&locale=en_US HTTP/1.1" 200 6486 "-" "Tales2Go/3.2.0 CFNetwork/609 Darwin/13.0.0"
99.57.132.99 - - [06/Jan/2013:14:44:46 -0800] "GET /GetStationListFC.php?uid=17395&version=4.0.12455&mode=iPhoneApp&locale=en_US HTTP/1.1" 200 16492 "-" "Tales2Go/3.2.0 CFNetwork/609 Darwin/13.0.0"
66.87.95.213 - - [06/Jan/2013:14:44:53 -0800] "GET /PostUsage.php?uid=37810&sid=0&fid=658&eid=968&completed=88048&timezone=+0000&tlt=71&version=4.0.12455&mode=iPhoneApp&locale=en_US HTTP/1.1" 200 - "-" "Tales2Go/3.2.0 CFNetwork/609 Darwin/13.0.0"
66.87.95.213 - - [06/Jan/2013:14:44:54 -0800] "GET /FeedDisplay.php?archived&mode=iPhoneApp&fid=925&episode_id=1225&nfid=0&uid=37810&version=3.2.0 HTTP/1.1" 200 9150 "-" "Mozilla/5.0 (iPhone; CPU iPhone OS 6_0_1 like Mac OS X) AppleWebKit/536.26 (KHTML, like Gecko) Mobile/10A523"
99.57.132.99 - - [06/Jan/2013:14:45:03 -0800] "POST /ActivateLicense.php HTTP/1.1" 200 54 "-" "Tales2Go/3.2.0 CFNetwork/609 Darwin/13.0.0"
99.57.132.99 - - [06/Jan/2013:14:45:03 -0800] "POST /ActivateLicense.php HTTP/1.1" 200 54 "-" "Tales2Go/3.2.0 CFNetwork/609 Darwin/13.0.0"
99.57.132.99 - - [06/Jan/2013:14:45:03 -0800] "POST /ActivateLicense.php HTTP/1.1" 200 54 "-" "Tales2Go/3.2.0 CFNetwork/609 Darwin/13.0.0"
99.57.132.99 - - [06/Jan/2013:14:45:03 -0800] "POST /ActivateLicense.php HTTP/1.1" 200 54 "-" "Tales2Go/3.2.0 CFNetwork/609 Darwin/13.0.0"
99.57.132.99 - - [06/Jan/2013:14:45:03 -0800] "POST /ActivateLicense.php HTTP/1.1" 200 54 "-" "Tales2Go/3.2.0 CFNetwork/609 Darwin/13.0.0"
99.57.132.99 - - [06/Jan/2013:14:45:03 -0800] "POST /ActivateLicense.php HTTP/1.1" 200 54 "-" "Tales2Go/3.2.0 CFNetwork/609 Darwin/13.0.0"
99.57.132.99 - - [06/Jan/2013:14:45:03 -0800] "POST /ActivateLicense.php HTTP/1.1" 200 54 "-" "Tales2Go/3.2.0 CFNetwork/609 Darwin/13.0.0"
99.57.132.99 - - [06/Jan/2013:14:45:04 -0800] "POST /ActivateLicense.php HTTP/1.1" 200 54 "-" "Tales2Go/3.2.0 CFNetwork/609 Darwin/13.0.0"
99.57.132.99 - - [06/Jan/2013:14:45:04 -0800] "GET /LoadUserFromID.php?markStartup&id=17395&udid=5C:59:48:10:0B:04&version=4.0.12455&mode=iPhoneApp&locale=en_US HTTP/1.1" 200 261 "-" "Tales2Go/3.2.0 CFNetwork/609 Darwin/13.0.0"
99.57.132.99 - - [06/Jan/2013:14:45:05 -0800] "GET /LoadUserFromID.php?markStartup&id=17395&udid=5C:59:48:10:0B:04&version=4.0.12455&mode=iPhoneApp&locale=en_US HTTP/1.1" 200 261 "-" "Tales2Go/3.2.0 CFNetwork/609 Darwin/13.0.0"
99.57.132.99 - - [06/Jan/2013:14:45:05 -0800] "GET /LoadUserFromID.php?markStartup&id=17395&udid=5C:59:48:10:0B:04&version=4.0.12455&mode=iPhoneApp&locale=en_US HTTP/1.1" 200 261 "-" "Tales2Go/3.2.0 CFNetwork/609 Darwin/13.0.0"
99.57.132.99 - - [06/Jan/2013:14:45:06 -0800] "GET /LoadUserFromID.php?markStartup&id=17395&udid=5C:59:48:10:0B:04&version=4.0.12455&mode=iPhoneApp&locale=en_US HTTP/1.1" 200 261 "-" "Tales2Go/3.2.0 CFNetwork/609 Darwin/13.0.0"
99.57.132.99 - - [06/Jan/2013:14:45:07 -0800] "GET /LoadUserFromID.php?markStartup&id=17395&udid=5C:59:48:10:0B:04&version=4.0.12455&mode=iPhoneApp&locale=en_US HTTP/1.1" 200 261 "-" "Tales2Go/3.2.0 CFNetwork/609 Darwin/13.0.0"
99.57.132.99 - - [06/Jan/2013:14:45:08 -0800] "GET /LoadUserFromID.php?markStartup&id=17395&udid=5C:59:48:10:0B:04&version=4.0.12455&mode=iPhoneApp&locale=en_US HTTP/1.1" 200 261 "-" "Tales2Go/3.2.0 CFNetwork/609 Darwin/13.0.0"
99.57.132.99 - - [06/Jan/2013:14:45:08 -0800] "GET /LoadUserFromID.php?markStartup&id=17395&udid=5C:59:48:10:0B:04&version=4.0.12455&mode=iPhoneApp&locale=en_US HTTP/1.1" 200 261 "-" "Tales2Go/3.2.0 CFNetwork/609 Darwin/13.0.0"
99.57.132.99 - - [06/Jan/2013:14:45:09 -0800] "GET /LoadUserFromID.php?markStartup&id=17395&udid=5C:59:48:10:0B:04&version=4.0.12455&mode=iPhoneApp&locale=en_US HTTP/1.1" 200 261 "-" "Tales2Go/3.2.0 CFNetwork/609 Darwin/13.0.0"
66.205.138.123 - - [06/Jan/2013:14:45:11 -0800] "GET /GetAd.php?sid=64&timeSinceLastAd=15383&previousFeedId=723&nextFeedId=112&newStation&tlt=15383&tlf=0&uid=22400&version=4.0.12455&mode=iPhoneApp&locale=en_US HTTP/1.1" 200 22 "-" "Tales2Go/3.2.0 CFNetwork/609 Darwin/13.0.0"
66.205.138.123 - - [06/Jan/2013:14:45:11 -0800] "GET /PostUsage.php?uid=22400&sid=128&fid=723&eid=1028&completed=4040264&timezone=+0000&tlt=15383&version=4.0.12455&mode=iPhoneApp&locale=en_US HTTP/1.1" 200 - "-" "Tales2Go/3.2.0 CFNetwork/609 Darwin/13.0.0"
66.205.138.123 - - [06/Jan/2013:14:45:11 -0800] "GET /FeedDisplay.php?archived&mode=iPhoneApp&fid=112&episode_id=125&nfid=564&uid=22400&version=3.2.0 HTTP/1.1" 200 8464 "-" "Mozilla/5.0 (iPhone; CPU iPhone OS 6_0_1 like Mac OS X) AppleWebKit/536.26 (KHTML, like Gecko) Mobile/10A525"
66.205.138.123 - - [06/Jan/2013:14:45:23 -0800] "GET /GetAd.php?sid=64&timeSinceLastAd=15385&previousFeedId=112&nextFeedId=564&tlt=15385&tlf=1&uid=22400&version=4.0.12455&mode=iPhoneApp&locale=en_US HTTP/1.1" 200 22 "-" "Tales2Go/3.2.0 CFNetwork/609 Darwin/13.0.0"
66.205.138.123 - - [06/Jan/2013:14:45:30 -0800] "GET /GetStationPlayList.php?s=117&c=9&uid=22400&sid=64&endFeed=0&version=4.0.12455&mode=iPhoneApp&locale=en_US HTTP/1.1" 200 7003 "-" "Tales2Go/3.2.0 CFNetwork/609 Darwin/13.0.0"
66.205.138.123 - - [06/Jan/2013:14:45:37 -0800] "GET /GetStationPlayList.php?s=126&c=9&uid=22400&sid=64&endFeed=0&version=4.0.12455&mode=iPhoneApp&locale=en_US HTTP/1.1" 200 6304 "-" "Tales2Go/3.2.0 CFNetwork/609 Darwin/13.0.0"
66.205.138.123 - - [06/Jan/2013:14:45:45 -0800] "GET /GetStationPlayList.php?s=135&c=9&uid=22400&sid=64&endFeed=0&version=4.0.12455&mode=iPhoneApp&locale=en_US HTTP/1.1" 200 6390 "-" "Tales2Go/3.2.0 CFNetwork/609 Darwin/13.0.0"
66.205.138.123 - - [06/Jan/2013:14:45:50 -0800] "GET /GetStationPlayList.php?s=144&c=9&uid=22400&sid=64&endFeed=0&version=4.0.12455&mode=iPhoneApp&locale=en_US HTTP/1.1" 200 6720 "-" "Tales2Go/3.2.0 CFNetwork/609 Darwin/13.0.0"
66.205.138.123 - - [06/Jan/2013:14:45:55 -0800] "GET /GetStationPlayList.php?s=153&c=9&uid=22400&sid=64&endFeed=0&version=4.0.12455&mode=iPhoneApp&locale=en_US HTTP/1.1" 200 6867 "-" "Tales2Go/3.2.0 CFNetwork/609 Darwin/13.0.0"
66.205.138.123 - - [06/Jan/2013:14:46:04 -0800] "GET /GetAd.php?sid=64&timeSinceLastAd=15385&previousFeedId=112&nextFeedId=1195&newStation&tlt=15385&tlf=0&uid=22400&version=4.0.12455&mode=iPhoneApp&locale=en_US HTTP/1.1" 200 22 "-" "Tales2Go/3.2.0 CFNetwork/609 Darwin/13.0.0"
66.205.138.123 - - [06/Jan/2013:14:46:05 -0800] "GET /PostUsage.php?uid=22400&sid=64&fid=112&eid=125&completed=2235&timezone=+0000&tlt=15385&version=4.0.12455&mode=iPhoneApp&locale=en_US HTTP/1.1" 200 - "-" "Tales2Go/3.2.0 CFNetwork/609 Darwin/13.0.0"
66.205.138.123 - - [06/Jan/2013:14:46:05 -0800] "GET /FeedDisplay.php?archived&mode=iPhoneApp&fid=1195&episode_id=1656&nfid=1792&uid=22400&version=3.2.0 HTTP/1.1" 200 8460 "-" "Mozilla/5.0 (iPhone; CPU iPhone OS 6_0_1 like Mac OS X) AppleWebKit/536.26 (KHTML, like Gecko) Mobile/10A525"
66.87.95.213 - - [06/Jan/2013:14:46:06 -0800] "GET /PostUsage.php?uid=37810&sid=0&fid=925&eid=1225&completed=1359490&timezone=+0000&tlt=71&version=4.0.12455&mode=iPhoneApp&locale=en_US HTTP/1.1" 200 - "-" "Tales2Go/3.2.0 CFNetwork/609 Darwin/13.0.0"
66.87.95.213 - - [06/Jan/2013:14:46:07 -0800] "GET /PostUsage.php?uid=37810&sid=0&fid=925&eid=1226&completed=0&timezone=+0000&tlt=71&version=4.0.12455&mode=iPhoneApp&locale=en_US HTTP/1.1" 200 - "-" "Tales2Go/3.2.0 CFNetwork/609 Darwin/13.0.0"
66.87.95.213 - - [06/Jan/2013:14:46:08 -0800] "GET /PostUsage.php?uid=37810&sid=0&fid=925&eid=1226&completed=0&timezone=+0000&tlt=71&version=4.0.12455&mode=iPhoneApp&locale=en_US HTTP/1.1" 200 - "-" "Tales2Go/3.2.0 CFNetwork/609 Darwin/13.0.0"
66.87.95.213 - - [06/Jan/2013:14:46:08 -0800] "GET /FeedDisplay.php?archived&mode=iPhoneApp&fid=925&episode_id=1226&nfid=0&uid=37810&version=3.2.0 HTTP/1.1" 200 9150 "-" "Mozilla/5.0 (iPhone; CPU iPhone OS 6_0_1 like Mac OS X) AppleWebKit/536.26 (KHTML, like Gecko) Mobile/10A523"
66.87.95.213 - - [06/Jan/2013:14:46:08 -0800] "GET /PostUsage.php?uid=37810&sid=0&fid=925&eid=1226&completed=0&timezone=+0000&tlt=71&version=4.0.12455&mode=iPhoneApp&locale=en_US HTTP/1.1" 200 - "-" "Tales2Go/3.2.0 CFNetwork/609 Darwin/13.0.0"
66.205.138.123 - - [06/Jan/2013:14:46:09 -0800] "GET /GetAd.php?sid=64&timeSinceLastAd=15386&previousFeedId=1195&nextFeedId=1792&tlt=15386&tlf=1&uid=22400&version=4.0.12455&mode=iPhoneApp&locale=en_US HTTP/1.1" 200 22 "-" "Tales2Go/3.2.0 CFNetwork/609 Darwin/13.0.0"
66.87.95.213 - - [06/Jan/2013:14:46:10 -0800] "GET /FeedDisplay.php?archived&mode=iPhoneApp&fid=925&episode_id=1226&nfid=0&uid=37810&version=3.2.0 HTTP/1.1" 200 9150 "-" "Mozilla/5.0 (iPhone; CPU iPhone OS 6_0_1 like Mac OS X) AppleWebKit/536.26 (KHTML, like Gecko) Mobile/10A523"
66.205.138.123 - - [06/Jan/2013:14:46:15 -0800] "GET /GetStationPlayList.php?s=162&c=9&uid=22400&sid=64&endFeed=0&version=4.0.12455&mode=iPhoneApp&locale=en_US HTTP/1.1" 200 7243 "-" "Tales2Go/3.2.0 CFNetwork/609 Darwin/13.0.0"
66.205.138.123 - - [06/Jan/2013:14:46:20 -0800] "GET /GetAd.php?sid=64&timeSinceLastAd=15386&previousFeedId=1195&nextFeedId=2261&newStation&tlt=15386&tlf=0&uid=22400&version=4.0.12455&mode=iPhoneApp&locale=en_US HTTP/1.1" 200 22 "-" "Tales2Go/3.2.0 CFNetwork/609 Darwin/13.0.0"
66.205.138.123 - - [06/Jan/2013:14:46:21 -0800] "GET /PostUsage.php?uid=22400&sid=64&fid=1195&eid=1656&completed=1835&timezone=+0000&tlt=15386&version=4.0.12455&mode=iPhoneApp&locale=en_US HTTP/1.1" 200 - "-" "Tales2Go/3.2.0 CFNetwork/609 Darwin/13.0.0"
66.205.138.123 - - [06/Jan/2013:14:46:21 -0800] "GET /FeedDisplay.php?archived&mode=iPhoneApp&fid=2261&episode_id=5532&nfid=1108&uid=22400&version=3.2.0 HTTP/1.1" 200 8690 "-" "Mozilla/5.0 (iPhone; CPU iPhone OS 6_0_1 like Mac OS X) AppleWebKit/536.26 (KHTML, like Gecko) Mobile/10A525"
66.205.138.123 - - [06/Jan/2013:14:46:25 -0800] "GET /GetAd.php?sid=64&timeSinceLastAd=15389&previousFeedId=2261&nextFeedId=1108&tlt=15389&tlf=1&uid=22400&version=4.0.12455&mode=iPhoneApp&locale=en_US HTTP/1.1" 200 22 "-" "Tales2Go/3.2.0 CFNetwork/609 Darwin/13.0.0"
66.205.138.123 - - [06/Jan/2013:14:46:29 -0800] "GET /GetStationPlayList.php?s=171&c=9&uid=22400&sid=64&endFeed=0&version=4.0.12455&mode=iPhoneApp&locale=en_US HTTP/1.1" 200 5960 "-" "Tales2Go/3.2.0 CFNetwork/609 Darwin/13.0.0"
66.205.138.123 - - [06/Jan/2013:14:46:37 -0800] "GET /GetStationPlayList.php?s=180&c=9&uid=22400&sid=64&endFeed=0&version=4.0.12455&mode=iPhoneApp&locale=en_US HTTP/1.1" 200 6652 "-" "Tales2Go/3.2.0 CFNetwork/609 Darwin/13.0.0"
66.205.138.123 - - [06/Jan/2013:14:46:38 -0800] "GET /GetAd.php?sid=64&timeSinceLastAd=15401&previousFeedId=2261&nextFeedId=30&newStation&tlt=15401&tlf=0&uid=22400&version=4.0.12455&mode=iPhoneApp&locale=en_US HTTP/1.1" 200 22 "-" "Tales2Go/3.2.0 CFNetwork/609 Darwin/13.0.0"
66.205.138.123 - - [06/Jan/2013:14:46:38 -0800] "GET /PostUsage.php?uid=22400&sid=64&fid=2261&eid=5532&completed=16186&timezone=+0000&tlt=15401&version=4.0.12455&mode=iPhoneApp&locale=en_US HTTP/1.1" 200 - "-" "Tales2Go/3.2.0 CFNetwork/609 Darwin/13.0.0"
66.205.138.123 - - [06/Jan/2013:14:46:38 -0800] "GET /FeedDisplay.php?archived&mode=iPhoneApp&fid=30&episode_id=571&nfid=7&uid=22400&version=3.2.0 HTTP/1.1" 200 8525 "-" "Mozilla/5.0 (iPhone; CPU iPhone OS 6_0_1 like Mac OS X) AppleWebKit/536.26 (KHTML, like Gecko) Mobile/10A525"
66.205.138.123 - - [06/Jan/2013:14:46:43 -0800] "GET /GetAd.php?sid=64&timeSinceLastAd=15402&previousFeedId=30&nextFeedId=7&tlt=15402&tlf=1&uid=22400&version=4.0.12455&mode=iPhoneApp&locale=en_US HTTP/1.1" 200 22 "-" "Tales2Go/3.2.0 CFNetwork/609 Darwin/13.0.0"
66.205.138.123 - - [06/Jan/2013:14:46:46 -0800] "GET /GetStationPlayList.php?s=189&c=9&uid=22400&sid=64&endFeed=0&version=4.0.12455&mode=iPhoneApp&locale=en_US HTTP/1.1" 200 6094 "-" "Tales2Go/3.2.0 CFNetwork/609 Darwin/13.0.0"
207.138.192.26 - - [06/Jan/2013:14:46:53 -0800] "GET /GetStationPlayList.php?s=9&c=9&uid=37441&sid=4&endFeed=0&version=4.0.12455&mode=iPhoneApp&locale=en_US HTTP/1.1" 200 5593 "-" "Tales2Go/3.2.0 CFNetwork/609 Darwin/13.0.0"
207.138.192.26 - - [06/Jan/2013:14:46:55 -0800] "GET /GetAd.php?sid=4&timeSinceLastAd=1340&previousFeedId=1080&nextFeedId=2930&tlt=1340&tlf=2&uid=37441&version=4.0.12455&mode=iPhoneApp&locale=en_US HTTP/1.1" 200 22 "-" "Tales2Go/3.2.0 CFNetwork/609 Darwin/13.0.0"
207.138.192.26 - - [06/Jan/2013:14:46:55 -0800] "GET /PostUsage.php?uid=37441&sid=4&fid=1080&eid=1532&completed=849000&timezone=+0000&tlt=1340&version=4.0.12455&mode=iPhoneApp&locale=en_US HTTP/1.1" 200 - "-" "Tales2Go/3.2.0 CFNetwork/609 Darwin/13.0.0"
207.138.192.26 - - [06/Jan/2013:14:46:55 -0800] "GET /FeedDisplay.php?archived&mode=iPhoneApp&fid=2930&episode_id=5698&nfid=650&uid=37441&version=3.2.0 HTTP/1.1" 200 8759 "-" "Mozilla/5.0 (iPhone; CPU iPhone OS 6_0_1 like Mac OS X) AppleWebKit/536.26 (KHTML, like Gecko) Mobile/10A523"
66.205.138.123 - - [06/Jan/2013:14:46:59 -0800] "GET /GetStationPlayList.php?s=198&c=9&uid=22400&sid=64&endFeed=0&version=4.0.12455&mode=iPhoneApp&locale=en_US HTTP/1.1" 200 6360 "-" "Tales2Go/3.2.0 CFNetwork/609 Darwin/13.0.0"
207.138.192.26 - - [06/Jan/2013:14:47:04 -0800] "GET /GetAd.php?sid=4&timeSinceLastAd=1347&previousFeedId=2930&nextFeedId=650&tlt=1347&tlf=3&uid=37441&version=4.0.12455&mode=iPhoneApp&locale=en_US HTTP/1.1" 200 22 "-" "Tales2Go/3.2.0 CFNetwork/609 Darwin/13.0.0"
207.138.192.26 - - [06/Jan/2013:14:47:04 -0800] "GET /GetAd.php?sid=4&timeSinceLastAd=2471&previousFeedId=2930&nextFeedId=650&tlt=2471&tlf=3&uid=37441&version=4.0.12455&mode=iPhoneApp&locale=en_US HTTP/1.1" 200 22 "-" "Tales2Go/3.2.0 CFNetwork/609 Darwin/13.0.0"
207.138.192.26 - - [06/Jan/2013:14:47:04 -0800] "GET /PostUsage.php?uid=37441&sid=4&fid=2930&eid=5698&completed=1131000&timezone=+0000&tlt=2471&version=4.0.12455&mode=iPhoneApp&locale=en_US HTTP/1.1" 200 - "-" "Tales2Go/3.2.0 CFNetwork/609 Darwin/13.0.0"
207.138.192.26 - - [06/Jan/2013:14:47:04 -0800] "GET /FeedDisplay.php?archived&mode=iPhoneApp&fid=650&episode_id=884&nfid=1648&uid=37441&version=3.2.0 HTTP/1.1" 200 8555 "-" "Mozilla/5.0 (iPhone; CPU iPhone OS 6_0_1 like Mac OS X) AppleWebKit/536.26 (KHTML, like Gecko) Mobile/10A523"
207.138.192.26 - - [06/Jan/2013:14:47:06 -0800] "GET /GetAd.php?sid=4&timeSinceLastAd=2473&previousFeedId=650&nextFeedId=1648&tlt=2473&tlf=4&uid=37441&version=4.0.12455&mode=iPhoneApp&locale=en_US HTTP/1.1" 200 22 "-" "Tales2Go/3.2.0 CFNetwork/609 Darwin/13.0.0"
66.205.138.123 - - [06/Jan/2013:14:47:07 -0800] "GET /GetAd.php?sid=64&timeSinceLastAd=15402&previousFeedId=30&nextFeedId=806&newStation&tlt=15402&tlf=0&uid=22400&version=4.0.12455&mode=iPhoneApp&locale=en_US HTTP/1.1" 200 22 "-" "Tales2Go/3.2.0 CFNetwork/609 Darwin/13.0.0"
66.205.138.123 - - [06/Jan/2013:14:47:08 -0800] "GET /PostUsage.php?uid=22400&sid=64&fid=30&eid=571&completed=1328&timezone=+0000&tlt=15402&version=4.0.12455&mode=iPhoneApp&locale=en_US HTTP/1.1" 200 - "-" "Tales2Go/3.2.0 CFNetwork/609 Darwin/13.0.0"
66.205.138.123 - - [06/Jan/2013:14:47:08 -0800] "GET /FeedDisplay.php?archived&mode=iPhoneApp&fid=806&episode_id=1181&nfid=1080&uid=22400&version=3.2.0 HTTP/1.1" 200 8490 "-" "Mozilla/5.0 (iPhone; CPU iPhone OS 6_0_1 like Mac OS X) AppleWebKit/536.26 (KHTML, like Gecko) Mobile/10A525"
207.138.192.26 - - [06/Jan/2013:14:47:15 -0800] "GET /GetAd.php?sid=4&timeSinceLastAd=2745&previousFeedId=650&nextFeedId=1648&tlt=2745&tlf=4&uid=37441&version=4.0.12455&mode=iPhoneApp&locale=en_US HTTP/1.1" 200 22 "-" "Tales2Go/3.2.0 CFNetwork/609 Darwin/13.0.0"
207.138.192.26 - - [06/Jan/2013:14:47:16 -0800] "GET /PostUsage.php?uid=37441&sid=4&fid=650&eid=884&completed=274000&timezone=+0000&tlt=2745&version=4.0.12455&mode=iPhoneApp&locale=en_US HTTP/1.1" 200 - "-" "Tales2Go/3.2.0 CFNetwork/609 Darwin/13.0.0"
207.138.192.26 - - [06/Jan/2013:14:47:16 -0800] "GET /FeedDisplay.php?archived&mode=iPhoneApp&fid=1648&episode_id=3142&nfid=1089&uid=37441&version=3.2.0 HTTP/1.1" 200 8527 "-" "Mozilla/5.0 (iPhone; CPU iPhone OS 6_0_1 like Mac OS X) AppleWebKit/536.26 (KHTML, like Gecko) Mobile/10A523"
207.138.192.26 - - [06/Jan/2013:14:47:20 -0800] "GET /GetAd.php?sid=4&timeSinceLastAd=2748&previousFeedId=1648&nextFeedId=1089&tlt=2748&tlf=5&uid=37441&version=4.0.12455&mode=iPhoneApp&locale=en_US HTTP/1.1" 200 22 "-" "Tales2Go/3.2.0 CFNetwork/609 Darwin/13.0.0"
166.137.191.26 - - [06/Jan/2013:14:47:25 -0800] "GET /GetAd.php?sid=64&timeSinceLastAd=15417&previousFeedId=806&nextFeedId=1080&tlt=15417&tlf=1&uid=22400&version=4.0.12455&mode=iPhoneApp&locale=en_US HTTP/1.1" 200 22 "-" "Tales2Go/3.2.0 CFNetwork/609 Darwin/13.0.0"
174.254.162.35 - - [06/Jan/2013:14:47:49 -0800] "GET /PostUsage.php?uid=30660&sid=0&fid=962&eid=1455&completed=5539316&timezone=+0000&tlt=0&version=4.0.12455&mode=iPhoneApp&locale=en_US HTTP/1.1" 200 - "-" "Tales2Go/3.2.0 CFNetwork/548.1.4 Darwin/11.0.0"
208.113.232.130 - - [06/Jan/2013:14:48:03 -0800] "GET /GetNewSerialNum.php HTTP/1.0" 200 63 "-" "-"
208.113.232.130 - - [06/Jan/2013:14:48:03 -0800] "GET /LoadUserFromUDID.php?markStartup&udid=sn_1005122&version=4.0.12455&mode=desktop&override&locale=en_US HTTP/1.0" 200 58 "-" "-"
69.247.63.216 - - [06/Jan/2013:14:48:12 -0800] "GET /StartupChecks.php?startup&version=4.0.12455&mode=iPhoneApp&locale=en_US HTTP/1.1" 200 246 "-" "Tales2Go/3.2.0 CFNetwork/609 Darwin/13.0.0"
69.247.63.216 - - [06/Jan/2013:14:48:13 -0800] "GET /TransitionUDIDToMACAddr.php?udid=224bc215c64b7fbeb0c2619c2301c45d4fe40291&mac=84:85:06:E9:6C:D7&version=4.0.12455&mode=iPhoneApp&locale=en_US HTTP/1.1" 200 121 "-" "Tales2Go/3.2.0 CFNetwork/609 Darwin/13.0.0"
69.247.63.216 - - [06/Jan/2013:14:48:13 -0800] "GET /LoadUserFromUDID.php?markStartup&udid=84:85:06:E9:6C:D7&version=4.0.12455&mode=iPhoneApp&locale=en_US HTTP/1.1" 200 58 "-" "Tales2Go/3.2.0 CFNetwork/609 Darwin/13.0.0"
69.247.63.216 - - [06/Jan/2013:14:48:14 -0800] "GET /CreateUser.php?markStartup&mode=iPhoneApp&udid=84:85:06:E9:6C:D7&version=4.0.12455&mode=iPhoneApp&locale=en_US HTTP/1.1" 200 228 "-" "Tales2Go/3.2.0 CFNetwork/609 Darwin/13.0.0"
69.247.63.216 - - [06/Jan/2013:14:48:15 -0800] "GET /SubmitSettings.php?currentId=37898&email=84:85:06:E9:6C:D7@t2g.t2g&epx=-_AB7-35AH_J8SAP-7&phone=&optin=0&explicit=1&alertOption=0&alertType=0&alertTimestamp=0.000000&udid=84:85:06:E9:6C:D7&version=4.0.12455&mode=iPhoneApp&locale=en_US HTTP/1.1" 200 238 "-" "Tales2Go/3.2.0 CFNetwork/609 Darwin/13.0.0"
69.247.63.216 - - [06/Jan/2013:14:48:15 -0800] "GET /GetContentStationList.php?uid=37898&version=4.0.12455&mode=iPhoneApp&locale=en_US HTTP/1.1" 200 6486 "-" "Tales2Go/3.2.0 CFNetwork/609 Darwin/13.0.0"
69.247.63.216 - - [06/Jan/2013:14:48:15 -0800] "GET /LoadUserFromID.php?markStartup&id=37898&udid=84:85:06:E9:6C:D7&version=4.0.12455&mode=iPhoneApp&locale=en_US HTTP/1.1" 200 263 "-" "Tales2Go/3.2.0 CFNetwork/609 Darwin/13.0.0"
66.205.138.123 - - [06/Jan/2013:14:48:15 -0800] "GET /GetStationPlayList.php?s=207&c=9&uid=22400&sid=64&endFeed=0&version=4.0.12455&mode=iPhoneApp&locale=en_US HTTP/1.1" 200 5838 "-" "Tales2Go/3.2.0 CFNetwork/609 Darwin/13.0.0"
69.247.63.216 - - [06/Jan/2013:14:48:16 -0800] "GET /GetContentStationList.php?uid=37898&version=4.0.12455&mode=iPhoneApp&locale=en_US HTTP/1.1" 200 6486 "-" "Tales2Go/3.2.0 CFNetwork/609 Darwin/13.0.0"
69.247.63.216 - - [06/Jan/2013:14:48:15 -0800] "GET /GetStationListFC.php?uid=37898&version=4.0.12455&mode=iPhoneApp&locale=en_US HTTP/1.1" 200 16492 "-" "Tales2Go/3.2.0 CFNetwork/609 Darwin/13.0.0"
69.247.63.216 - - [06/Jan/2013:14:48:18 -0800] "GET /GetStationListFC.php?uid=37898&version=4.0.12455&mode=iPhoneApp&locale=en_US HTTP/1.1" 200 16492 "-" "Tales2Go/3.2.0 CFNetwork/609 Darwin/13.0.0"
66.205.138.123 - - [06/Jan/2013:14:48:23 -0800] "GET /GetStationPlayList.php?s=216&c=9&uid=22400&sid=64&endFeed=0&version=4.0.12455&mode=iPhoneApp&locale=en_US HTTP/1.1" 200 6583 "-" "Tales2Go/3.2.0 CFNetwork/609 Darwin/13.0.0"
66.205.138.123 - - [06/Jan/2013:14:48:29 -0800] "GET /GetAd.php?sid=64&timeSinceLastAd=15479&previousFeedId=806&nextFeedId=1640&newStation&tlt=15479&tlf=0&uid=22400&version=4.0.12455&mode=iPhoneApp&locale=en_US HTTP/1.1" 200 22 "-" "Tales2Go/3.2.0 CFNetwork/609 Darwin/13.0.0"
66.205.138.123 - - [06/Jan/2013:14:48:29 -0800] "GET /PostUsage.php?uid=22400&sid=64&fid=806&eid=1181&completed=79099&timezone=+0000&tlt=15479&version=4.0.12455&mode=iPhoneApp&locale=en_US HTTP/1.1" 200 - "-" "Tales2Go/3.2.0 CFNetwork/609 Darwin/13.0.0"
66.205.138.123 - - [06/Jan/2013:14:48:29 -0800] "GET /FeedDisplay.php?archived&mode=iPhoneApp&fid=1640&episode_id=3134&nfid=1644&uid=22400&version=3.2.0 HTTP/1.1" 200 8533 "-" "Mozilla/5.0 (iPhone; CPU iPhone OS 6_0_1 like Mac OS X) AppleWebKit/536.26 (KHTML, like Gecko) Mobile/10A525"
66.205.138.123 - - [06/Jan/2013:14:48:32 -0800] "GET /AddFavorite.php?uid=22400&fid=1640&version=4.0.12455&mode=iPhoneApp&locale=en_US HTTP/1.1" 200 56 "-" "Tales2Go/3.2.0 CFNetwork/609 Darwin/13.0.0"
66.205.138.123 - - [06/Jan/2013:14:48:33 -0800] "GET /GetAd.php?sid=64&timeSinceLastAd=15482&previousFeedId=1640&nextFeedId=1644&tlt=15482&tlf=1&uid=22400&version=4.0.12455&mode=iPhoneApp&locale=en_US HTTP/1.1" 200 22 "-" "Tales2Go/3.2.0 CFNetwork/609 Darwin/13.0.0"
69.247.63.216 - - [06/Jan/2013:14:48:43 -0800] "GET /Search.php?uid=37898&term=diary%20of%20a%20wimpy.%20kid&s=0&c=20&version=4.0.12455&mode=iPhoneApp&locale=en_US HTTP/1.1" 200 17429 "-" "Tales2Go/3.2.0 CFNetwork/609 Darwin/13.0.0"
208.113.232.130 - - [06/Jan/2013:14:48:47 -0800] "GET /GetNewSerialNum.php HTTP/1.0" 200 63 "-" "-"
208.113.232.130 - - [06/Jan/2013:14:48:47 -0800] "GET /LoadUserFromUDID.php?markStartup&udid=sn_1005123&version=4.0.12455&mode=desktop&override&locale=en_US HTTP/1.0" 200 58 "-" "-"
69.247.63.216 - - [06/Jan/2013:14:48:53 -0800] "GET /FeedDisplay.php?archived&mode=iPhoneApp&fid=1285&episode_id=2257&nfid=0&uid=37898&version=3.2.0 HTTP/1.1" 200 9176 "-" "Mozilla/5.0 (iPod; CPU iPhone OS 6_0_1 like Mac OS X) AppleWebKit/536.26 (KHTML, like Gecko) Mobile/10A523"
69.247.63.216 - - [06/Jan/2013:14:48:54 -0800] "GET /images/multipart_arrow_left_disabled.gif HTTP/1.1" 200 275 "http://t2g.stitcher.com/FeedDisplay.php?archived&mode=iPhoneApp&fid=1285&episode_id=2257&nfid=0&uid=37898&version=3.2.0" "Mozilla/5.0 (iPod; CPU iPhone OS 6_0_1 like Mac OS X) AppleWebKit/536.26 (KHTML, like Gecko) Mobile/10A523"
69.247.63.216 - - [06/Jan/2013:14:48:54 -0800] "GET /images/multipart_arrow_right.gif HTTP/1.1" 200 267 "http://t2g.stitcher.com/FeedDisplay.php?archived&mode=iPhoneApp&fid=1285&episode_id=2257&nfid=0&uid=37898&version=3.2.0" "Mozilla/5.0 (iPod; CPU iPhone OS 6_0_1 like Mac OS X) AppleWebKit/536.26 (KHTML, like Gecko) Mobile/10A523"
69.247.63.216 - - [06/Jan/2013:14:48:54 -0800] "GET /images/ajax-loader.gif HTTP/1.1" 200 1849 "http://t2g.stitcher.com/FeedDisplay.php?archived&mode=iPhoneApp&fid=1285&episode_id=2257&nfid=0&uid=37898&version=3.2.0" "Mozilla/5.0 (iPod; CPU iPhone OS 6_0_1 like Mac OS X) AppleWebKit/536.26 (KHTML, like Gecko) Mobile/10A523"
69.247.63.216 - - [06/Jan/2013:14:48:56 -0800] "GET /images/t2g_ratings_color_active.png HTTP/1.1" 200 985 "http://t2g.stitcher.com/FeedDisplay.php?archived&mode=iPhoneApp&fid=1285&episode_id=2257&nfid=0&uid=37898&version=3.2.0" "Mozilla/5.0 (iPod; CPU iPhone OS 6_0_1 like Mac OS X) AppleWebKit/536.26 (KHTML, like Gecko) Mobile/10A523"
69.247.63.216 - - [06/Jan/2013:14:48:56 -0800] "GET /images/t2g_ratings_gray_active.png HTTP/1.1" 200 1196 "http://t2g.stitcher.com/FeedDisplay.php?archived&mode=iPhoneApp&fid=1285&episode_id=2257&nfid=0&uid=37898&version=3.2.0" "Mozilla/5.0 (iPod; CPU iPhone OS 6_0_1 like Mac OS X) AppleWebKit/536.26 (KHTML, like Gecko) Mobile/10A523"
69.247.63.216 - - [06/Jan/2013:14:48:56 -0800] "GET /images/t2g_ratings_gray.png HTTP/1.1" 200 1215 "http://t2g.stitcher.com/FeedDisplay.php?archived&mode=iPhoneApp&fid=1285&episode_id=2257&nfid=0&uid=37898&version=3.2.0" "Mozilla/5.0 (iPod; CPU iPhone OS 6_0_1 like Mac OS X) AppleWebKit/536.26 (KHTML, like Gecko) Mobile/10A523"
69.247.63.216 - - [06/Jan/2013:14:48:56 -0800] "GET /images/t2g_ratings_color.png HTTP/1.1" 200 997 "http://t2g.stitcher.com/FeedDisplay.php?archived&mode=iPhoneApp&fid=1285&episode_id=2257&nfid=0&uid=37898&version=3.2.0" "Mozilla/5.0 (iPod; CPU iPhone OS 6_0_1 like Mac OS X) AppleWebKit/536.26 (KHTML, like Gecko) Mobile/10A523"
69.247.63.216 - - [06/Jan/2013:14:49:00 -0800] "GET /GetAd.php?sid=0&timeSinceLastAd=8&previousFeedId=1285&nextFeedId=0&tlt=8&tlf=1&uid=37898&version=4.0.12455&mode=iPhoneApp&locale=en_US HTTP/1.1" 200 22 "-" "Tales2Go/3.2.0 CFNetwork/609 Darwin/13.0.0"
69.247.63.216 - - [06/Jan/2013:14:49:02 -0800] "GET /PostUsage.php?uid=37898&sid=0&fid=1285&eid=2257&completed=10827&timezone=+0000&tlt=0&version=4.0.12455&mode=iPhoneApp&locale=en_US HTTP/1.1" 200 - "-" "Tales2Go/3.2.0 CFNetwork/609 Darwin/13.0.0"
69.247.63.216 - - [06/Jan/2013:14:49:03 -0800] "GET /PostUsage.php?uid=37898&sid=0&fid=1285&eid=2258&completed=0&timezone=+0000&tlt=0&version=4.0.12455&mode=iPhoneApp&locale=en_US HTTP/1.1" 200 - "-" "Tales2Go/3.2.0 CFNetwork/609 Darwin/13.0.0"
69.247.63.216 - - [06/Jan/2013:14:49:03 -0800] "GET /FeedDisplay.php?archived&mode=iPhoneApp&fid=1285&episode_id=2258&nfid=0&uid=37898&version=3.2.0 HTTP/1.1" 200 9176 "-" "Mozilla/5.0 (iPod; CPU iPhone OS 6_0_1 like Mac OS X) AppleWebKit/536.26 (KHTML, like Gecko) Mobile/10A523"
69.247.63.216 - - [06/Jan/2013:14:49:04 -0800] "GET /FeedDisplay.php?archived&mode=iPhoneApp&fid=1285&episode_id=2258&nfid=0&uid=37898&version=3.2.0 HTTP/1.1" 200 9176 "-" "Mozilla/5.0 (iPod; CPU iPhone OS 6_0_1 like Mac OS X) AppleWebKit/536.26 (KHTML, like Gecko) Mobile/10A523"
69.247.63.216 - - [06/Jan/2013:14:49:04 -0800] "GET /images/multipart_arrow_left.gif HTTP/1.1" 200 273 "http://t2g.stitcher.com/FeedDisplay.php?archived&mode=iPhoneApp&fid=1285&episode_id=2258&nfid=0&uid=37898&version=3.2.0" "Mozilla/5.0 (iPod; CPU iPhone OS 6_0_1 like Mac OS X) AppleWebKit/536.26 (KHTML, like Gecko) Mobile/10A523"
69.247.63.216 - - [06/Jan/2013:14:49:04 -0800] "GET /images/multipart_arrow_right_disabled.gif HTTP/1.1" 200 278 "http://t2g.stitcher.com/FeedDisplay.php?archived&mode=iPhoneApp&fid=1285&episode_id=2258&nfid=0&uid=37898&version=3.2.0" "Mozilla/5.0 (iPod; CPU iPhone OS 6_0_1 like Mac OS X) AppleWebKit/536.26 (KHTML, like Gecko) Mobile/10A523"
69.247.63.216 - - [06/Jan/2013:14:49:13 -0800] "GET /GetAd.php?sid=0&timeSinceLastAd=8&previousFeedId=1285&nextFeedId=0&tlt=8&tlf=1&uid=37898&version=4.0.12455&mode=iPhoneApp&locale=en_US HTTP/1.1" 200 22 "-" "Tales2Go/3.2.0 CFNetwork/609 Darwin/13.0.0"
24.220.227.100 - - [06/Jan/2013:14:49:22 -0800] "GET /StartupChecks.php?startup&version=4.0.12455&mode=iPhoneApp&locale=en_US HTTP/1.1" 200 246 "-" "Tales2Go/3.2.0 CFNetwork/609 Darwin/13.0.0"
24.220.227.100 - - [06/Jan/2013:14:49:23 -0800] "GET /TransitionUDIDToMACAddr.php?udid=f3613381b89dab16e88372209f457ad7bf3f8abb&mac=D8:D1:CB:10:D0:20&version=4.0.12455&mode=iPhoneApp&locale=en_US HTTP/1.1" 200 121 "-" "Tales2Go/3.2.0 CFNetwork/609 Darwin/13.0.0"
24.220.227.100 - - [06/Jan/2013:14:49:23 -0800] "GET /LoadUserFromUDID.php?markStartup&udid=D8:D1:CB:10:D0:20&version=4.0.12455&mode=iPhoneApp&locale=en_US HTTP/1.1" 200 58 "-" "Tales2Go/3.2.0 CFNetwork/609 Darwin/13.0.0"
24.220.227.100 - - [06/Jan/2013:14:49:24 -0800] "GET /CreateUser.php?markStartup&mode=iPhoneApp&udid=D8:D1:CB:10:D0:20&version=4.0.12455&mode=iPhoneApp&locale=en_US HTTP/1.1" 200 228 "-" "Tales2Go/3.2.0 CFNetwork/609 Darwin/13.0.0"
24.220.227.100 - - [06/Jan/2013:14:49:24 -0800] "GET /SubmitSettings.php?currentId=37899&email=D8:D1:CB:10:D0:20@t2g.t2g&epx=KDAN3-KFAz2JK_A93H&phone=&optin=0&explicit=1&alertOption=0&alertType=0&alertTimestamp=0.000000&udid=D8:D1:CB:10:D0:20&version=4.0.12455&mode=iPhoneApp&locale=en_US HTTP/1.1" 200 238 "-" "Tales2Go/3.2.0 CFNetwork/609 Darwin/13.0.0"
24.220.227.100 - - [06/Jan/2013:14:49:25 -0800] "GET /GetContentStationList.php?uid=37899&version=4.0.12455&mode=iPhoneApp&locale=en_US HTTP/1.1" 200 6486 "-" "Tales2Go/3.2.0 CFNetwork/609 Darwin/13.0.0"
24.220.227.100 - - [06/Jan/2013:14:49:25 -0800] "GET /LoadUserFromID.php?markStartup&id=37899&udid=D8:D1:CB:10:D0:20&version=4.0.12455&mode=iPhoneApp&locale=en_US HTTP/1.1" 200 263 "-" "Tales2Go/3.2.0 CFNetwork/609 Darwin/13.0.0"
24.220.227.100 - - [06/Jan/2013:14:49:26 -0800] "GET /GetContentStationList.php?uid=37899&version=4.0.12455&mode=iPhoneApp&locale=en_US HTTP/1.1" 200 6486 "-" "Tales2Go/3.2.0 CFNetwork/609 Darwin/13.0.0"
24.220.227.100 - - [06/Jan/2013:14:49:25 -0800] "GET /GetStationListFC.php?uid=37899&version=4.0.12455&mode=iPhoneApp&locale=en_US HTTP/1.1" 200 16492 "-" "Tales2Go/3.2.0 CFNetwork/609 Darwin/13.0.0"
24.220.227.100 - - [06/Jan/2013:14:49:28 -0800] "GET /GetStationListFC.php?uid=37899&version=4.0.12455&mode=iPhoneApp&locale=en_US HTTP/1.1" 200 16492 "-" "Tales2Go/3.2.0 CFNetwork/609 Darwin/13.0.0"
66.87.95.213 - - [06/Jan/2013:14:49:42 -0800] "GET /GetAd.php?sid=0&timeSinceLastAd=1712&previousFeedId=925&nextFeedId=0&tlt=1712&tlf=1&uid=37810&version=4.0.12455&mode=iPhoneApp&locale=en_US HTTP/1.1" 200 22 "-" "Tales2Go/3.2.0 CFNetwork/609 Darwin/13.0.0"
24.220.227.100 - - [06/Jan/2013:14:49:49 -0800] "GET /GetStationPlayList.php?s=0&c=9&uid=37899&sid=35&endFeed=0&version=4.0.12455&mode=iPhoneApp&locale=en_US HTTP/1.1" 200 10497 "-" "Tales2Go/3.2.0 CFNetwork/609 Darwin/13.0.0"
166.205.68.16 - - [06/Jan/2013:14:50:15 -0800] "GET /GetAd.php?sid=4&timeSinceLastAd=1077&previousFeedId=1409&nextFeedId=566&tlt=1077&tlf=2&uid=8128&version=4.0.12455&mode=iPhoneApp&locale=en_US HTTP/1.1" 200 22 "-" "Tales2Go/3.2.0 CFNetwork/609 Darwin/13.0.0"
166.205.68.16 - - [06/Jan/2013:14:50:15 -0800] "GET /PostUsage.php?uid=8128&sid=4&fid=1409&eid=2319&completed=516057&timezone=+0000&tlt=1077&version=4.0.12455&mode=iPhoneApp&locale=en_US HTTP/1.1" 200 - "-" "Tales2Go/3.2.0 CFNetwork/609 Darwin/13.0.0"
166.205.68.16 - - [06/Jan/2013:14:50:15 -0800] "GET /FeedDisplay.php?archived&mode=iPhoneApp&fid=566&episode_id=858&nfid=1928&uid=8128&version=3.2.0 HTTP/1.1" 200 8607 "-" "Mozilla/5.0 (iPhone; CPU iPhone OS 6_0_1 like Mac OS X) AppleWebKit/536.26 (KHTML, like Gecko) Mobile/10A523"
24.220.227.100 - - [06/Jan/2013:14:50:21 -0800] "GET /Search.php?uid=37899&term=baby%20Alicia%20is%20dying&s=0&c=20&version=4.0.12455&mode=iPhoneApp&locale=en_US HTTP/1.1" 200 16241 "-" "Tales2Go/3.2.0 CFNetwork/609 Darwin/13.0.0"
68.48.169.186 - - [06/Jan/2013:14:50:36 -0800] "GET /AddBookmark.php?uid=37813&eid=36&offset=778&version=4.0.12455&mode=iPhoneApp&locale=en_US HTTP/1.1" 200 47 "-" "Tales2Go/3.2.0 CFNetwork/609 Darwin/13.0.0"
166.205.68.16 - - [06/Jan/2013:14:50:37 -0800] "GET /GetAd.php?sid=4&timeSinceLastAd=1096&previousFeedId=566&nextFeedId=1928&tlt=1096&tlf=3&uid=8128&version=4.0.12455&mode=iPhoneApp&locale=en_US HTTP/1.1" 200 22 "-" "Tales2Go/3.2.0 CFNetwork/609 Darwin/13.0.0"
174.254.177.208 - - [06/Jan/2013:14:50:39 -0800] "GET /StartupChecks.php?startup&uid=9776&version=4.0.12455&mode=iPhoneApp&locale=en_US HTTP/1.1" 200 289 "-" "Tales2Go/3.2.0 CFNetwork/609 Darwin/13.0.0"
68.48.169.186 - - [06/Jan/2013:14:50:39 -0800] "GET /AddBookmark.php?uid=37813&eid=36&offset=781&version=4.0.12455&mode=iPhoneApp&locale=en_US HTTP/1.1" 200 47 "-" "Tales2Go/3.2.0 CFNetwork/609 Darwin/13.0.0"
174.254.177.208 - - [06/Jan/2013:14:50:39 -0800] "GET /LoadUserFromID.php?markStartup&id=9776&udid=EC:85:2F:CB:5D:05&version=4.0.12455&mode=iPhoneApp&locale=en_US HTTP/1.1" 200 255 "-" "Tales2Go/3.2.0 CFNetwork/609 Darwin/13.0.0"
174.254.177.208 - - [06/Jan/2013:14:50:40 -0800] "GET /GetContentStationList.php?uid=9776&version=4.0.12455&mode=iPhoneApp&locale=en_US HTTP/1.1" 200 6486 "-" "Tales2Go/3.2.0 CFNetwork/609 Darwin/13.0.0"
174.254.177.208 - - [06/Jan/2013:14:50:40 -0800] "GET /GetStationListFC.php?uid=9776&version=4.0.12455&mode=iPhoneApp&locale=en_US HTTP/1.1" 200 16492 "-" "Tales2Go/3.2.0 CFNetwork/609 Darwin/13.0.0"
68.48.169.186 - - [06/Jan/2013:14:50:42 -0800] "GET /AddBookmark.php?uid=37813&eid=36&offset=784&version=4.0.12455&mode=iPhoneApp&locale=en_US HTTP/1.1" 200 47 "-" "Tales2Go/3.2.0 CFNetwork/609 Darwin/13.0.0"
68.48.169.186 - - [06/Jan/2013:14:50:48 -0800] "GET /AddBookmark.php?uid=37813&eid=36&offset=789&version=4.0.12455&mode=iPhoneApp&locale=en_US HTTP/1.1" 200 47 "-" "Tales2Go/3.2.0 CFNetwork/609 Darwin/13.0.0"
24.230.105.155 - - [06/Jan/2013:14:51:19 -0800] "GET /GetAd.php?sid=498&timeSinceLastAd=4676&previousFeedId=15&nextFeedId=64&tlt=4676&tlf=4&uid=37884&version=4.0.12455&mode=iPhoneApp&locale=en_US HTTP/1.1" 200 22 "-" "Tales2Go/3.2.0 CFNetwork/609 Darwin/13.0.0"
24.230.105.155 - - [06/Jan/2013:14:51:19 -0800] "GET /PostUsage.php?uid=37884&sid=498&fid=15&eid=33&completed=738865&timezone=+0000&tlt=4676&version=4.0.12455&mode=iPhoneApp&locale=en_US HTTP/1.1" 200 - "-" "Tales2Go/3.2.0 CFNetwork/609 Darwin/13.0.0"
24.230.105.155 - - [06/Jan/2013:14:51:19 -0800] "GET /FeedDisplay.php?archived&mode=iPhoneApp&fid=64&episode_id=77&nfid=277&uid=37884&version=3.2.0 HTTP/1.1" 200 8532 "-" "Mozilla/5.0 (iPhone; CPU iPhone OS 6_0_1 like Mac OS X) AppleWebKit/536.26 (KHTML, like Gecko) Mobile/10A523"
24.230.105.155 - - [06/Jan/2013:14:51:32 -0800] "GET /GetAd.php?sid=498&timeSinceLastAd=4687&previousFeedId=64&nextFeedId=277&tlt=4687&tlf=5&uid=37884&version=4.0.12455&mode=iPhoneApp&locale=en_US HTTP/1.1" 200 22 "-" "Tales2Go/3.2.0 CFNetwork/609 Darwin/13.0.0"
208.113.232.130 - - [06/Jan/2013:14:52:01 -0800] "GET /GetStationListFC.php?uid=37348&version=4.0.12455&mode=desktop&override&locale=en_US HTTP/1.0" 200 17195 "-" "-"
208.113.232.130 - - [06/Jan/2013:14:52:07 -0800] "GET /GetStationPlayList.php?uid=37348&sid=97&endFeed=0&version=4.0.12455&mode=desktop&override&locale=en_US HTTP/1.0" 200 30353 "-" "-"
208.113.232.130 - - [06/Jan/2013:14:52:12 -0800] "GET /StoryData.php?fid=1030&mode=desktop&eid=1415&uid=37348&udid=sn_1004767 HTTP/1.0" 200 629 "-" "-"
208.113.232.130 - - [06/Jan/2013:14:52:16 -0800] "GET /StoryData.php?fid=1030&mode=desktop&eid=1415&uid=37348&udid=sn_1004767 HTTP/1.0" 200 629 "-" "-"
66.205.138.123 - - [06/Jan/2013:14:52:31 -0800] "GET /GetStationPlayList.php?s=225&c=9&uid=22400&sid=64&endFeed=0&version=4.0.12455&mode=iPhoneApp&locale=en_US HTTP/1.1" 200 6937 "-" "Tales2Go/3.2.0 CFNetwork/609 Darwin/13.0.0"
66.205.138.123 - - [06/Jan/2013:14:52:38 -0800] "GET /GetStationPlayList.php?s=234&c=9&uid=22400&sid=64&endFeed=0&version=4.0.12455&mode=iPhoneApp&locale=en_US HTTP/1.1" 200 6601 "-" "Tales2Go/3.2.0 CFNetwork/609 Darwin/13.0.0"
66.205.138.123 - - [06/Jan/2013:14:52:44 -0800] "GET /RemoveFavorite.php?uid=22400&fid=384&version=4.0.12455&mode=iPhoneApp&locale=en_US HTTP/1.1" 200 57 "-" "Tales2Go/3.2.0 CFNetwork/609 Darwin/13.0.0"
66.205.138.123 - - [06/Jan/2013:14:52:45 -0800] "GET /GetStationPlayList.php?s=243&c=9&uid=22400&sid=64&endFeed=0&version=4.0.12455&mode=iPhoneApp&locale=en_US HTTP/1.1" 200 6519 "-" "Tales2Go/3.2.0 CFNetwork/609 Darwin/13.0.0"
66.205.138.123 - - [06/Jan/2013:14:52:51 -0800] "GET /GetStationPlayList.php?s=252&c=9&uid=22400&sid=64&endFeed=0&version=4.0.12455&mode=iPhoneApp&locale=en_US HTTP/1.1" 200 6207 "-" "Tales2Go/3.2.0 CFNetwork/609 Darwin/13.0.0"
66.205.138.123 - - [06/Jan/2013:14:52:58 -0800] "GET /GetStationPlayList.php?s=261&c=9&uid=22400&sid=64&endFeed=0&version=4.0.12455&mode=iPhoneApp&locale=en_US HTTP/1.1" 200 6383 "-" "Tales2Go/3.2.0 CFNetwork/609 Darwin/13.0.0"
66.205.138.123 - - [06/Jan/2013:14:53:05 -0800] "GET /GetStationPlayList.php?s=270&c=9&uid=22400&sid=64&endFeed=0&version=4.0.12455&mode=iPhoneApp&locale=en_US HTTP/1.1" 200 5957 "-" "Tales2Go/3.2.0 CFNetwork/609 Darwin/13.0.0"
66.205.138.123 - - [06/Jan/2013:14:53:15 -0800] "GET /GetStationPlayList.php?s=279&c=9&uid=22400&sid=64&endFeed=0&version=4.0.12455&mode=iPhoneApp&locale=en_US HTTP/1.1" 200 5296 "-" "Tales2Go/3.2.0 CFNetwork/609 Darwin/13.0.0"
166.205.68.16 - - [06/Jan/2013:14:53:49 -0800] "GET /GetAd.php?sid=4&timeSinceLastAd=1286&previousFeedId=566&nextFeedId=1928&tlt=1286&tlf=3&uid=8128&version=4.0.12455&mode=iPhoneApp&locale=en_US HTTP/1.1" 200 22 "-" "Tales2Go/3.2.0 CFNetwork/609 Darwin/13.0.0"
166.205.68.16 - - [06/Jan/2013:14:53:49 -0800] "GET /PostUsage.php?uid=8128&sid=4&fid=566&eid=858&completed=209026&timezone=+0000&tlt=1286&version=4.0.12455&mode=iPhoneApp&locale=en_US HTTP/1.1" 200 - "-" "Tales2Go/3.2.0 CFNetwork/609 Darwin/13.0.0"
166.205.68.16 - - [06/Jan/2013:14:53:50 -0800] "GET /FeedDisplay.php?archived&mode=iPhoneApp&fid=1928&episode_id=4467&nfid=677&uid=8128&version=3.2.0 HTTP/1.1" 200 8604 "-" "Mozilla/5.0 (iPhone; CPU iPhone OS 6_0_1 like Mac OS X) AppleWebKit/536.26 (KHTML, like Gecko) Mobile/10A523"
