74.241.50.249 - - [06/Jan/2013:15:45:30 -0800] "GET /GetAd.php?sid=498&timeSinceLastAd=16&previousFeedId=1340&nextFeedId=1320&newStation&tlt=16&tlf=0&uid=33327&version=4.0.12455&mode=iPhoneApp&locale=en_US HTTP/1.1" 200 22 "-" "Tales2Go/3.2.0 CFNetwork/609 Darwin/13.0.0"
74.241.50.249 - - [06/Jan/2013:15:45:30 -0800] "GET /PostUsage.php?uid=33327&sid=498&fid=1340&eid=1929&completed=3962&timezone=+0000&tlt=16&version=4.0.12455&mode=iPhoneApp&locale=en_US HTTP/1.1" 200 - "-" "Tales2Go/3.2.0 CFNetwork/609 Darwin/13.0.0"
74.241.50.249 - - [06/Jan/2013:15:45:30 -0800] "GET /FeedDisplay.php?archived&mode=iPhoneApp&fid=1320&episode_id=2234&nfid=374&uid=33327&version=3.2.0 HTTP/1.1" 200 8576 "-" "Mozilla/5.0 (iPhone; CPU iPhone OS 6_0_1 like Mac OS X) AppleWebKit/536.26 (KHTML, like Gecko) Mobile/10A523"
74.241.50.249 - - [06/Jan/2013:15:45:30 -0800] "GET /GetAd.php?sid=498&timeSinceLastAd=16&previousFeedId=1320&nextFeedId=374&tlt=16&tlf=1&uid=33327&version=4.0.12455&mode=iPhoneApp&locale=en_US HTTP/1.1" 200 22 "-" "Tales2Go/3.2.0 CFNetwork/609 Darwin/13.0.0"
74.241.50.249 - - [06/Jan/2013:15:45:52 -0800] "GET /GetAd.php?sid=498&timeSinceLastAd=37&previousFeedId=1320&nextFeedId=374&newStation&tlt=37&tlf=0&uid=33327&version=4.0.12455&mode=iPhoneApp&locale=en_US HTTP/1.1" 200 22 "-" "Tales2Go/3.2.0 CFNetwork/609 Darwin/13.0.0"
74.241.50.249 - - [06/Jan/2013:15:45:53 -0800] "GET /PostUsage.php?uid=33327&sid=498&fid=1320&eid=2234&completed=21989&timezone=+0000&tlt=37&version=4.0.12455&mode=iPhoneApp&locale=en_US HTTP/1.1" 200 - "-" "Tales2Go/3.2.0 CFNetwork/609 Darwin/13.0.0"
74.241.50.249 - - [06/Jan/2013:15:45:53 -0800] "GET /FeedDisplay.php?archived&mode=iPhoneApp&fid=374&episode_id=817&nfid=152&uid=33327&version=3.2.0 HTTP/1.1" 200 8633 "-" "Mozilla/5.0 (iPhone; CPU iPhone OS 6_0_1 like Mac OS X) AppleWebKit/536.26 (KHTML, like Gecko) Mobile/10A523"
74.241.50.249 - - [06/Jan/2013:15:45:57 -0800] "GET /GetAd.php?sid=498&timeSinceLastAd=40&previousFeedId=374&nextFeedId=152&newStation&tlt=40&tlf=0&uid=33327&version=4.0.12455&mode=iPhoneApp&locale=en_US HTTP/1.1" 200 22 "-" "Tales2Go/3.2.0 CFNetwork/609 Darwin/13.0.0"
74.241.50.249 - - [06/Jan/2013:15:45:58 -0800] "GET /PostUsage.php?uid=33327&sid=498&fid=374&eid=817&completed=4217&timezone=+0000&tlt=40&version=4.0.12455&mode=iPhoneApp&locale=en_US HTTP/1.1" 200 - "-" "Tales2Go/3.2.0 CFNetwork/609 Darwin/13.0.0"
74.241.50.249 - - [06/Jan/2013:15:45:58 -0800] "GET /FeedDisplay.php?archived&mode=iPhoneApp&fid=152&episode_id=169&nfid=15&uid=33327&version=3.2.0 HTTP/1.1" 200 8590 "-" "Mozilla/5.0 (iPhone; CPU iPhone OS 6_0_1 like Mac OS X) AppleWebKit/536.26 (KHTML, like Gecko) Mobile/10A523"
74.241.50.249 - - [06/Jan/2013:15:46:05 -0800] "GET /GetAd.php?sid=498&timeSinceLastAd=43&previousFeedId=152&nextFeedId=15&newStation&tlt=43&tlf=0&uid=33327&version=4.0.12455&mode=iPhoneApp&locale=en_US HTTP/1.1" 200 22 "-" "Tales2Go/3.2.0 CFNetwork/609 Darwin/13.0.0"
74.241.50.249 - - [06/Jan/2013:15:46:05 -0800] "GET /PostUsage.php?uid=33327&sid=498&fid=152&eid=169&completed=5238&timezone=+0000&tlt=43&version=4.0.12455&mode=iPhoneApp&locale=en_US HTTP/1.1" 200 - "-" "Tales2Go/3.2.0 CFNetwork/609 Darwin/13.0.0"
74.241.50.249 - - [06/Jan/2013:15:46:05 -0800] "GET /FeedDisplay.php?archived&mode=iPhoneApp&fid=15&episode_id=33&nfid=855&uid=33327&version=3.2.0 HTTP/1.1" 200 8593 "-" "Mozilla/5.0 (iPhone; CPU iPhone OS 6_0_1 like Mac OS X) AppleWebKit/536.26 (KHTML, like Gecko) Mobile/10A523"
74.241.50.249 - - [06/Jan/2013:15:46:10 -0800] "GET /GetAd.php?sid=498&timeSinceLastAd=46&previousFeedId=15&nextFeedId=855&newStation&tlt=46&tlf=0&uid=33327&version=4.0.12455&mode=iPhoneApp&locale=en_US HTTP/1.1" 200 22 "-" "Tales2Go/3.2.0 CFNetwork/609 Darwin/13.0.0"
74.241.50.249 - - [06/Jan/2013:15:46:10 -0800] "GET /PostUsage.php?uid=33327&sid=498&fid=15&eid=33&completed=4230&timezone=+0000&tlt=46&version=4.0.12455&mode=iPhoneApp&locale=en_US HTTP/1.1" 200 - "-" "Tales2Go/3.2.0 CFNetwork/609 Darwin/13.0.0"
74.241.50.249 - - [06/Jan/2013:15:46:10 -0800] "GET /FeedDisplay.php?archived&mode=iPhoneApp&fid=855&episode_id=1099&nfid=64&uid=33327&version=3.2.0 HTTP/1.1" 200 8560 "-" "Mozilla/5.0 (iPhone; CPU iPhone OS 6_0_1 like Mac OS X) AppleWebKit/536.26 (KHTML, like Gecko) Mobile/10A523"
74.241.50.249 - - [06/Jan/2013:15:46:17 -0800] "GET /GetStationPlayList.php?s=9&c=9&uid=33327&sid=498&endFeed=0&version=4.0.12455&mode=iPhoneApp&locale=en_US HTTP/1.1" 200 2455 "-" "Tales2Go/3.2.0 CFNetwork/609 Darwin/13.0.0"
74.241.50.249 - - [06/Jan/2013:15:46:18 -0800] "GET /GetAd.php?sid=498&timeSinceLastAd=53&previousFeedId=855&nextFeedId=64&newStation&tlt=53&tlf=0&uid=33327&version=4.0.12455&mode=iPhoneApp&locale=en_US HTTP/1.1" 200 22 "-" "Tales2Go/3.2.0 CFNetwork/609 Darwin/13.0.0"
74.241.50.249 - - [06/Jan/2013:15:46:18 -0800] "GET /PostUsage.php?uid=33327&sid=498&fid=855&eid=1099&completed=7705&timezone=+0000&tlt=53&version=4.0.12455&mode=iPhoneApp&locale=en_US HTTP/1.1" 200 - "-" "Tales2Go/3.2.0 CFNetwork/609 Darwin/13.0.0"
74.241.50.249 - - [06/Jan/2013:15:46:19 -0800] "GET /FeedDisplay.php?archived&mode=iPhoneApp&fid=64&episode_id=77&nfid=1505&uid=33327&version=3.2.0 HTTP/1.1" 200 8532 "-" "Mozilla/5.0 (iPhone; CPU iPhone OS 6_0_1 like Mac OS X) AppleWebKit/536.26 (KHTML, like Gecko) Mobile/10A523"
71.202.141.116 - - [06/Jan/2013:15:46:19 -0800] "GET /StartupChecks.php?startup&uid=27349&version=4.0.12455&mode=iPhoneApp&locale=en_US HTTP/1.1" 200 289 "-" "Tales2Go/3.2.0 CFNetwork/609 Darwin/13.0.0"
71.202.141.116 - - [06/Jan/2013:15:46:19 -0800] "GET /LoadUserFromID.php?markStartup&id=27349&udid=74:E1:B6:82:E3:B2&version=4.0.12455&mode=iPhoneApp&locale=en_US HTTP/1.1" 200 263 "-" "Tales2Go/3.2.0 CFNetwork/609 Darwin/13.0.0"
207.138.192.26 - - [06/Jan/2013:15:46:21 -0800] "GET /GetAd.php?sid=1&timeSinceLastAd=7305&previousFeedId=674&nextFeedId=1538&tlt=7305&tlf=3&uid=37441&version=4.0.12455&mode=iPhoneApp&locale=en_US HTTP/1.1" 200 22 "-" "Tales2Go/3.2.0 CFNetwork/609 Darwin/13.0.0"
207.138.192.26 - - [06/Jan/2013:15:46:22 -0800] "GET /PostUsage.php?uid=37441&sid=1&fid=674&eid=908&completed=721584&timezone=+0000&tlt=7305&version=4.0.12455&mode=iPhoneApp&locale=en_US HTTP/1.1" 200 - "-" "Tales2Go/3.2.0 CFNetwork/609 Darwin/13.0.0"
207.138.192.26 - - [06/Jan/2013:15:46:22 -0800] "GET /FeedDisplay.php?archived&mode=iPhoneApp&fid=1538&episode_id=3019&nfid=955&uid=37441&version=3.2.0 HTTP/1.1" 200 9007 "-" "Mozilla/5.0 (iPhone; CPU iPhone OS 6_0_1 like Mac OS X) AppleWebKit/536.26 (KHTML, like Gecko) Mobile/10A523"
207.138.192.26 - - [06/Jan/2013:15:46:22 -0800] "GET /images/multipart_arrow_left_disabled.gif HTTP/1.1" 200 275 "http://t2g.stitcher.com/FeedDisplay.php?archived&mode=iPhoneApp&fid=1538&episode_id=3019&nfid=955&uid=37441&version=3.2.0" "Mozilla/5.0 (iPhone; CPU iPhone OS 6_0_1 like Mac OS X) AppleWebKit/536.26 (KHTML, like Gecko) Mobile/10A523"
71.202.141.116 - - [06/Jan/2013:15:46:22 -0800] "GET /GetContentStationList.php?uid=27349&version=4.0.12455&mode=iPhoneApp&locale=en_US HTTP/1.1" 200 6486 "-" "Tales2Go/3.2.0 CFNetwork/609 Darwin/13.0.0"
71.202.141.116 - - [06/Jan/2013:15:46:22 -0800] "GET /GetStationListFC.php?uid=27349&version=4.0.12455&mode=iPhoneApp&locale=en_US HTTP/1.1" 200 256 "-" "Tales2Go/3.2.0 CFNetwork/609 Darwin/13.0.0"
207.138.192.26 - - [06/Jan/2013:15:46:22 -0800] "GET /images/multipart_arrow_right.gif HTTP/1.1" 200 267 "http://t2g.stitcher.com/FeedDisplay.php?archived&mode=iPhoneApp&fid=1538&episode_id=3019&nfid=955&uid=37441&version=3.2.0" "Mozilla/5.0 (iPhone; CPU iPhone OS 6_0_1 like Mac OS X) AppleWebKit/536.26 (KHTML, like Gecko) Mobile/10A523"
74.241.50.249 - - [06/Jan/2013:15:46:24 -0800] "GET /GetAd.php?sid=498&timeSinceLastAd=57&previousFeedId=64&nextFeedId=1505&tlt=57&tlf=1&uid=33327&version=4.0.12455&mode=iPhoneApp&locale=en_US HTTP/1.1" 200 22 "-" "Tales2Go/3.2.0 CFNetwork/609 Darwin/13.0.0"
207.138.192.26 - - [06/Jan/2013:15:46:48 -0800] "GET /GetAd.php?sid=1&timeSinceLastAd=7331&previousFeedId=1538&nextFeedId=955&tlt=7331&tlf=4&uid=37441&version=4.0.12455&mode=iPhoneApp&locale=en_US HTTP/1.1" 200 22 "-" "Tales2Go/3.2.0 CFNetwork/609 Darwin/13.0.0"
208.113.232.130 - - [06/Jan/2013:15:46:58 -0800] "GET /GetNewSerialNum.php HTTP/1.0" 200 63 "-" "-"
208.113.232.130 - - [06/Jan/2013:15:46:58 -0800] "GET /LoadUserFromUDID.php?markStartup&udid=sn_1005127&version=4.0.12455&mode=desktop&override&locale=en_US HTTP/1.0" 200 58 "-" "-"
69.247.63.216 - - [06/Jan/2013:15:47:33 -0800] "GET /PostUsage.php?uid=37898&sid=0&fid=1285&eid=2258&completed=3510516&timezone=+0000&tlt=0&version=4.0.12455&mode=iPhoneApp&locale=en_US HTTP/1.1" 200 - "-" "Tales2Go/3.2.0 CFNetwork/609 Darwin/13.0.0"
166.137.156.143 - - [06/Jan/2013:15:47:41 -0800] "GET /GetAd.php?sid=1&timeSinceLastAd=1350&previousFeedId=1597&nextFeedId=806&tlt=1350&tlf=1&uid=20756&version=4.0.12455&mode=iPhoneApp&locale=en_US HTTP/1.1" 200 22 "-" "Tales2Go/3.2.0 CFNetwork/609 Darwin/13.0.0"
166.137.156.143 - - [06/Jan/2013:15:47:41 -0800] "GET /PostUsage.php?uid=20756&sid=1&fid=1597&eid=3060&completed=712024&timezone=+0000&tlt=1350&version=4.0.12455&mode=iPhoneApp&locale=en_US HTTP/1.1" 200 - "-" "Tales2Go/3.2.0 CFNetwork/609 Darwin/13.0.0"
166.137.156.143 - - [06/Jan/2013:15:47:42 -0800] "GET /FeedDisplay.php?archived&mode=iPhoneApp&fid=806&episode_id=1181&nfid=677&uid=20756&version=3.2.0 HTTP/1.1" 200 8490 "-" "Mozilla/5.0 (iPhone; CPU iPhone OS 6_0 like Mac OS X) AppleWebKit/536.26 (KHTML, like Gecko) Mobile/10A403"
166.137.156.143 - - [06/Jan/2013:15:47:50 -0800] "GET /GetAd.php?sid=1&timeSinceLastAd=1356&previousFeedId=806&nextFeedId=677&tlt=1356&tlf=2&uid=20756&version=4.0.12455&mode=iPhoneApp&locale=en_US HTTP/1.1" 200 22 "-" "Tales2Go/3.2.0 CFNetwork/609 Darwin/13.0.0"
108.218.235.57 - - [06/Jan/2013:15:47:51 -0800] "GET /Search.php?uid=37276&term=red&s=0&c=20&version=4.0.12455&mode=iPhoneApp&locale=en_US HTTP/1.1" 200 14705 "-" "Tales2Go/3.2.0 CFNetwork/609 Darwin/13.0.0"
208.113.232.130 - - [06/Jan/2013:15:48:06 -0800] "GET /GetNewSerialNum.php HTTP/1.0" 200 63 "-" "-"
208.113.232.130 - - [06/Jan/2013:15:48:06 -0800] "GET /LoadUserFromUDID.php?markStartup&udid=sn_1005128&version=4.0.12455&mode=desktop&override&locale=en_US HTTP/1.0" 200 58 "-" "-"
208.113.232.130 - - [06/Jan/2013:15:48:15 -0800] "GET /GetNewSerialNum.php HTTP/1.0" 200 63 "-" "-"
208.113.232.130 - - [06/Jan/2013:15:48:16 -0800] "GET /LoadUserFromUDID.php?markStartup&udid=sn_1005129&version=4.0.12455&mode=desktop&override&locale=en_US HTTP/1.0" 200 58 "-" "-"
166.137.156.143 - - [06/Jan/2013:15:48:18 -0800] "GET /GetAd.php?sid=1&timeSinceLastAd=1384&previousFeedId=806&nextFeedId=2698&newStation&tlt=1384&tlf=0&uid=20756&version=4.0.12455&mode=iPhoneApp&locale=en_US HTTP/1.1" 200 22 "-" "Tales2Go/3.2.0 CFNetwork/609 Darwin/13.0.0"
166.137.156.143 - - [06/Jan/2013:15:48:18 -0800] "GET /PostUsage.php?uid=20756&sid=1&fid=806&eid=1181&completed=34661&timezone=+0000&tlt=1384&version=4.0.12455&mode=iPhoneApp&locale=en_US HTTP/1.1" 200 - "-" "Tales2Go/3.2.0 CFNetwork/609 Darwin/13.0.0"
166.137.156.143 - - [06/Jan/2013:15:48:19 -0800] "GET /FeedDisplay.php?archived&mode=iPhoneApp&fid=2698&episode_id=4723&nfid=2679&uid=20756&version=3.2.0 HTTP/1.1" 200 8492 "-" "Mozilla/5.0 (iPhone; CPU iPhone OS 6_0 like Mac OS X) AppleWebKit/536.26 (KHTML, like Gecko) Mobile/10A403"
166.137.156.143 - - [06/Jan/2013:15:48:19 -0800] "GET /GetAd.php?sid=1&timeSinceLastAd=1384&previousFeedId=2698&nextFeedId=2679&tlt=1384&tlf=1&uid=20756&version=4.0.12455&mode=iPhoneApp&locale=en_US HTTP/1.1" 200 22 "-" "Tales2Go/3.2.0 CFNetwork/609 Darwin/13.0.0"
24.254.81.80 - - [06/Jan/2013:15:49:11 -0800] "GET /PostUsage.php?uid=16808&sid=0&fid=966&eid=1459&completed=5305304&timezone=+0000&tlt=3664&version=4.0.12455&mode=iPhoneApp&locale=en_US HTTP/1.1" 200 - "-" "Tales2Go%20-%20Old%20Version/2.2.12455 CFNetwork/548.1.4 Darwin/11.0.0"
24.254.81.80 - - [06/Jan/2013:15:49:11 -0800] "GET /FeedDisplay.php?archived&mode=iPhoneApp&fid=960&episode_id=1436&nfid=0&uid=16808&version=2.2.12455 HTTP/1.1" 200 8634 "-" "Mozilla/5.0 (iPhone; CPU iPhone OS 5_1_1 like Mac OS X) AppleWebKit/534.46 (KHTML, like Gecko) Mobile/9B206"
166.137.156.143 - - [06/Jan/2013:15:49:39 -0800] "GET /GetAd.php?sid=1&timeSinceLastAd=1461&previousFeedId=2698&nextFeedId=2679&tlt=1461&tlf=1&uid=20756&version=4.0.12455&mode=iPhoneApp&locale=en_US HTTP/1.1" 200 22 "-" "Tales2Go/3.2.0 CFNetwork/609 Darwin/13.0.0"
166.137.156.143 - - [06/Jan/2013:15:49:40 -0800] "GET /PostUsage.php?uid=20756&sid=1&fid=2698&eid=4723&completed=77850&timezone=+0000&tlt=1461&version=4.0.12455&mode=iPhoneApp&locale=en_US HTTP/1.1" 200 - "-" "Tales2Go/3.2.0 CFNetwork/609 Darwin/13.0.0"
166.137.156.143 - - [06/Jan/2013:15:49:40 -0800] "GET /FeedDisplay.php?archived&mode=iPhoneApp&fid=2679&episode_id=4704&nfid=146&uid=20756&version=3.2.0 HTTP/1.1" 200 8487 "-" "Mozilla/5.0 (iPhone; CPU iPhone OS 6_0 like Mac OS X) AppleWebKit/536.26 (KHTML, like Gecko) Mobile/10A403"
166.137.156.143 - - [06/Jan/2013:15:49:41 -0800] "GET /GetAd.php?sid=1&timeSinceLastAd=1461&previousFeedId=2679&nextFeedId=146&tlt=1461&tlf=2&uid=20756&version=4.0.12455&mode=iPhoneApp&locale=en_US HTTP/1.1" 200 22 "-" "Tales2Go/3.2.0 CFNetwork/609 Darwin/13.0.0"
24.254.81.80 - - [06/Jan/2013:15:49:59 -0800] "GET /GetAd.php?sid=0&timeSinceLastAd=3832&previousFeedId=960&nextFeedId=0&tlt=3832&tlf=2&uid=16808&version=4.0.12455&mode=iPhoneApp&locale=en_US HTTP/1.1" 200 22 "-" "Tales2Go%20-%20Old%20Version/2.2.12455 CFNetwork/548.1.4 Darwin/11.0.0"
166.137.156.143 - - [06/Jan/2013:15:50:47 -0800] "GET /GetAd.php?sid=1&timeSinceLastAd=1526&previousFeedId=2679&nextFeedId=146&tlt=1526&tlf=2&uid=20756&version=4.0.12455&mode=iPhoneApp&locale=en_US HTTP/1.1" 200 22 "-" "Tales2Go/3.2.0 CFNetwork/609 Darwin/13.0.0"
166.137.156.143 - - [06/Jan/2013:15:50:47 -0800] "GET /PostUsage.php?uid=20756&sid=1&fid=2679&eid=4704&completed=65665&timezone=+0000&tlt=1526&version=4.0.12455&mode=iPhoneApp&locale=en_US HTTP/1.1" 200 - "-" "Tales2Go/3.2.0 CFNetwork/609 Darwin/13.0.0"
166.137.156.143 - - [06/Jan/2013:15:50:48 -0800] "GET /FeedDisplay.php?archived&mode=iPhoneApp&fid=146&episode_id=134&nfid=1600&uid=20756&version=3.2.0 HTTP/1.1" 200 8510 "-" "Mozilla/5.0 (iPhone; CPU iPhone OS 6_0 like Mac OS X) AppleWebKit/536.26 (KHTML, like Gecko) Mobile/10A403"
99.114.112.6 - - [06/Jan/2013:15:50:53 -0800] "GET /StartupChecks.php?startup&uid=21404&version=4.0.12455&mode=iPhoneApp&locale=en_US HTTP/1.1" 200 289 "-" "Tales2Go/3.2.0 CFNetwork/548.1.4 Darwin/11.0.0"
166.137.156.143 - - [06/Jan/2013:15:50:54 -0800] "GET /GetAd.php?sid=1&timeSinceLastAd=1530&previousFeedId=146&nextFeedId=1600&tlt=1530&tlf=3&uid=20756&version=4.0.12455&mode=iPhoneApp&locale=en_US HTTP/1.1" 200 22 "-" "Tales2Go/3.2.0 CFNetwork/609 Darwin/13.0.0"
99.114.112.6 - - [06/Jan/2013:15:50:54 -0800] "GET /LoadUserFromID.php?markStartup&id=21404&udid=D8:30:62:72:AE:E0&version=4.0.12455&mode=iPhoneApp&locale=en_US HTTP/1.1" 200 250 "-" "Tales2Go/3.2.0 CFNetwork/548.1.4 Darwin/11.0.0"
99.114.112.6 - - [06/Jan/2013:15:50:55 -0800] "GET /GetContentStationList.php?uid=21404&version=4.0.12455&mode=iPhoneApp&locale=en_US HTTP/1.1" 200 6486 "-" "Tales2Go/3.2.0 CFNetwork/548.1.4 Darwin/11.0.0"
99.114.112.6 - - [06/Jan/2013:15:50:55 -0800] "GET /GetStationListFC.php?uid=21404&version=4.0.12455&mode=iPhoneApp&locale=en_US HTTP/1.1" 200 16492 "-" "Tales2Go/3.2.0 CFNetwork/548.1.4 Darwin/11.0.0"
108.218.235.57 - - [06/Jan/2013:15:51:01 -0800] "GET /Search.php?uid=37276&term=red&s=20&c=20&version=4.0.12455&mode=iPhoneApp&locale=en_US HTTP/1.1" 200 18012 "-" "Tales2Go/3.2.0 CFNetwork/609 Darwin/13.0.0"
99.114.112.6 - - [06/Jan/2013:15:51:24 -0800] "GET /GetBookmarkList.php?uid=21404&version=4.0.12455&mode=iPhoneApp&locale=en_US HTTP/1.1" 200 98130 "-" "Tales2Go/3.2.0 CFNetwork/548.1.4 Darwin/11.0.0"
108.218.235.57 - - [06/Jan/2013:15:51:36 -0800] "GET /AddFavorite.php?uid=37276&fid=2939&version=4.0.12455&mode=iPhoneApp&locale=en_US HTTP/1.1" 200 56 "-" "Tales2Go/3.2.0 CFNetwork/609 Darwin/13.0.0"
108.218.235.57 - - [06/Jan/2013:15:51:41 -0800] "GET /Search.php?uid=37276&term=red&s=40&c=20&version=4.0.12455&mode=iPhoneApp&locale=en_US HTTP/1.1" 200 21333 "-" "Tales2Go/3.2.0 CFNetwork/609 Darwin/13.0.0"
99.114.112.6 - - [06/Jan/2013:15:51:43 -0800] "GET /GetStationPlayList.php?s=0&c=9&uid=21404&sid=110&endFeed=0&version=4.0.12455&mode=iPhoneApp&locale=en_US HTTP/1.1" 200 3037 "-" "Tales2Go/3.2.0 CFNetwork/548.1.4 Darwin/11.0.0"
172.4.204.146 - - [06/Jan/2013:15:51:44 -0800] "GET /StartupChecks.php?startup&version=4.0.12455&mode=iPhoneApp&locale=en_US HTTP/1.1" 200 246 "-" "Tales2Go/3.2.0 CFNetwork/609 Darwin/13.0.0"
172.4.204.146 - - [06/Jan/2013:15:51:44 -0800] "GET /TransitionUDIDToMACAddr.php?udid=cc47bc470c765a8316e94c203e98b7da176d1783&mac=84:85:06:EF:1E:55&version=4.0.12455&mode=iPhoneApp&locale=en_US HTTP/1.1" 200 121 "-" "Tales2Go/3.2.0 CFNetwork/609 Darwin/13.0.0"
172.4.204.146 - - [06/Jan/2013:15:51:45 -0800] "GET /LoadUserFromUDID.php?markStartup&udid=84:85:06:EF:1E:55&version=4.0.12455&mode=iPhoneApp&locale=en_US HTTP/1.1" 200 58 "-" "Tales2Go/3.2.0 CFNetwork/609 Darwin/13.0.0"
172.4.204.146 - - [06/Jan/2013:15:51:45 -0800] "GET /CreateUser.php?markStartup&mode=iPhoneApp&udid=84:85:06:EF:1E:55&version=4.0.12455&mode=iPhoneApp&locale=en_US HTTP/1.1" 200 228 "-" "Tales2Go/3.2.0 CFNetwork/609 Darwin/13.0.0"
172.4.204.146 - - [06/Jan/2013:15:51:46 -0800] "GET /SubmitSettings.php?currentId=37906&email=84:85:06:EF:1E:55@t2g.t2g&epx=-_AB7-35AHMJ3UAA87&phone=&optin=0&explicit=1&alertOption=0&alertType=0&alertTimestamp=0.000000&udid=84:85:06:EF:1E:55&version=4.0.12455&mode=iPhoneApp&locale=en_US HTTP/1.1" 200 238 "-" "Tales2Go/3.2.0 CFNetwork/609 Darwin/13.0.0"
172.4.204.146 - - [06/Jan/2013:15:51:46 -0800] "GET /GetContentStationList.php?uid=37906&version=4.0.12455&mode=iPhoneApp&locale=en_US HTTP/1.1" 200 6486 "-" "Tales2Go/3.2.0 CFNetwork/609 Darwin/13.0.0"
172.4.204.146 - - [06/Jan/2013:15:51:47 -0800] "GET /LoadUserFromID.php?markStartup&id=37906&udid=84:85:06:EF:1E:55&version=4.0.12455&mode=iPhoneApp&locale=en_US HTTP/1.1" 200 263 "-" "Tales2Go/3.2.0 CFNetwork/609 Darwin/13.0.0"
99.114.112.6 - - [06/Jan/2013:15:51:47 -0800] "GET /FeedDisplay.php?archived&mode=iPhoneApp&fid=923&episode_id=1255&nfid=0&uid=21404&version=3.2.0 HTTP/1.1" 200 8901 "-" "Mozilla/5.0 (iPhone; CPU iPhone OS 5_1_1 like Mac OS X) AppleWebKit/534.46 (KHTML, like Gecko) Mobile/9B206"
172.4.204.146 - - [06/Jan/2013:15:51:48 -0800] "GET /GetContentStationList.php?uid=37906&version=4.0.12455&mode=iPhoneApp&locale=en_US HTTP/1.1" 200 6486 "-" "Tales2Go/3.2.0 CFNetwork/609 Darwin/13.0.0"
99.114.112.6 - - [06/Jan/2013:15:51:48 -0800] "GET /images/multipart_arrow_right.gif HTTP/1.1" 200 267 "http://t2g.stitcher.com/FeedDisplay.php?archived&mode=iPhoneApp&fid=923&episode_id=1255&nfid=0&uid=21404&version=3.2.0" "Mozilla/5.0 (iPhone; CPU iPhone OS 5_1_1 like Mac OS X) AppleWebKit/534.46 (KHTML, like Gecko) Mobile/9B206"
99.114.112.6 - - [06/Jan/2013:15:51:49 -0800] "GET /images/t2g_ratings_gray_active.png HTTP/1.1" 200 1196 "http://t2g.stitcher.com/FeedDisplay.php?archived&mode=iPhoneApp&fid=923&episode_id=1255&nfid=0&uid=21404&version=3.2.0" "Mozilla/5.0 (iPhone; CPU iPhone OS 5_1_1 like Mac OS X) AppleWebKit/534.46 (KHTML, like Gecko) Mobile/9B206"
172.4.204.146 - - [06/Jan/2013:15:51:46 -0800] "GET /GetStationListFC.php?uid=37906&version=4.0.12455&mode=iPhoneApp&locale=en_US HTTP/1.1" 200 16492 "-" "Tales2Go/3.2.0 CFNetwork/609 Darwin/13.0.0"
172.4.204.146 - - [06/Jan/2013:15:51:49 -0800] "GET /GetStationListFC.php?uid=37906&version=4.0.12455&mode=iPhoneApp&locale=en_US HTTP/1.1" 200 16492 "-" "Tales2Go/3.2.0 CFNetwork/609 Darwin/13.0.0"
99.114.112.6 - - [06/Jan/2013:15:52:00 -0800] "GET /GetAd.php?sid=110&timeSinceLastAd=263&previousFeedId=923&nextFeedId=0&tlt=263&tlf=1&uid=21404&version=4.0.12455&mode=iPhoneApp&locale=en_US HTTP/1.1" 200 22 "-" "Tales2Go/3.2.0 CFNetwork/548.1.4 Darwin/11.0.0"
172.4.204.146 - - [06/Jan/2013:15:52:10 -0800] "GET /Search.php?uid=37906&term=killing%20mr%20griffin&s=0&c=20&version=4.0.12455&mode=iPhoneApp&locale=en_US HTTP/1.1" 200 1924 "-" "Tales2Go/3.2.0 CFNetwork/609 Darwin/13.0.0"
172.4.204.146 - - [06/Jan/2013:15:52:44 -0800] "GET /FeedDisplay.php?archived&mode=iPhoneApp&fid=1930&episode_id=5749&nfid=0&uid=37906&version=3.2.0 HTTP/1.1" 200 9838 "-" "Mozilla/5.0 (iPod; CPU iPhone OS 6_0_1 like Mac OS X) AppleWebKit/536.26 (KHTML, like Gecko) Mobile/10A523"
172.4.204.146 - - [06/Jan/2013:15:52:45 -0800] "GET /images/multipart_arrow_left_disabled.gif HTTP/1.1" 200 275 "http://t2g.stitcher.com/FeedDisplay.php?archived&mode=iPhoneApp&fid=1930&episode_id=5749&nfid=0&uid=37906&version=3.2.0" "Mozilla/5.0 (iPod; CPU iPhone OS 6_0_1 like Mac OS X) AppleWebKit/536.26 (KHTML, like Gecko) Mobile/10A523"
172.4.204.146 - - [06/Jan/2013:15:52:45 -0800] "GET /images/multipart_arrow_right.gif HTTP/1.1" 200 267 "http://t2g.stitcher.com/FeedDisplay.php?archived&mode=iPhoneApp&fid=1930&episode_id=5749&nfid=0&uid=37906&version=3.2.0" "Mozilla/5.0 (iPod; CPU iPhone OS 6_0_1 like Mac OS X) AppleWebKit/536.26 (KHTML, like Gecko) Mobile/10A523"
172.4.204.146 - - [06/Jan/2013:15:52:47 -0800] "GET /images/ajax-loader.gif HTTP/1.1" 200 1849 "http://t2g.stitcher.com/FeedDisplay.php?archived&mode=iPhoneApp&fid=1930&episode_id=5749&nfid=0&uid=37906&version=3.2.0" "Mozilla/5.0 (iPod; CPU iPhone OS 6_0_1 like Mac OS X) AppleWebKit/536.26 (KHTML, like Gecko) Mobile/10A523"
172.4.204.146 - - [06/Jan/2013:15:52:48 -0800] "GET /images/t2g_ratings_gray_active.png HTTP/1.1" 200 1196 "http://t2g.stitcher.com/FeedDisplay.php?archived&mode=iPhoneApp&fid=1930&episode_id=5749&nfid=0&uid=37906&version=3.2.0" "Mozilla/5.0 (iPod; CPU iPhone OS 6_0_1 like Mac OS X) AppleWebKit/536.26 (KHTML, like Gecko) Mobile/10A523"
172.4.204.146 - - [06/Jan/2013:15:52:48 -0800] "GET /images/t2g_ratings_color_active.png HTTP/1.1" 200 985 "http://t2g.stitcher.com/FeedDisplay.php?archived&mode=iPhoneApp&fid=1930&episode_id=5749&nfid=0&uid=37906&version=3.2.0" "Mozilla/5.0 (iPod; CPU iPhone OS 6_0_1 like Mac OS X) AppleWebKit/536.26 (KHTML, like Gecko) Mobile/10A523"
172.4.204.146 - - [06/Jan/2013:15:52:48 -0800] "GET /images/t2g_ratings_gray.png HTTP/1.1" 200 1215 "http://t2g.stitcher.com/FeedDisplay.php?archived&mode=iPhoneApp&fid=1930&episode_id=5749&nfid=0&uid=37906&version=3.2.0" "Mozilla/5.0 (iPod; CPU iPhone OS 6_0_1 like Mac OS X) AppleWebKit/536.26 (KHTML, like Gecko) Mobile/10A523"
172.4.204.146 - - [06/Jan/2013:15:52:48 -0800] "GET /images/t2g_ratings_color.png HTTP/1.1" 200 997 "http://t2g.stitcher.com/FeedDisplay.php?archived&mode=iPhoneApp&fid=1930&episode_id=5749&nfid=0&uid=37906&version=3.2.0" "Mozilla/5.0 (iPod; CPU iPhone OS 6_0_1 like Mac OS X) AppleWebKit/536.26 (KHTML, like Gecko) Mobile/10A523"
172.4.204.146 - - [06/Jan/2013:15:52:58 -0800] "GET /GetAd.php?sid=0&timeSinceLastAd=16&previousFeedId=1930&nextFeedId=0&tlt=16&tlf=1&uid=37906&version=4.0.12455&mode=iPhoneApp&locale=en_US HTTP/1.1" 200 22 "-" "Tales2Go/3.2.0 CFNetwork/609 Darwin/13.0.0"
172.4.204.146 - - [06/Jan/2013:15:53:10 -0800] "GET /Search.php?uid=37906&term=killing&s=0&c=20&version=4.0.12455&mode=iPhoneApp&locale=en_US HTTP/1.1" 200 1913 "-" "Tales2Go/3.2.0 CFNetwork/609 Darwin/13.0.0"
172.4.204.146 - - [06/Jan/2013:15:53:14 -0800] "GET /GetStationPlayList.php?uid=37906&sid=favorites&version=4.0.12455&mode=iPhoneApp&locale=en_US HTTP/1.1" 200 141 "-" "Tales2Go/3.2.0 CFNetwork/609 Darwin/13.0.0"
108.218.235.57 - - [06/Jan/2013:15:53:22 -0800] "GET /Search.php?uid=37276&term=The%20red%20king&s=0&c=20&version=4.0.12455&mode=iPhoneApp&locale=en_US HTTP/1.1" 200 16924 "-" "Tales2Go/3.2.0 CFNetwork/609 Darwin/13.0.0"
172.4.204.146 - - [06/Jan/2013:15:53:26 -0800] "GET /GetStationPlayList.php?s=0&c=9&uid=37906&sid=285&endFeed=0&version=4.0.12455&mode=iPhoneApp&locale=en_US HTTP/1.1" 200 11294 "-" "Tales2Go/3.2.0 CFNetwork/609 Darwin/13.0.0"
172.4.204.146 - - [06/Jan/2013:15:53:32 -0800] "GET /GetStationPlayList.php?s=9&c=9&uid=37906&sid=285&endFeed=0&version=4.0.12455&mode=iPhoneApp&locale=en_US HTTP/1.1" 200 10289 "-" "Tales2Go/3.2.0 CFNetwork/609 Darwin/13.0.0"
172.4.204.146 - - [06/Jan/2013:15:53:37 -0800] "GET /GetStationPlayList.php?s=18&c=9&uid=37906&sid=285&endFeed=0&version=4.0.12455&mode=iPhoneApp&locale=en_US HTTP/1.1" 200 7544 "-" "Tales2Go/3.2.0 CFNetwork/609 Darwin/13.0.0"
172.4.204.146 - - [06/Jan/2013:15:53:42 -0800] "GET /GetStationPlayList.php?s=27&c=9&uid=37906&sid=285&endFeed=0&version=4.0.12455&mode=iPhoneApp&locale=en_US HTTP/1.1" 200 8723 "-" "Tales2Go/3.2.0 CFNetwork/609 Darwin/13.0.0"
108.218.235.57 - - [06/Jan/2013:15:53:44 -0800] "GET /Search.php?uid=37276&term=The%20red%20king&s=20&c=20&version=4.0.12455&mode=iPhoneApp&locale=en_US HTTP/1.1" 200 19180 "-" "Tales2Go/3.2.0 CFNetwork/609 Darwin/13.0.0"
172.4.204.146 - - [06/Jan/2013:15:53:46 -0800] "GET /GetStationPlayList.php?s=36&c=9&uid=37906&sid=285&endFeed=0&version=4.0.12455&mode=iPhoneApp&locale=en_US HTTP/1.1" 200 10271 "-" "Tales2Go/3.2.0 CFNetwork/609 Darwin/13.0.0"
69.73.22.24 - - [06/Jan/2013:15:53:52 -0800] "GET /PostUsage.php?uid=8482&sid=0&fid=1551&eid=2975&completed=0&timezone=+0000&tlt=0&version=4.0.12455&mode=iPhoneApp&locale=en_US HTTP/1.1" 200 - "-" "Tales2Go/3.2.0 CFNetwork/485.12.7 Darwin/10.4.0"
108.218.235.57 - - [06/Jan/2013:15:53:52 -0800] "GET /Search.php?uid=37276&term=The%20red%20king&s=40&c=20&version=4.0.12455&mode=iPhoneApp&locale=en_US HTTP/1.1" 200 12044 "-" "Tales2Go/3.2.0 CFNetwork/609 Darwin/13.0.0"
74.215.149.224 - - [06/Jan/2013:15:53:52 -0800] "GET /GetAd.php?sid=498&timeSinceLastAd=4103&previousFeedId=152&nextFeedId=1320&tlt=4103&tlf=4&uid=33062&version=4.0.12455&mode=iPhoneApp&locale=en_US HTTP/1.1" 200 22 "-" "Tales2Go/3.2.0 CFNetwork/609 Darwin/13.0.0"
172.4.204.146 - - [06/Jan/2013:15:53:52 -0800] "GET /GetStationPlayList.php?s=45&c=9&uid=37906&sid=285&endFeed=0&version=4.0.12455&mode=iPhoneApp&locale=en_US HTTP/1.1" 200 10877 "-" "Tales2Go/3.2.0 CFNetwork/609 Darwin/13.0.0"
69.73.22.24 - - [06/Jan/2013:15:53:53 -0800] "GET /FeedDisplay.php?archived&mode=iPhoneApp&fid=1549&episode_id=2967&nfid=0&uid=8482&version=3.2.0 HTTP/1.1" 200 8938 "-" "Mozilla/5.0 (iPod; U; CPU iPhone OS 4_2_1 like Mac OS X; en-us) AppleWebKit/533.17.9 (KHTML, like Gecko) Mobile/8C148"
74.215.149.224 - - [06/Jan/2013:15:53:53 -0800] "GET /PostUsage.php?uid=33062&sid=498&fid=152&eid=169&completed=881000&timezone=+0000&tlt=4103&version=4.0.12455&mode=iPhoneApp&locale=en_US HTTP/1.1" 200 - "-" "Tales2Go/3.2.0 CFNetwork/609 Darwin/13.0.0"
172.4.204.146 - - [06/Jan/2013:15:53:53 -0800] "GET /GetAd.php?sid=285&timeSinceLastAd=20&previousFeedId=1930&nextFeedId=2845&newStation&tlt=20&tlf=0&uid=37906&version=4.0.12455&mode=iPhoneApp&locale=en_US HTTP/1.1" 200 22 "-" "Tales2Go/3.2.0 CFNetwork/609 Darwin/13.0.0"
74.215.149.224 - - [06/Jan/2013:15:53:53 -0800] "GET /FeedDisplay.php?archived&mode=iPhoneApp&fid=1320&episode_id=2234&nfid=1340&uid=33062&version=3.2.0 HTTP/1.1" 200 8576 "-" "Mozilla/5.0 (iPod; CPU iPhone OS 6_0 like Mac OS X) AppleWebKit/536.26 (KHTML, like Gecko) Mobile/10A403"
172.4.204.146 - - [06/Jan/2013:15:53:53 -0800] "GET /PostUsage.php?uid=37906&sid=0&fid=1930&eid=5749&completed=20403&timezone=+0000&tlt=20&version=4.0.12455&mode=iPhoneApp&locale=en_US HTTP/1.1" 200 - "-" "Tales2Go/3.2.0 CFNetwork/609 Darwin/13.0.0"
172.4.204.146 - - [06/Jan/2013:15:53:54 -0800] "GET /FeedDisplay.php?archived&mode=iPhoneApp&fid=2845&episode_id=5424&nfid=1474&uid=37906&version=3.2.0 HTTP/1.1" 200 9455 "-" "Mozilla/5.0 (iPod; CPU iPhone OS 6_0_1 like Mac OS X) AppleWebKit/536.26 (KHTML, like Gecko) Mobile/10A523"
69.73.22.24 - - [06/Jan/2013:15:53:55 -0800] "GET /PostUsage.php?uid=8482&sid=0&fid=1549&eid=2967&completed=545110&timezone=+0000&tlt=0&version=4.0.12455&mode=iPhoneApp&locale=en_US HTTP/1.1" 200 - "-" "Tales2Go/3.2.0 CFNetwork/485.12.7 Darwin/10.4.0"
74.215.149.224 - - [06/Jan/2013:15:53:56 -0800] "GET /GetAd.php?sid=498&timeSinceLastAd=4105&previousFeedId=1320&nextFeedId=1340&tlt=4105&tlf=5&uid=33062&version=4.0.12455&mode=iPhoneApp&locale=en_US HTTP/1.1" 200 22 "-" "Tales2Go/3.2.0 CFNetwork/609 Darwin/13.0.0"
69.73.22.24 - - [06/Jan/2013:15:53:57 -0800] "GET /FeedDisplay.php?archived&mode=iPhoneApp&fid=1551&episode_id=2975&nfid=0&uid=8482&version=3.2.0 HTTP/1.1" 200 9030 "-" "Mozilla/5.0 (iPod; U; CPU iPhone OS 4_2_1 like Mac OS X; en-us) AppleWebKit/533.17.9 (KHTML, like Gecko) Mobile/8C148"
69.73.22.24 - - [06/Jan/2013:15:53:59 -0800] "GET /GetAd.php?sid=0&timeSinceLastAd=3782&previousFeedId=1551&nextFeedId=0&tlt=3782&tlf=1&uid=8482&version=4.0.12455&mode=iPhoneApp&locale=en_US HTTP/1.1" 200 22 "-" "Tales2Go/3.2.0 CFNetwork/485.12.7 Darwin/10.4.0"
172.4.204.146 - - [06/Jan/2013:15:54:00 -0800] "GET /GetStationPlayList.php?s=54&c=9&uid=37906&sid=285&endFeed=0&version=4.0.12455&mode=iPhoneApp&locale=en_US HTTP/1.1" 200 8302 "-" "Tales2Go/3.2.0 CFNetwork/609 Darwin/13.0.0"
172.4.204.146 - - [06/Jan/2013:15:54:05 -0800] "GET /GetStationPlayList.php?s=63&c=9&uid=37906&sid=285&endFeed=0&version=4.0.12455&mode=iPhoneApp&locale=en_US HTTP/1.1" 200 12853 "-" "Tales2Go/3.2.0 CFNetwork/609 Darwin/13.0.0"
74.241.50.249 - - [06/Jan/2013:15:54:05 -0800] "GET /GetAd.php?sid=498&timeSinceLastAd=423&previousFeedId=64&nextFeedId=1505&tlt=423&tlf=1&uid=33327&version=4.0.12455&mode=iPhoneApp&locale=en_US HTTP/1.1" 200 22 "-" "Tales2Go/3.2.0 CFNetwork/609 Darwin/13.0.0"
74.241.50.249 - - [06/Jan/2013:15:54:05 -0800] "GET /PostUsage.php?uid=33327&sid=498&fid=64&eid=77&completed=370451&timezone=+0000&tlt=423&version=4.0.12455&mode=iPhoneApp&locale=en_US HTTP/1.1" 200 - "-" "Tales2Go/3.2.0 CFNetwork/609 Darwin/13.0.0"
74.241.50.249 - - [06/Jan/2013:15:54:05 -0800] "GET /FeedDisplay.php?archived&mode=iPhoneApp&fid=1505&episode_id=2833&nfid=277&uid=33327&version=3.2.0 HTTP/1.1" 200 8644 "-" "Mozilla/5.0 (iPhone; CPU iPhone OS 6_0_1 like Mac OS X) AppleWebKit/536.26 (KHTML, like Gecko) Mobile/10A523"
74.241.50.249 - - [06/Jan/2013:15:54:06 -0800] "GET /GetAd.php?sid=498&timeSinceLastAd=423&previousFeedId=1505&nextFeedId=277&tlt=423&tlf=2&uid=33327&version=4.0.12455&mode=iPhoneApp&locale=en_US HTTP/1.1" 200 22 "-" "Tales2Go/3.2.0 CFNetwork/609 Darwin/13.0.0"
108.18.117.235 - - [06/Jan/2013:15:54:06 -0800] "GET /AddBookmark.php?uid=25218&eid=1458&offset=2890&version=4.0.12455&mode=iPhoneApp&locale=en_US HTTP/1.1" 200 47 "-" "Tales2Go/3.2.0 CFNetwork/485.12.30 Darwin/10.4.0"
172.4.204.146 - - [06/Jan/2013:15:54:08 -0800] "GET /GetStationPlayList.php?s=72&c=9&uid=37906&sid=285&endFeed=0&version=4.0.12455&mode=iPhoneApp&locale=en_US HTTP/1.1" 200 8137 "-" "Tales2Go/3.2.0 CFNetwork/609 Darwin/13.0.0"
172.4.204.146 - - [06/Jan/2013:15:54:13 -0800] "GET /GetStationPlayList.php?s=81&c=9&uid=37906&sid=285&endFeed=0&version=4.0.12455&mode=iPhoneApp&locale=en_US HTTP/1.1" 200 7942 "-" "Tales2Go/3.2.0 CFNetwork/609 Darwin/13.0.0"
71.212.2.51 - - [06/Jan/2013:15:54:16 -0800] "GET /StartupChecks.php?startup&uid=24901&version=4.0.12455&mode=iPhoneApp&locale=en_US HTTP/1.1" 200 289 "-" "Tales2Go/3.2.0 CFNetwork/609 Darwin/13.0.0"
71.212.2.51 - - [06/Jan/2013:15:54:16 -0800] "GET /LoadUserFromID.php?markStartup&id=24901&udid=78:A3:E4:12:1B:7B&version=4.0.12455&mode=iPhoneApp&locale=en_US HTTP/1.1" 200 261 "-" "Tales2Go/3.2.0 CFNetwork/609 Darwin/13.0.0"
71.212.2.51 - - [06/Jan/2013:15:54:17 -0800] "GET /GetContentStationList.php?uid=24901&version=4.0.12455&mode=iPhoneApp&locale=en_US HTTP/1.1" 200 6486 "-" "Tales2Go/3.2.0 CFNetwork/609 Darwin/13.0.0"
74.215.149.224 - - [06/Jan/2013:15:54:18 -0800] "GET /GetAd.php?sid=498&timeSinceLastAd=4309&previousFeedId=1320&nextFeedId=1340&tlt=4309&tlf=5&uid=33062&version=4.0.12455&mode=iPhoneApp&locale=en_US HTTP/1.1" 200 22 "-" "Tales2Go/3.2.0 CFNetwork/609 Darwin/13.0.0"
71.212.2.51 - - [06/Jan/2013:15:54:17 -0800] "GET /GetStationListFC.php?uid=24901&version=4.0.12455&mode=iPhoneApp&locale=en_US HTTP/1.1" 200 16492 "-" "Tales2Go/3.2.0 CFNetwork/609 Darwin/13.0.0"
74.215.149.224 - - [06/Jan/2013:15:54:19 -0800] "GET /PostUsage.php?uid=33062&sid=498&fid=1320&eid=2234&completed=206833&timezone=+0000&tlt=4309&version=4.0.12455&mode=iPhoneApp&locale=en_US HTTP/1.1" 200 - "-" "Tales2Go/3.2.0 CFNetwork/609 Darwin/13.0.0"
74.215.149.224 - - [06/Jan/2013:15:54:19 -0800] "GET /FeedDisplay.php?archived&mode=iPhoneApp&fid=1340&episode_id=1929&nfid=485&uid=33062&version=3.2.0 HTTP/1.1" 200 8624 "-" "Mozilla/5.0 (iPod; CPU iPhone OS 6_0 like Mac OS X) AppleWebKit/536.26 (KHTML, like Gecko) Mobile/10A403"
172.4.204.146 - - [06/Jan/2013:15:54:20 -0800] "GET /GetAd.php?sid=285&timeSinceLastAd=45&previousFeedId=2845&nextFeedId=1474&tlt=45&tlf=1&uid=37906&version=4.0.12455&mode=iPhoneApp&locale=en_US HTTP/1.1" 200 22 "-" "Tales2Go/3.2.0 CFNetwork/609 Darwin/13.0.0"
74.215.149.224 - - [06/Jan/2013:15:54:22 -0800] "GET /GetAd.php?sid=498&timeSinceLastAd=4311&previousFeedId=1340&nextFeedId=485&tlt=4311&tlf=6&uid=33062&version=4.0.12455&mode=iPhoneApp&locale=en_US HTTP/1.1" 200 22 "-" "Tales2Go/3.2.0 CFNetwork/609 Darwin/13.0.0"
71.212.2.51 - - [06/Jan/2013:15:54:29 -0800] "GET /Search.php?uid=24901&term=diary&s=0&c=20&version=4.0.12455&mode=iPhoneApp&locale=en_US HTTP/1.1" 200 7925 "-" "Tales2Go/3.2.0 CFNetwork/609 Darwin/13.0.0"
74.241.50.249 - - [06/Jan/2013:15:54:31 -0800] "GET /GetAd.php?sid=498&timeSinceLastAd=448&previousFeedId=1505&nextFeedId=399&tlt=448&tlf=2&uid=33327&version=4.0.12455&mode=iPhoneApp&locale=en_US HTTP/1.1" 200 22 "-" "Tales2Go/3.2.0 CFNetwork/609 Darwin/13.0.0"
74.241.50.249 - - [06/Jan/2013:15:54:31 -0800] "GET /PostUsage.php?uid=33327&sid=498&fid=1505&eid=2833&completed=25619&timezone=+0000&tlt=448&version=4.0.12455&mode=iPhoneApp&locale=en_US HTTP/1.1" 200 - "-" "Tales2Go/3.2.0 CFNetwork/609 Darwin/13.0.0"
74.241.50.249 - - [06/Jan/2013:15:54:31 -0800] "GET /FeedDisplay.php?archived&mode=iPhoneApp&fid=399&episode_id=658&nfid=1320&uid=33327&version=3.2.0 HTTP/1.1" 200 8500 "-" "Mozilla/5.0 (iPhone; CPU iPhone OS 6_0_1 like Mac OS X) AppleWebKit/536.26 (KHTML, like Gecko) Mobile/10A523"
66.87.101.120 - - [06/Jan/2013:15:54:34 -0800] "GET /GetStationPlayList.php?s=9&c=9&uid=37822&sid=61&endFeed=0&version=4.0.12455&mode=iPhoneApp&locale=en_US HTTP/1.1" 200 6837 "-" "Tales2Go/3.2.0 CFNetwork/609 Darwin/13.0.0"
66.87.101.120 - - [06/Jan/2013:15:54:35 -0800] "GET /GetAd.php?sid=61&timeSinceLastAd=1735&previousFeedId=18&nextFeedId=2030&tlt=1735&tlf=1&uid=37822&version=4.0.12455&mode=iPhoneApp&locale=en_US HTTP/1.1" 200 22 "-" "Tales2Go/3.2.0 CFNetwork/609 Darwin/13.0.0"
74.241.50.249 - - [06/Jan/2013:15:54:36 -0800] "GET /GetAd.php?sid=498&timeSinceLastAd=451&previousFeedId=399&nextFeedId=1320&tlt=451&tlf=3&uid=33327&version=4.0.12455&mode=iPhoneApp&locale=en_US HTTP/1.1" 200 22 "-" "Tales2Go/3.2.0 CFNetwork/609 Darwin/13.0.0"
66.87.101.120 - - [06/Jan/2013:15:54:36 -0800] "GET /PostUsage.php?uid=37822&sid=61&fid=18&eid=36&completed=1123590&timezone=+0000&tlt=1735&version=4.0.12455&mode=iPhoneApp&locale=en_US HTTP/1.1" 200 - "-" "Tales2Go/3.2.0 CFNetwork/609 Darwin/13.0.0"
66.87.101.120 - - [06/Jan/2013:15:54:36 -0800] "GET /FeedDisplay.php?archived&mode=iPhoneApp&fid=2030&episode_id=4869&nfid=1889&uid=37822&version=3.2.0 HTTP/1.1" 200 8498 "-" "Mozilla/5.0 (iPhone; CPU iPhone OS 6_0_1 like Mac OS X) AppleWebKit/536.26 (KHTML, like Gecko) Mobile/10A523"
66.87.101.120 - - [06/Jan/2013:15:54:49 -0800] "GET /GetAd.php?sid=61&timeSinceLastAd=1744&previousFeedId=2030&nextFeedId=1504&newStation&tlt=1744&tlf=0&uid=37822&version=4.0.12455&mode=iPhoneApp&locale=en_US HTTP/1.1" 200 22 "-" "Tales2Go/3.2.0 CFNetwork/609 Darwin/13.0.0"
66.87.101.120 - - [06/Jan/2013:15:54:51 -0800] "GET /PostUsage.php?uid=37822&sid=61&fid=2030&eid=4869&completed=12788&timezone=+0000&tlt=1744&version=4.0.12455&mode=iPhoneApp&locale=en_US HTTP/1.1" 200 - "-" "Tales2Go/3.2.0 CFNetwork/609 Darwin/13.0.0"
66.87.101.120 - - [06/Jan/2013:15:54:51 -0800] "GET /FeedDisplay.php?archived&mode=iPhoneApp&fid=1504&episode_id=2832&nfid=673&uid=37822&version=3.2.0 HTTP/1.1" 200 8625 "-" "Mozilla/5.0 (iPhone; CPU iPhone OS 6_0_1 like Mac OS X) AppleWebKit/536.26 (KHTML, like Gecko) Mobile/10A523"
71.212.2.51 - - [06/Jan/2013:15:54:57 -0800] "GET /FeedDisplay.php?archived&mode=iPhoneApp&fid=926&episode_id=1227&nfid=0&uid=24901&version=3.2.0 HTTP/1.1" 200 9085 "-" "Mozilla/5.0 (iPhone; CPU iPhone OS 6_0_1 like Mac OS X) AppleWebKit/536.26 (KHTML, like Gecko) Mobile/10A523"
74.215.149.224 - - [06/Jan/2013:15:55:10 -0800] "GET /GetAd.php?sid=498&timeSinceLastAd=4664&previousFeedId=1340&nextFeedId=485&tlt=4664&tlf=6&uid=33062&version=4.0.12455&mode=iPhoneApp&locale=en_US HTTP/1.1" 200 22 "-" "Tales2Go/3.2.0 CFNetwork/609 Darwin/13.0.0"
74.215.149.224 - - [06/Jan/2013:15:55:10 -0800] "GET /PostUsage.php?uid=33062&sid=498&fid=1340&eid=1929&completed=355000&timezone=+0000&tlt=4664&version=4.0.12455&mode=iPhoneApp&locale=en_US HTTP/1.1" 200 - "-" "Tales2Go/3.2.0 CFNetwork/609 Darwin/13.0.0"
74.215.149.224 - - [06/Jan/2013:15:55:10 -0800] "GET /FeedDisplay.php?archived&mode=iPhoneApp&fid=485&episode_id=993&nfid=277&uid=33062&version=3.2.0 HTTP/1.1" 200 8869 "-" "Mozilla/5.0 (iPod; CPU iPhone OS 6_0 like Mac OS X) AppleWebKit/536.26 (KHTML, like Gecko) Mobile/10A403"
74.215.149.224 - - [06/Jan/2013:15:55:17 -0800] "GET /GetAd.php?sid=498&timeSinceLastAd=4670&previousFeedId=485&nextFeedId=277&tlt=4670&tlf=7&uid=33062&version=4.0.12455&mode=iPhoneApp&locale=en_US HTTP/1.1" 200 22 "-" "Tales2Go/3.2.0 CFNetwork/609 Darwin/13.0.0"
66.87.101.120 - - [06/Jan/2013:15:55:21 -0800] "GET /GetAd.php?sid=61&timeSinceLastAd=1757&previousFeedId=1504&nextFeedId=673&tlt=1757&tlf=1&uid=37822&version=4.0.12455&mode=iPhoneApp&locale=en_US HTTP/1.1" 200 22 "-" "Tales2Go/3.2.0 CFNetwork/609 Darwin/13.0.0"
74.241.50.249 - - [06/Jan/2013:15:55:37 -0800] "GET /AddFavorite.php?uid=33327&fid=399&version=4.0.12455&mode=iPhoneApp&locale=en_US HTTP/1.1" 200 55 "-" "Tales2Go/3.2.0 CFNetwork/609 Darwin/13.0.0"
74.241.50.249 - - [06/Jan/2013:15:55:40 -0800] "GET /AddBookmark.php?uid=33327&eid=658&offset=22&version=4.0.12455&mode=iPhoneApp&locale=en_US HTTP/1.1" 200 47 "-" "Tales2Go/3.2.0 CFNetwork/609 Darwin/13.0.0"
71.212.2.51 - - [06/Jan/2013:15:55:42 -0800] "GET /GetAd.php?sid=0&timeSinceLastAd=39&previousFeedId=926&nextFeedId=0&tlt=39&tlf=1&uid=24901&version=4.0.12455&mode=iPhoneApp&locale=en_US HTTP/1.1" 200 22 "-" "Tales2Go/3.2.0 CFNetwork/609 Darwin/13.0.0"
66.87.101.120 - - [06/Jan/2013:15:55:44 -0800] "GET /GetStationPlayList.php?s=18&c=9&uid=37822&sid=61&endFeed=0&version=4.0.12455&mode=iPhoneApp&locale=en_US HTTP/1.1" 200 7084 "-" "Tales2Go/3.2.0 CFNetwork/609 Darwin/13.0.0"
66.87.101.120 - - [06/Jan/2013:15:55:53 -0800] "GET /GetAd.php?sid=61&timeSinceLastAd=1789&previousFeedId=1504&nextFeedId=2782&newStation&tlt=1789&tlf=0&uid=37822&version=4.0.12455&mode=iPhoneApp&locale=en_US HTTP/1.1" 200 22 "-" "Tales2Go/3.2.0 CFNetwork/609 Darwin/13.0.0"
66.87.101.120 - - [06/Jan/2013:15:55:54 -0800] "GET /PostUsage.php?uid=37822&sid=61&fid=1504&eid=2832&completed=46363&timezone=+0000&tlt=1789&version=4.0.12455&mode=iPhoneApp&locale=en_US HTTP/1.1" 200 - "-" "Tales2Go/3.2.0 CFNetwork/609 Darwin/13.0.0"
66.87.101.120 - - [06/Jan/2013:15:55:54 -0800] "GET /FeedDisplay.php?archived&mode=iPhoneApp&fid=2782&episode_id=4694&nfid=2035&uid=37822&version=3.2.0 HTTP/1.1" 200 8808 "-" "Mozilla/5.0 (iPhone; CPU iPhone OS 6_0_1 like Mac OS X) AppleWebKit/536.26 (KHTML, like Gecko) Mobile/10A523"
74.241.50.249 - - [06/Jan/2013:15:56:14 -0800] "GET /GetAd.php?sid=498&timeSinceLastAd=470&previousFeedId=399&nextFeedId=485&newStation&tlt=470&tlf=0&uid=33327&version=4.0.12455&mode=iPhoneApp&locale=en_US HTTP/1.1" 200 22 "-" "Tales2Go/3.2.0 CFNetwork/609 Darwin/13.0.0"
74.241.50.249 - - [06/Jan/2013:15:56:14 -0800] "GET /PostUsage.php?uid=33327&sid=498&fid=399&eid=658&completed=22911&timezone=+0000&tlt=470&version=4.0.12455&mode=iPhoneApp&locale=en_US HTTP/1.1" 200 - "-" "Tales2Go/3.2.0 CFNetwork/609 Darwin/13.0.0"
74.241.50.249 - - [06/Jan/2013:15:56:14 -0800] "GET /FeedDisplay.php?archived&mode=iPhoneApp&fid=485&episode_id=993&nfid=0&uid=33327&version=3.2.0 HTTP/1.1" 200 8869 "-" "Mozilla/5.0 (iPhone; CPU iPhone OS 6_0_1 like Mac OS X) AppleWebKit/536.26 (KHTML, like Gecko) Mobile/10A523"
74.241.50.249 - - [06/Jan/2013:15:56:20 -0800] "GET /GetAd.php?sid=498&timeSinceLastAd=474&previousFeedId=485&nextFeedId=1340&newStation&tlt=474&tlf=0&uid=33327&version=4.0.12455&mode=iPhoneApp&locale=en_US HTTP/1.1" 200 22 "-" "Tales2Go/3.2.0 CFNetwork/609 Darwin/13.0.0"
74.241.50.249 - - [06/Jan/2013:15:56:20 -0800] "GET /PostUsage.php?uid=33327&sid=498&fid=485&eid=993&completed=5215&timezone=+0000&tlt=474&version=4.0.12455&mode=iPhoneApp&locale=en_US HTTP/1.1" 200 - "-" "Tales2Go/3.2.0 CFNetwork/609 Darwin/13.0.0"
74.241.50.249 - - [06/Jan/2013:15:56:20 -0800] "GET /FeedDisplay.php?archived&mode=iPhoneApp&fid=1340&episode_id=1929&nfid=399&uid=33327&version=3.2.0 HTTP/1.1" 200 8624 "-" "Mozilla/5.0 (iPhone; CPU iPhone OS 6_0_1 like Mac OS X) AppleWebKit/536.26 (KHTML, like Gecko) Mobile/10A523"
74.241.50.249 - - [06/Jan/2013:15:56:23 -0800] "GET /GetAd.php?sid=498&timeSinceLastAd=474&previousFeedId=1340&nextFeedId=399&tlt=474&tlf=1&uid=33327&version=4.0.12455&mode=iPhoneApp&locale=en_US HTTP/1.1" 200 22 "-" "Tales2Go/3.2.0 CFNetwork/609 Darwin/13.0.0"
66.87.117.200 - - [06/Jan/2013:15:56:36 -0800] "GET /GetStationPlayList.php?s=0&c=9&uid=19823&sid=127&endFeed=0&version=4.0.12455&mode=iPhoneApp&locale=en_US HTTP/1.1" 200 7136 "-" "Tales2Go/3.2.0 CFNetwork/548.1.4 Darwin/11.0.0"
66.87.101.120 - - [06/Jan/2013:15:56:44 -0800] "GET /GetStationPlayList.php?s=27&c=9&uid=37822&sid=61&endFeed=0&version=4.0.12455&mode=iPhoneApp&locale=en_US HTTP/1.1" 200 6701 "-" "Tales2Go/3.2.0 CFNetwork/609 Darwin/13.0.0"
66.87.117.200 - - [06/Jan/2013:15:56:45 -0800] "GET /GetStationPlayList.php?s=9&c=9&uid=19823&sid=127&endFeed=0&version=4.0.12455&mode=iPhoneApp&locale=en_US HTTP/1.1" 200 2722 "-" "Tales2Go/3.2.0 CFNetwork/548.1.4 Darwin/11.0.0"
74.241.50.249 - - [06/Jan/2013:15:56:56 -0800] "GET /UpdateT2GAccount.php?markStartup&email=dacemaki@mac.com&password=051599&udid=04:54:53:9C:04:4E&version=4.0.12455&mode=iPhoneApp&locale=en_US HTTP/1.1" 200 250 "-" "Tales2Go/3.2.0 CFNetwork/609 Darwin/13.0.0"
66.87.101.120 - - [06/Jan/2013:15:56:58 -0800] "GET /GetStationPlayList.php?s=36&c=9&uid=37822&sid=61&endFeed=0&version=4.0.12455&mode=iPhoneApp&locale=en_US HTTP/1.1" 200 5837 "-" "Tales2Go/3.2.0 CFNetwork/609 Darwin/13.0.0"
66.87.101.120 - - [06/Jan/2013:15:57:02 -0800] "GET /GetAd.php?sid=61&timeSinceLastAd=1856&previousFeedId=2782&nextFeedId=87&newStation&tlt=1856&tlf=0&uid=37822&version=4.0.12455&mode=iPhoneApp&locale=en_US HTTP/1.1" 200 22 "-" "Tales2Go/3.2.0 CFNetwork/609 Darwin/13.0.0"
66.87.101.120 - - [06/Jan/2013:15:57:03 -0800] "GET /PostUsage.php?uid=37822&sid=61&fid=2782&eid=4694&completed=67879&timezone=+0000&tlt=1856&version=4.0.12455&mode=iPhoneApp&locale=en_US HTTP/1.1" 200 - "-" "Tales2Go/3.2.0 CFNetwork/609 Darwin/13.0.0"
66.87.101.120 - - [06/Jan/2013:15:57:03 -0800] "GET /FeedDisplay.php?archived&mode=iPhoneApp&fid=87&episode_id=96&nfid=1515&uid=37822&version=3.2.0 HTTP/1.1" 200 8598 "-" "Mozilla/5.0 (iPhone; CPU iPhone OS 6_0_1 like Mac OS X) AppleWebKit/536.26 (KHTML, like Gecko) Mobile/10A523"
66.87.117.200 - - [06/Jan/2013:15:57:18 -0800] "GET /FeedDisplay.php?archived&mode=iPhoneApp&fid=964&episode_id=1457&nfid=965&uid=19823&version=3.2.0 HTTP/1.1" 200 8406 "-" "Mozilla/5.0 (iPhone; CPU iPhone OS 5_1 like Mac OS X) AppleWebKit/534.46 (KHTML, like Gecko) Mobile/9B179"
66.87.117.200 - - [06/Jan/2013:15:57:20 -0800] "GET /images/t2g_ratings_color_active.png HTTP/1.1" 200 985 "http://t2g.stitcher.com/FeedDisplay.php?archived&mode=iPhoneApp&fid=964&episode_id=1457&nfid=965&uid=19823&version=3.2.0" "Mozilla/5.0 (iPhone; CPU iPhone OS 5_1 like Mac OS X) AppleWebKit/534.46 (KHTML, like Gecko) Mobile/9B179"
66.87.117.200 - - [06/Jan/2013:15:57:21 -0800] "GET /images/t2g_ratings_gray.png HTTP/1.1" 200 1215 "http://t2g.stitcher.com/FeedDisplay.php?archived&mode=iPhoneApp&fid=964&episode_id=1457&nfid=965&uid=19823&version=3.2.0" "Mozilla/5.0 (iPhone; CPU iPhone OS 5_1 like Mac OS X) AppleWebKit/534.46 (KHTML, like Gecko) Mobile/9B179"
66.87.117.200 - - [06/Jan/2013:15:57:21 -0800] "GET /images/ajax-loader.gif HTTP/1.1" 200 1849 "http://t2g.stitcher.com/FeedDisplay.php?archived&mode=iPhoneApp&fid=964&episode_id=1457&nfid=965&uid=19823&version=3.2.0" "Mozilla/5.0 (iPhone; CPU iPhone OS 5_1 like Mac OS X) AppleWebKit/534.46 (KHTML, like Gecko) Mobile/9B179"
66.87.117.200 - - [06/Jan/2013:15:57:21 -0800] "GET /images/t2g_ratings_color.png HTTP/1.1" 200 997 "http://t2g.stitcher.com/FeedDisplay.php?archived&mode=iPhoneApp&fid=964&episode_id=1457&nfid=965&uid=19823&version=3.2.0" "Mozilla/5.0 (iPhone; CPU iPhone OS 5_1 like Mac OS X) AppleWebKit/534.46 (KHTML, like Gecko) Mobile/9B179"
66.87.117.200 - - [06/Jan/2013:15:57:22 -0800] "GET /AddBookmark.php?uid=19823&eid=1457&offset=1&version=4.0.12455&mode=iPhoneApp&locale=en_US HTTP/1.1" 200 47 "-" "Tales2Go/3.2.0 CFNetwork/548.1.4 Darwin/11.0.0"
166.137.156.158 - - [06/Jan/2013:15:57:31 -0800] "GET /GetAd.php?sid=1&timeSinceLastAd=1924&previousFeedId=146&nextFeedId=1600&tlt=1924&tlf=3&uid=20756&version=4.0.12455&mode=iPhoneApp&locale=en_US HTTP/1.1" 200 22 "-" "Tales2Go/3.2.0 CFNetwork/609 Darwin/13.0.0"
166.137.156.158 - - [06/Jan/2013:15:57:31 -0800] "GET /PostUsage.php?uid=20756&sid=1&fid=146&eid=134&completed=398379&timezone=+0000&tlt=1924&version=4.0.12455&mode=iPhoneApp&locale=en_US HTTP/1.1" 200 - "-" "Tales2Go/3.2.0 CFNetwork/609 Darwin/13.0.0"
166.137.156.158 - - [06/Jan/2013:15:57:32 -0800] "GET /FeedDisplay.php?archived&mode=iPhoneApp&fid=1600&episode_id=3063&nfid=1604&uid=20756&version=3.2.0 HTTP/1.1" 200 8462 "-" "Mozilla/5.0 (iPhone; CPU iPhone OS 6_0 like Mac OS X) AppleWebKit/536.26 (KHTML, like Gecko) Mobile/10A403"
64.180.39.227 - - [06/Jan/2013:15:57:38 -0800] "GET /StartupChecks.php?startup&uid=37347&version=4.0.12455&mode=iPhoneApp&locale=en_CA HTTP/1.1" 200 289 "-" "Tales2Go/3.2.0 CFNetwork/609 Darwin/13.0.0"
166.137.156.158 - - [06/Jan/2013:15:57:38 -0800] "GET /GetAd.php?sid=1&timeSinceLastAd=1926&previousFeedId=1600&nextFeedId=1604&tlt=1926&tlf=4&uid=20756&version=4.0.12455&mode=iPhoneApp&locale=en_US HTTP/1.1" 200 22 "-" "Tales2Go/3.2.0 CFNetwork/609 Darwin/13.0.0"
64.180.39.227 - - [06/Jan/2013:15:57:38 -0800] "GET /LoadUserFromID.php?markStartup&id=37347&udid=64:20:0C:0D:64:0F&version=4.0.12455&mode=iPhoneApp&locale=en_CA HTTP/1.1" 200 263 "-" "Tales2Go/3.2.0 CFNetwork/609 Darwin/13.0.0"
64.180.39.227 - - [06/Jan/2013:15:57:39 -0800] "GET /GetContentStationList.php?uid=37347&version=4.0.12455&mode=iPhoneApp&locale=en_CA HTTP/1.1" 200 6486 "-" "Tales2Go/3.2.0 CFNetwork/609 Darwin/13.0.0"
64.180.39.227 - - [06/Jan/2013:15:57:39 -0800] "GET /GetStationListFC.php?uid=37347&version=4.0.12455&mode=iPhoneApp&locale=en_CA HTTP/1.1" 200 16492 "-" "Tales2Go/3.2.0 CFNetwork/609 Darwin/13.0.0"
64.180.39.227 - - [06/Jan/2013:15:57:53 -0800] "GET /StartupChecks.php?startup&version=4.0.12455&mode=iPhoneApp&locale=en_CA HTTP/1.1" 200 246 "-" "Tales2Go%20-%20Old%20Version/2.2.12455 CFNetwork/609 Darwin/13.0.0"
98.16.100.216 - - [06/Jan/2013:15:57:57 -0800] "GET /StartupChecks.php?startup&uid=37871&version=4.0.12455&mode=iPhoneApp&locale=en_US HTTP/1.1" 200 289 "-" "Tales2Go/3.2.0 CFNetwork/609 Darwin/13.0.0"
50.29.106.157 - - [06/Jan/2013:15:57:57 -0800] "GET /FeedRate.php?uid=19823&fid=964&rating=5 HTTP/1.1" 200 29 "http://t2g.stitcher.com/FeedDisplay.php?archived&mode=iPhoneApp&fid=964&episode_id=1457&nfid=965&uid=19823&version=3.2.0" "Mozilla/5.0 (iPhone; CPU iPhone OS 5_1 like Mac OS X) AppleWebKit/534.46 (KHTML, like Gecko) Mobile/9B179"
50.29.106.157 - - [06/Jan/2013:15:57:57 -0800] "GET /FeedRate.php?uid=19823&fid=964&rating=5 HTTP/1.1" 200 29 "http://t2g.stitcher.com/FeedDisplay.php?archived&mode=iPhoneApp&fid=964&episode_id=1457&nfid=965&uid=19823&version=3.2.0" "Mozilla/5.0 (iPhone; CPU iPhone OS 5_1 like Mac OS X) AppleWebKit/534.46 (KHTML, like Gecko) Mobile/9B179"
50.29.106.157 - - [06/Jan/2013:15:57:57 -0800] "GET /FeedRate.php?uid=19823&fid=964&rating=5 HTTP/1.1" 200 29 "http://t2g.stitcher.com/FeedDisplay.php?archived&mode=iPhoneApp&fid=964&episode_id=1457&nfid=965&uid=19823&version=3.2.0" "Mozilla/5.0 (iPhone; CPU iPhone OS 5_1 like Mac OS X) AppleWebKit/534.46 (KHTML, like Gecko) Mobile/9B179"
50.29.106.157 - - [06/Jan/2013:15:57:57 -0800] "GET /FeedRate.php?uid=19823&fid=964&rating=5 HTTP/1.1" 200 29 "http://t2g.stitcher.com/FeedDisplay.php?archived&mode=iPhoneApp&fid=964&episode_id=1457&nfid=965&uid=19823&version=3.2.0" "Mozilla/5.0 (iPhone; CPU iPhone OS 5_1 like Mac OS X) AppleWebKit/534.46 (KHTML, like Gecko) Mobile/9B179"
98.16.100.216 - - [06/Jan/2013:15:57:57 -0800] "GET /LoadUserFromID.php?markStartup&id=37871&udid=5C:96:9D:54:72:8F&version=4.0.12455&mode=iPhoneApp&locale=en_US HTTP/1.1" 200 263 "-" "Tales2Go/3.2.0 CFNetwork/609 Darwin/13.0.0"
98.16.100.216 - - [06/Jan/2013:15:57:58 -0800] "GET /GetContentStationList.php?uid=37871&version=4.0.12455&mode=iPhoneApp&locale=en_US HTTP/1.1" 200 6486 "-" "Tales2Go/3.2.0 CFNetwork/609 Darwin/13.0.0"
98.16.100.216 - - [06/Jan/2013:15:57:58 -0800] "GET /GetStationListFC.php?uid=37871&version=4.0.12455&mode=iPhoneApp&locale=en_US HTTP/1.1" 200 16492 "-" "Tales2Go/3.2.0 CFNetwork/609 Darwin/13.0.0"
50.29.106.157 - - [06/Jan/2013:15:58:13 -0800] "GET /FeedRate.php?uid=19823&fid=964&rating=5 HTTP/1.1" 200 29 "http://t2g.stitcher.com/FeedDisplay.php?archived&mode=iPhoneApp&fid=964&episode_id=1457&nfid=965&uid=19823&version=3.2.0" "Mozilla/5.0 (iPhone; CPU iPhone OS 5_1 like Mac OS X) AppleWebKit/534.46 (KHTML, like Gecko) Mobile/9B179"
