98.245.204.187 - - [06/Jan/2013:09:56:03 -0800] "GET /images/t2g_ratings_color_active.png HTTP/1.1" 200 985 "http://t2g.stitcher.com/FeedDisplay.php?archived&mode=iPhoneApp&fid=26&episode_id=44&nfid=347&uid=37862&version=3.2.0" "Mozilla/5.0 (iPhone; CPU iPhone OS 6_0_1 like Mac OS X) AppleWebKit/536.26 (KHTML, like Gecko) Mobile/10A523"
98.245.204.187 - - [06/Jan/2013:09:56:03 -0800] "GET /images/t2g_ratings_gray_active.png HTTP/1.1" 200 1196 "http://t2g.stitcher.com/FeedDisplay.php?archived&mode=iPhoneApp&fid=26&episode_id=44&nfid=347&uid=37862&version=3.2.0" "Mozilla/5.0 (iPhone; CPU iPhone OS 6_0_1 like Mac OS X) AppleWebKit/536.26 (KHTML, like Gecko) Mobile/10A523"
68.228.150.115 - - [06/Jan/2013:09:56:04 -0800] "GET /LoadUserFromUDID.php?markStartup&udid=E8:06:88:A4:E0:38&version=4.0.12455&mode=iPhoneApp&locale=en_US HTTP/1.1" 200 58 "-" "Tales2Go/3.2.0 CFNetwork/548.1.4 Darwin/11.0.0"
68.228.150.115 - - [06/Jan/2013:09:56:04 -0800] "GET /CreateUser.php?markStartup&mode=iPhoneApp&udid=E8:06:88:A4:E0:38&version=4.0.12455&mode=iPhoneApp&locale=en_US HTTP/1.1" 200 228 "-" "Tales2Go/3.2.0 CFNetwork/548.1.4 Darwin/11.0.0"
208.113.232.130 - - [06/Jan/2013:09:56:05 -0800] "GET /AddDeviceBookmark.php?udid=sn_1005054&eid=3930&offset=1392&appdata=216 HTTP/1.0" 200 52 "-" "-"
68.228.150.115 - - [06/Jan/2013:09:56:05 -0800] "GET /SubmitSettings.php?currentId=37863&email=E8:06:88:A4:E0:38@t2g.t2g&epx=LDA58-_7AD6JL_A-_I&phone=&optin=0&explicit=1&alertOption=0&alertType=0&alertTimestamp=0.000000&udid=E8:06:88:A4:E0:38&version=4.0.12455&mode=iPhoneApp&locale=en_US HTTP/1.1" 200 238 "-" "Tales2Go/3.2.0 CFNetwork/548.1.4 Darwin/11.0.0"
68.228.150.115 - - [06/Jan/2013:09:56:05 -0800] "GET /GetContentStationList.php?uid=37863&version=4.0.12455&mode=iPhoneApp&locale=en_US HTTP/1.1" 200 6486 "-" "Tales2Go/3.2.0 CFNetwork/548.1.4 Darwin/11.0.0"
68.228.150.115 - - [06/Jan/2013:09:56:05 -0800] "GET /LoadUserFromID.php?markStartup&id=37863&udid=E8:06:88:A4:E0:38&version=4.0.12455&mode=iPhoneApp&locale=en_US HTTP/1.1" 200 263 "-" "Tales2Go/3.2.0 CFNetwork/548.1.4 Darwin/11.0.0"
68.228.150.115 - - [06/Jan/2013:09:56:07 -0800] "GET /GetContentStationList.php?uid=37863&version=4.0.12455&mode=iPhoneApp&locale=en_US HTTP/1.1" 200 6486 "-" "Tales2Go/3.2.0 CFNetwork/548.1.4 Darwin/11.0.0"
68.228.150.115 - - [06/Jan/2013:09:56:05 -0800] "GET /GetStationListFC.php?uid=37863&version=4.0.12455&mode=iPhoneApp&locale=en_US HTTP/1.1" 200 16492 "-" "Tales2Go/3.2.0 CFNetwork/548.1.4 Darwin/11.0.0"
68.228.150.115 - - [06/Jan/2013:09:56:08 -0800] "GET /GetStationListFC.php?uid=37863&version=4.0.12455&mode=iPhoneApp&locale=en_US HTTP/1.1" 200 16492 "-" "Tales2Go/3.2.0 CFNetwork/548.1.4 Darwin/11.0.0"
98.245.204.187 - - [06/Jan/2013:09:56:09 -0800] "GET /GetAd.php?sid=199&timeSinceLastAd=5&previousFeedId=26&nextFeedId=347&tlt=5&tlf=1&uid=37862&version=4.0.12455&mode=iPhoneApp&locale=en_US HTTP/1.1" 200 22 "-" "Tales2Go/3.2.0 CFNetwork/609 Darwin/13.0.0"
68.228.150.115 - - [06/Jan/2013:09:56:43 -0800] "GET /UpdateT2GAccount.php?markStartup&email=alexhentz@mac.com&password=brooklyn1&udid=E8:06:88:A4:E0:38&version=4.0.12455&mode=iPhoneApp&locale=en_US HTTP/1.1" 200 173 "-" "Tales2Go/3.2.0 CFNetwork/548.1.4 Darwin/11.0.0"
68.228.150.115 - - [06/Jan/2013:09:56:43 -0800] "GET /LoadUserFromID.php?markStartup&id=24996&udid=E8:06:88:A4:E0:38&version=4.0.12455&mode=iPhoneApp&locale=en_US HTTP/1.1" 200 255 "-" "Tales2Go/3.2.0 CFNetwork/548.1.4 Darwin/11.0.0"
98.245.204.187 - - [06/Jan/2013:09:56:43 -0800] "GET /GetStationPlayList.php?s=0&c=9&uid=37862&sid=200&endFeed=0&version=4.0.12455&mode=iPhoneApp&locale=en_US HTTP/1.1" 200 13169 "-" "Tales2Go/3.2.0 CFNetwork/609 Darwin/13.0.0"
208.113.232.130 - - [06/Jan/2013:09:56:44 -0800] "GET /AddDeviceBookmark.php?udid=sn_1005054&eid=3930&offset=1432&appdata=221 HTTP/1.0" 200 52 "-" "-"
68.228.150.115 - - [06/Jan/2013:09:56:44 -0800] "GET /GetContentStationList.php?uid=24996&version=4.0.12455&mode=iPhoneApp&locale=en_US HTTP/1.1" 200 6486 "-" "Tales2Go/3.2.0 CFNetwork/548.1.4 Darwin/11.0.0"
68.228.150.115 - - [06/Jan/2013:09:56:44 -0800] "GET /GetStationListFC.php?uid=24996&version=4.0.12455&mode=iPhoneApp&locale=en_US HTTP/1.1" 200 256 "-" "Tales2Go/3.2.0 CFNetwork/548.1.4 Darwin/11.0.0"
98.245.204.187 - - [06/Jan/2013:09:56:48 -0800] "GET /GetAd.php?sid=200&timeSinceLastAd=44&previousFeedId=26&nextFeedId=1279&newStation&tlt=44&tlf=0&uid=37862&version=4.0.12455&mode=iPhoneApp&locale=en_US HTTP/1.1" 200 22 "-" "Tales2Go/3.2.0 CFNetwork/609 Darwin/13.0.0"
98.245.204.187 - - [06/Jan/2013:09:56:48 -0800] "GET /PostUsage.php?uid=37862&sid=199&fid=26&eid=44&completed=45121&timezone=+0000&tlt=44&version=4.0.12455&mode=iPhoneApp&locale=en_US HTTP/1.1" 200 - "-" "Tales2Go/3.2.0 CFNetwork/609 Darwin/13.0.0"
98.245.204.187 - - [06/Jan/2013:09:56:48 -0800] "GET /FeedDisplay.php?archived&mode=iPhoneApp&fid=1279&episode_id=2194&nfid=1292&uid=37862&version=3.2.0 HTTP/1.1" 200 9243 "-" "Mozilla/5.0 (iPhone; CPU iPhone OS 6_0_1 like Mac OS X) AppleWebKit/536.26 (KHTML, like Gecko) Mobile/10A523"
98.245.204.187 - - [06/Jan/2013:09:56:49 -0800] "GET /images/multipart_arrow_left_disabled.gif HTTP/1.1" 200 275 "http://t2g.stitcher.com/FeedDisplay.php?archived&mode=iPhoneApp&fid=1279&episode_id=2194&nfid=1292&uid=37862&version=3.2.0" "Mozilla/5.0 (iPhone; CPU iPhone OS 6_0_1 like Mac OS X) AppleWebKit/536.26 (KHTML, like Gecko) Mobile/10A523"
98.245.204.187 - - [06/Jan/2013:09:56:49 -0800] "GET /images/multipart_arrow_right.gif HTTP/1.1" 200 267 "http://t2g.stitcher.com/FeedDisplay.php?archived&mode=iPhoneApp&fid=1279&episode_id=2194&nfid=1292&uid=37862&version=3.2.0" "Mozilla/5.0 (iPhone; CPU iPhone OS 6_0_1 like Mac OS X) AppleWebKit/536.26 (KHTML, like Gecko) Mobile/10A523"
98.245.204.187 - - [06/Jan/2013:09:56:59 -0800] "GET /GetAd.php?sid=200&timeSinceLastAd=53&previousFeedId=1279&nextFeedId=1292&tlt=53&tlf=1&uid=37862&version=4.0.12455&mode=iPhoneApp&locale=en_US HTTP/1.1" 200 22 "-" "Tales2Go/3.2.0 CFNetwork/609 Darwin/13.0.0"
68.228.150.115 - - [06/Jan/2013:09:58:20 -0800] "POST /ActivateLicense.php HTTP/1.1" 200 54 "-" "Tales2Go/3.2.0 CFNetwork/548.1.4 Darwin/11.0.0"
68.228.150.115 - - [06/Jan/2013:09:58:20 -0800] "POST /ActivateLicense.php HTTP/1.1" 200 54 "-" "Tales2Go/3.2.0 CFNetwork/548.1.4 Darwin/11.0.0"
68.228.150.115 - - [06/Jan/2013:09:58:20 -0800] "GET /LoadUserFromID.php?markStartup&id=24996&udid=E8:06:88:A4:E0:38&version=4.0.12455&mode=iPhoneApp&locale=en_US HTTP/1.1" 200 255 "-" "Tales2Go/3.2.0 CFNetwork/548.1.4 Darwin/11.0.0"
68.228.150.115 - - [06/Jan/2013:09:58:21 -0800] "GET /LoadUserFromID.php?markStartup&id=24996&udid=E8:06:88:A4:E0:38&version=4.0.12455&mode=iPhoneApp&locale=en_US HTTP/1.1" 200 255 "-" "Tales2Go/3.2.0 CFNetwork/548.1.4 Darwin/11.0.0"
68.228.150.115 - - [06/Jan/2013:09:58:43 -0800] "GET /GetStationPlayList.php?s=0&c=9&uid=24996&sid=92&endFeed=0&version=4.0.12455&mode=iPhoneApp&locale=en_US HTTP/1.1" 200 10127 "-" "Tales2Go/3.2.0 CFNetwork/548.1.4 Darwin/11.0.0"
68.228.150.115 - - [06/Jan/2013:09:59:08 -0800] "GET /GetStationPlayList.php?s=0&c=9&uid=24996&sid=33&endFeed=0&version=4.0.12455&mode=iPhoneApp&locale=en_US HTTP/1.1" 200 8536 "-" "Tales2Go/3.2.0 CFNetwork/548.1.4 Darwin/11.0.0"
68.228.150.115 - - [06/Jan/2013:09:59:13 -0800] "GET /GetStationPlayList.php?s=9&c=9&uid=24996&sid=33&endFeed=0&version=4.0.12455&mode=iPhoneApp&locale=en_US HTTP/1.1" 200 7218 "-" "Tales2Go/3.2.0 CFNetwork/548.1.4 Darwin/11.0.0"
68.228.150.115 - - [06/Jan/2013:09:59:16 -0800] "GET /GetStationPlayList.php?s=18&c=9&uid=24996&sid=33&endFeed=0&version=4.0.12455&mode=iPhoneApp&locale=en_US HTTP/1.1" 200 6694 "-" "Tales2Go/3.2.0 CFNetwork/548.1.4 Darwin/11.0.0"
68.228.150.115 - - [06/Jan/2013:09:59:19 -0800] "GET /GetStationPlayList.php?s=27&c=9&uid=24996&sid=33&endFeed=0&version=4.0.12455&mode=iPhoneApp&locale=en_US HTTP/1.1" 200 7983 "-" "Tales2Go/3.2.0 CFNetwork/548.1.4 Darwin/11.0.0"
71.173.87.134 - - [06/Jan/2013:09:59:26 -0800] "GET /StartupChecks.php?startup&uid=27665&version=4.0.12455&mode=iPhoneApp&locale=en_US HTTP/1.1" 200 289 "-" "Tales2Go/3.2.0 CFNetwork/609 Darwin/13.0.0"
71.173.87.134 - - [06/Jan/2013:09:59:27 -0800] "GET /LoadUserFromID.php?markStartup&id=27665&udid=FC:25:3F:5F:DE:04&version=4.0.12455&mode=iPhoneApp&locale=en_US HTTP/1.1" 200 246 "-" "Tales2Go/3.2.0 CFNetwork/609 Darwin/13.0.0"
71.173.87.134 - - [06/Jan/2013:09:59:28 -0800] "GET /GetContentStationList.php?uid=27665&version=4.0.12455&mode=iPhoneApp&locale=en_US HTTP/1.1" 200 6486 "-" "Tales2Go/3.2.0 CFNetwork/609 Darwin/13.0.0"
71.173.87.134 - - [06/Jan/2013:09:59:28 -0800] "GET /GetStationListFC.php?uid=27665&version=4.0.12455&mode=iPhoneApp&locale=en_US HTTP/1.1" 200 16492 "-" "Tales2Go/3.2.0 CFNetwork/609 Darwin/13.0.0"
68.228.150.115 - - [06/Jan/2013:09:59:37 -0800] "GET /GetStationPlayList.php?s=0&c=9&uid=24996&sid=674&endFeed=0&version=4.0.12455&mode=iPhoneApp&locale=en_US HTTP/1.1" 200 8549 "-" "Tales2Go/3.2.0 CFNetwork/548.1.4 Darwin/11.0.0"
68.228.150.115 - - [06/Jan/2013:09:59:40 -0800] "GET /AddFavorite.php?uid=24996&fid=2918&version=4.0.12455&mode=iPhoneApp&locale=en_US HTTP/1.1" 200 56 "-" "Tales2Go/3.2.0 CFNetwork/548.1.4 Darwin/11.0.0"
71.173.87.134 - - [06/Jan/2013:09:59:38 -0800] "GET /GetStationPlayList.php?s=0&c=9&uid=27665&sid=14&endFeed=0&version=4.0.12455&mode=iPhoneApp&locale=en_US HTTP/1.1" 200 6263 "-" "Tales2Go/3.2.0 CFNetwork/609 Darwin/13.0.0"
127.0.0.1 - - [06/Jan/2013:09:59:44 -0800] "GET /PostUsageScript.php?uid=20760&sid=0&fid=2411&eid=3930&completed=596&timezone=+0000&tlt=0&version=4.0.12455&mode=desktop&override&locale=en_US HTTP/1.0" 200 61 "-" "Wget/1.11.4 Red Hat modified"
208.113.232.130 - - [06/Jan/2013:09:59:44 -0800] "GET /PostUsage.php?uid=20760&sid=0&fid=2411&eid=3930&completed=596&timezone=+0000&tlt=0&version=4.0.12455&mode=desktop&override&locale=en_US HTTP/1.0" 200 - "-" "-"
68.228.150.115 - - [06/Jan/2013:09:59:44 -0800] "GET /GetStationPlayList.php?s=9&c=9&uid=24996&sid=674&endFeed=0&version=4.0.12455&mode=iPhoneApp&locale=en_US HTTP/1.1" 200 7229 "-" "Tales2Go/3.2.0 CFNetwork/548.1.4 Darwin/11.0.0"
71.173.87.134 - - [06/Jan/2013:09:59:44 -0800] "GET /GetStationPlayList.php?s=0&c=9&uid=27665&sid=5&endFeed=0&version=4.0.12455&mode=iPhoneApp&locale=en_US HTTP/1.1" 200 7510 "-" "Tales2Go/3.2.0 CFNetwork/609 Darwin/13.0.0"
68.228.150.115 - - [06/Jan/2013:09:59:48 -0800] "GET /GetStationPlayList.php?s=18&c=9&uid=24996&sid=674&endFeed=0&version=4.0.12455&mode=iPhoneApp&locale=en_US HTTP/1.1" 200 7416 "-" "Tales2Go/3.2.0 CFNetwork/548.1.4 Darwin/11.0.0"
71.173.87.134 - - [06/Jan/2013:09:59:52 -0800] "GET /FeedDisplay.php?archived&mode=iPhoneApp&fid=1576&episode_id=2850&nfid=2919&uid=27665&version=3.2.0 HTTP/1.1" 200 8984 "-" "Mozilla/5.0 (iPhone; CPU iPhone OS 6_0_1 like Mac OS X) AppleWebKit/536.26 (KHTML, like Gecko) Mobile/10A523"
68.228.150.115 - - [06/Jan/2013:09:59:53 -0800] "GET /GetStationPlayList.php?s=27&c=9&uid=24996&sid=674&endFeed=0&version=4.0.12455&mode=iPhoneApp&locale=en_US HTTP/1.1" 200 8594 "-" "Tales2Go/3.2.0 CFNetwork/548.1.4 Darwin/11.0.0"
68.228.150.115 - - [06/Jan/2013:09:59:57 -0800] "GET /GetStationPlayList.php?s=36&c=9&uid=24996&sid=674&endFeed=0&version=4.0.12455&mode=iPhoneApp&locale=en_US HTTP/1.1" 200 7795 "-" "Tales2Go/3.2.0 CFNetwork/548.1.4 Darwin/11.0.0"
68.228.150.115 - - [06/Jan/2013:10:00:00 -0800] "GET /GetStationPlayList.php?s=45&c=9&uid=24996&sid=674&endFeed=0&version=4.0.12455&mode=iPhoneApp&locale=en_US HTTP/1.1" 200 8282 "-" "Tales2Go/3.2.0 CFNetwork/548.1.4 Darwin/11.0.0"
71.173.87.134 - - [06/Jan/2013:10:00:01 -0800] "GET /GetAd.php?sid=5&timeSinceLastAd=10&previousFeedId=1576&nextFeedId=1748&newStation&tlt=10&tlf=0&uid=27665&version=4.0.12455&mode=iPhoneApp&locale=en_US HTTP/1.1" 200 22 "-" "Tales2Go/3.2.0 CFNetwork/609 Darwin/13.0.0"
68.228.150.115 - - [06/Jan/2013:10:00:02 -0800] "GET /GetStationPlayList.php?s=54&c=9&uid=24996&sid=674&endFeed=0&version=4.0.12455&mode=iPhoneApp&locale=en_US HTTP/1.1" 200 7098 "-" "Tales2Go/3.2.0 CFNetwork/548.1.4 Darwin/11.0.0"
71.173.87.134 - - [06/Jan/2013:10:00:03 -0800] "GET /PostUsage.php?uid=27665&sid=5&fid=1576&eid=2850&completed=11200&timezone=+0000&tlt=10&version=4.0.12455&mode=iPhoneApp&locale=en_US HTTP/1.1" 200 - "-" "Tales2Go/3.2.0 CFNetwork/609 Darwin/13.0.0"
71.173.87.134 - - [06/Jan/2013:10:00:03 -0800] "GET /FeedDisplay.php?archived&mode=iPhoneApp&fid=1748&episode_id=3248&nfid=295&uid=27665&version=3.2.0 HTTP/1.1" 200 8627 "-" "Mozilla/5.0 (iPhone; CPU iPhone OS 6_0_1 like Mac OS X) AppleWebKit/536.26 (KHTML, like Gecko) Mobile/10A523"
166.137.156.148 - - [06/Jan/2013:10:00:04 -0800] "GET /StartupChecks.php?startup&uid=37851&version=4.0.12455&mode=iPhoneApp&locale=en_US HTTP/1.1" 200 289 "-" "Tales2Go/3.2.0 CFNetwork/609 Darwin/13.0.0"
166.137.156.148 - - [06/Jan/2013:10:00:05 -0800] "GET /LoadUserFromID.php?markStartup&id=37851&udid=C0:9F:42:B2:5A:31&version=4.0.12455&mode=iPhoneApp&locale=en_US HTTP/1.1" 200 263 "-" "Tales2Go/3.2.0 CFNetwork/609 Darwin/13.0.0"
68.228.150.115 - - [06/Jan/2013:10:00:05 -0800] "GET /GetStationPlayList.php?s=63&c=9&uid=24996&sid=674&endFeed=0&version=4.0.12455&mode=iPhoneApp&locale=en_US HTTP/1.1" 200 7215 "-" "Tales2Go/3.2.0 CFNetwork/548.1.4 Darwin/11.0.0"
166.137.156.148 - - [06/Jan/2013:10:00:06 -0800] "GET /GetContentStationList.php?uid=37851&version=4.0.12455&mode=iPhoneApp&locale=en_US HTTP/1.1" 200 6486 "-" "Tales2Go/3.2.0 CFNetwork/609 Darwin/13.0.0"
166.137.156.148 - - [06/Jan/2013:10:00:06 -0800] "GET /GetStationListFC.php?uid=37851&version=4.0.12455&mode=iPhoneApp&locale=en_US HTTP/1.1" 200 16492 "-" "Tales2Go/3.2.0 CFNetwork/609 Darwin/13.0.0"
71.173.87.134 - - [06/Jan/2013:10:00:08 -0800] "GET /GetAd.php?sid=5&timeSinceLastAd=13&previousFeedId=1748&nextFeedId=295&tlt=13&tlf=1&uid=27665&version=4.0.12455&mode=iPhoneApp&locale=en_US HTTP/1.1" 200 22 "-" "Tales2Go/3.2.0 CFNetwork/609 Darwin/13.0.0"
71.173.87.134 - - [06/Jan/2013:10:00:08 -0800] "GET /PostUsage.php?skipped&uid=27665&sid=5&fid=1748&eid=3248&completed=3436&timezone=+0000&tlt=10&version=4.0.12455&mode=iPhoneApp&locale=en_US HTTP/1.1" 200 - "-" "Tales2Go/3.2.0 CFNetwork/609 Darwin/13.0.0"
68.228.150.115 - - [06/Jan/2013:10:00:08 -0800] "GET /GetStationPlayList.php?s=72&c=9&uid=24996&sid=674&endFeed=0&version=4.0.12455&mode=iPhoneApp&locale=en_US HTTP/1.1" 200 8177 "-" "Tales2Go/3.2.0 CFNetwork/548.1.4 Darwin/11.0.0"
166.137.156.148 - - [06/Jan/2013:10:00:08 -0800] "GET /GetStationPlayList.php?s=0&c=9&uid=37851&sid=60&endFeed=1762&version=4.0.12455&mode=iPhoneApp&locale=en_US HTTP/1.1" 200 47502 "-" "Tales2Go/3.2.0 CFNetwork/609 Darwin/13.0.0"
71.173.87.134 - - [06/Jan/2013:10:00:09 -0800] "GET /FeedDisplay.php?archived&mode=iPhoneApp&fid=295&episode_id=490&nfid=215&uid=27665&version=3.2.0 HTTP/1.1" 200 8995 "-" "Mozilla/5.0 (iPhone; CPU iPhone OS 6_0_1 like Mac OS X) AppleWebKit/536.26 (KHTML, like Gecko) Mobile/10A523"
166.137.156.148 - - [06/Jan/2013:10:00:10 -0800] "GET /FeedDisplay.php?archived&mode=iPhoneApp&fid=1762&episode_id=3261&nfid=799&uid=37851&version=3.2.0 HTTP/1.1" 200 8588 "-" "Mozilla/5.0 (iPhone; CPU iPhone OS 6_0_1 like Mac OS X) AppleWebKit/536.26 (KHTML, like Gecko) Mobile/10A523"
68.228.150.115 - - [06/Jan/2013:10:00:10 -0800] "GET /GetStationPlayList.php?s=81&c=9&uid=24996&sid=674&endFeed=0&version=4.0.12455&mode=iPhoneApp&locale=en_US HTTP/1.1" 200 8206 "-" "Tales2Go/3.2.0 CFNetwork/548.1.4 Darwin/11.0.0"
166.137.156.148 - - [06/Jan/2013:10:00:12 -0800] "GET /GetAd.php?sid=60&timeSinceLastAd=506&previousFeedId=1762&nextFeedId=799&tlt=506&tlf=1&uid=37851&version=4.0.12455&mode=iPhoneApp&locale=en_US HTTP/1.1" 200 22 "-" "Tales2Go/3.2.0 CFNetwork/609 Darwin/13.0.0"
68.228.150.115 - - [06/Jan/2013:10:00:13 -0800] "GET /GetStationPlayList.php?s=90&c=9&uid=24996&sid=674&endFeed=0&version=4.0.12455&mode=iPhoneApp&locale=en_US HTTP/1.1" 200 1810 "-" "Tales2Go/3.2.0 CFNetwork/548.1.4 Darwin/11.0.0"
71.173.87.134 - - [06/Jan/2013:10:00:14 -0800] "GET /PostUsage.php?skipped&uid=27665&sid=5&fid=295&eid=490&completed=3337&timezone=+0000&tlt=13&version=4.0.12455&mode=iPhoneApp&locale=en_US HTTP/1.1" 200 - "-" "Tales2Go/3.2.0 CFNetwork/609 Darwin/13.0.0"
71.173.87.134 - - [06/Jan/2013:10:00:16 -0800] "GET /GetAd.php?sid=5&timeSinceLastAd=16&previousFeedId=295&nextFeedId=215&tlt=16&tlf=2&uid=27665&version=4.0.12455&mode=iPhoneApp&locale=en_US HTTP/1.1" 200 22 "-" "Tales2Go/3.2.0 CFNetwork/609 Darwin/13.0.0"
71.173.87.134 - - [06/Jan/2013:10:00:17 -0800] "GET /FeedDisplay.php?archived&mode=iPhoneApp&fid=215&episode_id=363&nfid=1181&uid=27665&version=3.2.0 HTTP/1.1" 200 8371 "-" "Mozilla/5.0 (iPhone; CPU iPhone OS 6_0_1 like Mac OS X) AppleWebKit/536.26 (KHTML, like Gecko) Mobile/10A523"
166.137.156.148 - - [06/Jan/2013:10:00:18 -0800] "GET /GetAd.php?sid=60&timeSinceLastAd=512&previousFeedId=1762&nextFeedId=799&tlt=512&tlf=1&uid=37851&version=4.0.12455&mode=iPhoneApp&locale=en_US HTTP/1.1" 200 22 "-" "Tales2Go/3.2.0 CFNetwork/609 Darwin/13.0.0"
166.137.156.148 - - [06/Jan/2013:10:00:18 -0800] "GET /PostUsage.php?uid=37851&sid=60&fid=1762&eid=3261&completed=512258&timezone=+0000&resume&tlt=512&version=4.0.12455&mode=iPhoneApp&locale=en_US HTTP/1.1" 200 - "-" "Tales2Go/3.2.0 CFNetwork/609 Darwin/13.0.0"
166.137.156.148 - - [06/Jan/2013:10:00:18 -0800] "GET /FeedDisplay.php?archived&mode=iPhoneApp&fid=799&episode_id=1174&nfid=1731&uid=37851&version=3.2.0 HTTP/1.1" 200 8525 "-" "Mozilla/5.0 (iPhone; CPU iPhone OS 6_0_1 like Mac OS X) AppleWebKit/536.26 (KHTML, like Gecko) Mobile/10A523"
71.68.125.164 - - [06/Jan/2013:10:00:20 -0800] "GET /PostUsage.php?uid=37808&sid=0&fid=926&eid=1227&completed=3808487&timezone=+0000&tlt=0&version=4.0.12455&mode=iPhoneApp&locale=en_US HTTP/1.1" 200 - "-" "Tales2Go/3.2.0 CFNetwork/609 Darwin/13.0.0"
71.68.125.164 - - [06/Jan/2013:10:00:21 -0800] "GET /FeedDisplay.php?archived&mode=iPhoneApp&fid=926&episode_id=1228&nfid=0&uid=37808&version=3.2.0 HTTP/1.1" 200 9085 "-" "Mozilla/5.0 (iPod; CPU iPhone OS 6_0_1 like Mac OS X) AppleWebKit/536.26 (KHTML, like Gecko) Mobile/10A523"
71.173.87.134 - - [06/Jan/2013:10:00:22 -0800] "GET /GetAd.php?sid=5&timeSinceLastAd=18&previousFeedId=215&nextFeedId=1181&tlt=18&tlf=3&uid=27665&version=4.0.12455&mode=iPhoneApp&locale=en_US HTTP/1.1" 200 22 "-" "Tales2Go/3.2.0 CFNetwork/609 Darwin/13.0.0"
71.173.87.134 - - [06/Jan/2013:10:00:22 -0800] "GET /PostUsage.php?skipped&uid=27665&sid=5&fid=215&eid=363&completed=2481&timezone=+0000&tlt=16&version=4.0.12455&mode=iPhoneApp&locale=en_US HTTP/1.1" 200 - "-" "Tales2Go/3.2.0 CFNetwork/609 Darwin/13.0.0"
71.173.87.134 - - [06/Jan/2013:10:00:23 -0800] "GET /FeedDisplay.php?archived&mode=iPhoneApp&fid=1181&episode_id=1673&nfid=1559&uid=27665&version=3.2.0 HTTP/1.1" 200 8571 "-" "Mozilla/5.0 (iPhone; CPU iPhone OS 6_0_1 like Mac OS X) AppleWebKit/536.26 (KHTML, like Gecko) Mobile/10A523"
166.137.156.148 - - [06/Jan/2013:10:00:25 -0800] "GET /GetAd.php?sid=60&timeSinceLastAd=517&previousFeedId=799&nextFeedId=1731&tlt=517&tlf=2&uid=37851&version=4.0.12455&mode=iPhoneApp&locale=en_US HTTP/1.1" 200 22 "-" "Tales2Go/3.2.0 CFNetwork/609 Darwin/13.0.0"
68.228.150.115 - - [06/Jan/2013:10:00:29 -0800] "POST /ActivateLicense.php HTTP/1.1" 200 54 "-" "Tales2Go/3.2.0 CFNetwork/609 Darwin/13.0.0"
68.228.150.115 - - [06/Jan/2013:10:00:29 -0800] "POST /ActivateLicense.php HTTP/1.1" 200 54 "-" "Tales2Go/3.2.0 CFNetwork/609 Darwin/13.0.0"
68.228.150.115 - - [06/Jan/2013:10:00:29 -0800] "GET /LoadUserFromID.php?markStartup&id=24996&udid=5C:59:48:0D:E4:66&version=4.0.12455&mode=iPhoneApp&locale=en_US HTTP/1.1" 200 255 "-" "Tales2Go/3.2.0 CFNetwork/609 Darwin/13.0.0"
68.228.150.115 - - [06/Jan/2013:10:00:30 -0800] "GET /LoadUserFromID.php?markStartup&id=24996&udid=5C:59:48:0D:E4:66&version=4.0.12455&mode=iPhoneApp&locale=en_US HTTP/1.1" 200 255 "-" "Tales2Go/3.2.0 CFNetwork/609 Darwin/13.0.0"
71.173.87.134 - - [06/Jan/2013:10:00:32 -0800] "GET /PostUsage.php?skipped&uid=27665&sid=5&fid=1181&eid=1673&completed=7904&timezone=+0000&tlt=18&version=4.0.12455&mode=iPhoneApp&locale=en_US HTTP/1.1" 200 - "-" "Tales2Go/3.2.0 CFNetwork/609 Darwin/13.0.0"
71.173.87.134 - - [06/Jan/2013:10:00:32 -0800] "GET /GetAd.php?sid=5&timeSinceLastAd=25&previousFeedId=1181&nextFeedId=1559&tlt=25&tlf=4&uid=27665&version=4.0.12455&mode=iPhoneApp&locale=en_US HTTP/1.1" 200 22 "-" "Tales2Go/3.2.0 CFNetwork/609 Darwin/13.0.0"
71.173.87.134 - - [06/Jan/2013:10:00:33 -0800] "GET /FeedDisplay.php?archived&mode=iPhoneApp&fid=1559&episode_id=2871&nfid=1148&uid=27665&version=3.2.0 HTTP/1.1" 200 8990 "-" "Mozilla/5.0 (iPhone; CPU iPhone OS 6_0_1 like Mac OS X) AppleWebKit/536.26 (KHTML, like Gecko) Mobile/10A523"
71.68.125.164 - - [06/Jan/2013:10:00:34 -0800] "GET /GetAd.php?sid=0&timeSinceLastAd=3820&previousFeedId=926&nextFeedId=0&tlt=3820&tlf=2&uid=37808&version=4.0.12455&mode=iPhoneApp&locale=en_US HTTP/1.1" 200 22 "-" "Tales2Go/3.2.0 CFNetwork/609 Darwin/13.0.0"
166.137.156.148 - - [06/Jan/2013:10:00:38 -0800] "GET /GetAd.php?sid=60&timeSinceLastAd=528&previousFeedId=799&nextFeedId=1612&newStation&tlt=528&tlf=0&uid=37851&version=4.0.12455&mode=iPhoneApp&locale=en_US HTTP/1.1" 200 22 "-" "Tales2Go/3.2.0 CFNetwork/609 Darwin/13.0.0"
166.137.156.148 - - [06/Jan/2013:10:00:40 -0800] "GET /PostUsage.php?uid=37851&sid=60&fid=799&eid=1174&completed=18635&timezone=+0000&tlt=528&version=4.0.12455&mode=iPhoneApp&locale=en_US HTTP/1.1" 200 - "-" "Tales2Go/3.2.0 CFNetwork/609 Darwin/13.0.0"
166.137.156.148 - - [06/Jan/2013:10:00:41 -0800] "GET /FeedDisplay.php?archived&mode=iPhoneApp&fid=1612&episode_id=3075&nfid=1074&uid=37851&version=3.2.0 HTTP/1.1" 200 8468 "-" "Mozilla/5.0 (iPhone; CPU iPhone OS 6_0_1 like Mac OS X) AppleWebKit/536.26 (KHTML, like Gecko) Mobile/10A523"
98.207.49.75 - - [06/Jan/2013:10:00:41 -0800] "GET /PostUsage.php?uid=37861&sid=0&fid=926&eid=1227&completed=470990&timezone=+0000&tlt=0&version=4.0.12455&mode=iPhoneApp&locale=en_US HTTP/1.1" 200 - "-" "Tales2Go/3.2.0 CFNetwork/609 Darwin/13.0.0"
98.207.49.75 - - [06/Jan/2013:10:00:42 -0800] "GET /FeedDisplay.php?archived&mode=iPhoneApp&fid=924&episode_id=1223&nfid=0&uid=37861&version=3.2.0 HTTP/1.1" 200 9130 "-" "Mozilla/5.0 (iPhone; CPU iPhone OS 6_0_1 like Mac OS X) AppleWebKit/536.26 (KHTML, like Gecko) Mobile/10A523"
71.173.87.134 - - [06/Jan/2013:10:00:50 -0800] "GET /PostUsage.php?skipped&uid=27665&sid=5&fid=1559&eid=2871&completed=15173&timezone=+0000&tlt=25&version=4.0.12455&mode=iPhoneApp&locale=en_US HTTP/1.1" 200 - "-" "Tales2Go/3.2.0 CFNetwork/609 Darwin/13.0.0"
71.173.87.134 - - [06/Jan/2013:10:00:50 -0800] "GET /GetAd.php?sid=5&timeSinceLastAd=40&previousFeedId=1559&nextFeedId=1148&tlt=40&tlf=5&uid=27665&version=4.0.12455&mode=iPhoneApp&locale=en_US HTTP/1.1" 200 22 "-" "Tales2Go/3.2.0 CFNetwork/609 Darwin/13.0.0"
68.228.150.115 - - [06/Jan/2013:10:00:51 -0800] "GET /GetStationPlayList.php?s=0&c=9&uid=24996&sid=99&endFeed=0&version=4.0.12455&mode=iPhoneApp&locale=en_US HTTP/1.1" 200 5018 "-" "Tales2Go/3.2.0 CFNetwork/609 Darwin/13.0.0"
98.207.49.75 - - [06/Jan/2013:10:00:51 -0800] "GET /GetAd.php?sid=0&timeSinceLastAd=8&previousFeedId=924&nextFeedId=0&tlt=8&tlf=1&uid=37861&version=4.0.12455&mode=iPhoneApp&locale=en_US HTTP/1.1" 200 22 "-" "Tales2Go/3.2.0 CFNetwork/609 Darwin/13.0.0"
71.173.87.134 - - [06/Jan/2013:10:00:55 -0800] "GET /FeedDisplay.php?archived&mode=iPhoneApp&fid=1148&episode_id=1620&nfid=1576&uid=27665&version=3.2.0 HTTP/1.1" 200 8617 "-" "Mozilla/5.0 (iPhone; CPU iPhone OS 6_0_1 like Mac OS X) AppleWebKit/536.26 (KHTML, like Gecko) Mobile/10A523"
71.173.87.134 - - [06/Jan/2013:10:01:01 -0800] "GET /PostUsage.php?skipped&uid=27665&sid=5&fid=1148&eid=1620&completed=6203&timezone=+0000&tlt=40&version=4.0.12455&mode=iPhoneApp&locale=en_US HTTP/1.1" 200 - "-" "Tales2Go/3.2.0 CFNetwork/609 Darwin/13.0.0"
71.173.87.134 - - [06/Jan/2013:10:01:01 -0800] "GET /GetAd.php?sid=5&timeSinceLastAd=46&previousFeedId=1148&nextFeedId=1576&tlt=46&tlf=6&uid=27665&version=4.0.12455&mode=iPhoneApp&locale=en_US HTTP/1.1" 200 22 "-" "Tales2Go/3.2.0 CFNetwork/609 Darwin/13.0.0"
98.207.49.75 - - [06/Jan/2013:10:01:02 -0800] "GET /Search.php?uid=37861&term=luminous&s=0&c=20&version=4.0.12455&mode=iPhoneApp&locale=en_US HTTP/1.1" 200 737 "-" "Tales2Go/3.2.0 CFNetwork/609 Darwin/13.0.0"
71.173.87.134 - - [06/Jan/2013:10:01:02 -0800] "GET /FeedDisplay.php?archived&mode=iPhoneApp&fid=1576&episode_id=2850&nfid=2919&uid=27665&version=3.2.0 HTTP/1.1" 200 8984 "-" "Mozilla/5.0 (iPhone; CPU iPhone OS 6_0_1 like Mac OS X) AppleWebKit/536.26 (KHTML, like Gecko) Mobile/10A523"
71.173.87.134 - - [06/Jan/2013:10:01:04 -0800] "GET /PostUsage.php?skipped&uid=27665&sid=5&fid=1576&eid=2850&completed=1096&timezone=+0000&tlt=46&version=4.0.12455&mode=iPhoneApp&locale=en_US HTTP/1.1" 200 - "-" "Tales2Go/3.2.0 CFNetwork/609 Darwin/13.0.0"
71.173.87.134 - - [06/Jan/2013:10:01:04 -0800] "GET /GetAd.php?sid=5&timeSinceLastAd=47&previousFeedId=1576&nextFeedId=2919&tlt=47&tlf=7&uid=27665&version=4.0.12455&mode=iPhoneApp&locale=en_US HTTP/1.1" 200 22 "-" "Tales2Go/3.2.0 CFNetwork/609 Darwin/13.0.0"
98.207.49.75 - - [06/Jan/2013:10:01:04 -0800] "GET /PostUsage.php?uid=37861&sid=0&fid=924&eid=1223&completed=21484&timezone=+0000&tlt=0&version=4.0.12455&mode=iPhoneApp&locale=en_US HTTP/1.1" 200 - "-" "Tales2Go/3.2.0 CFNetwork/609 Darwin/13.0.0"
71.173.87.134 - - [06/Jan/2013:10:01:05 -0800] "GET /FeedDisplay.php?archived&mode=iPhoneApp&fid=2919&episode_id=5687&nfid=1760&uid=27665&version=3.2.0 HTTP/1.1" 200 8779 "-" "Mozilla/5.0 (iPhone; CPU iPhone OS 6_0_1 like Mac OS X) AppleWebKit/536.26 (KHTML, like Gecko) Mobile/10A523"
98.207.49.75 - - [06/Jan/2013:10:01:05 -0800] "GET /FeedDisplay.php?archived&mode=iPhoneApp&fid=152&episode_id=169&nfid=0&uid=37861&version=3.2.0 HTTP/1.1" 200 8590 "-" "Mozilla/5.0 (iPhone; CPU iPhone OS 6_0_1 like Mac OS X) AppleWebKit/536.26 (KHTML, like Gecko) Mobile/10A523"
71.173.87.134 - - [06/Jan/2013:10:01:08 -0800] "GET /PostUsage.php?skipped&uid=27665&sid=5&fid=2919&eid=5687&completed=1780&timezone=+0000&tlt=47&version=4.0.12455&mode=iPhoneApp&locale=en_US HTTP/1.1" 200 - "-" "Tales2Go/3.2.0 CFNetwork/609 Darwin/13.0.0"
71.173.87.134 - - [06/Jan/2013:10:01:08 -0800] "GET /GetStationPlayList.php?s=9&c=9&uid=27665&sid=5&endFeed=0&version=4.0.12455&mode=iPhoneApp&locale=en_US HTTP/1.1" 200 8685 "-" "Tales2Go/3.2.0 CFNetwork/609 Darwin/13.0.0"
71.173.87.134 - - [06/Jan/2013:10:01:10 -0800] "GET /GetAd.php?sid=5&timeSinceLastAd=48&previousFeedId=2919&nextFeedId=1760&tlt=48&tlf=8&uid=27665&version=4.0.12455&mode=iPhoneApp&locale=en_US HTTP/1.1" 200 22 "-" "Tales2Go/3.2.0 CFNetwork/609 Darwin/13.0.0"
71.173.87.134 - - [06/Jan/2013:10:01:11 -0800] "GET /FeedDisplay.php?archived&mode=iPhoneApp&fid=1760&episode_id=3259&nfid=252&uid=27665&version=3.2.0 HTTP/1.1" 200 8547 "-" "Mozilla/5.0 (iPhone; CPU iPhone OS 6_0_1 like Mac OS X) AppleWebKit/536.26 (KHTML, like Gecko) Mobile/10A523"
98.207.49.75 - - [06/Jan/2013:10:01:11 -0800] "GET /GetAd.php?sid=0&timeSinceLastAd=5&previousFeedId=152&nextFeedId=0&tlt=5&tlf=1&uid=37861&version=4.0.12455&mode=iPhoneApp&locale=en_US HTTP/1.1" 200 22 "-" "Tales2Go/3.2.0 CFNetwork/609 Darwin/13.0.0"
208.113.232.130 - - [06/Jan/2013:10:01:23 -0800] "GET /AddDeviceBookmark.php?udid=sn_1005054&eid=3930&offset=1711&appdata=259 HTTP/1.0" 200 52 "-" "-"
208.113.232.130 - - [06/Jan/2013:10:01:23 -0800] "GET /AddDeviceBookmark.php?udid=sn_1005054&eid=3930&offset=1711&appdata=259 HTTP/1.0" 200 52 "-" "-"
166.137.156.148 - - [06/Jan/2013:10:01:25 -0800] "GET /GetAd.php?sid=60&timeSinceLastAd=528&previousFeedId=1612&nextFeedId=1074&tlt=528&tlf=1&uid=37851&version=4.0.12455&mode=iPhoneApp&locale=en_US HTTP/1.1" 200 22 "-" "Tales2Go/3.2.0 CFNetwork/609 Darwin/13.0.0"
68.228.150.115 - - [06/Jan/2013:10:01:25 -0800] "GET /GetRecentFeedList.php?uid=24996&version=4.0.12455&mode=iPhoneApp&locale=en_US HTTP/1.1" 200 5096 "-" "Tales2Go/3.2.0 CFNetwork/609 Darwin/13.0.0"
68.228.150.115 - - [06/Jan/2013:10:01:37 -0800] "GET /FeedDisplay.php?archived&mode=iPhoneApp&fid=286&episode_id=415&nfid=0&uid=24996&version=3.2.0 HTTP/1.1" 200 8510 "-" "Mozilla/5.0 (iPhone; CPU iPhone OS 6_0_1 like Mac OS X) AppleWebKit/536.26 (KHTML, like Gecko) Mobile/10A523"
166.137.156.148 - - [06/Jan/2013:10:01:42 -0800] "GET /GetAd.php?sid=60&timeSinceLastAd=528&previousFeedId=1612&nextFeedId=1074&tlt=528&tlf=1&uid=37851&version=4.0.12455&mode=iPhoneApp&locale=en_US HTTP/1.1" 200 22 "-" "Tales2Go/3.2.0 CFNetwork/609 Darwin/13.0.0"
68.228.150.115 - - [06/Jan/2013:10:01:43 -0800] "GET /GetAd.php?sid=0&timeSinceLastAd=1&previousFeedId=286&nextFeedId=0&tlt=1&tlf=1&uid=24996&version=4.0.12455&mode=iPhoneApp&locale=en_US HTTP/1.1" 200 22 "-" "Tales2Go/3.2.0 CFNetwork/609 Darwin/13.0.0"
166.137.156.148 - - [06/Jan/2013:10:01:43 -0800] "GET /PostUsage.php?uid=37851&sid=60&fid=1612&eid=3075&completed=35&timezone=+0000&tlt=528&version=4.0.12455&mode=iPhoneApp&locale=en_US HTTP/1.1" 200 - "-" "Tales2Go/3.2.0 CFNetwork/609 Darwin/13.0.0"
166.137.156.148 - - [06/Jan/2013:10:01:43 -0800] "GET /FeedDisplay.php?archived&mode=iPhoneApp&fid=1074&episode_id=1504&nfid=535&uid=37851&version=3.2.0 HTTP/1.1" 200 8599 "-" "Mozilla/5.0 (iPhone; CPU iPhone OS 6_0_1 like Mac OS X) AppleWebKit/536.26 (KHTML, like Gecko) Mobile/10A523"
68.228.150.115 - - [06/Jan/2013:10:01:53 -0800] "GET /PostUsage.php?uid=24996&sid=0&fid=286&eid=415&completed=1569&timezone=+0000&tlt=0&version=4.0.12455&mode=iPhoneApp&locale=en_US HTTP/1.1" 200 - "-" "Tales2Go/3.2.0 CFNetwork/609 Darwin/13.0.0"
68.228.150.115 - - [06/Jan/2013:10:01:53 -0800] "GET /GetUserInfo.php?uid=24996&udid=5C:59:48:0D:E4:66&version=4.0.12455&mode=iPhoneApp&locale=en_US HTTP/1.1" 200 194 "-" "Tales2Go/3.2.0 CFNetwork/609 Darwin/13.0.0"
68.228.150.115 - - [06/Jan/2013:10:01:53 -0800] "GET /GetContentStationList.php?uid=24996&version=4.0.12455&mode=iPhoneApp&locale=en_US HTTP/1.1" 200 6486 "-" "Tales2Go/3.2.0 CFNetwork/609 Darwin/13.0.0"
68.228.150.115 - - [06/Jan/2013:10:01:53 -0800] "GET /GetStationListFC.php?uid=24996&version=4.0.12455&mode=iPhoneApp&locale=en_US HTTP/1.1" 200 16492 "-" "Tales2Go/3.2.0 CFNetwork/609 Darwin/13.0.0"
71.173.87.134 - - [06/Jan/2013:10:01:56 -0800] "GET /GetAd.php?sid=5&timeSinceLastAd=92&previousFeedId=1760&nextFeedId=252&tlt=92&tlf=9&uid=27665&version=4.0.12455&mode=iPhoneApp&locale=en_US HTTP/1.1" 200 22 "-" "Tales2Go/3.2.0 CFNetwork/609 Darwin/13.0.0"
69.140.155.104 - - [06/Jan/2013:10:02:05 -0800] "GET /StartupChecks.php?startup&uid=5627&version=4.0.12455&mode=iPhoneApp&locale=en_US HTTP/1.1" 200 289 "-" "Tales2Go/3.2.0 CFNetwork/609 Darwin/13.0.0"
69.140.155.104 - - [06/Jan/2013:10:02:06 -0800] "GET /LoadUserFromID.php?markStartup&id=5627&udid=34:51:C9:C6:BB:EB&version=4.0.12455&mode=iPhoneApp&locale=en_US HTTP/1.1" 200 256 "-" "Tales2Go/3.2.0 CFNetwork/609 Darwin/13.0.0"
69.140.155.104 - - [06/Jan/2013:10:02:06 -0800] "GET /GetContentStationList.php?uid=5627&version=4.0.12455&mode=iPhoneApp&locale=en_US HTTP/1.1" 200 6486 "-" "Tales2Go/3.2.0 CFNetwork/609 Darwin/13.0.0"
69.140.155.104 - - [06/Jan/2013:10:02:06 -0800] "GET /GetStationListFC.php?uid=5627&version=4.0.12455&mode=iPhoneApp&locale=en_US HTTP/1.1" 200 16492 "-" "Tales2Go/3.2.0 CFNetwork/609 Darwin/13.0.0"
69.140.155.104 - - [06/Jan/2013:10:02:09 -0800] "GET /GetBookmarkList.php?uid=5627&version=4.0.12455&mode=iPhoneApp&locale=en_US HTTP/1.1" 200 10495 "-" "Tales2Go/3.2.0 CFNetwork/609 Darwin/13.0.0"
69.140.155.104 - - [06/Jan/2013:10:02:12 -0800] "GET /FeedDisplay.php?archived&mode=iPhoneApp&fid=1549&episode_id=2967&nfid=0&uid=5627&version=3.2.0 HTTP/1.1" 200 9065 "-" "Mozilla/5.0 (iPhone; CPU iPhone OS 6_0_1 like Mac OS X) AppleWebKit/536.26 (KHTML, like Gecko) Mobile/10A523"
68.228.150.115 - - [06/Jan/2013:10:02:14 -0800] "GET /GetContentStationList.php?uid=24996&version=4.0.12455&mode=iPhoneApp&locale=en_US HTTP/1.1" 200 6486 "-" "Tales2Go/3.2.0 CFNetwork/548.1.4 Darwin/11.0.0"
68.228.150.115 - - [06/Jan/2013:10:02:15 -0800] "GET /GetUserInfo.php?uid=24996&udid=E8:06:88:A4:E0:38&version=4.0.12455&mode=iPhoneApp&locale=en_US HTTP/1.1" 200 194 "-" "Tales2Go/3.2.0 CFNetwork/548.1.4 Darwin/11.0.0"
68.228.150.115 - - [06/Jan/2013:10:02:15 -0800] "GET /GetStationListFC.php?uid=24996&version=4.0.12455&mode=iPhoneApp&locale=en_US HTTP/1.1" 200 16492 "-" "Tales2Go/3.2.0 CFNetwork/548.1.4 Darwin/11.0.0"
69.140.155.104 - - [06/Jan/2013:10:02:17 -0800] "GET /GetAd.php?sid=0&timeSinceLastAd=776&previousFeedId=1549&nextFeedId=0&tlt=776&tlf=1&uid=5627&version=4.0.12455&mode=iPhoneApp&locale=en_US HTTP/1.1" 200 22 "-" "Tales2Go/3.2.0 CFNetwork/609 Darwin/13.0.0"
166.137.156.148 - - [06/Jan/2013:10:02:18 -0800] "GET /GetStationPlayList.php?s=0&c=9&uid=37851&sid=65&endFeed=0&version=4.0.12455&mode=iPhoneApp&locale=en_US HTTP/1.1" 200 5281 "-" "Tales2Go/3.2.0 CFNetwork/609 Darwin/13.0.0"
68.228.150.115 - - [06/Jan/2013:10:02:26 -0800] "GET /GetStationPlayList.php?s=0&c=9&uid=24996&sid=364&endFeed=0&version=4.0.12455&mode=iPhoneApp&locale=en_US HTTP/1.1" 200 4348 "-" "Tales2Go/3.2.0 CFNetwork/548.1.4 Darwin/11.0.0"
166.137.156.148 - - [06/Jan/2013:10:02:27 -0800] "GET /GetStationPlayList.php?s=9&c=9&uid=37851&sid=65&endFeed=0&version=4.0.12455&mode=iPhoneApp&locale=en_US HTTP/1.1" 200 5390 "-" "Tales2Go/3.2.0 CFNetwork/609 Darwin/13.0.0"
166.137.156.148 - - [06/Jan/2013:10:02:32 -0800] "GET /GetAd.php?sid=60&timeSinceLastAd=528&previousFeedId=1074&nextFeedId=535&tlt=528&tlf=2&uid=37851&version=4.0.12455&mode=iPhoneApp&locale=en_US HTTP/1.1" 200 22 "-" "Tales2Go/3.2.0 CFNetwork/609 Darwin/13.0.0"
166.137.156.148 - - [06/Jan/2013:10:02:34 -0800] "GET /PostUsage.php?uid=37851&sid=60&fid=1074&eid=1504&completed=0&timezone=+0000&tlt=528&version=4.0.12455&mode=iPhoneApp&locale=en_US HTTP/1.1" 200 - "-" "Tales2Go/3.2.0 CFNetwork/609 Darwin/13.0.0"
166.137.156.148 - - [06/Jan/2013:10:02:35 -0800] "GET /GetAd.php?sid=65&timeSinceLastAd=528&previousFeedId=1074&nextFeedId=274&newStation&tlt=528&tlf=0&uid=37851&version=4.0.12455&mode=iPhoneApp&locale=en_US HTTP/1.1" 200 22 "-" "Tales2Go/3.2.0 CFNetwork/609 Darwin/13.0.0"
166.137.156.148 - - [06/Jan/2013:10:02:35 -0800] "GET /FeedDisplay.php?archived&mode=iPhoneApp&fid=274&episode_id=404&nfid=28&uid=37851&version=3.2.0 HTTP/1.1" 200 8530 "-" "Mozilla/5.0 (iPhone; CPU iPhone OS 6_0_1 like Mac OS X) AppleWebKit/536.26 (KHTML, like Gecko) Mobile/10A523"
68.228.150.115 - - [06/Jan/2013:10:02:36 -0800] "GET /FeedDisplay.php?archived&mode=iPhoneApp&fid=1434&episode_id=2433&nfid=1422&uid=24996&version=3.2.0 HTTP/1.1" 200 8562 "-" "Mozilla/5.0 (iPhone; CPU iPhone OS 5_1_1 like Mac OS X) AppleWebKit/534.46 (KHTML, like Gecko) Mobile/9B206"
68.228.150.115 - - [06/Jan/2013:10:02:37 -0800] "GET /images/t2g_ratings_color_active.png HTTP/1.1" 200 985 "http://t2g.stitcher.com/FeedDisplay.php?archived&mode=iPhoneApp&fid=1434&episode_id=2433&nfid=1422&uid=24996&version=3.2.0" "Mozilla/5.0 (iPhone; CPU iPhone OS 5_1_1 like Mac OS X) AppleWebKit/534.46 (KHTML, like Gecko) Mobile/9B206"
68.228.150.115 - - [06/Jan/2013:10:02:37 -0800] "GET /images/t2g_ratings_gray_active.png HTTP/1.1" 200 1196 "http://t2g.stitcher.com/FeedDisplay.php?archived&mode=iPhoneApp&fid=1434&episode_id=2433&nfid=1422&uid=24996&version=3.2.0" "Mozilla/5.0 (iPhone; CPU iPhone OS 5_1_1 like Mac OS X) AppleWebKit/534.46 (KHTML, like Gecko) Mobile/9B206"
68.228.150.115 - - [06/Jan/2013:10:02:37 -0800] "GET /images/ajax-loader.gif HTTP/1.1" 200 1849 "http://t2g.stitcher.com/FeedDisplay.php?archived&mode=iPhoneApp&fid=1434&episode_id=2433&nfid=1422&uid=24996&version=3.2.0" "Mozilla/5.0 (iPhone; CPU iPhone OS 5_1_1 like Mac OS X) AppleWebKit/534.46 (KHTML, like Gecko) Mobile/9B206"
68.228.150.115 - - [06/Jan/2013:10:02:37 -0800] "GET /images/t2g_ratings_gray.png HTTP/1.1" 200 1215 "http://t2g.stitcher.com/FeedDisplay.php?archived&mode=iPhoneApp&fid=1434&episode_id=2433&nfid=1422&uid=24996&version=3.2.0" "Mozilla/5.0 (iPhone; CPU iPhone OS 5_1_1 like Mac OS X) AppleWebKit/534.46 (KHTML, like Gecko) Mobile/9B206"
68.228.150.115 - - [06/Jan/2013:10:02:37 -0800] "GET /images/t2g_ratings_color.png HTTP/1.1" 200 997 "http://t2g.stitcher.com/FeedDisplay.php?archived&mode=iPhoneApp&fid=1434&episode_id=2433&nfid=1422&uid=24996&version=3.2.0" "Mozilla/5.0 (iPhone; CPU iPhone OS 5_1_1 like Mac OS X) AppleWebKit/534.46 (KHTML, like Gecko) Mobile/9B206"
108.251.177.18 - - [06/Jan/2013:10:02:44 -0800] "GET /StartupChecks.php?startup&uid=37434&version=4.0.12455&mode=iPhoneApp&locale=en_US HTTP/1.1" 200 289 "-" "Tales2Go/3.2.0 CFNetwork/609 Darwin/13.0.0"
108.251.177.18 - - [06/Jan/2013:10:02:44 -0800] "GET /LoadUserFromID.php?markStartup&id=37434&udid=8C:2D:AA:9A:7F:37&version=4.0.12455&mode=iPhoneApp&locale=en_US HTTP/1.1" 200 263 "-" "Tales2Go/3.2.0 CFNetwork/609 Darwin/13.0.0"
108.251.177.18 - - [06/Jan/2013:10:02:45 -0800] "GET /GetContentStationList.php?uid=37434&version=4.0.12455&mode=iPhoneApp&locale=en_US HTTP/1.1" 200 6486 "-" "Tales2Go/3.2.0 CFNetwork/609 Darwin/13.0.0"
108.251.177.18 - - [06/Jan/2013:10:02:45 -0800] "GET /GetStationListFC.php?uid=37434&version=4.0.12455&mode=iPhoneApp&locale=en_US HTTP/1.1" 200 16492 "-" "Tales2Go/3.2.0 CFNetwork/609 Darwin/13.0.0"
108.251.177.18 - - [06/Jan/2013:10:02:54 -0800] "GET /GetBookmarkList.php?uid=37434&version=4.0.12455&mode=iPhoneApp&locale=en_US HTTP/1.1" 200 3605 "-" "Tales2Go/3.2.0 CFNetwork/609 Darwin/13.0.0"
68.228.150.115 - - [06/Jan/2013:10:02:59 -0800] "GET /GetAd.php?sid=364&timeSinceLastAd=23&previousFeedId=1434&nextFeedId=1422&tlt=23&tlf=1&uid=24996&version=4.0.12455&mode=iPhoneApp&locale=en_US HTTP/1.1" 200 22 "-" "Tales2Go/3.2.0 CFNetwork/548.1.4 Darwin/11.0.0"
108.251.177.18 - - [06/Jan/2013:10:03:02 -0800] "GET /FeedDisplay.php?archived&mode=iPhoneApp&fid=768&episode_id=1021&nfid=0&uid=37434&version=3.2.0 HTTP/1.1" 200 8594 "-" "Mozilla/5.0 (iPhone; CPU iPhone OS 6_0_1 like Mac OS X) AppleWebKit/536.26 (KHTML, like Gecko) Mobile/10A523"
166.137.156.148 - - [06/Jan/2013:10:03:27 -0800] "GET /GetAd.php?sid=65&timeSinceLastAd=578&previousFeedId=274&nextFeedId=28&tlt=578&tlf=1&uid=37851&version=4.0.12455&mode=iPhoneApp&locale=en_US HTTP/1.1" 200 22 "-" "Tales2Go/3.2.0 CFNetwork/609 Darwin/13.0.0"
208.113.232.130 - - [06/Jan/2013:10:03:34 -0800] "GET /AddDeviceBookmark.php?udid=sn_1005054&eid=3930&offset=1842&appdata=276 HTTP/1.0" 200 52 "-" "-"
108.215.124.171 - - [06/Jan/2013:10:03:57 -0800] "GET /PostUsage.php?uid=36290&sid=0&fid=1557&eid=2994&completed=4393139&timezone=+0000&tlt=0&version=4.0.12455&mode=iPhoneApp&locale=en_US HTTP/1.1" 200 - "-" "Tales2Go/3.2.0 CFNetwork/609 Darwin/13.0.0"
108.215.124.171 - - [06/Jan/2013:10:03:58 -0800] "GET /FeedDisplay.php?archived&mode=iPhoneApp&fid=1557&episode_id=2995&nfid=0&uid=36290&version=3.2.0 HTTP/1.1" 200 9476 "-" "Mozilla/5.0 (iPhone; CPU iPhone OS 6_0_1 like Mac OS X) AppleWebKit/536.26 (KHTML, like Gecko) Mobile/10A523"
98.207.49.75 - - [06/Jan/2013:10:04:10 -0800] "GET /PostUsage.php?uid=27123&sid=1&fid=926&eid=1227&completed=679411&timezone=+0000&tlt=63&version=4.0.12455&mode=iPhoneApp&locale=en_US HTTP/1.1" 200 - "-" "Tales2Go/3.2.0 CFNetwork/609 Darwin/13.0.0"
98.207.49.75 - - [06/Jan/2013:10:04:10 -0800] "GET /FeedDisplay.php?archived&mode=iPhoneApp&fid=926&episode_id=1228&nfid=2023&uid=27123&version=3.2.0 HTTP/1.1" 200 8958 "-" "Mozilla/5.0 (iPhone; CPU iPhone OS 6_0_1 like Mac OS X) AppleWebKit/536.26 (KHTML, like Gecko) Mobile/10A523"
108.215.124.171 - - [06/Jan/2013:10:04:26 -0800] "GET /GetAd.php?sid=0&timeSinceLastAd=4420&previousFeedId=1557&nextFeedId=0&tlt=4420&tlf=2&uid=36290&version=4.0.12455&mode=iPhoneApp&locale=en_US HTTP/1.1" 200 22 "-" "Tales2Go/3.2.0 CFNetwork/609 Darwin/13.0.0"
108.208.201.23 - - [06/Jan/2013:10:05:23 -0800] "GET /GetStationPlayList.php?s=36&c=9&uid=37665&sid=22&endFeed=0&version=4.0.12455&mode=iPhoneApp&locale=en_US HTTP/1.1" 200 6368 "-" "Tales2Go/3.2.0 CFNetwork/609 Darwin/13.0.0"
98.207.49.75 - - [06/Jan/2013:10:05:35 -0800] "GET /GetAd.php?sid=1&timeSinceLastAd=825&previousFeedId=926&nextFeedId=2023&tlt=825&tlf=2&uid=27123&version=4.0.12455&mode=iPhoneApp&locale=en_US HTTP/1.1" 200 22 "-" "Tales2Go/3.2.0 CFNetwork/609 Darwin/13.0.0"
108.208.201.23 - - [06/Jan/2013:10:05:44 -0800] "GET /GetStationPlayList.php?s=45&c=9&uid=37665&sid=22&endFeed=0&version=4.0.12455&mode=iPhoneApp&locale=en_US HTTP/1.1" 200 10180 "-" "Tales2Go/3.2.0 CFNetwork/609 Darwin/13.0.0"
108.208.201.23 - - [06/Jan/2013:10:05:51 -0800] "GET /GetStationPlayList.php?s=54&c=9&uid=37665&sid=22&endFeed=0&version=4.0.12455&mode=iPhoneApp&locale=en_US HTTP/1.1" 200 7522 "-" "Tales2Go/3.2.0 CFNetwork/609 Darwin/13.0.0"
108.208.201.23 - - [06/Jan/2013:10:05:57 -0800] "GET /GetStationPlayList.php?s=63&c=9&uid=37665&sid=22&endFeed=0&version=4.0.12455&mode=iPhoneApp&locale=en_US HTTP/1.1" 200 6791 "-" "Tales2Go/3.2.0 CFNetwork/609 Darwin/13.0.0"
108.208.201.23 - - [06/Jan/2013:10:06:04 -0800] "GET /GetStationPlayList.php?s=72&c=9&uid=37665&sid=22&endFeed=0&version=4.0.12455&mode=iPhoneApp&locale=en_US HTTP/1.1" 200 6847 "-" "Tales2Go/3.2.0 CFNetwork/609 Darwin/13.0.0"
108.208.201.23 - - [06/Jan/2013:10:06:12 -0800] "GET /GetStationPlayList.php?s=81&c=9&uid=37665&sid=22&endFeed=0&version=4.0.12455&mode=iPhoneApp&locale=en_US HTTP/1.1" 200 7270 "-" "Tales2Go/3.2.0 CFNetwork/609 Darwin/13.0.0"
108.208.201.23 - - [06/Jan/2013:10:06:19 -0800] "GET /GetStationPlayList.php?s=90&c=9&uid=37665&sid=22&endFeed=0&version=4.0.12455&mode=iPhoneApp&locale=en_US HTTP/1.1" 200 6528 "-" "Tales2Go/3.2.0 CFNetwork/609 Darwin/13.0.0"
108.208.201.23 - - [06/Jan/2013:10:06:28 -0800] "GET /GetStationPlayList.php?s=99&c=9&uid=37665&sid=22&endFeed=0&version=4.0.12455&mode=iPhoneApp&locale=en_US HTTP/1.1" 200 9293 "-" "Tales2Go/3.2.0 CFNetwork/609 Darwin/13.0.0"
108.208.201.23 - - [06/Jan/2013:10:06:39 -0800] "GET /GetStationPlayList.php?s=108&c=9&uid=37665&sid=22&endFeed=0&version=4.0.12455&mode=iPhoneApp&locale=en_US HTTP/1.1" 200 9904 "-" "Tales2Go/3.2.0 CFNetwork/609 Darwin/13.0.0"
108.208.201.23 - - [06/Jan/2013:10:06:48 -0800] "GET /GetStationPlayList.php?s=117&c=9&uid=37665&sid=22&endFeed=0&version=4.0.12455&mode=iPhoneApp&locale=en_US HTTP/1.1" 200 8266 "-" "Tales2Go/3.2.0 CFNetwork/609 Darwin/13.0.0"
108.208.201.23 - - [06/Jan/2013:10:06:55 -0800] "GET /GetStationPlayList.php?s=126&c=9&uid=37665&sid=22&endFeed=0&version=4.0.12455&mode=iPhoneApp&locale=en_US HTTP/1.1" 200 7893 "-" "Tales2Go/3.2.0 CFNetwork/609 Darwin/13.0.0"
108.208.201.23 - - [06/Jan/2013:10:07:00 -0800] "GET /GetStationPlayList.php?s=135&c=9&uid=37665&sid=22&endFeed=0&version=4.0.12455&mode=iPhoneApp&locale=en_US HTTP/1.1" 200 9999 "-" "Tales2Go/3.2.0 CFNetwork/609 Darwin/13.0.0"
108.208.201.23 - - [06/Jan/2013:10:07:10 -0800] "GET /GetStationPlayList.php?s=144&c=9&uid=37665&sid=22&endFeed=0&version=4.0.12455&mode=iPhoneApp&locale=en_US HTTP/1.1" 200 7287 "-" "Tales2Go/3.2.0 CFNetwork/609 Darwin/13.0.0"
108.208.201.23 - - [06/Jan/2013:10:07:18 -0800] "GET /GetStationPlayList.php?s=153&c=9&uid=37665&sid=22&endFeed=0&version=4.0.12455&mode=iPhoneApp&locale=en_US HTTP/1.1" 200 8772 "-" "Tales2Go/3.2.0 CFNetwork/609 Darwin/13.0.0"
108.208.201.23 - - [06/Jan/2013:10:07:23 -0800] "GET /GetStationPlayList.php?s=162&c=9&uid=37665&sid=22&endFeed=0&version=4.0.12455&mode=iPhoneApp&locale=en_US HTTP/1.1" 200 6514 "-" "Tales2Go/3.2.0 CFNetwork/609 Darwin/13.0.0"
208.113.232.130 - - [06/Jan/2013:10:07:26 -0800] "GET /GetNewSerialNum.php HTTP/1.0" 200 63 "-" "-"
208.113.232.130 - - [06/Jan/2013:10:07:26 -0800] "GET /LoadUserFromUDID.php?markStartup&udid=sn_1005086&version=4.0.12455&mode=desktop&override&locale=en_US HTTP/1.0" 200 58 "-" "-"
108.208.201.23 - - [06/Jan/2013:10:07:31 -0800] "GET /GetStationPlayList.php?s=171&c=9&uid=37665&sid=22&endFeed=0&version=4.0.12455&mode=iPhoneApp&locale=en_US HTTP/1.1" 200 7363 "-" "Tales2Go/3.2.0 CFNetwork/609 Darwin/13.0.0"
208.113.232.130 - - [06/Jan/2013:10:07:34 -0800] "GET /AddDeviceBookmark.php?udid=sn_1005054&eid=3930&offset=2081&appdata=308 HTTP/1.0" 200 52 "-" "-"
208.113.232.130 - - [06/Jan/2013:10:07:35 -0800] "GET /AddDeviceBookmark.php?udid=sn_1005054&eid=3930&offset=2082&appdata=309 HTTP/1.0" 200 52 "-" "-"
208.113.232.130 - - [06/Jan/2013:10:07:36 -0800] "GET /AddDeviceBookmark.php?udid=sn_1005054&eid=3930&offset=2084&appdata=309 HTTP/1.0" 200 52 "-" "-"
208.113.232.130 - - [06/Jan/2013:10:07:36 -0800] "GET /AddDeviceBookmark.php?udid=sn_1005054&eid=3930&offset=2084&appdata=309 HTTP/1.0" 200 52 "-" "-"
208.113.232.130 - - [06/Jan/2013:10:07:37 -0800] "GET /AddDeviceBookmark.php?udid=sn_1005054&eid=3930&offset=2084&appdata=309 HTTP/1.0" 200 52 "-" "-"
208.113.232.130 - - [06/Jan/2013:10:07:37 -0800] "GET /AddDeviceBookmark.php?udid=sn_1005054&eid=3930&offset=2085&appdata=309 HTTP/1.0" 200 52 "-" "-"
208.113.232.130 - - [06/Jan/2013:10:07:37 -0800] "GET /AddDeviceBookmark.php?udid=sn_1005054&eid=3930&offset=2085&appdata=309 HTTP/1.0" 200 52 "-" "-"
198.228.201.144 - - [06/Jan/2013:10:07:37 -0800] "GET /StartupChecks.php?startup&uid=30660&version=4.0.12455&mode=iPhoneApp&locale=en_US HTTP/1.1" 200 289 "-" "Tales2Go/3.2.0 CFNetwork/609 Darwin/13.0.0"
208.113.232.130 - - [06/Jan/2013:10:07:37 -0800] "GET /AddDeviceBookmark.php?udid=sn_1005054&eid=3930&offset=2085&appdata=309 HTTP/1.0" 200 52 "-" "-"
208.113.232.130 - - [06/Jan/2013:10:07:38 -0800] "GET /AddDeviceBookmark.php?udid=sn_1005054&eid=3930&offset=2085&appdata=309 HTTP/1.0" 200 52 "-" "-"
198.228.201.144 - - [06/Jan/2013:10:07:38 -0800] "GET /LoadUserFromID.php?markStartup&id=30660&udid=F0:CB:A1:BA:18:0B&version=4.0.12455&mode=iPhoneApp&locale=en_US HTTP/1.1" 200 258 "-" "Tales2Go/3.2.0 CFNetwork/609 Darwin/13.0.0"
208.113.232.130 - - [06/Jan/2013:10:07:38 -0800] "GET /AddDeviceBookmark.php?udid=sn_1005054&eid=3930&offset=2086&appdata=309 HTTP/1.0" 200 52 "-" "-"
198.228.201.144 - - [06/Jan/2013:10:07:39 -0800] "GET /GetContentStationList.php?uid=30660&version=4.0.12455&mode=iPhoneApp&locale=en_US HTTP/1.1" 200 6486 "-" "Tales2Go/3.2.0 CFNetwork/609 Darwin/13.0.0"
108.208.201.23 - - [06/Jan/2013:10:07:38 -0800] "GET /GetStationPlayList.php?s=180&c=9&uid=37665&sid=22&endFeed=0&version=4.0.12455&mode=iPhoneApp&locale=en_US HTTP/1.1" 200 7039 "-" "Tales2Go/3.2.0 CFNetwork/609 Darwin/13.0.0"
198.228.201.144 - - [06/Jan/2013:10:07:40 -0800] "GET /GetBookmarkList.php?uid=30660&version=4.0.12455&mode=iPhoneApp&locale=en_US HTTP/1.1" 200 11253 "-" "Tales2Go/3.2.0 CFNetwork/609 Darwin/13.0.0"
198.228.201.144 - - [06/Jan/2013:10:07:39 -0800] "GET /GetStationListFC.php?uid=30660&version=4.0.12455&mode=iPhoneApp&locale=en_US HTTP/1.1" 200 16492 "-" "Tales2Go/3.2.0 CFNetwork/609 Darwin/13.0.0"
208.113.232.130 - - [06/Jan/2013:10:07:44 -0800] "GET /GetNewSerialNum.php HTTP/1.0" 200 63 "-" "-"
208.113.232.130 - - [06/Jan/2013:10:07:44 -0800] "GET /LoadUserFromUDID.php?markStartup&udid=sn_1005087&version=4.0.12455&mode=desktop&override&locale=en_US HTTP/1.0" 200 58 "-" "-"
108.208.201.23 - - [06/Jan/2013:10:07:44 -0800] "GET /GetStationPlayList.php?s=189&c=9&uid=37665&sid=22&endFeed=0&version=4.0.12455&mode=iPhoneApp&locale=en_US HTTP/1.1" 200 7058 "-" "Tales2Go/3.2.0 CFNetwork/609 Darwin/13.0.0"
108.208.201.23 - - [06/Jan/2013:10:07:51 -0800] "GET /GetStationPlayList.php?s=198&c=9&uid=37665&sid=22&endFeed=0&version=4.0.12455&mode=iPhoneApp&locale=en_US HTTP/1.1" 200 7788 "-" "Tales2Go/3.2.0 CFNetwork/609 Darwin/13.0.0"
68.228.150.115 - - [06/Jan/2013:10:07:55 -0800] "GET /GetStationPlayList.php?s=0&c=9&uid=24996&sid=364&endFeed=0&version=4.0.12455&mode=iPhoneApp&locale=en_US HTTP/1.1" 200 4348 "-" "Tales2Go/3.2.0 CFNetwork/609 Darwin/13.0.0"
108.208.201.23 - - [06/Jan/2013:10:08:00 -0800] "GET /GetStationPlayList.php?s=207&c=9&uid=37665&sid=22&endFeed=0&version=4.0.12455&mode=iPhoneApp&locale=en_US HTTP/1.1" 200 6300 "-" "Tales2Go/3.2.0 CFNetwork/609 Darwin/13.0.0"
107.10.9.67 - - [06/Jan/2013:10:08:07 -0800] "GET /PostUsage.php?uid=27744&sid=1&fid=1528&eid=2934&completed=2784415&timezone=+0000&tlt=30791&version=4.0.12455&mode=iPhoneApp&locale=en_US HTTP/1.1" 200 - "-" "Tales2Go/3.2.0 CFNetwork/485.13.9 Darwin/11.0.0"
107.10.9.67 - - [06/Jan/2013:10:08:07 -0800] "GET /FeedDisplay.php?archived&mode=iPhoneApp&fid=1528&episode_id=2935&nfid=984&uid=27744&version=3.2.0 HTTP/1.1" 200 9149 "-" "Mozilla/5.0 (iPod; U; CPU iPhone OS 4_3_5 like Mac OS X; en-us) AppleWebKit/533.17.9 (KHTML, like Gecko) Mobile/8L1"
107.10.9.67 - - [06/Jan/2013:10:08:08 -0800] "GET /images/multipart_arrow_left.gif HTTP/1.1" 200 273 "http://t2g.stitcher.com/FeedDisplay.php?archived&mode=iPhoneApp&fid=1528&episode_id=2935&nfid=984&uid=27744&version=3.2.0" "Mozilla/5.0 (iPod; U; CPU iPhone OS 4_3_5 like Mac OS X; en-us) AppleWebKit/533.17.9 (KHTML, like Gecko) Mobile/8L1"
107.10.9.67 - - [06/Jan/2013:10:08:08 -0800] "GET /images/multipart_arrow_right_disabled.gif HTTP/1.1" 200 278 "http://t2g.stitcher.com/FeedDisplay.php?archived&mode=iPhoneApp&fid=1528&episode_id=2935&nfid=984&uid=27744&version=3.2.0" "Mozilla/5.0 (iPod; U; CPU iPhone OS 4_3_5 like Mac OS X; en-us) AppleWebKit/533.17.9 (KHTML, like Gecko) Mobile/8L1"
174.252.45.56 - - [06/Jan/2013:10:08:08 -0800] "GET /PostUsage.php?uid=30660&sid=0&fid=229&eid=273&completed=26104&timezone=+0000&tlt=42&version=4.0.12455&mode=iPhoneApp&locale=en_US HTTP/1.1" 200 - "-" "Tales2Go/3.2.0 CFNetwork/548.1.4 Darwin/11.0.0"
108.208.201.23 - - [06/Jan/2013:10:08:07 -0800] "GET /GetStationPlayList.php?s=216&c=9&uid=37665&sid=22&endFeed=0&version=4.0.12455&mode=iPhoneApp&locale=en_US HTTP/1.1" 200 6515 "-" "Tales2Go/3.2.0 CFNetwork/609 Darwin/13.0.0"
174.252.45.56 - - [06/Jan/2013:10:08:08 -0800] "GET /FeedDisplay.php?archived&mode=iPhoneApp&fid=965&episode_id=1458&nfid=0&uid=30660&version=3.2.0 HTTP/1.1" 200 8569 "-" "Mozilla/5.0 (iPhone; CPU iPhone OS 5_1_1 like Mac OS X) AppleWebKit/534.46 (KHTML, like Gecko) Mobile/9B206"
208.113.232.130 - - [06/Jan/2013:10:08:42 -0800] "GET /AddDeviceBookmark.php?udid=sn_1005054&eid=3930&offset=2150&appdata=318 HTTP/1.0" 200 52 "-" "-"
