74.127.122.140 - - [06/Jan/2013:17:04:45 -0800] "GET /FeedDisplay.php?archived&mode=iPhoneApp&fid=984&episode_id=1349&nfid=1320&uid=18411&version=3.2.0 HTTP/1.1" 200 9074 "-" "Mozilla/5.0 (iPhone; CPU iPhone OS 6_0_1 like Mac OS X) AppleWebKit/536.26 (KHTML, like Gecko) Mobile/10A523"
74.127.122.140 - - [06/Jan/2013:17:05:25 -0800] "GET /EditFavorites.php?uid=18411&flist=766_1221_603_1043_1874_1814_309_1285_1930_2784_2076_1663_1357_948_719_723_951_295_1536_1535_1542_728_721_720_722_642_669_1539_1546_1507_925_1420_926_924_1540_241_968_816_967_1567_2074_972_906_1443_1470_1457_619_714_42_52_41_271_1352_1355_39_62_45_272_37_56_1353_44_33_38_57_40_204_53_46_1342_30_70_36_31_51_29_43_47_32_54_49_59_1354_34_50_270_48_107_55_35_335_1429_1440_1403_1394_60 HTTP/1.1" 200 3448 "-" "Tales2Go/3.2.0 CFNetwork/609 Darwin/13.0.0"
74.127.122.140 - - [06/Jan/2013:17:05:56 -0800] "GET /GetAd.php?sid=1&timeSinceLastAd=6036&previousFeedId=984&nextFeedId=1394&newStation&tlt=6036&tlf=0&uid=18411&version=4.0.12455&mode=iPhoneApp&locale=en_US HTTP/1.1" 200 22 "-" "Tales2Go/3.2.0 CFNetwork/609 Darwin/13.0.0"
72.209.216.3 - - [06/Jan/2013:17:05:56 -0800] "GET /GetAd.php?sid=66&timeSinceLastAd=865&previousFeedId=1840&nextFeedId=1283&newStation&tlt=865&tlf=0&uid=4492&version=4.0.12455&mode=iPhoneApp&locale=en_US HTTP/1.1" 200 22 "-" "Tales2Go%20-%20Old%20Version/2.2.12455 CFNetwork/609 Darwin/13.0.0"
74.127.122.140 - - [06/Jan/2013:17:05:56 -0800] "GET /PostUsage.php?uid=18411&sid=35&fid=984&eid=1349&completed=4729&timezone=+0000&tlt=6036&version=4.0.12455&mode=iPhoneApp&locale=en_US HTTP/1.1" 200 - "-" "Tales2Go/3.2.0 CFNetwork/609 Darwin/13.0.0"
72.209.216.3 - - [06/Jan/2013:17:05:56 -0800] "GET /PostUsage.php?uid=4492&sid=66&fid=1840&eid=3355&completed=76936&timezone=+0000&tlt=865&version=4.0.12455&mode=iPhoneApp&locale=en_US HTTP/1.1" 200 - "-" "Tales2Go%20-%20Old%20Version/2.2.12455 CFNetwork/609 Darwin/13.0.0"
72.209.216.3 - - [06/Jan/2013:17:05:56 -0800] "GET /FeedDisplay.php?archived&mode=iPhoneApp&fid=1283&episode_id=1968&nfid=2669&uid=4492&version=2.2.12455 HTTP/1.1" 200 8568 "-" "Mozilla/5.0 (iPhone; CPU iPhone OS 6_0_1 like Mac OS X) AppleWebKit/536.26 (KHTML, like Gecko) Mobile/10A523"
74.127.122.140 - - [06/Jan/2013:17:05:57 -0800] "GET /FeedDisplay.php?archived&mode=iPhoneApp&fid=1394&episode_id=2304&nfid=60&uid=18411&version=3.2.0 HTTP/1.1" 200 8529 "-" "Mozilla/5.0 (iPhone; CPU iPhone OS 6_0_1 like Mac OS X) AppleWebKit/536.26 (KHTML, like Gecko) Mobile/10A523"
72.209.216.3 - - [06/Jan/2013:17:06:04 -0800] "GET /GetAd.php?sid=66&timeSinceLastAd=872&previousFeedId=1283&nextFeedId=2669&tlt=872&tlf=1&uid=4492&version=4.0.12455&mode=iPhoneApp&locale=en_US HTTP/1.1" 200 22 "-" "Tales2Go%20-%20Old%20Version/2.2.12455 CFNetwork/609 Darwin/13.0.0"
63.131.193.224 - - [06/Jan/2013:17:06:04 -0800] "GET /StartupChecks.php?startup&uid=6426&version=4.0.12455&mode=iPhoneApp&locale=en_US HTTP/1.1" 200 289 "-" "Tales2Go/3.2.0 CFNetwork/609 Darwin/13.0.0"
63.131.193.224 - - [06/Jan/2013:17:06:05 -0800] "GET /LoadUserFromID.php?markStartup&id=6426&udid=28:E7:CF:55:77:FE&version=4.0.12455&mode=iPhoneApp&locale=en_US HTTP/1.1" 200 248 "-" "Tales2Go/3.2.0 CFNetwork/609 Darwin/13.0.0"
63.131.193.224 - - [06/Jan/2013:17:06:06 -0800] "GET /GetContentStationList.php?uid=6426&version=4.0.12455&mode=iPhoneApp&locale=en_US HTTP/1.1" 200 6486 "-" "Tales2Go/3.2.0 CFNetwork/609 Darwin/13.0.0"
63.131.193.224 - - [06/Jan/2013:17:06:06 -0800] "GET /GetStationListFC.php?uid=6426&version=4.0.12455&mode=iPhoneApp&locale=en_US HTTP/1.1" 200 16492 "-" "Tales2Go/3.2.0 CFNetwork/609 Darwin/13.0.0"
74.127.122.140 - - [06/Jan/2013:17:06:09 -0800] "GET /GetAd.php?sid=1&timeSinceLastAd=6046&previousFeedId=1394&nextFeedId=1403&newStation&tlt=6046&tlf=0&uid=18411&version=4.0.12455&mode=iPhoneApp&locale=en_US HTTP/1.1" 200 22 "-" "Tales2Go/3.2.0 CFNetwork/609 Darwin/13.0.0"
74.127.122.140 - - [06/Jan/2013:17:06:10 -0800] "GET /PostUsage.php?uid=18411&sid=1&fid=1394&eid=2304&completed=11024&timezone=+0000&tlt=6046&version=4.0.12455&mode=iPhoneApp&locale=en_US HTTP/1.1" 200 - "-" "Tales2Go/3.2.0 CFNetwork/609 Darwin/13.0.0"
74.127.122.140 - - [06/Jan/2013:17:06:10 -0800] "GET /FeedDisplay.php?archived&mode=iPhoneApp&fid=1403&episode_id=2313&nfid=1394&uid=18411&version=3.2.0 HTTP/1.1" 200 8512 "-" "Mozilla/5.0 (iPhone; CPU iPhone OS 6_0_1 like Mac OS X) AppleWebKit/536.26 (KHTML, like Gecko) Mobile/10A523"
99.149.176.146 - - [06/Jan/2013:17:06:12 -0800] "GET /Search.php?uid=5341&term=Percy%20Jackson%20and%20the%20lighting%20thief&s=0&c=20&version=4.0.12455&mode=iPhoneApp&locale=en_US HTTP/1.1" 200 18129 "-" "Tales2Go/3.2.0 CFNetwork/609 Darwin/13.0.0"
74.127.122.140 - - [06/Jan/2013:17:06:20 -0800] "GET /GetAd.php?sid=1&timeSinceLastAd=6054&previousFeedId=1403&nextFeedId=1394&newStation&tlt=6054&tlf=0&uid=18411&version=4.0.12455&mode=iPhoneApp&locale=en_US HTTP/1.1" 200 22 "-" "Tales2Go/3.2.0 CFNetwork/609 Darwin/13.0.0"
74.127.122.140 - - [06/Jan/2013:17:06:21 -0800] "GET /PostUsage.php?uid=18411&sid=1&fid=1403&eid=2313&completed=9017&timezone=+0000&tlt=6054&version=4.0.12455&mode=iPhoneApp&locale=en_US HTTP/1.1" 200 - "-" "Tales2Go/3.2.0 CFNetwork/609 Darwin/13.0.0"
74.127.122.140 - - [06/Jan/2013:17:06:21 -0800] "GET /FeedDisplay.php?archived&mode=iPhoneApp&fid=1394&episode_id=2304&nfid=60&uid=18411&version=3.2.0 HTTP/1.1" 200 8529 "-" "Mozilla/5.0 (iPhone; CPU iPhone OS 6_0_1 like Mac OS X) AppleWebKit/536.26 (KHTML, like Gecko) Mobile/10A523"
99.149.176.146 - - [06/Jan/2013:17:06:25 -0800] "GET /Search.php?uid=5341&term=39%20clues&s=0&c=20&version=4.0.12455&mode=iPhoneApp&locale=en_US HTTP/1.1" 200 23957 "-" "Tales2Go/3.2.0 CFNetwork/609 Darwin/13.0.0"
99.149.176.146 - - [06/Jan/2013:17:06:30 -0800] "GET /FeedDisplay.php?archived&mode=iPhoneApp&fid=1556&episode_id=2989&nfid=0&uid=5341&version=3.2.0 HTTP/1.1" 200 9335 "-" "Mozilla/5.0 (iPod; CPU iPhone OS 6_0 like Mac OS X) AppleWebKit/536.26 (KHTML, like Gecko) Mobile/10A403"
99.149.176.146 - - [06/Jan/2013:17:06:33 -0800] "GET /PostUsage.php?uid=5341&sid=0&fid=1556&eid=2989&completed=3287&timezone=+0000&tlt=0&version=4.0.12455&mode=iPhoneApp&locale=en_US HTTP/1.1" 200 - "-" "Tales2Go/3.2.0 CFNetwork/609 Darwin/13.0.0"
99.149.176.146 - - [06/Jan/2013:17:06:34 -0800] "GET /FeedDisplay.php?archived&mode=iPhoneApp&fid=1557&episode_id=2993&nfid=0&uid=5341&version=3.2.0 HTTP/1.1" 200 9326 "-" "Mozilla/5.0 (iPod; CPU iPhone OS 6_0 like Mac OS X) AppleWebKit/536.26 (KHTML, like Gecko) Mobile/10A403"
99.149.176.146 - - [06/Jan/2013:17:06:40 -0800] "GET /GetBookmarkList.php?uid=5341&version=4.0.12455&mode=iPhoneApp&locale=en_US HTTP/1.1" 200 33714 "-" "Tales2Go/3.2.0 CFNetwork/609 Darwin/13.0.0"
99.149.176.146 - - [06/Jan/2013:17:06:43 -0800] "GET /PostUsage.php?uid=5341&sid=0&fid=1557&eid=2993&completed=8690&timezone=+0000&tlt=0&version=4.0.12455&mode=iPhoneApp&locale=en_US HTTP/1.1" 200 - "-" "Tales2Go/3.2.0 CFNetwork/609 Darwin/13.0.0"
99.149.176.146 - - [06/Jan/2013:17:06:44 -0800] "GET /FeedDisplay.php?archived&mode=iPhoneApp&fid=1557&episode_id=2995&nfid=0&uid=5341&version=3.2.0 HTTP/1.1" 200 9348 "-" "Mozilla/5.0 (iPod; CPU iPhone OS 6_0 like Mac OS X) AppleWebKit/536.26 (KHTML, like Gecko) Mobile/10A403"
99.149.176.146 - - [06/Jan/2013:17:06:46 -0800] "GET /GetAd.php?sid=0&timeSinceLastAd=3788&previousFeedId=1557&nextFeedId=0&tlt=3788&tlf=1&uid=5341&version=4.0.12455&mode=iPhoneApp&locale=en_US HTTP/1.1" 200 22 "-" "Tales2Go/3.2.0 CFNetwork/609 Darwin/13.0.0"
99.149.176.146 - - [06/Jan/2013:17:06:49 -0800] "GET /PostUsage.php?uid=5341&sid=0&fid=1557&eid=2995&completed=4444000&timezone=+0000&tlt=0&version=4.0.12455&mode=iPhoneApp&locale=en_US HTTP/1.1" 200 - "-" "Tales2Go/3.2.0 CFNetwork/609 Darwin/13.0.0"
99.149.176.146 - - [06/Jan/2013:17:06:50 -0800] "GET /FeedDisplay.php?archived&mode=iPhoneApp&fid=1557&episode_id=2996&nfid=0&uid=5341&version=3.2.0 HTTP/1.1" 200 9348 "-" "Mozilla/5.0 (iPod; CPU iPhone OS 6_0 like Mac OS X) AppleWebKit/536.26 (KHTML, like Gecko) Mobile/10A403"
75.0.14.146 - - [06/Jan/2013:17:06:51 -0800] "GET /GetAd.php?sid=498&timeSinceLastAd=863&previousFeedId=1505&nextFeedId=64&tlt=863&tlf=1&uid=32837&version=4.0.12455&mode=iPhoneApp&locale=en_US HTTP/1.1" 200 22 "-" "Tales2Go/3.2.0 CFNetwork/548.1.4 Darwin/11.0.0"
75.0.14.146 - - [06/Jan/2013:17:06:51 -0800] "GET /PostUsage.php?uid=32837&sid=498&fid=1505&eid=2833&completed=224159&timezone=+0000&tlt=863&version=4.0.12455&mode=iPhoneApp&locale=en_US HTTP/1.1" 200 - "-" "Tales2Go/3.2.0 CFNetwork/548.1.4 Darwin/11.0.0"
75.0.14.146 - - [06/Jan/2013:17:06:51 -0800] "GET /FeedDisplay.php?archived&mode=iPhoneApp&fid=64&episode_id=77&nfid=485&uid=32837&version=3.2.0 HTTP/1.1" 200 8532 "-" "Mozilla/5.0 (iPhone; CPU iPhone OS 5_1_1 like Mac OS X) AppleWebKit/534.46 (KHTML, like Gecko) Mobile/9B206"
75.0.14.146 - - [06/Jan/2013:17:06:55 -0800] "GET /GetAd.php?sid=498&timeSinceLastAd=866&previousFeedId=64&nextFeedId=485&tlt=866&tlf=2&uid=32837&version=4.0.12455&mode=iPhoneApp&locale=en_US HTTP/1.1" 200 22 "-" "Tales2Go/3.2.0 CFNetwork/548.1.4 Darwin/11.0.0"
75.0.14.146 - - [06/Jan/2013:17:07:00 -0800] "GET /GetAd.php?sid=498&timeSinceLastAd=869&previousFeedId=64&nextFeedId=1505&newStation&tlt=869&tlf=0&uid=32837&version=4.0.12455&mode=iPhoneApp&locale=en_US HTTP/1.1" 200 22 "-" "Tales2Go/3.2.0 CFNetwork/548.1.4 Darwin/11.0.0"
75.0.14.146 - - [06/Jan/2013:17:07:00 -0800] "GET /PostUsage.php?uid=32837&sid=498&fid=64&eid=77&completed=6126&timezone=+0000&tlt=869&version=4.0.12455&mode=iPhoneApp&locale=en_US HTTP/1.1" 200 - "-" "Tales2Go/3.2.0 CFNetwork/548.1.4 Darwin/11.0.0"
75.0.14.146 - - [06/Jan/2013:17:07:00 -0800] "GET /FeedDisplay.php?archived&mode=iPhoneApp&fid=1505&episode_id=2833&nfid=64&uid=32837&version=3.2.0 HTTP/1.1" 200 8644 "-" "Mozilla/5.0 (iPhone; CPU iPhone OS 5_1_1 like Mac OS X) AppleWebKit/534.46 (KHTML, like Gecko) Mobile/9B206"
75.0.14.146 - - [06/Jan/2013:17:07:00 -0800] "GET /GetAd.php?sid=498&timeSinceLastAd=869&previousFeedId=1505&nextFeedId=64&tlt=869&tlf=1&uid=32837&version=4.0.12455&mode=iPhoneApp&locale=en_US HTTP/1.1" 200 22 "-" "Tales2Go/3.2.0 CFNetwork/548.1.4 Darwin/11.0.0"
75.0.14.146 - - [06/Jan/2013:17:07:05 -0800] "GET /GetAd.php?sid=498&timeSinceLastAd=873&previousFeedId=1505&nextFeedId=64&tlt=873&tlf=1&uid=32837&version=4.0.12455&mode=iPhoneApp&locale=en_US HTTP/1.1" 200 22 "-" "Tales2Go/3.2.0 CFNetwork/548.1.4 Darwin/11.0.0"
75.0.14.146 - - [06/Jan/2013:17:07:05 -0800] "GET /PostUsage.php?skipped&uid=32837&sid=498&fid=1505&eid=2833&completed=4515&timezone=+0000&tlt=869&version=4.0.12455&mode=iPhoneApp&locale=en_US HTTP/1.1" 200 - "-" "Tales2Go/3.2.0 CFNetwork/548.1.4 Darwin/11.0.0"
75.0.14.146 - - [06/Jan/2013:17:07:05 -0800] "GET /FeedDisplay.php?archived&mode=iPhoneApp&fid=64&episode_id=77&nfid=485&uid=32837&version=3.2.0 HTTP/1.1" 200 8532 "-" "Mozilla/5.0 (iPhone; CPU iPhone OS 5_1_1 like Mac OS X) AppleWebKit/534.46 (KHTML, like Gecko) Mobile/9B206"
75.0.14.146 - - [06/Jan/2013:17:07:06 -0800] "GET /GetAd.php?sid=498&timeSinceLastAd=873&previousFeedId=64&nextFeedId=485&tlt=873&tlf=2&uid=32837&version=4.0.12455&mode=iPhoneApp&locale=en_US HTTP/1.1" 200 22 "-" "Tales2Go/3.2.0 CFNetwork/548.1.4 Darwin/11.0.0"
99.149.176.146 - - [06/Jan/2013:17:07:07 -0800] "GET /GetAd.php?sid=0&timeSinceLastAd=4165&previousFeedId=1557&nextFeedId=0&tlt=4165&tlf=2&uid=5341&version=4.0.12455&mode=iPhoneApp&locale=en_US HTTP/1.1" 200 22 "-" "Tales2Go/3.2.0 CFNetwork/609 Darwin/13.0.0"
75.0.14.146 - - [06/Jan/2013:17:07:09 -0800] "GET /GetAd.php?sid=498&timeSinceLastAd=874&previousFeedId=64&nextFeedId=1505&newStation&tlt=874&tlf=0&uid=32837&version=4.0.12455&mode=iPhoneApp&locale=en_US HTTP/1.1" 200 22 "-" "Tales2Go/3.2.0 CFNetwork/548.1.4 Darwin/11.0.0"
75.0.14.146 - - [06/Jan/2013:17:07:09 -0800] "GET /FeedDisplay.php?archived&mode=iPhoneApp&fid=1505&episode_id=2833&nfid=64&uid=32837&version=3.2.0 HTTP/1.1" 200 8644 "-" "Mozilla/5.0 (iPhone; CPU iPhone OS 5_1_1 like Mac OS X) AppleWebKit/534.46 (KHTML, like Gecko) Mobile/9B206"
75.0.14.146 - - [06/Jan/2013:17:07:10 -0800] "GET /PostUsage.php?uid=32837&sid=498&fid=64&eid=77&completed=1049&timezone=+0000&tlt=874&version=4.0.12455&mode=iPhoneApp&locale=en_US HTTP/1.1" 200 - "-" "Tales2Go/3.2.0 CFNetwork/548.1.4 Darwin/11.0.0"
75.0.14.146 - - [06/Jan/2013:17:07:10 -0800] "GET /GetAd.php?sid=498&timeSinceLastAd=874&previousFeedId=1505&nextFeedId=64&tlt=874&tlf=1&uid=32837&version=4.0.12455&mode=iPhoneApp&locale=en_US HTTP/1.1" 200 22 "-" "Tales2Go/3.2.0 CFNetwork/548.1.4 Darwin/11.0.0"
74.127.122.140 - - [06/Jan/2013:17:07:12 -0800] "GET /GetAd.php?sid=1&timeSinceLastAd=6103&previousFeedId=1394&nextFeedId=270&newStation&tlt=6103&tlf=0&uid=18411&version=4.0.12455&mode=iPhoneApp&locale=en_US HTTP/1.1" 200 22 "-" "Tales2Go/3.2.0 CFNetwork/609 Darwin/13.0.0"
75.0.14.146 - - [06/Jan/2013:17:07:12 -0800] "GET /GetAd.php?sid=498&timeSinceLastAd=876&previousFeedId=1505&nextFeedId=374&newStation&tlt=876&tlf=0&uid=32837&version=4.0.12455&mode=iPhoneApp&locale=en_US HTTP/1.1" 200 22 "-" "Tales2Go/3.2.0 CFNetwork/548.1.4 Darwin/11.0.0"
75.0.14.146 - - [06/Jan/2013:17:07:12 -0800] "GET /PostUsage.php?uid=32837&sid=498&fid=1505&eid=2833&completed=2501&timezone=+0000&tlt=876&version=4.0.12455&mode=iPhoneApp&locale=en_US HTTP/1.1" 200 - "-" "Tales2Go/3.2.0 CFNetwork/548.1.4 Darwin/11.0.0"
75.0.14.146 - - [06/Jan/2013:17:07:12 -0800] "GET /FeedDisplay.php?archived&mode=iPhoneApp&fid=374&episode_id=817&nfid=1505&uid=32837&version=3.2.0 HTTP/1.1" 200 8633 "-" "Mozilla/5.0 (iPhone; CPU iPhone OS 5_1_1 like Mac OS X) AppleWebKit/534.46 (KHTML, like Gecko) Mobile/9B206"
74.127.122.140 - - [06/Jan/2013:17:07:12 -0800] "GET /PostUsage.php?uid=18411&sid=1&fid=1394&eid=2304&completed=49703&timezone=+0000&tlt=6103&version=4.0.12455&mode=iPhoneApp&locale=en_US HTTP/1.1" 200 - "-" "Tales2Go/3.2.0 CFNetwork/609 Darwin/13.0.0"
74.127.122.140 - - [06/Jan/2013:17:07:13 -0800] "GET /FeedDisplay.php?archived&mode=iPhoneApp&fid=270&episode_id=375&nfid=48&uid=18411&version=3.2.0 HTTP/1.1" 200 8460 "-" "Mozilla/5.0 (iPhone; CPU iPhone OS 6_0_1 like Mac OS X) AppleWebKit/536.26 (KHTML, like Gecko) Mobile/10A523"
74.127.122.140 - - [06/Jan/2013:17:07:15 -0800] "GET /GetAd.php?sid=1&timeSinceLastAd=6103&previousFeedId=270&nextFeedId=48&newStation&tlt=6103&tlf=0&uid=18411&version=4.0.12455&mode=iPhoneApp&locale=en_US HTTP/1.1" 200 22 "-" "Tales2Go/3.2.0 CFNetwork/609 Darwin/13.0.0"
74.127.122.140 - - [06/Jan/2013:17:07:16 -0800] "GET /PostUsage.php?uid=18411&sid=1&fid=270&eid=375&completed=1031&timezone=+0000&tlt=6103&version=4.0.12455&mode=iPhoneApp&locale=en_US HTTP/1.1" 200 - "-" "Tales2Go/3.2.0 CFNetwork/609 Darwin/13.0.0"
74.127.122.140 - - [06/Jan/2013:17:07:16 -0800] "GET /FeedDisplay.php?archived&mode=iPhoneApp&fid=48&episode_id=61&nfid=107&uid=18411&version=3.2.0 HTTP/1.1" 200 8561 "-" "Mozilla/5.0 (iPhone; CPU iPhone OS 6_0_1 like Mac OS X) AppleWebKit/536.26 (KHTML, like Gecko) Mobile/10A523"
75.0.14.146 - - [06/Jan/2013:17:07:17 -0800] "GET /GetAd.php?sid=498&timeSinceLastAd=879&previousFeedId=374&nextFeedId=15&newStation&tlt=879&tlf=0&uid=32837&version=4.0.12455&mode=iPhoneApp&locale=en_US HTTP/1.1" 200 22 "-" "Tales2Go/3.2.0 CFNetwork/548.1.4 Darwin/11.0.0"
75.0.14.146 - - [06/Jan/2013:17:07:17 -0800] "GET /PostUsage.php?uid=32837&sid=498&fid=374&eid=817&completed=3561&timezone=+0000&tlt=879&version=4.0.12455&mode=iPhoneApp&locale=en_US HTTP/1.1" 200 - "-" "Tales2Go/3.2.0 CFNetwork/548.1.4 Darwin/11.0.0"
75.0.14.146 - - [06/Jan/2013:17:07:17 -0800] "GET /FeedDisplay.php?archived&mode=iPhoneApp&fid=15&episode_id=33&nfid=374&uid=32837&version=3.2.0 HTTP/1.1" 200 8593 "-" "Mozilla/5.0 (iPhone; CPU iPhone OS 5_1_1 like Mac OS X) AppleWebKit/534.46 (KHTML, like Gecko) Mobile/9B206"
74.127.122.140 - - [06/Jan/2013:17:07:22 -0800] "GET /PostUsage.php?skipped&uid=18411&sid=1&fid=48&eid=61&completed=4195&timezone=+0000&tlt=6103&version=4.0.12455&mode=iPhoneApp&locale=en_US HTTP/1.1" 200 - "-" "Tales2Go/3.2.0 CFNetwork/609 Darwin/13.0.0"
74.127.122.140 - - [06/Jan/2013:17:07:22 -0800] "GET /GetAd.php?sid=1&timeSinceLastAd=6107&previousFeedId=48&nextFeedId=107&tlt=6107&tlf=1&uid=18411&version=4.0.12455&mode=iPhoneApp&locale=en_US HTTP/1.1" 200 22 "-" "Tales2Go/3.2.0 CFNetwork/609 Darwin/13.0.0"
75.0.14.146 - - [06/Jan/2013:17:07:23 -0800] "GET /GetAd.php?sid=498&timeSinceLastAd=883&previousFeedId=15&nextFeedId=59&newStation&tlt=883&tlf=0&uid=32837&version=4.0.12455&mode=iPhoneApp&locale=en_US HTTP/1.1" 200 22 "-" "Tales2Go/3.2.0 CFNetwork/548.1.4 Darwin/11.0.0"
74.127.122.140 - - [06/Jan/2013:17:07:23 -0800] "GET /FeedDisplay.php?archived&mode=iPhoneApp&fid=107&episode_id=267&nfid=55&uid=18411&version=3.2.0 HTTP/1.1" 200 8499 "-" "Mozilla/5.0 (iPhone; CPU iPhone OS 6_0_1 like Mac OS X) AppleWebKit/536.26 (KHTML, like Gecko) Mobile/10A523"
75.0.14.146 - - [06/Jan/2013:17:07:23 -0800] "GET /FeedDisplay.php?archived&mode=iPhoneApp&fid=59&episode_id=71&nfid=15&uid=32837&version=3.2.0 HTTP/1.1" 200 8532 "-" "Mozilla/5.0 (iPhone; CPU iPhone OS 5_1_1 like Mac OS X) AppleWebKit/534.46 (KHTML, like Gecko) Mobile/9B206"
75.0.14.146 - - [06/Jan/2013:17:07:23 -0800] "GET /PostUsage.php?uid=32837&sid=498&fid=15&eid=33&completed=4968&timezone=+0000&tlt=883&version=4.0.12455&mode=iPhoneApp&locale=en_US HTTP/1.1" 200 - "-" "Tales2Go/3.2.0 CFNetwork/548.1.4 Darwin/11.0.0"
75.0.14.146 - - [06/Jan/2013:17:07:26 -0800] "GET /GetAd.php?sid=498&timeSinceLastAd=885&previousFeedId=59&nextFeedId=399&newStation&tlt=885&tlf=0&uid=32837&version=4.0.12455&mode=iPhoneApp&locale=en_US HTTP/1.1" 200 22 "-" "Tales2Go/3.2.0 CFNetwork/548.1.4 Darwin/11.0.0"
75.0.14.146 - - [06/Jan/2013:17:07:27 -0800] "GET /FeedDisplay.php?archived&mode=iPhoneApp&fid=399&episode_id=658&nfid=59&uid=32837&version=3.2.0 HTTP/1.1" 200 8500 "-" "Mozilla/5.0 (iPhone; CPU iPhone OS 5_1_1 like Mac OS X) AppleWebKit/534.46 (KHTML, like Gecko) Mobile/9B206"
75.0.14.146 - - [06/Jan/2013:17:07:27 -0800] "GET /PostUsage.php?uid=32837&sid=498&fid=59&eid=71&completed=2842&timezone=+0000&tlt=885&version=4.0.12455&mode=iPhoneApp&locale=en_US HTTP/1.1" 200 - "-" "Tales2Go/3.2.0 CFNetwork/548.1.4 Darwin/11.0.0"
75.0.14.146 - - [06/Jan/2013:17:07:31 -0800] "GET /GetAd.php?sid=498&timeSinceLastAd=888&previousFeedId=399&nextFeedId=152&newStation&tlt=888&tlf=0&uid=32837&version=4.0.12455&mode=iPhoneApp&locale=en_US HTTP/1.1" 200 22 "-" "Tales2Go/3.2.0 CFNetwork/548.1.4 Darwin/11.0.0"
74.127.122.140 - - [06/Jan/2013:17:07:32 -0800] "GET /GetAd.php?sid=1&timeSinceLastAd=6113&previousFeedId=107&nextFeedId=48&newStation&tlt=6113&tlf=0&uid=18411&version=4.0.12455&mode=iPhoneApp&locale=en_US HTTP/1.1" 200 22 "-" "Tales2Go/3.2.0 CFNetwork/609 Darwin/13.0.0"
75.0.14.146 - - [06/Jan/2013:17:07:32 -0800] "GET /PostUsage.php?uid=32837&sid=498&fid=399&eid=658&completed=3723&timezone=+0000&tlt=888&version=4.0.12455&mode=iPhoneApp&locale=en_US HTTP/1.1" 200 - "-" "Tales2Go/3.2.0 CFNetwork/548.1.4 Darwin/11.0.0"
75.0.14.146 - - [06/Jan/2013:17:07:32 -0800] "GET /FeedDisplay.php?archived&mode=iPhoneApp&fid=152&episode_id=169&nfid=399&uid=32837&version=3.2.0 HTTP/1.1" 200 8590 "-" "Mozilla/5.0 (iPhone; CPU iPhone OS 5_1_1 like Mac OS X) AppleWebKit/534.46 (KHTML, like Gecko) Mobile/9B206"
74.127.122.140 - - [06/Jan/2013:17:07:32 -0800] "GET /PostUsage.php?uid=18411&sid=1&fid=107&eid=267&completed=7507&timezone=+0000&tlt=6113&version=4.0.12455&mode=iPhoneApp&locale=en_US HTTP/1.1" 200 - "-" "Tales2Go/3.2.0 CFNetwork/609 Darwin/13.0.0"
74.127.122.140 - - [06/Jan/2013:17:07:33 -0800] "GET /FeedDisplay.php?archived&mode=iPhoneApp&fid=48&episode_id=61&nfid=107&uid=18411&version=3.2.0 HTTP/1.1" 200 8561 "-" "Mozilla/5.0 (iPhone; CPU iPhone OS 6_0_1 like Mac OS X) AppleWebKit/536.26 (KHTML, like Gecko) Mobile/10A523"
75.0.14.146 - - [06/Jan/2013:17:07:38 -0800] "GET /GetAd.php?sid=498&timeSinceLastAd=893&previousFeedId=152&nextFeedId=399&tlt=893&tlf=1&uid=32837&version=4.0.12455&mode=iPhoneApp&locale=en_US HTTP/1.1" 200 22 "-" "Tales2Go/3.2.0 CFNetwork/548.1.4 Darwin/11.0.0"
72.209.216.3 - - [06/Jan/2013:17:07:55 -0800] "GET /GetAd.php?sid=66&timeSinceLastAd=982&previousFeedId=1283&nextFeedId=1443&newStation&tlt=982&tlf=0&uid=4492&version=4.0.12455&mode=iPhoneApp&locale=en_US HTTP/1.1" 200 22 "-" "Tales2Go%20-%20Old%20Version/2.2.12455 CFNetwork/609 Darwin/13.0.0"
72.209.216.3 - - [06/Jan/2013:17:07:55 -0800] "GET /PostUsage.php?uid=4492&sid=66&fid=1283&eid=1968&completed=117923&timezone=+0000&tlt=982&version=4.0.12455&mode=iPhoneApp&locale=en_US HTTP/1.1" 200 - "-" "Tales2Go%20-%20Old%20Version/2.2.12455 CFNetwork/609 Darwin/13.0.0"
72.209.216.3 - - [06/Jan/2013:17:07:55 -0800] "GET /FeedDisplay.php?archived&mode=iPhoneApp&fid=1443&episode_id=2518&nfid=1094&uid=4492&version=2.2.12455 HTTP/1.1" 200 9049 "-" "Mozilla/5.0 (iPhone; CPU iPhone OS 6_0_1 like Mac OS X) AppleWebKit/536.26 (KHTML, like Gecko) Mobile/10A523"
66.66.85.111 - - [06/Jan/2013:17:08:00 -0800] "GET /StartupChecks.php?startup&uid=32180&version=4.0.12455&mode=iPhoneApp&locale=en_US HTTP/1.1" 200 289 "-" "Tales2Go/3.2.0 CFNetwork/609 Darwin/13.0.0"
66.66.85.111 - - [06/Jan/2013:17:08:00 -0800] "GET /LoadUserFromID.php?markStartup&id=32180&udid=10:40:F3:B8:61:E7&version=4.0.12455&mode=iPhoneApp&locale=en_US HTTP/1.1" 200 263 "-" "Tales2Go/3.2.0 CFNetwork/609 Darwin/13.0.0"
66.66.85.111 - - [06/Jan/2013:17:08:01 -0800] "GET /GetContentStationList.php?uid=32180&version=4.0.12455&mode=iPhoneApp&locale=en_US HTTP/1.1" 200 6486 "-" "Tales2Go/3.2.0 CFNetwork/609 Darwin/13.0.0"
66.66.85.111 - - [06/Jan/2013:17:08:01 -0800] "GET /GetStationListFC.php?uid=32180&version=4.0.12455&mode=iPhoneApp&locale=en_US HTTP/1.1" 200 256 "-" "Tales2Go/3.2.0 CFNetwork/609 Darwin/13.0.0"
75.0.14.146 - - [06/Jan/2013:17:08:02 -0800] "GET /GetAd.php?sid=498&timeSinceLastAd=916&previousFeedId=152&nextFeedId=277&newStation&tlt=916&tlf=0&uid=32837&version=4.0.12455&mode=iPhoneApp&locale=en_US HTTP/1.1" 200 22 "-" "Tales2Go/3.2.0 CFNetwork/548.1.4 Darwin/11.0.0"
75.0.14.146 - - [06/Jan/2013:17:08:02 -0800] "GET /PostUsage.php?uid=32837&sid=498&fid=152&eid=169&completed=29168&timezone=+0000&tlt=916&version=4.0.12455&mode=iPhoneApp&locale=en_US HTTP/1.1" 200 - "-" "Tales2Go/3.2.0 CFNetwork/548.1.4 Darwin/11.0.0"
75.0.14.146 - - [06/Jan/2013:17:08:02 -0800] "GET /FeedDisplay.php?archived&mode=iPhoneApp&fid=277&episode_id=406&nfid=1340&uid=32837&version=3.2.0 HTTP/1.1" 200 8519 "-" "Mozilla/5.0 (iPhone; CPU iPhone OS 5_1_1 like Mac OS X) AppleWebKit/534.46 (KHTML, like Gecko) Mobile/9B206"
72.209.216.3 - - [06/Jan/2013:17:08:03 -0800] "GET /GetAd.php?sid=66&timeSinceLastAd=989&previousFeedId=1443&nextFeedId=1094&tlt=989&tlf=1&uid=4492&version=4.0.12455&mode=iPhoneApp&locale=en_US HTTP/1.1" 200 22 "-" "Tales2Go%20-%20Old%20Version/2.2.12455 CFNetwork/609 Darwin/13.0.0"
75.0.14.146 - - [06/Jan/2013:17:08:05 -0800] "GET /GetAd.php?sid=498&timeSinceLastAd=917&previousFeedId=277&nextFeedId=855&newStation&tlt=917&tlf=0&uid=32837&version=4.0.12455&mode=iPhoneApp&locale=en_US HTTP/1.1" 200 22 "-" "Tales2Go/3.2.0 CFNetwork/548.1.4 Darwin/11.0.0"
66.66.85.111 - - [06/Jan/2013:17:08:05 -0800] "GET /GetStationPlayList.php?s=0&c=9&uid=32180&sid=498&endFeed=0&version=4.0.12455&mode=iPhoneApp&locale=en_US HTTP/1.1" 200 6386 "-" "Tales2Go/3.2.0 CFNetwork/609 Darwin/13.0.0"
75.0.14.146 - - [06/Jan/2013:17:08:05 -0800] "GET /FeedDisplay.php?archived&mode=iPhoneApp&fid=855&episode_id=1099&nfid=1320&uid=32837&version=3.2.0 HTTP/1.1" 200 8560 "-" "Mozilla/5.0 (iPhone; CPU iPhone OS 5_1_1 like Mac OS X) AppleWebKit/534.46 (KHTML, like Gecko) Mobile/9B206"
75.0.14.146 - - [06/Jan/2013:17:08:05 -0800] "GET /PostUsage.php?uid=32837&sid=498&fid=277&eid=406&completed=2053&timezone=+0000&tlt=917&version=4.0.12455&mode=iPhoneApp&locale=en_US HTTP/1.1" 200 - "-" "Tales2Go/3.2.0 CFNetwork/548.1.4 Darwin/11.0.0"
66.66.85.111 - - [06/Jan/2013:17:08:07 -0800] "GET /FeedDisplay.php?archived&mode=iPhoneApp&fid=152&episode_id=169&nfid=277&uid=32180&version=3.2.0 HTTP/1.1" 200 8590 "-" "Mozilla/5.0 (iPhone; CPU iPhone OS 6_0_1 like Mac OS X) AppleWebKit/536.26 (KHTML, like Gecko) Mobile/10A523"
50.138.216.242 - - [06/Jan/2013:17:08:08 -0800] "GET /GetStationPlayList.php?s=0&c=9&uid=25679&sid=364&endFeed=0&version=4.0.12455&mode=iPhoneApp&locale=en_US HTTP/1.1" 200 4512 "-" "Tales2Go/3.2.0 CFNetwork/548.0.4 Darwin/11.0.0"
75.0.14.146 - - [06/Jan/2013:17:08:09 -0800] "GET /GetAd.php?sid=498&timeSinceLastAd=919&previousFeedId=855&nextFeedId=1340&newStation&tlt=919&tlf=0&uid=32837&version=4.0.12455&mode=iPhoneApp&locale=en_US HTTP/1.1" 200 22 "-" "Tales2Go/3.2.0 CFNetwork/548.1.4 Darwin/11.0.0"
75.0.14.146 - - [06/Jan/2013:17:08:09 -0800] "GET /PostUsage.php?uid=32837&sid=498&fid=855&eid=1099&completed=2672&timezone=+0000&tlt=919&version=4.0.12455&mode=iPhoneApp&locale=en_US HTTP/1.1" 200 - "-" "Tales2Go/3.2.0 CFNetwork/548.1.4 Darwin/11.0.0"
75.0.14.146 - - [06/Jan/2013:17:08:09 -0800] "GET /FeedDisplay.php?archived&mode=iPhoneApp&fid=1340&episode_id=1929&nfid=855&uid=32837&version=3.2.0 HTTP/1.1" 200 8624 "-" "Mozilla/5.0 (iPhone; CPU iPhone OS 5_1_1 like Mac OS X) AppleWebKit/534.46 (KHTML, like Gecko) Mobile/9B206"
66.66.85.111 - - [06/Jan/2013:17:08:11 -0800] "GET /GetAd.php?sid=498&timeSinceLastAd=3&previousFeedId=152&nextFeedId=277&tlt=3&tlf=1&uid=32180&version=4.0.12455&mode=iPhoneApp&locale=en_US HTTP/1.1" 200 22 "-" "Tales2Go/3.2.0 CFNetwork/609 Darwin/13.0.0"
75.0.14.146 - - [06/Jan/2013:17:08:13 -0800] "GET /GetAd.php?sid=498&timeSinceLastAd=921&previousFeedId=1340&nextFeedId=855&newStation&tlt=921&tlf=0&uid=32837&version=4.0.12455&mode=iPhoneApp&locale=en_US HTTP/1.1" 200 22 "-" "Tales2Go/3.2.0 CFNetwork/548.1.4 Darwin/11.0.0"
74.127.122.140 - - [06/Jan/2013:17:08:13 -0800] "GET /GetAd.php?sid=1&timeSinceLastAd=6149&previousFeedId=48&nextFeedId=107&tlt=6149&tlf=1&uid=18411&version=4.0.12455&mode=iPhoneApp&locale=en_US HTTP/1.1" 200 22 "-" "Tales2Go/3.2.0 CFNetwork/609 Darwin/13.0.0"
75.0.14.146 - - [06/Jan/2013:17:08:13 -0800] "GET /FeedDisplay.php?archived&mode=iPhoneApp&fid=855&episode_id=1099&nfid=1320&uid=32837&version=3.2.0 HTTP/1.1" 200 8560 "-" "Mozilla/5.0 (iPhone; CPU iPhone OS 5_1_1 like Mac OS X) AppleWebKit/534.46 (KHTML, like Gecko) Mobile/9B206"
75.0.14.146 - - [06/Jan/2013:17:08:13 -0800] "GET /PostUsage.php?uid=32837&sid=498&fid=1340&eid=1929&completed=2724&timezone=+0000&tlt=921&version=4.0.12455&mode=iPhoneApp&locale=en_US HTTP/1.1" 200 - "-" "Tales2Go/3.2.0 CFNetwork/548.1.4 Darwin/11.0.0"
50.138.216.242 - - [06/Jan/2013:17:08:15 -0800] "GET /GetStationPlayList.php?s=0&c=9&uid=25679&sid=109&endFeed=0&version=4.0.12455&mode=iPhoneApp&locale=en_US HTTP/1.1" 200 3033 "-" "Tales2Go/3.2.0 CFNetwork/548.0.4 Darwin/11.0.0"
75.0.14.146 - - [06/Jan/2013:17:08:16 -0800] "GET /GetAd.php?sid=498&timeSinceLastAd=922&previousFeedId=855&nextFeedId=1320&newStation&tlt=922&tlf=0&uid=32837&version=4.0.12455&mode=iPhoneApp&locale=en_US HTTP/1.1" 200 22 "-" "Tales2Go/3.2.0 CFNetwork/548.1.4 Darwin/11.0.0"
75.0.14.146 - - [06/Jan/2013:17:08:16 -0800] "GET /FeedDisplay.php?archived&mode=iPhoneApp&fid=1320&episode_id=2234&nfid=0&uid=32837&version=3.2.0 HTTP/1.1" 200 8576 "-" "Mozilla/5.0 (iPhone; CPU iPhone OS 5_1_1 like Mac OS X) AppleWebKit/534.46 (KHTML, like Gecko) Mobile/9B206"
75.0.14.146 - - [06/Jan/2013:17:08:16 -0800] "GET /PostUsage.php?uid=32837&sid=498&fid=855&eid=1099&completed=2117&timezone=+0000&tlt=922&version=4.0.12455&mode=iPhoneApp&locale=en_US HTTP/1.1" 200 - "-" "Tales2Go/3.2.0 CFNetwork/548.1.4 Darwin/11.0.0"
75.0.14.146 - - [06/Jan/2013:17:08:19 -0800] "GET /GetAd.php?sid=498&timeSinceLastAd=923&previousFeedId=1320&nextFeedId=0&tlt=923&tlf=1&uid=32837&version=4.0.12455&mode=iPhoneApp&locale=en_US HTTP/1.1" 200 22 "-" "Tales2Go/3.2.0 CFNetwork/548.1.4 Darwin/11.0.0"
50.138.216.242 - - [06/Jan/2013:17:08:32 -0800] "GET /GetStationPlayList.php?s=0&c=9&uid=25679&sid=471&endFeed=0&version=4.0.12455&mode=iPhoneApp&locale=en_US HTTP/1.1" 200 4970 "-" "Tales2Go/3.2.0 CFNetwork/548.0.4 Darwin/11.0.0"
207.138.192.26 - - [06/Jan/2013:17:08:32 -0800] "GET /GetAd.php?sid=1&timeSinceLastAd=14273&previousFeedId=965&nextFeedId=1538&tlt=14273&tlf=2&uid=37441&version=4.0.12455&mode=iPhoneApp&locale=en_US HTTP/1.1" 200 22 "-" "Tales2Go/3.2.0 CFNetwork/609 Darwin/13.0.0"
207.138.192.26 - - [06/Jan/2013:17:08:32 -0800] "GET /PostUsage.php?uid=37441&sid=1&fid=965&eid=1458&completed=337792&timezone=+0000&tlt=14273&version=4.0.12455&mode=iPhoneApp&locale=en_US HTTP/1.1" 200 - "-" "Tales2Go/3.2.0 CFNetwork/609 Darwin/13.0.0"
207.138.192.26 - - [06/Jan/2013:17:08:32 -0800] "GET /FeedDisplay.php?archived&mode=iPhoneApp&fid=1538&episode_id=3019&nfid=955&uid=37441&version=3.2.0 HTTP/1.1" 200 9007 "-" "Mozilla/5.0 (iPhone; CPU iPhone OS 6_0_1 like Mac OS X) AppleWebKit/536.26 (KHTML, like Gecko) Mobile/10A523"
50.138.216.242 - - [06/Jan/2013:17:08:34 -0800] "GET /GetStationPlayList.php?s=0&c=9&uid=25679&sid=108&endFeed=0&version=4.0.12455&mode=iPhoneApp&locale=en_US HTTP/1.1" 200 2115 "-" "Tales2Go/3.2.0 CFNetwork/548.0.4 Darwin/11.0.0"
207.138.192.26 - - [06/Jan/2013:17:08:35 -0800] "GET /GetAd.php?sid=1&timeSinceLastAd=14275&previousFeedId=1538&nextFeedId=964&tlt=14275&tlf=3&uid=37441&version=4.0.12455&mode=iPhoneApp&locale=en_US HTTP/1.1" 200 22 "-" "Tales2Go/3.2.0 CFNetwork/609 Darwin/13.0.0"
207.138.192.26 - - [06/Jan/2013:17:08:36 -0800] "GET /PostUsage.php?uid=37441&sid=1&fid=1538&eid=3019&completed=2933&timezone=+0000&tlt=14275&version=4.0.12455&mode=iPhoneApp&locale=en_US HTTP/1.1" 200 - "-" "Tales2Go/3.2.0 CFNetwork/609 Darwin/13.0.0"
207.138.192.26 - - [06/Jan/2013:17:08:36 -0800] "GET /FeedDisplay.php?archived&mode=iPhoneApp&fid=964&episode_id=1457&nfid=956&uid=37441&version=3.2.0 HTTP/1.1" 200 8534 "-" "Mozilla/5.0 (iPhone; CPU iPhone OS 6_0_1 like Mac OS X) AppleWebKit/536.26 (KHTML, like Gecko) Mobile/10A523"
50.138.216.242 - - [06/Jan/2013:17:08:38 -0800] "GET /GetAd.php?sid=108&timeSinceLastAd=2378&previousFeedId=718&nextFeedId=767&newStation&tlt=2378&tlf=0&uid=25679&version=4.0.12455&mode=iPhoneApp&locale=en_US HTTP/1.1" 200 22 "-" "Tales2Go/3.2.0 CFNetwork/548.0.4 Darwin/11.0.0"
50.138.216.242 - - [06/Jan/2013:17:08:39 -0800] "GET /PostUsage.php?uid=25679&sid=110&fid=718&eid=1005&completed=2378416&timezone=+0000&tlt=2378&version=4.0.12455&mode=iPhoneApp&locale=en_US HTTP/1.1" 200 - "-" "Tales2Go/3.2.0 CFNetwork/548.0.4 Darwin/11.0.0"
207.138.192.26 - - [06/Jan/2013:17:08:39 -0800] "GET /GetAd.php?sid=1&timeSinceLastAd=14277&previousFeedId=964&nextFeedId=965&tlt=14277&tlf=4&uid=37441&version=4.0.12455&mode=iPhoneApp&locale=en_US HTTP/1.1" 200 22 "-" "Tales2Go/3.2.0 CFNetwork/609 Darwin/13.0.0"
50.138.216.242 - - [06/Jan/2013:17:08:39 -0800] "GET /FeedDisplay.php?archived&mode=iPhoneApp&fid=767&episode_id=1034&nfid=0&uid=25679&version=3.2.0 HTTP/1.1" 200 9052 "-" "Mozilla/5.0 (iPhone; CPU iPhone OS 5_0_1 like Mac OS X) AppleWebKit/534.46 (KHTML, like Gecko) Mobile/9A405"
207.138.192.26 - - [06/Jan/2013:17:08:40 -0800] "GET /PostUsage.php?uid=37441&sid=1&fid=964&eid=1457&completed=3074&timezone=+0000&tlt=14277&version=4.0.12455&mode=iPhoneApp&locale=en_US HTTP/1.1" 200 - "-" "Tales2Go/3.2.0 CFNetwork/609 Darwin/13.0.0"
207.138.192.26 - - [06/Jan/2013:17:08:40 -0800] "GET /FeedDisplay.php?archived&mode=iPhoneApp&fid=965&episode_id=1458&nfid=964&uid=37441&version=3.2.0 HTTP/1.1" 200 8569 "-" "Mozilla/5.0 (iPhone; CPU iPhone OS 6_0_1 like Mac OS X) AppleWebKit/536.26 (KHTML, like Gecko) Mobile/10A523"
50.138.216.242 - - [06/Jan/2013:17:08:46 -0800] "GET /GetAd.php?sid=108&timeSinceLastAd=2383&previousFeedId=767&nextFeedId=0&tlt=2383&tlf=1&uid=25679&version=4.0.12455&mode=iPhoneApp&locale=en_US HTTP/1.1" 200 22 "-" "Tales2Go/3.2.0 CFNetwork/548.0.4 Darwin/11.0.0"
74.127.122.140 - - [06/Jan/2013:17:09:03 -0800] "GET /EditFavorites.php?uid=18411&flist=766_1221_603_1043_1874_1814_309_1285_1930_2784_2076_1663_1357_948_719_723_951_295_1536_1535_1542_728_721_720_722_642_669_1539_1546_1507_925_1420_926_924_1540_241_968_816_967_1567_2074_972_906_1443_1470_1457_619_714_42_52_41_271_1352_1355_39_62_45_272_37_56_1353_44_33_38_57_40_204_53_46_1342_30_70_36_31_51_29_43_47_32_54_49_59_1354_34_50_270_48_107_55_35_335_1429_1440_1403_1394_60 HTTP/1.1" 200 3448 "-" "Tales2Go/3.2.0 CFNetwork/609 Darwin/13.0.0"
75.0.14.146 - - [06/Jan/2013:17:09:17 -0800] "GET /PostUsage.php?uid=32837&sid=498&fid=1320&eid=2234&completed=207000&timezone=+0000&tlt=922&version=4.0.12455&mode=iPhoneApp&locale=en_US HTTP/1.1" 200 - "-" "Tales2Go/3.2.0 CFNetwork/548.1.4 Darwin/11.0.0"
68.33.83.187 - - [06/Jan/2013:17:09:32 -0800] "GET /GetAd.php?sid=122&timeSinceLastAd=629&previousFeedId=1420&nextFeedId=926&tlt=629&tlf=1&uid=29753&version=4.0.12455&mode=iPhoneApp&locale=en_US HTTP/1.1" 200 22 "-" "Tales2Go/3.2.0 CFNetwork/609 Darwin/13.0.0"
207.138.192.26 - - [06/Jan/2013:17:09:32 -0800] "GET /GetAd.php?sid=1&timeSinceLastAd=14319&previousFeedId=965&nextFeedId=964&tlt=14319&tlf=5&uid=37441&version=4.0.12455&mode=iPhoneApp&locale=en_US HTTP/1.1" 200 22 "-" "Tales2Go/3.2.0 CFNetwork/609 Darwin/13.0.0"
68.33.83.187 - - [06/Jan/2013:17:09:32 -0800] "GET /PostUsage.php?uid=29753&sid=122&fid=1420&eid=2330&completed=630097&timezone=+0000&tlt=629&version=4.0.12455&mode=iPhoneApp&locale=en_US HTTP/1.1" 200 - "-" "Tales2Go/3.2.0 CFNetwork/609 Darwin/13.0.0"
68.33.83.187 - - [06/Jan/2013:17:09:34 -0800] "GET /FeedDisplay.php?archived&mode=iPhoneApp&fid=926&episode_id=1227&nfid=1420&uid=29753&version=3.2.0 HTTP/1.1" 200 9085 "-" "Mozilla/5.0 (iPod; CPU iPhone OS 6_0_1 like Mac OS X) AppleWebKit/536.26 (KHTML, like Gecko) Mobile/10A523"
68.33.83.187 - - [06/Jan/2013:17:09:36 -0800] "GET /GetAd.php?sid=122&timeSinceLastAd=630&previousFeedId=926&nextFeedId=1420&tlt=630&tlf=2&uid=29753&version=4.0.12455&mode=iPhoneApp&locale=en_US HTTP/1.1" 200 22 "-" "Tales2Go/3.2.0 CFNetwork/609 Darwin/13.0.0"
68.33.83.187 - - [06/Jan/2013:17:09:37 -0800] "GET /PostUsage.php?uid=29753&sid=122&fid=926&eid=1227&completed=2485&timezone=+0000&tlt=630&version=4.0.12455&mode=iPhoneApp&locale=en_US HTTP/1.1" 200 - "-" "Tales2Go/3.2.0 CFNetwork/609 Darwin/13.0.0"
68.33.83.187 - - [06/Jan/2013:17:09:37 -0800] "GET /FeedDisplay.php?archived&mode=iPhoneApp&fid=1420&episode_id=2330&nfid=924&uid=29753&version=3.2.0 HTTP/1.1" 200 9042 "-" "Mozilla/5.0 (iPod; CPU iPhone OS 6_0_1 like Mac OS X) AppleWebKit/536.26 (KHTML, like Gecko) Mobile/10A523"
166.137.191.46 - - [06/Jan/2013:17:09:43 -0800] "GET /FeedDisplay.php?archived&mode=iPhoneApp&fid=970&episode_id=1437&nfid=228&uid=15366&version=3.2.0 HTTP/1.1" 200 8607 "-" "Mozilla/5.0 (iPhone; CPU iPhone OS 6_0_1 like Mac OS X) AppleWebKit/536.26 (KHTML, like Gecko) Mobile/10A523"
68.33.83.187 - - [06/Jan/2013:17:09:45 -0800] "GET /GetAd.php?sid=122&timeSinceLastAd=637&previousFeedId=1420&nextFeedId=924&tlt=637&tlf=3&uid=29753&version=4.0.12455&mode=iPhoneApp&locale=en_US HTTP/1.1" 200 22 "-" "Tales2Go/3.2.0 CFNetwork/609 Darwin/13.0.0"
174.97.232.228 - - [06/Jan/2013:17:09:46 -0800] "GET /StartupChecks.php?startup&uid=22833&version=4.0.12455&mode=iPhoneApp&locale=en_US HTTP/1.1" 200 289 "-" "Tales2Go/3.2.0 CFNetwork/609 Darwin/13.0.0"
174.97.232.228 - - [06/Jan/2013:17:09:47 -0800] "GET /LoadUserFromID.php?markStartup&id=22833&udid=70:56:81:68:1E:69&version=4.0.12455&mode=iPhoneApp&locale=en_US HTTP/1.1" 200 251 "-" "Tales2Go/3.2.0 CFNetwork/609 Darwin/13.0.0"
174.97.232.228 - - [06/Jan/2013:17:09:48 -0800] "GET /GetContentStationList.php?uid=22833&version=4.0.12455&mode=iPhoneApp&locale=en_US HTTP/1.1" 200 6486 "-" "Tales2Go/3.2.0 CFNetwork/609 Darwin/13.0.0"
174.97.232.228 - - [06/Jan/2013:17:09:48 -0800] "GET /GetStationListFC.php?uid=22833&version=4.0.12455&mode=iPhoneApp&locale=en_US HTTP/1.1" 200 16492 "-" "Tales2Go/3.2.0 CFNetwork/609 Darwin/13.0.0"
74.127.122.140 - - [06/Jan/2013:17:09:52 -0800] "GET /GetAd.php?sid=1&timeSinceLastAd=6248&previousFeedId=48&nextFeedId=816&newStation&tlt=6248&tlf=0&uid=18411&version=4.0.12455&mode=iPhoneApp&locale=en_US HTTP/1.1" 200 22 "-" "Tales2Go/3.2.0 CFNetwork/609 Darwin/13.0.0"
74.127.122.140 - - [06/Jan/2013:17:09:52 -0800] "GET /PostUsage.php?uid=18411&sid=1&fid=48&eid=61&completed=136209&timezone=+0000&tlt=6248&version=4.0.12455&mode=iPhoneApp&locale=en_US HTTP/1.1" 200 - "-" "Tales2Go/3.2.0 CFNetwork/609 Darwin/13.0.0"
74.127.122.140 - - [06/Jan/2013:17:09:53 -0800] "GET /FeedDisplay.php?archived&mode=iPhoneApp&fid=816&episode_id=1191&nfid=967&uid=18411&version=3.2.0 HTTP/1.1" 200 8503 "-" "Mozilla/5.0 (iPhone; CPU iPhone OS 6_0_1 like Mac OS X) AppleWebKit/536.26 (KHTML, like Gecko) Mobile/10A523"
74.127.122.140 - - [06/Jan/2013:17:10:02 -0800] "GET /GetAd.php?sid=1&timeSinceLastAd=6255&previousFeedId=816&nextFeedId=967&tlt=6255&tlf=1&uid=18411&version=4.0.12455&mode=iPhoneApp&locale=en_US HTTP/1.1" 200 22 "-" "Tales2Go/3.2.0 CFNetwork/609 Darwin/13.0.0"
76.218.53.89 - - [06/Jan/2013:17:10:03 -0800] "GET /StartupChecks.php?startup&uid=2508&version=4.0.12455&mode=iPhoneApp&locale=en_US HTTP/1.1" 200 289 "-" "Tales2Go./2.1.12455 CFNetwork/459 Darwin/10.0.0d3"
76.218.53.89 - - [06/Jan/2013:17:10:03 -0800] "GET /LoadUserFromID.php?markStartup&id=2508&udid=d046e108e0891272551a86d325fc5040de2833fc&version=4.0.12455&mode=iPhoneApp&locale=en_US HTTP/1.1" 200 253 "-" "Tales2Go./2.1.12455 CFNetwork/459 Darwin/10.0.0d3"
174.97.232.228 - - [06/Jan/2013:17:10:04 -0800] "GET /Search.php?uid=22833&term=39%20clues&s=0&c=20&version=4.0.12455&mode=iPhoneApp&locale=en_US HTTP/1.1" 200 24154 "-" "Tales2Go/3.2.0 CFNetwork/609 Darwin/13.0.0"
174.97.232.228 - - [06/Jan/2013:17:10:09 -0800] "GET /AddFavorite.php?uid=22833&fid=1557&version=4.0.12455&mode=iPhoneApp&locale=en_US HTTP/1.1" 200 56 "-" "Tales2Go/3.2.0 CFNetwork/609 Darwin/13.0.0"
174.97.232.228 - - [06/Jan/2013:17:10:13 -0800] "GET /FeedDisplay.php?archived&mode=iPhoneApp&fid=1557&episode_id=2993&nfid=0&uid=22833&version=3.2.0 HTTP/1.1" 200 9326 "-" "Mozilla/5.0 (iPod; CPU iPhone OS 6_0_1 like Mac OS X) AppleWebKit/536.26 (KHTML, like Gecko) Mobile/10A523"
74.127.122.140 - - [06/Jan/2013:17:10:14 -0800] "GET /GetAd.php?sid=1&timeSinceLastAd=6267&previousFeedId=816&nextFeedId=1540&newStation&tlt=6267&tlf=0&uid=18411&version=4.0.12455&mode=iPhoneApp&locale=en_US HTTP/1.1" 200 22 "-" "Tales2Go/3.2.0 CFNetwork/609 Darwin/13.0.0"
74.127.122.140 - - [06/Jan/2013:17:10:14 -0800] "GET /PostUsage.php?uid=18411&sid=1&fid=816&eid=1191&completed=20280&timezone=+0000&tlt=6267&version=4.0.12455&mode=iPhoneApp&locale=en_US HTTP/1.1" 200 - "-" "Tales2Go/3.2.0 CFNetwork/609 Darwin/13.0.0"
74.127.122.140 - - [06/Jan/2013:17:10:14 -0800] "GET /FeedDisplay.php?archived&mode=iPhoneApp&fid=1540&episode_id=2951&nfid=241&uid=18411&version=3.2.0 HTTP/1.1" 200 9128 "-" "Mozilla/5.0 (iPhone; CPU iPhone OS 6_0_1 like Mac OS X) AppleWebKit/536.26 (KHTML, like Gecko) Mobile/10A523"
166.137.191.46 - - [06/Jan/2013:17:10:15 -0800] "GET /Search.php?uid=15366&term=the%2039%20clues&s=0&c=20&version=4.0.12455&mode=iPhoneApp&locale=en_US HTTP/1.1" 200 23810 "-" "Tales2Go/3.2.0 CFNetwork/609 Darwin/13.0.0"
174.97.232.228 - - [06/Jan/2013:17:10:23 -0800] "GET /GetAd.php?sid=0&timeSinceLastAd=11&previousFeedId=1557&nextFeedId=0&tlt=11&tlf=1&uid=22833&version=4.0.12455&mode=iPhoneApp&locale=en_US HTTP/1.1" 200 22 "-" "Tales2Go/3.2.0 CFNetwork/609 Darwin/13.0.0"
174.97.232.228 - - [06/Jan/2013:17:10:23 -0800] "GET /PostUsage.php?uid=22833&sid=0&fid=1557&eid=2993&completed=11854&timezone=+0000&tlt=0&version=4.0.12455&mode=iPhoneApp&locale=en_US HTTP/1.1" 200 - "-" "Tales2Go/3.2.0 CFNetwork/609 Darwin/13.0.0"
174.97.232.228 - - [06/Jan/2013:17:10:24 -0800] "GET /PostUsage.php?uid=22833&sid=0&fid=1557&eid=2994&completed=0&timezone=+0000&tlt=0&version=4.0.12455&mode=iPhoneApp&locale=en_US HTTP/1.1" 200 - "-" "Tales2Go/3.2.0 CFNetwork/609 Darwin/13.0.0"
174.97.232.228 - - [06/Jan/2013:17:10:24 -0800] "GET /FeedDisplay.php?archived&mode=iPhoneApp&fid=1557&episode_id=2994&nfid=0&uid=22833&version=3.2.0 HTTP/1.1" 200 9348 "-" "Mozilla/5.0 (iPod; CPU iPhone OS 6_0_1 like Mac OS X) AppleWebKit/536.26 (KHTML, like Gecko) Mobile/10A523"
174.97.232.228 - - [06/Jan/2013:17:10:26 -0800] "GET /PostUsage.php?uid=22833&sid=0&fid=1557&eid=2994&completed=1487&timezone=+0000&tlt=0&version=4.0.12455&mode=iPhoneApp&locale=en_US HTTP/1.1" 200 - "-" "Tales2Go/3.2.0 CFNetwork/609 Darwin/13.0.0"
174.97.232.228 - - [06/Jan/2013:17:10:27 -0800] "GET /PostUsage.php?uid=22833&sid=0&fid=1557&eid=2995&completed=0&timezone=+0000&tlt=0&version=4.0.12455&mode=iPhoneApp&locale=en_US HTTP/1.1" 200 - "-" "Tales2Go/3.2.0 CFNetwork/609 Darwin/13.0.0"
174.97.232.228 - - [06/Jan/2013:17:10:27 -0800] "GET /FeedDisplay.php?archived&mode=iPhoneApp&fid=1557&episode_id=2995&nfid=0&uid=22833&version=3.2.0 HTTP/1.1" 200 9348 "-" "Mozilla/5.0 (iPod; CPU iPhone OS 6_0_1 like Mac OS X) AppleWebKit/536.26 (KHTML, like Gecko) Mobile/10A523"
174.97.232.228 - - [06/Jan/2013:17:10:28 -0800] "GET /FeedDisplay.php?archived&mode=iPhoneApp&fid=1557&episode_id=2995&nfid=0&uid=22833&version=3.2.0 HTTP/1.1" 200 9348 "-" "Mozilla/5.0 (iPod; CPU iPhone OS 6_0_1 like Mac OS X) AppleWebKit/536.26 (KHTML, like Gecko) Mobile/10A523"
174.97.232.228 - - [06/Jan/2013:17:10:40 -0800] "GET /GetAd.php?sid=0&timeSinceLastAd=12&previousFeedId=1557&nextFeedId=0&tlt=12&tlf=1&uid=22833&version=4.0.12455&mode=iPhoneApp&locale=en_US HTTP/1.1" 200 22 "-" "Tales2Go/3.2.0 CFNetwork/609 Darwin/13.0.0"
166.137.191.46 - - [06/Jan/2013:17:10:48 -0800] "GET /PostUsage.php?uid=15366&sid=1&fid=970&eid=1437&completed=8266&timezone=+0000&tlt=0&version=4.0.12455&mode=iPhoneApp&locale=en_US HTTP/1.1" 200 - "-" "Tales2Go/3.2.0 CFNetwork/609 Darwin/13.0.0"
166.137.191.46 - - [06/Jan/2013:17:10:49 -0800] "GET /FeedDisplay.php?archived&mode=iPhoneApp&fid=1549&episode_id=2964&nfid=0&uid=15366&version=3.2.0 HTTP/1.1" 200 9066 "-" "Mozilla/5.0 (iPhone; CPU iPhone OS 6_0_1 like Mac OS X) AppleWebKit/536.26 (KHTML, like Gecko) Mobile/10A523"
76.218.53.89 - - [06/Jan/2013:17:10:50 -0800] "GET /Search.php?uid=2508&term=the%20man%20with%20the%20twisted%20lip&s=0&c=20&version=4.0.12455&mode=iPhoneApp&locale=en_US HTTP/1.1" 200 17586 "-" "Tales2Go./2.1.12455 CFNetwork/459 Darwin/10.0.0d3"
76.218.53.89 - - [06/Jan/2013:17:11:03 -0800] "GET /FeedDisplay.php?archived&mode=iPhoneApp&fid=2251&episode_id=5215&nfid=0&uid=2508&version=2.1.12455 HTTP/1.1" 200 8389 "-" "Mozilla/5.0 (iPhone; U; CPU iPhone OS 3_1_3 like Mac OS X; en-us) AppleWebKit/528.18 (KHTML, like Gecko) Mobile/7E18"
76.218.53.89 - - [06/Jan/2013:17:11:04 -0800] "GET /images/t2g_ratings_gray_active.png HTTP/1.1" 200 1196 "http://t2g.stitcher.com/FeedDisplay.php?archived&mode=iPhoneApp&fid=2251&episode_id=5215&nfid=0&uid=2508&version=2.1.12455" "Mozilla/5.0 (iPhone; U; CPU iPhone OS 3_1_3 like Mac OS X; en-us) AppleWebKit/528.18 (KHTML, like Gecko) Mobile/7E18"
76.218.53.89 - - [06/Jan/2013:17:11:04 -0800] "GET /images/t2g_ratings_color_active.png HTTP/1.1" 200 985 "http://t2g.stitcher.com/FeedDisplay.php?archived&mode=iPhoneApp&fid=2251&episode_id=5215&nfid=0&uid=2508&version=2.1.12455" "Mozilla/5.0 (iPhone; U; CPU iPhone OS 3_1_3 like Mac OS X; en-us) AppleWebKit/528.18 (KHTML, like Gecko) Mobile/7E18"
76.218.53.89 - - [06/Jan/2013:17:11:04 -0800] "GET /images/t2g_ratings_gray.png HTTP/1.1" 200 1215 "http://t2g.stitcher.com/FeedDisplay.php?archived&mode=iPhoneApp&fid=2251&episode_id=5215&nfid=0&uid=2508&version=2.1.12455" "Mozilla/5.0 (iPhone; U; CPU iPhone OS 3_1_3 like Mac OS X; en-us) AppleWebKit/528.18 (KHTML, like Gecko) Mobile/7E18"
76.218.53.89 - - [06/Jan/2013:17:11:04 -0800] "GET /images/t2g_ratings_color.png HTTP/1.1" 200 997 "http://t2g.stitcher.com/FeedDisplay.php?archived&mode=iPhoneApp&fid=2251&episode_id=5215&nfid=0&uid=2508&version=2.1.12455" "Mozilla/5.0 (iPhone; U; CPU iPhone OS 3_1_3 like Mac OS X; en-us) AppleWebKit/528.18 (KHTML, like Gecko) Mobile/7E18"
76.218.53.89 - - [06/Jan/2013:17:11:05 -0800] "GET /images/ajax-loader.gif HTTP/1.1" 200 1849 "http://t2g.stitcher.com/FeedDisplay.php?archived&mode=iPhoneApp&fid=2251&episode_id=5215&nfid=0&uid=2508&version=2.1.12455" "Mozilla/5.0 (iPhone; U; CPU iPhone OS 3_1_3 like Mac OS X; en-us) AppleWebKit/528.18 (KHTML, like Gecko) Mobile/7E18"
74.127.122.140 - - [06/Jan/2013:17:11:41 -0800] "GET /GetAd.php?sid=1&timeSinceLastAd=6288&previousFeedId=1540&nextFeedId=241&tlt=6288&tlf=1&uid=18411&version=4.0.12455&mode=iPhoneApp&locale=en_US HTTP/1.1" 200 22 "-" "Tales2Go/3.2.0 CFNetwork/609 Darwin/13.0.0"
208.113.232.130 - - [06/Jan/2013:17:11:51 -0800] "GET /GetNewSerialNum.php HTTP/1.0" 200 63 "-" "-"
208.113.232.130 - - [06/Jan/2013:17:11:51 -0800] "GET /LoadUserFromUDID.php?markStartup&udid=sn_1005130&version=4.0.12455&mode=desktop&override&locale=en_US HTTP/1.0" 200 58 "-" "-"
166.137.191.46 - - [06/Jan/2013:17:11:53 -0800] "GET /GetAd.php?sid=0&timeSinceLastAd=63&previousFeedId=1549&nextFeedId=0&tlt=63&tlf=1&uid=15366&version=4.0.12455&mode=iPhoneApp&locale=en_US HTTP/1.1" 200 22 "-" "Tales2Go/3.2.0 CFNetwork/609 Darwin/13.0.0"
76.218.53.89 - - [06/Jan/2013:17:11:56 -0800] "GET /GetAd.php?sid=0&timeSinceLastAd=1366&previousFeedId=2251&nextFeedId=0&tlt=1366&tlf=1&uid=2508&version=4.0.12455&mode=iPhoneApp&locale=en_US HTTP/1.1" 200 22 "-" "Tales2Go./2.1.12455 CFNetwork/459 Darwin/10.0.0d3"
76.218.53.89 - - [06/Jan/2013:17:12:09 -0800] "GET /AddFavorite.php?uid=2508&fid=2251&version=4.0.12455&mode=iPhoneApp&locale=en_US HTTP/1.1" 200 56 "-" "Tales2Go./2.1.12455 CFNetwork/459 Darwin/10.0.0d3"
174.84.227.122 - - [06/Jan/2013:17:12:25 -0800] "GET /StartupChecks.php?startup&uid=32614&version=4.0.12455&mode=iPhoneApp&locale=en_US HTTP/1.1" 200 289 "-" "Tales2Go/3.2.0 CFNetwork/609 Darwin/13.0.0"
174.84.227.122 - - [06/Jan/2013:17:12:25 -0800] "GET /LoadUserFromID.php?markStartup&id=32614&udid=F0:B4:79:7F:B3:33&version=4.0.12455&mode=iPhoneApp&locale=en_US HTTP/1.1" 200 263 "-" "Tales2Go/3.2.0 CFNetwork/609 Darwin/13.0.0"
174.84.227.122 - - [06/Jan/2013:17:12:26 -0800] "GET /GetContentStationList.php?uid=32614&version=4.0.12455&mode=iPhoneApp&locale=en_US HTTP/1.1" 200 6486 "-" "Tales2Go/3.2.0 CFNetwork/609 Darwin/13.0.0"
174.84.227.122 - - [06/Jan/2013:17:12:26 -0800] "GET /GetStationListFC.php?uid=32614&version=4.0.12455&mode=iPhoneApp&locale=en_US HTTP/1.1" 200 256 "-" "Tales2Go/3.2.0 CFNetwork/609 Darwin/13.0.0"
174.97.232.228 - - [06/Jan/2013:17:12:29 -0800] "GET /PostUsage.php?uid=22833&sid=0&fid=1557&eid=2995&completed=3745643&timezone=+0000&tlt=0&version=4.0.12455&mode=iPhoneApp&locale=en_US HTTP/1.1" 200 - "-" "Tales2Go/3.2.0 CFNetwork/609 Darwin/13.0.0"
174.97.232.228 - - [06/Jan/2013:17:12:29 -0800] "GET /PostUsage.php?uid=22833&sid=0&fid=1557&eid=2996&completed=0&timezone=+0000&tlt=0&version=4.0.12455&mode=iPhoneApp&locale=en_US HTTP/1.1" 200 - "-" "Tales2Go/3.2.0 CFNetwork/609 Darwin/13.0.0"
174.97.232.228 - - [06/Jan/2013:17:12:30 -0800] "GET /FeedDisplay.php?archived&mode=iPhoneApp&fid=1557&episode_id=2996&nfid=0&uid=22833&version=3.2.0 HTTP/1.1" 200 9348 "-" "Mozilla/5.0 (iPod; CPU iPhone OS 6_0_1 like Mac OS X) AppleWebKit/536.26 (KHTML, like Gecko) Mobile/10A523"
174.97.232.228 - - [06/Jan/2013:17:12:48 -0800] "GET /GetAd.php?sid=0&timeSinceLastAd=17&previousFeedId=1557&nextFeedId=0&tlt=17&tlf=1&uid=22833&version=4.0.12455&mode=iPhoneApp&locale=en_US HTTP/1.1" 200 22 "-" "Tales2Go/3.2.0 CFNetwork/609 Darwin/13.0.0"
74.127.122.140 - - [06/Jan/2013:17:13:26 -0800] "GET /EditFavorites.php?uid=18411&flist=766_1221_603_1043_1874_1814_309_1285_1930_2784_2076_1663_1357_948_719_723_951_295_1536_1535_1542_728_721_720_722_642_669_1539_1546_1507_925_1420_926_924_1540_241_968_816_967_1567_2074_972_906_1443_1470_1457_619_714_42_52_41_271_1352_1355_39_62_45_272_37_56_1353_44_33_38_57_40_204_53_46_1342_30_70_36_31_51_29_43_47_32_54_49_59_1354_34_50_270_48_107_55_35_335_1429_1440_1403_1394_60 HTTP/1.1" 200 3448 "-" "Tales2Go/3.2.0 CFNetwork/609 Darwin/13.0.0"
74.127.122.140 - - [06/Jan/2013:17:14:59 -0800] "GET /PostUsage.php?skipped&uid=18411&sid=1&fid=1540&eid=2951&completed=189759&timezone=+0000&tlt=6267&version=4.0.12455&mode=iPhoneApp&locale=en_US HTTP/1.1" 200 - "-" "Tales2Go/3.2.0 CFNetwork/609 Darwin/13.0.0"
74.127.122.140 - - [06/Jan/2013:17:14:59 -0800] "GET /GetAd.php?sid=1&timeSinceLastAd=6456&previousFeedId=1540&nextFeedId=241&tlt=6456&tlf=1&uid=18411&version=4.0.12455&mode=iPhoneApp&locale=en_US HTTP/1.1" 200 22 "-" "Tales2Go/3.2.0 CFNetwork/609 Darwin/13.0.0"
74.127.122.140 - - [06/Jan/2013:17:15:00 -0800] "GET /FeedDisplay.php?archived&mode=iPhoneApp&fid=241&episode_id=295&nfid=968&uid=18411&version=3.2.0 HTTP/1.1" 200 8455 "-" "Mozilla/5.0 (iPhone; CPU iPhone OS 6_0_1 like Mac OS X) AppleWebKit/536.26 (KHTML, like Gecko) Mobile/10A523"
74.127.122.140 - - [06/Jan/2013:17:15:20 -0800] "GET /GetAd.php?sid=1&timeSinceLastAd=6474&previousFeedId=241&nextFeedId=968&tlt=6474&tlf=2&uid=18411&version=4.0.12455&mode=iPhoneApp&locale=en_US HTTP/1.1" 200 22 "-" "Tales2Go/3.2.0 CFNetwork/609 Darwin/13.0.0"
74.127.122.140 - - [06/Jan/2013:17:15:22 -0800] "GET /GetAd.php?sid=1&timeSinceLastAd=6476&previousFeedId=241&nextFeedId=1540&newStation&tlt=6476&tlf=0&uid=18411&version=4.0.12455&mode=iPhoneApp&locale=en_US HTTP/1.1" 200 22 "-" "Tales2Go/3.2.0 CFNetwork/609 Darwin/13.0.0"
74.127.122.140 - - [06/Jan/2013:17:15:22 -0800] "GET /PostUsage.php?uid=18411&sid=1&fid=241&eid=295&completed=21048&timezone=+0000&tlt=6476&version=4.0.12455&mode=iPhoneApp&locale=en_US HTTP/1.1" 200 - "-" "Tales2Go/3.2.0 CFNetwork/609 Darwin/13.0.0"
74.127.122.140 - - [06/Jan/2013:17:15:22 -0800] "GET /FeedDisplay.php?archived&mode=iPhoneApp&fid=1540&episode_id=2951&nfid=241&uid=18411&version=3.2.0 HTTP/1.1" 200 9128 "-" "Mozilla/5.0 (iPhone; CPU iPhone OS 6_0_1 like Mac OS X) AppleWebKit/536.26 (KHTML, like Gecko) Mobile/10A523"
