127.0.0.1 - - [06/Jan/2013:11:50:06 -0800] "GET /PostUsageScript.php?uid=35914&sid=0&fid=852&eid=1096&completed=592&timezone=+0000&tlt=0&version=4.0.12455&mode=desktop&override&locale=en_US HTTP/1.0" 200 60 "-" "Wget/1.11.4 Red Hat modified"
208.113.232.130 - - [06/Jan/2013:11:50:06 -0800] "GET /PostUsage.php?uid=35914&sid=0&fid=852&eid=1096&completed=592&timezone=+0000&tlt=0&version=4.0.12455&mode=desktop&override&locale=en_US HTTP/1.0" 200 - "-" "-"
178.76.184.132 - - [06/Jan/2013:11:50:13 -0800] "GET /GetAd.php?sid=530&timeSinceLastAd=2336&previousFeedId=1484&nextFeedId=1135&newStation&tlt=2336&tlf=0&uid=19451&version=4.0.12455&mode=iPhoneApp&locale=en_US HTTP/1.1" 200 22 "-" "Tales2GoHoliday/3.0.0 CFNetwork/609 Darwin/13.0.0"
178.76.184.132 - - [06/Jan/2013:11:50:13 -0800] "GET /PostUsage.php?uid=19451&sid=530&fid=1484&eid=2679&completed=2336885&timezone=+0000&tlt=2336&version=4.0.12455&mode=iPhoneApp&locale=en_US HTTP/1.1" 200 - "-" "Tales2GoHoliday/3.0.0 CFNetwork/609 Darwin/13.0.0"
178.76.184.132 - - [06/Jan/2013:11:50:14 -0800] "GET /FeedDisplay.php?archived&mode=iPhoneApp&fid=1135&episode_id=1608&nfid=1113&uid=19451&version=3.0.0 HTTP/1.1" 200 8507 "-" "Mozilla/5.0 (iPhone; CPU iPhone OS 6_0_1 like Mac OS X) AppleWebKit/536.26 (KHTML, like Gecko) Mobile/10A523"
166.137.208.28 - - [06/Jan/2013:11:50:15 -0800] "GET /StartupChecks.php?startup&version=4.0.12455&mode=iPhoneApp&locale=en_US HTTP/1.1" 200 246 "-" "Tales2Go/3.2.0 CFNetwork/609 Darwin/13.0.0"
166.137.208.28 - - [06/Jan/2013:11:50:15 -0800] "GET /TransitionUDIDToMACAddr.php?udid=f1d6154c7e29a3224b03c87e0f45b606a71b9973&mac=28:E7:CF:A4:13:7F&version=4.0.12455&mode=iPhoneApp&locale=en_US HTTP/1.1" 200 121 "-" "Tales2Go/3.2.0 CFNetwork/609 Darwin/13.0.0"
166.137.208.28 - - [06/Jan/2013:11:50:16 -0800] "GET /LoadUserFromUDID.php?markStartup&udid=28:E7:CF:A4:13:7F&version=4.0.12455&mode=iPhoneApp&locale=en_US HTTP/1.1" 200 58 "-" "Tales2Go/3.2.0 CFNetwork/609 Darwin/13.0.0"
166.137.208.28 - - [06/Jan/2013:11:50:17 -0800] "GET /CreateUser.php?markStartup&mode=iPhoneApp&udid=28:E7:CF:A4:13:7F&version=4.0.12455&mode=iPhoneApp&locale=en_US HTTP/1.1" 200 228 "-" "Tales2Go/3.2.0 CFNetwork/609 Darwin/13.0.0"
178.76.184.132 - - [06/Jan/2013:11:50:29 -0800] "GET /GetAd.php?sid=530&timeSinceLastAd=2342&previousFeedId=1135&nextFeedId=1135&newStation&tlt=2342&tlf=0&uid=19451&version=4.0.12455&mode=iPhoneApp&locale=en_US HTTP/1.1" 200 22 "-" "Tales2GoHoliday/3.0.0 CFNetwork/609 Darwin/13.0.0"
178.76.184.132 - - [06/Jan/2013:11:50:48 -0800] "GET /GetStationPlayList.php?s=0&c=9&uid=20912&sid=498&endFeed=0&version=4.0.12455&mode=iPhoneApp&locale=en_US HTTP/1.1" 200 6246 "-" "Tales2Go/3.2.0 CFNetwork/609 Darwin/13.0.0"
178.76.184.132 - - [06/Jan/2013:11:50:49 -0800] "GET /FeedDisplay.php?archived&mode=iPhoneApp&fid=855&episode_id=1099&nfid=1320&uid=20912&version=3.2.0 HTTP/1.1" 200 8560 "-" "Mozilla/5.0 (iPhone; CPU iPhone OS 6_0_1 like Mac OS X) AppleWebKit/536.26 (KHTML, like Gecko) Mobile/10A523"
96.231.210.209 - - [06/Jan/2013:11:54:00 -0800] "GET /PostUsage.php?uid=33929&sid=0&fid=1292&eid=2069&completed=4060484&timezone=+0000&tlt=178&version=4.0.12455&mode=iPhoneApp&locale=en_US HTTP/1.1" 200 - "-" "Tales2Go/3.2.0 CFNetwork/609 Darwin/13.0.0"
96.231.210.209 - - [06/Jan/2013:11:54:00 -0800] "GET /FeedDisplay.php?archived&mode=iPhoneApp&fid=1292&episode_id=2070&nfid=0&uid=33929&version=3.2.0 HTTP/1.1" 200 9083 "-" "Mozilla/5.0 (iPhone; CPU iPhone OS 6_0_1 like Mac OS X) AppleWebKit/536.26 (KHTML, like Gecko) Mobile/10A523"
96.231.210.209 - - [06/Jan/2013:11:54:05 -0800] "GET /GetAd.php?sid=0&timeSinceLastAd=4242&previousFeedId=1292&nextFeedId=0&tlt=4242&tlf=3&uid=33929&version=4.0.12455&mode=iPhoneApp&locale=en_US HTTP/1.1" 200 22 "-" "Tales2Go/3.2.0 CFNetwork/609 Darwin/13.0.0"
157.55.34.35 - - [06/Jan/2013:11:57:09 -0800] "GET /robots.txt HTTP/1.1" 200 27 "-" "Mozilla/5.0 (compatible; bingbot/2.0; +http://www.bing.com/bingbot.htm)"
50.8.53.208 - - [06/Jan/2013:11:57:17 -0800] "GET /LoadUserFromID.php?markStartup&id=19451&udid=(null)&version=4.0.12455&mode=iPhoneApp&locale=en_US HTTP/1.1" 200 525 "-" "Tales2GoHoliday/3.0.0 CFNetwork/609 Darwin/13.0.0"
50.8.53.208 - - [06/Jan/2013:11:57:19 -0800] "GET /StartupChecks.php?startup&uid=19451&version=4.0.12455&mode=iPhoneApp&locale=en_US HTTP/1.1" 200 289 "-" "Tales2GoHoliday/3.0.0 CFNetwork/609 Darwin/13.0.0"
50.8.53.208 - - [06/Jan/2013:11:57:19 -0800] "GET /TransitionUDIDToSerialNum.php?udid=dee71832999ecb4b24fec838f1f6085d65c417b2&version=4.0.12455&mode=iPhoneApp&locale=en_US HTTP/1.1" 200 121 "-" "Tales2GoHoliday/3.0.0 CFNetwork/609 Darwin/13.0.0"
50.8.53.208 - - [06/Jan/2013:11:57:21 -0800] "GET /LoadUserFromID.php?markStartup&id=19451&udid=dee71832999ecb4b24fec838f1f6085d65c417b2&version=4.0.12455&mode=iPhoneApp&locale=en_US HTTP/1.1" 200 525 "-" "Tales2GoHoliday/3.0.0 CFNetwork/609 Darwin/13.0.0"
50.8.53.208 - - [06/Jan/2013:11:57:22 -0800] "GET /GetContentStationList.php?uid=19451&version=4.0.12455&mode=iPhoneApp&locale=en_US HTTP/1.1" 200 6486 "-" "Tales2GoHoliday/3.0.0 CFNetwork/609 Darwin/13.0.0"
50.8.53.208 - - [06/Jan/2013:11:57:22 -0800] "GET /GetStationListFC.php?uid=19451&version=4.0.12455&mode=iPhoneApp&locale=en_US HTTP/1.1" 200 367 "-" "Tales2GoHoliday/3.0.0 CFNetwork/609 Darwin/13.0.0"
50.8.53.208 - - [06/Jan/2013:11:57:26 -0800] "GET /GetStationPlayList.php?s=0&c=9&uid=19451&sid=530&endFeed=0&version=4.0.12455&mode=iPhoneApp&locale=en_US HTTP/1.1" 200 8579 "-" "Tales2GoHoliday/3.0.0 CFNetwork/609 Darwin/13.0.0"
50.8.53.208 - - [06/Jan/2013:11:57:57 -0800] "GET /GetStationPlayList.php?s=9&c=9&uid=19451&sid=530&endFeed=0&version=4.0.12455&mode=iPhoneApp&locale=en_US HTTP/1.1" 200 8348 "-" "Tales2GoHoliday/3.0.0 CFNetwork/609 Darwin/13.0.0"
50.8.53.208 - - [06/Jan/2013:11:58:00 -0800] "GET /FeedDisplay.php?archived&mode=iPhoneApp&fid=922&episode_id=1262&nfid=1664&uid=19451&version=3.0.0 HTTP/1.1" 200 9030 "-" "Mozilla/5.0 (iPod; CPU iPhone OS 6_0_1 like Mac OS X) AppleWebKit/536.26 (KHTML, like Gecko) Mobile/10A523"
50.8.53.208 - - [06/Jan/2013:11:58:05 -0800] "GET /PostUsage.php?uid=19451&sid=530&fid=922&eid=1262&completed=4916&timezone=+0000&tlt=0&version=4.0.12455&mode=iPhoneApp&locale=en_US HTTP/1.1" 200 - "-" "Tales2GoHoliday/3.0.0 CFNetwork/609 Darwin/13.0.0"
50.8.53.208 - - [06/Jan/2013:11:58:06 -0800] "GET /PostUsage.php?uid=19451&sid=530&fid=922&eid=1263&completed=0&timezone=+0000&tlt=0&version=4.0.12455&mode=iPhoneApp&locale=en_US HTTP/1.1" 200 - "-" "Tales2GoHoliday/3.0.0 CFNetwork/609 Darwin/13.0.0"
50.8.53.208 - - [06/Jan/2013:11:58:06 -0800] "GET /FeedDisplay.php?archived&mode=iPhoneApp&fid=922&episode_id=1263&nfid=1664&uid=19451&version=3.0.0 HTTP/1.1" 200 9030 "-" "Mozilla/5.0 (iPod; CPU iPhone OS 6_0_1 like Mac OS X) AppleWebKit/536.26 (KHTML, like Gecko) Mobile/10A523"
50.8.53.208 - - [06/Jan/2013:11:58:06 -0800] "GET /FeedDisplay.php?archived&mode=iPhoneApp&fid=922&episode_id=1263&nfid=1664&uid=19451&version=3.0.0 HTTP/1.1" 200 9030 "-" "Mozilla/5.0 (iPod; CPU iPhone OS 6_0_1 like Mac OS X) AppleWebKit/536.26 (KHTML, like Gecko) Mobile/10A523"
50.8.53.208 - - [06/Jan/2013:11:58:50 -0800] "GET /GetAd.php?sid=530&timeSinceLastAd=1871&previousFeedId=922&nextFeedId=1664&tlt=1871&tlf=1&uid=19451&version=4.0.12455&mode=iPhoneApp&locale=en_US HTTP/1.1" 200 22 "-" "Tales2GoHoliday/3.0.0 CFNetwork/609 Darwin/13.0.0"
166.137.209.172 - - [06/Jan/2013:12:00:00 -0800] "GET /AddBookmark.php?uid=13546&eid=1229&offset=705&version=4.0.12455&mode=iPhoneApp&locale=en_US HTTP/1.1" 200 47 "-" "Tales2Go/3.2.0 CFNetwork/548.1.4 Darwin/11.0.0"
127.0.0.1 - - [06/Jan/2013:12:00:06 -0800] "GET /PostUsageScript.php?uid=35914&sid=0&fid=852&eid=1096&completed=592&timezone=+0000&tlt=0&version=4.0.12455&mode=desktop&override&locale=en_US HTTP/1.0" 200 60 "-" "Wget/1.11.4 Red Hat modified"
208.113.232.130 - - [06/Jan/2013:12:00:06 -0800] "GET /PostUsage.php?uid=35914&sid=0&fid=852&eid=1096&completed=592&timezone=+0000&tlt=0&version=4.0.12455&mode=desktop&override&locale=en_US HTTP/1.0" 200 - "-" "-"
174.97.232.228 - - [06/Jan/2013:12:03:16 -0800] "GET /PostUsage.php?uid=22833&sid=0&fid=1557&eid=2994&completed=3098696&timezone=+0000&tlt=25518&version=4.0.12455&mode=iPhoneApp&locale=en_US HTTP/1.1" 200 - "-" "Tales2Go/3.2.0 CFNetwork/609 Darwin/13.0.0"
174.97.232.228 - - [06/Jan/2013:12:03:17 -0800] "GET /PostUsage.php?uid=22833&sid=0&fid=1557&eid=2993&completed=0&timezone=+0000&tlt=25518&version=4.0.12455&mode=iPhoneApp&locale=en_US HTTP/1.1" 200 - "-" "Tales2Go/3.2.0 CFNetwork/609 Darwin/13.0.0"
174.97.232.228 - - [06/Jan/2013:12:03:18 -0800] "GET /FeedDisplay.php?archived&mode=iPhoneApp&fid=1557&episode_id=2993&nfid=0&uid=22833&version=3.2.0 HTTP/1.1" 200 9326 "-" "Mozilla/5.0 (iPod; CPU iPhone OS 6_0_1 like Mac OS X) AppleWebKit/536.26 (KHTML, like Gecko) Mobile/10A523"
174.97.232.228 - - [06/Jan/2013:12:03:28 -0800] "GET /PostUsage.php?uid=22833&sid=0&fid=1557&eid=2993&completed=9672&timezone=+0000&tlt=25518&version=4.0.12455&mode=iPhoneApp&locale=en_US HTTP/1.1" 200 - "-" "Tales2Go/3.2.0 CFNetwork/609 Darwin/13.0.0"
174.97.232.228 - - [06/Jan/2013:12:03:29 -0800] "GET /PostUsage.php?uid=22833&sid=0&fid=1557&eid=2994&completed=0&timezone=+0000&tlt=25518&version=4.0.12455&mode=iPhoneApp&locale=en_US HTTP/1.1" 200 - "-" "Tales2Go/3.2.0 CFNetwork/609 Darwin/13.0.0"
174.97.232.228 - - [06/Jan/2013:12:03:29 -0800] "GET /FeedDisplay.php?archived&mode=iPhoneApp&fid=1557&episode_id=2994&nfid=0&uid=22833&version=3.2.0 HTTP/1.1" 200 9348 "-" "Mozilla/5.0 (iPod; CPU iPhone OS 6_0_1 like Mac OS X) AppleWebKit/536.26 (KHTML, like Gecko) Mobile/10A523"
174.97.232.228 - - [06/Jan/2013:12:03:33 -0800] "GET /PostUsage.php?uid=22833&sid=0&fid=1557&eid=2994&completed=2858&timezone=+0000&tlt=25518&version=4.0.12455&mode=iPhoneApp&locale=en_US HTTP/1.1" 200 - "-" "Tales2Go/3.2.0 CFNetwork/609 Darwin/13.0.0"
174.97.232.228 - - [06/Jan/2013:12:03:33 -0800] "GET /PostUsage.php?uid=22833&sid=0&fid=1557&eid=2995&completed=0&timezone=+0000&tlt=25518&version=4.0.12455&mode=iPhoneApp&locale=en_US HTTP/1.1" 200 - "-" "Tales2Go/3.2.0 CFNetwork/609 Darwin/13.0.0"
174.97.232.228 - - [06/Jan/2013:12:03:34 -0800] "GET /FeedDisplay.php?archived&mode=iPhoneApp&fid=1557&episode_id=2995&nfid=0&uid=22833&version=3.2.0 HTTP/1.1" 200 9348 "-" "Mozilla/5.0 (iPod; CPU iPhone OS 6_0_1 like Mac OS X) AppleWebKit/536.26 (KHTML, like Gecko) Mobile/10A523"
174.97.232.228 - - [06/Jan/2013:12:03:34 -0800] "GET /FeedDisplay.php?archived&mode=iPhoneApp&fid=1557&episode_id=2995&nfid=0&uid=22833&version=3.2.0 HTTP/1.1" 200 9348 "-" "Mozilla/5.0 (iPod; CPU iPhone OS 6_0_1 like Mac OS X) AppleWebKit/536.26 (KHTML, like Gecko) Mobile/10A523"
174.97.232.228 - - [06/Jan/2013:12:03:36 -0800] "GET /PostUsage.php?uid=22833&sid=0&fid=1557&eid=2995&completed=2059&timezone=+0000&tlt=25518&version=4.0.12455&mode=iPhoneApp&locale=en_US HTTP/1.1" 200 - "-" "Tales2Go/3.2.0 CFNetwork/609 Darwin/13.0.0"
174.97.232.228 - - [06/Jan/2013:12:03:37 -0800] "GET /FeedDisplay.php?archived&mode=iPhoneApp&fid=1557&episode_id=2996&nfid=0&uid=22833&version=3.2.0 HTTP/1.1" 200 9348 "-" "Mozilla/5.0 (iPod; CPU iPhone OS 6_0_1 like Mac OS X) AppleWebKit/536.26 (KHTML, like Gecko) Mobile/10A523"
174.97.232.228 - - [06/Jan/2013:12:03:37 -0800] "GET /PostUsage.php?uid=22833&sid=0&fid=1557&eid=2996&completed=0&timezone=+0000&tlt=25518&version=4.0.12455&mode=iPhoneApp&locale=en_US HTTP/1.1" 200 - "-" "Tales2Go/3.2.0 CFNetwork/609 Darwin/13.0.0"
174.97.232.228 - - [06/Jan/2013:12:03:38 -0800] "GET /FeedDisplay.php?archived&mode=iPhoneApp&fid=1557&episode_id=2996&nfid=0&uid=22833&version=3.2.0 HTTP/1.1" 200 9348 "-" "Mozilla/5.0 (iPod; CPU iPhone OS 6_0_1 like Mac OS X) AppleWebKit/536.26 (KHTML, like Gecko) Mobile/10A523"
174.97.232.228 - - [06/Jan/2013:12:03:39 -0800] "GET /PostUsage.php?uid=22833&sid=0&fid=1557&eid=2996&completed=0&timezone=+0000&tlt=25518&version=4.0.12455&mode=iPhoneApp&locale=en_US HTTP/1.1" 200 - "-" "Tales2Go/3.2.0 CFNetwork/609 Darwin/13.0.0"
174.97.232.228 - - [06/Jan/2013:12:03:40 -0800] "GET /PostUsage.php?uid=22833&sid=0&fid=1557&eid=2995&completed=0&timezone=+0000&tlt=25518&version=4.0.12455&mode=iPhoneApp&locale=en_US HTTP/1.1" 200 - "-" "Tales2Go/3.2.0 CFNetwork/609 Darwin/13.0.0"
174.97.232.228 - - [06/Jan/2013:12:03:41 -0800] "GET /FeedDisplay.php?archived&mode=iPhoneApp&fid=1557&episode_id=2995&nfid=0&uid=22833&version=3.2.0 HTTP/1.1" 200 9348 "-" "Mozilla/5.0 (iPod; CPU iPhone OS 6_0_1 like Mac OS X) AppleWebKit/536.26 (KHTML, like Gecko) Mobile/10A523"
174.97.232.228 - - [06/Jan/2013:12:03:41 -0800] "GET /FeedDisplay.php?archived&mode=iPhoneApp&fid=1557&episode_id=2995&nfid=0&uid=22833&version=3.2.0 HTTP/1.1" 200 9348 "-" "Mozilla/5.0 (iPod; CPU iPhone OS 6_0_1 like Mac OS X) AppleWebKit/536.26 (KHTML, like Gecko) Mobile/10A523"
50.53.97.248 - - [06/Jan/2013:12:03:43 -0800] "GET /StartupChecks.php?startup&uid=36863&version=4.0.12455&mode=iPhoneApp&locale=en_US HTTP/1.1" 200 289 "-" "Tales2Go/3.2.0 CFNetwork/609 Darwin/13.0.0"
50.53.97.248 - - [06/Jan/2013:12:03:44 -0800] "GET /LoadUserFromID.php?markStartup&id=36863&udid=70:73:CB:03:23:D3&version=4.0.12455&mode=iPhoneApp&locale=en_US HTTP/1.1" 200 263 "-" "Tales2Go/3.2.0 CFNetwork/609 Darwin/13.0.0"
50.53.97.248 - - [06/Jan/2013:12:03:44 -0800] "GET /GetContentStationList.php?uid=36863&version=4.0.12455&mode=iPhoneApp&locale=en_US HTTP/1.1" 200 6486 "-" "Tales2Go/3.2.0 CFNetwork/609 Darwin/13.0.0"
50.53.97.248 - - [06/Jan/2013:12:03:44 -0800] "GET /GetStationListFC.php?uid=36863&version=4.0.12455&mode=iPhoneApp&locale=en_US HTTP/1.1" 200 16492 "-" "Tales2Go/3.2.0 CFNetwork/609 Darwin/13.0.0"
50.53.97.248 - - [06/Jan/2013:12:03:54 -0800] "GET /GetStationPlayList.php?s=0&c=9&uid=36863&sid=22&endFeed=0&version=4.0.12455&mode=iPhoneApp&locale=en_US HTTP/1.1" 200 7706 "-" "Tales2Go/3.2.0 CFNetwork/609 Darwin/13.0.0"
174.97.232.228 - - [06/Jan/2013:12:03:58 -0800] "GET /PostUsage.php?uid=22833&sid=0&fid=1557&eid=2995&completed=16442&timezone=+0000&tlt=25518&version=4.0.12455&mode=iPhoneApp&locale=en_US HTTP/1.1" 200 - "-" "Tales2Go/3.2.0 CFNetwork/609 Darwin/13.0.0"
184.153.136.152 - - [06/Jan/2013:12:03:58 -0800] "GET /PostUsage.php?uid=30660&sid=0&fid=965&eid=1458&completed=6230404&timezone=+0000&tlt=42&version=4.0.12455&mode=iPhoneApp&locale=en_US HTTP/1.1" 200 - "-" "Tales2Go/3.2.0 CFNetwork/548.1.4 Darwin/11.0.0"
174.97.232.228 - - [06/Jan/2013:12:03:59 -0800] "GET /PostUsage.php?uid=22833&sid=0&fid=1557&eid=2994&completed=0&timezone=+0000&tlt=25518&version=4.0.12455&mode=iPhoneApp&locale=en_US HTTP/1.1" 200 - "-" "Tales2Go/3.2.0 CFNetwork/609 Darwin/13.0.0"
174.97.232.228 - - [06/Jan/2013:12:03:59 -0800] "GET /FeedDisplay.php?archived&mode=iPhoneApp&fid=1557&episode_id=2994&nfid=0&uid=22833&version=3.2.0 HTTP/1.1" 200 9348 "-" "Mozilla/5.0 (iPod; CPU iPhone OS 6_0_1 like Mac OS X) AppleWebKit/536.26 (KHTML, like Gecko) Mobile/10A523"
174.97.232.228 - - [06/Jan/2013:12:03:59 -0800] "GET /FeedDisplay.php?archived&mode=iPhoneApp&fid=1557&episode_id=2994&nfid=0&uid=22833&version=3.2.0 HTTP/1.1" 200 9348 "-" "Mozilla/5.0 (iPod; CPU iPhone OS 6_0_1 like Mac OS X) AppleWebKit/536.26 (KHTML, like Gecko) Mobile/10A523"
50.53.97.248 - - [06/Jan/2013:12:04:02 -0800] "GET /GetStationPlayList.php?s=9&c=9&uid=36863&sid=22&endFeed=0&version=4.0.12455&mode=iPhoneApp&locale=en_US HTTP/1.1" 200 8546 "-" "Tales2Go/3.2.0 CFNetwork/609 Darwin/13.0.0"
50.53.97.248 - - [06/Jan/2013:12:04:07 -0800] "GET /GetStationPlayList.php?s=18&c=9&uid=36863&sid=22&endFeed=0&version=4.0.12455&mode=iPhoneApp&locale=en_US HTTP/1.1" 200 7748 "-" "Tales2Go/3.2.0 CFNetwork/609 Darwin/13.0.0"
174.97.232.228 - - [06/Jan/2013:12:04:09 -0800] "GET /GetAd.php?sid=0&timeSinceLastAd=25526&previousFeedId=1557&nextFeedId=0&tlt=25526&tlf=7&uid=22833&version=4.0.12455&mode=iPhoneApp&locale=en_US HTTP/1.1" 200 22 "-" "Tales2Go/3.2.0 CFNetwork/609 Darwin/13.0.0"
50.53.97.248 - - [06/Jan/2013:12:04:14 -0800] "GET /GetStationPlayList.php?s=27&c=9&uid=36863&sid=22&endFeed=0&version=4.0.12455&mode=iPhoneApp&locale=en_US HTTP/1.1" 200 6981 "-" "Tales2Go/3.2.0 CFNetwork/609 Darwin/13.0.0"
50.53.97.248 - - [06/Jan/2013:12:04:19 -0800] "GET /GetStationPlayList.php?s=36&c=9&uid=36863&sid=22&endFeed=0&version=4.0.12455&mode=iPhoneApp&locale=en_US HTTP/1.1" 200 9927 "-" "Tales2Go/3.2.0 CFNetwork/609 Darwin/13.0.0"
50.53.97.248 - - [06/Jan/2013:12:04:25 -0800] "GET /GetStationPlayList.php?s=45&c=9&uid=36863&sid=22&endFeed=0&version=4.0.12455&mode=iPhoneApp&locale=en_US HTTP/1.1" 200 10033 "-" "Tales2Go/3.2.0 CFNetwork/609 Darwin/13.0.0"
50.53.97.248 - - [06/Jan/2013:12:04:32 -0800] "GET /GetStationPlayList.php?s=54&c=9&uid=36863&sid=22&endFeed=0&version=4.0.12455&mode=iPhoneApp&locale=en_US HTTP/1.1" 200 6277 "-" "Tales2Go/3.2.0 CFNetwork/609 Darwin/13.0.0"
50.53.97.248 - - [06/Jan/2013:12:04:38 -0800] "GET /GetStationPlayList.php?s=63&c=9&uid=36863&sid=22&endFeed=0&version=4.0.12455&mode=iPhoneApp&locale=en_US HTTP/1.1" 200 7422 "-" "Tales2Go/3.2.0 CFNetwork/609 Darwin/13.0.0"
50.53.97.248 - - [06/Jan/2013:12:04:48 -0800] "GET /GetStationPlayList.php?s=72&c=9&uid=36863&sid=22&endFeed=0&version=4.0.12455&mode=iPhoneApp&locale=en_US HTTP/1.1" 200 9056 "-" "Tales2Go/3.2.0 CFNetwork/609 Darwin/13.0.0"
127.0.0.1 - - [06/Jan/2013:12:04:54 -0800] "GET /PostUsageScript.php?uid=35914&sid=0&fid=852&eid=1096&completed=283&timezone=+0000&tlt=0&version=4.0.12455&mode=desktop&override&locale=en_US HTTP/1.0" 200 60 "-" "Wget/1.11.4 Red Hat modified"
208.113.232.130 - - [06/Jan/2013:12:04:54 -0800] "GET /PostUsage.php?uid=35914&sid=0&fid=852&eid=1096&completed=283&timezone=+0000&tlt=0&version=4.0.12455&mode=desktop&override&locale=en_US HTTP/1.0" 200 - "-" "-"
50.53.97.248 - - [06/Jan/2013:12:04:54 -0800] "GET /GetStationPlayList.php?s=81&c=9&uid=36863&sid=22&endFeed=0&version=4.0.12455&mode=iPhoneApp&locale=en_US HTTP/1.1" 200 8938 "-" "Tales2Go/3.2.0 CFNetwork/609 Darwin/13.0.0"
50.53.97.248 - - [06/Jan/2013:12:04:57 -0800] "GET /GetStationPlayList.php?uid=36863&sid=favorites&version=4.0.12455&mode=iPhoneApp&locale=en_US HTTP/1.1" 200 930 "-" "Tales2Go/3.2.0 CFNetwork/609 Darwin/13.0.0"
208.113.232.130 - - [06/Jan/2013:12:04:59 -0800] "GET /GetStationListFC.php?uid=35914&version=4.0.12455&mode=desktop&override&locale=en_US HTTP/1.0" 200 17195 "-" "-"
208.113.232.130 - - [06/Jan/2013:12:04:59 -0800] "GET /GetStationPlayList.php?uid=35914&sid=16&endFeed=0&version=4.0.12455&mode=desktop&override&locale=en_US HTTP/1.0" 200 279157 "-" "-"
50.53.97.248 - - [06/Jan/2013:12:05:25 -0800] "GET /GetStationPlayList.php?s=90&c=9&uid=36863&sid=22&endFeed=0&version=4.0.12455&mode=iPhoneApp&locale=en_US HTTP/1.1" 200 9368 "-" "Tales2Go/3.2.0 CFNetwork/609 Darwin/13.0.0"
50.53.97.248 - - [06/Jan/2013:12:05:30 -0800] "GET /FeedDisplay.php?archived&mode=iPhoneApp&fid=51&episode_id=64&nfid=2819&uid=36863&version=3.2.0 HTTP/1.1" 200 8450 "-" "Mozilla/5.0 (iPod; CPU iPhone OS 6_0_1 like Mac OS X) AppleWebKit/536.26 (KHTML, like Gecko) Mobile/10A523"
208.113.232.130 - - [06/Jan/2013:12:05:42 -0800] "GET /StoryData.php?fid=2516&mode=desktop&eid=4097&uid=35914&udid=sn_1004795 HTTP/1.0" 200 1301 "-" "-"
208.113.232.130 - - [06/Jan/2013:12:05:43 -0800] "GET /StoryData.php?fid=2516&mode=desktop&eid=4097&uid=35914&udid=sn_1004795 HTTP/1.0" 200 1301 "-" "-"
50.53.97.248 - - [06/Jan/2013:12:06:01 -0800] "GET /GetStationPlayList.php?s=99&c=9&uid=36863&sid=22&endFeed=0&version=4.0.12455&mode=iPhoneApp&locale=en_US HTTP/1.1" 200 7293 "-" "Tales2Go/3.2.0 CFNetwork/609 Darwin/13.0.0"
50.53.97.248 - - [06/Jan/2013:12:06:06 -0800] "GET /GetStationPlayList.php?s=108&c=9&uid=36863&sid=22&endFeed=0&version=4.0.12455&mode=iPhoneApp&locale=en_US HTTP/1.1" 200 6161 "-" "Tales2Go/3.2.0 CFNetwork/609 Darwin/13.0.0"
50.53.97.248 - - [06/Jan/2013:12:06:11 -0800] "GET /GetStationPlayList.php?s=117&c=9&uid=36863&sid=22&endFeed=0&version=4.0.12455&mode=iPhoneApp&locale=en_US HTTP/1.1" 200 8447 "-" "Tales2Go/3.2.0 CFNetwork/609 Darwin/13.0.0"
50.53.97.248 - - [06/Jan/2013:12:06:16 -0800] "GET /GetStationPlayList.php?s=126&c=9&uid=36863&sid=22&endFeed=0&version=4.0.12455&mode=iPhoneApp&locale=en_US HTTP/1.1" 200 7847 "-" "Tales2Go/3.2.0 CFNetwork/609 Darwin/13.0.0"
50.53.97.248 - - [06/Jan/2013:12:06:21 -0800] "GET /GetStationPlayList.php?s=135&c=9&uid=36863&sid=22&endFeed=0&version=4.0.12455&mode=iPhoneApp&locale=en_US HTTP/1.1" 200 10034 "-" "Tales2Go/3.2.0 CFNetwork/609 Darwin/13.0.0"
50.53.97.248 - - [06/Jan/2013:12:06:27 -0800] "GET /GetStationPlayList.php?s=144&c=9&uid=36863&sid=22&endFeed=0&version=4.0.12455&mode=iPhoneApp&locale=en_US HTTP/1.1" 200 7576 "-" "Tales2Go/3.2.0 CFNetwork/609 Darwin/13.0.0"
50.53.97.248 - - [06/Jan/2013:12:06:29 -0800] "GET /AddFavorite.php?uid=36863&fid=1141&version=4.0.12455&mode=iPhoneApp&locale=en_US HTTP/1.1" 200 56 "-" "Tales2Go/3.2.0 CFNetwork/609 Darwin/13.0.0"
50.53.97.248 - - [06/Jan/2013:12:06:33 -0800] "GET /GetStationPlayList.php?s=153&c=9&uid=36863&sid=22&endFeed=0&version=4.0.12455&mode=iPhoneApp&locale=en_US HTTP/1.1" 200 7603 "-" "Tales2Go/3.2.0 CFNetwork/609 Darwin/13.0.0"
50.53.97.248 - - [06/Jan/2013:12:06:40 -0800] "GET /GetAd.php?sid=22&timeSinceLastAd=26&previousFeedId=51&nextFeedId=2946&newStation&tlt=26&tlf=0&uid=36863&version=4.0.12455&mode=iPhoneApp&locale=en_US HTTP/1.1" 200 22 "-" "Tales2Go/3.2.0 CFNetwork/609 Darwin/13.0.0"
50.53.97.248 - - [06/Jan/2013:12:06:40 -0800] "GET /PostUsage.php?uid=36863&sid=22&fid=51&eid=64&completed=26595&timezone=+0000&tlt=26&version=4.0.12455&mode=iPhoneApp&locale=en_US HTTP/1.1" 200 - "-" "Tales2Go/3.2.0 CFNetwork/609 Darwin/13.0.0"
50.53.97.248 - - [06/Jan/2013:12:06:40 -0800] "GET /FeedDisplay.php?archived&mode=iPhoneApp&fid=2946&episode_id=5714&nfid=1212&uid=36863&version=3.2.0 HTTP/1.1" 200 8788 "-" "Mozilla/5.0 (iPod; CPU iPhone OS 6_0_1 like Mac OS X) AppleWebKit/536.26 (KHTML, like Gecko) Mobile/10A523"
50.53.97.248 - - [06/Jan/2013:12:06:49 -0800] "GET /GetAd.php?sid=22&timeSinceLastAd=34&previousFeedId=2946&nextFeedId=1212&tlt=34&tlf=1&uid=36863&version=4.0.12455&mode=iPhoneApp&locale=en_US HTTP/1.1" 200 22 "-" "Tales2Go/3.2.0 CFNetwork/609 Darwin/13.0.0"
50.53.97.248 - - [06/Jan/2013:12:06:51 -0800] "GET /AddFavorite.php?uid=36863&fid=2946&version=4.0.12455&mode=iPhoneApp&locale=en_US HTTP/1.1" 200 56 "-" "Tales2Go/3.2.0 CFNetwork/609 Darwin/13.0.0"
50.53.97.248 - - [06/Jan/2013:12:06:59 -0800] "GET /GetStationPlayList.php?s=162&c=9&uid=36863&sid=22&endFeed=0&version=4.0.12455&mode=iPhoneApp&locale=en_US HTTP/1.1" 200 8793 "-" "Tales2Go/3.2.0 CFNetwork/609 Darwin/13.0.0"
50.53.97.248 - - [06/Jan/2013:12:07:27 -0800] "GET /EditFavorites.php?uid=36863&flist=2946 HTTP/1.1" 200 120 "-" "Tales2Go/3.2.0 CFNetwork/609 Darwin/13.0.0"
24.2.124.195 - - [06/Jan/2013:12:07:31 -0800] "GET /GetAd.php?sid=103&timeSinceLastAd=73163&previousFeedId=950&nextFeedId=948&tlt=73163&tlf=33&uid=31930&version=4.0.12455&mode=iPhoneApp&locale=en_US HTTP/1.1" 200 22 "-" "Tales2Go/3.2.0 CFNetwork/548.1.4 Darwin/11.0.0"
24.2.124.195 - - [06/Jan/2013:12:07:31 -0800] "GET /PostUsage.php?uid=31930&sid=103&fid=950&eid=1515&completed=4257937&timezone=+0000&tlt=73163&version=4.0.12455&mode=iPhoneApp&locale=en_US HTTP/1.1" 200 - "-" "Tales2Go/3.2.0 CFNetwork/548.1.4 Darwin/11.0.0"
24.2.124.195 - - [06/Jan/2013:12:07:31 -0800] "GET /FeedDisplay.php?archived&mode=iPhoneApp&fid=948&episode_id=1526&nfid=950&uid=31930&version=3.2.0 HTTP/1.1" 200 8911 "-" "Mozilla/5.0 (iPhone; CPU iPhone OS 5_1_1 like Mac OS X) AppleWebKit/534.46 (KHTML, like Gecko) Mobile/9B206"
24.2.124.195 - - [06/Jan/2013:12:07:34 -0800] "GET /GetAd.php?sid=103&timeSinceLastAd=73164&previousFeedId=948&nextFeedId=950&tlt=73164&tlf=34&uid=31930&version=4.0.12455&mode=iPhoneApp&locale=en_US HTTP/1.1" 200 22 "-" "Tales2Go/3.2.0 CFNetwork/548.1.4 Darwin/11.0.0"
70.109.44.191 - - [06/Jan/2013:12:07:34 -0800] "GET /StartupChecks.php?startup&uid=33424&version=4.0.12455&mode=iPhoneApp&locale=en_US HTTP/1.1" 200 289 "-" "Tales2Go/3.2.0 CFNetwork/609 Darwin/13.0.0"
70.109.44.191 - - [06/Jan/2013:12:07:34 -0800] "GET /LoadUserFromID.php?markStartup&id=33424&udid=8C:2D:AA:B2:EE:DC&version=4.0.12455&mode=iPhoneApp&locale=en_US HTTP/1.1" 200 259 "-" "Tales2Go/3.2.0 CFNetwork/609 Darwin/13.0.0"
70.109.44.191 - - [06/Jan/2013:12:07:35 -0800] "GET /GetContentStationList.php?uid=33424&version=4.0.12455&mode=iPhoneApp&locale=en_US HTTP/1.1" 200 6486 "-" "Tales2Go/3.2.0 CFNetwork/609 Darwin/13.0.0"
70.109.44.191 - - [06/Jan/2013:12:07:36 -0800] "GET /GetBookmarkList.php?uid=33424&version=4.0.12455&mode=iPhoneApp&locale=en_US HTTP/1.1" 200 10299 "-" "Tales2Go/3.2.0 CFNetwork/609 Darwin/13.0.0"
70.109.44.191 - - [06/Jan/2013:12:07:35 -0800] "GET /GetStationListFC.php?uid=33424&version=4.0.12455&mode=iPhoneApp&locale=en_US HTTP/1.1" 200 16492 "-" "Tales2Go/3.2.0 CFNetwork/609 Darwin/13.0.0"
50.53.97.248 - - [06/Jan/2013:12:07:35 -0800] "GET /GetStationPlayList.php?s=171&c=9&uid=36863&sid=22&endFeed=0&version=4.0.12455&mode=iPhoneApp&locale=en_US HTTP/1.1" 200 6301 "-" "Tales2Go/3.2.0 CFNetwork/609 Darwin/13.0.0"
50.53.97.248 - - [06/Jan/2013:12:07:45 -0800] "GET /GetStationPlayList.php?s=180&c=9&uid=36863&sid=22&endFeed=0&version=4.0.12455&mode=iPhoneApp&locale=en_US HTTP/1.1" 200 7011 "-" "Tales2Go/3.2.0 CFNetwork/609 Darwin/13.0.0"
50.53.97.248 - - [06/Jan/2013:12:07:52 -0800] "GET /GetStationPlayList.php?s=189&c=9&uid=36863&sid=22&endFeed=0&version=4.0.12455&mode=iPhoneApp&locale=en_US HTTP/1.1" 200 8165 "-" "Tales2Go/3.2.0 CFNetwork/609 Darwin/13.0.0"
50.53.97.248 - - [06/Jan/2013:12:07:59 -0800] "GET /GetStationPlayList.php?s=198&c=9&uid=36863&sid=22&endFeed=0&version=4.0.12455&mode=iPhoneApp&locale=en_US HTTP/1.1" 200 6884 "-" "Tales2Go/3.2.0 CFNetwork/609 Darwin/13.0.0"
50.53.97.248 - - [06/Jan/2013:12:08:06 -0800] "GET /GetStationPlayList.php?s=207&c=9&uid=36863&sid=22&endFeed=0&version=4.0.12455&mode=iPhoneApp&locale=en_US HTTP/1.1" 200 7660 "-" "Tales2Go/3.2.0 CFNetwork/609 Darwin/13.0.0"
50.53.97.248 - - [06/Jan/2013:12:08:12 -0800] "GET /GetAd.php?sid=22&timeSinceLastAd=40&previousFeedId=2946&nextFeedId=2966&newStation&tlt=40&tlf=0&uid=36863&version=4.0.12455&mode=iPhoneApp&locale=en_US HTTP/1.1" 200 22 "-" "Tales2Go/3.2.0 CFNetwork/609 Darwin/13.0.0"
50.53.97.248 - - [06/Jan/2013:12:08:12 -0800] "GET /PostUsage.php?uid=36863&sid=22&fid=2946&eid=5714&completed=14818&timezone=+0000&tlt=40&version=4.0.12455&mode=iPhoneApp&locale=en_US HTTP/1.1" 200 - "-" "Tales2Go/3.2.0 CFNetwork/609 Darwin/13.0.0"
50.53.97.248 - - [06/Jan/2013:12:08:12 -0800] "GET /FeedDisplay.php?archived&mode=iPhoneApp&fid=2966&episode_id=5735&nfid=887&uid=36863&version=3.2.0 HTTP/1.1" 200 8680 "-" "Mozilla/5.0 (iPod; CPU iPhone OS 6_0_1 like Mac OS X) AppleWebKit/536.26 (KHTML, like Gecko) Mobile/10A523"
50.53.97.248 - - [06/Jan/2013:12:08:16 -0800] "GET /GetAd.php?sid=22&timeSinceLastAd=42&previousFeedId=2966&nextFeedId=887&tlt=42&tlf=1&uid=36863&version=4.0.12455&mode=iPhoneApp&locale=en_US HTTP/1.1" 200 22 "-" "Tales2Go/3.2.0 CFNetwork/609 Darwin/13.0.0"
50.53.97.248 - - [06/Jan/2013:12:08:18 -0800] "GET /AddFavorite.php?uid=36863&fid=2966&version=4.0.12455&mode=iPhoneApp&locale=en_US HTTP/1.1" 200 56 "-" "Tales2Go/3.2.0 CFNetwork/609 Darwin/13.0.0"
50.53.97.248 - - [06/Jan/2013:12:08:31 -0800] "GET /GetStationPlayList.php?s=216&c=9&uid=36863&sid=22&endFeed=0&version=4.0.12455&mode=iPhoneApp&locale=en_US HTTP/1.1" 200 7773 "-" "Tales2Go/3.2.0 CFNetwork/609 Darwin/13.0.0"
50.53.97.248 - - [06/Jan/2013:12:08:38 -0800] "GET /GetStationPlayList.php?s=225&c=9&uid=36863&sid=22&endFeed=0&version=4.0.12455&mode=iPhoneApp&locale=en_US HTTP/1.1" 200 7592 "-" "Tales2Go/3.2.0 CFNetwork/609 Darwin/13.0.0"
70.109.44.191 - - [06/Jan/2013:12:08:47 -0800] "GET /Search.php?uid=33424&term=Calvin%20and%20Hobbes%20&s=0&c=20&version=4.0.12455&mode=iPhoneApp&locale=en_US HTTP/1.1" 200 87 "-" "Tales2Go/3.2.0 CFNetwork/609 Darwin/13.0.0"
50.53.97.248 - - [06/Jan/2013:12:08:50 -0800] "GET /GetStationPlayList.php?s=234&c=9&uid=36863&sid=22&endFeed=0&version=4.0.12455&mode=iPhoneApp&locale=en_US HTTP/1.1" 200 8159 "-" "Tales2Go/3.2.0 CFNetwork/609 Darwin/13.0.0"
174.97.232.228 - - [06/Jan/2013:12:08:52 -0800] "GET /PostUsage.php?uid=22833&sid=0&fid=1557&eid=2994&completed=3712355&timezone=+0000&tlt=25518&version=4.0.12455&mode=iPhoneApp&locale=en_US HTTP/1.1" 200 - "-" "Tales2Go/3.2.0 CFNetwork/609 Darwin/13.0.0"
174.97.232.228 - - [06/Jan/2013:12:08:52 -0800] "GET /PostUsage.php?uid=22833&sid=0&fid=1557&eid=2995&completed=0&timezone=+0000&tlt=25518&version=4.0.12455&mode=iPhoneApp&locale=en_US HTTP/1.1" 200 - "-" "Tales2Go/3.2.0 CFNetwork/609 Darwin/13.0.0"
174.97.232.228 - - [06/Jan/2013:12:08:53 -0800] "GET /FeedDisplay.php?archived&mode=iPhoneApp&fid=1557&episode_id=2995&nfid=0&uid=22833&version=3.2.0 HTTP/1.1" 200 9348 "-" "Mozilla/5.0 (iPod; CPU iPhone OS 6_0_1 like Mac OS X) AppleWebKit/536.26 (KHTML, like Gecko) Mobile/10A523"
174.97.232.228 - - [06/Jan/2013:12:08:54 -0800] "GET /PostUsage.php?uid=22833&sid=0&fid=1557&eid=2995&completed=545&timezone=+0000&tlt=25518&version=4.0.12455&mode=iPhoneApp&locale=en_US HTTP/1.1" 200 - "-" "Tales2Go/3.2.0 CFNetwork/609 Darwin/13.0.0"
174.97.232.228 - - [06/Jan/2013:12:08:56 -0800] "GET /PostUsage.php?uid=22833&sid=0&fid=1557&eid=2994&completed=0&timezone=+0000&tlt=25518&version=4.0.12455&mode=iPhoneApp&locale=en_US HTTP/1.1" 200 - "-" "Tales2Go/3.2.0 CFNetwork/609 Darwin/13.0.0"
174.97.232.228 - - [06/Jan/2013:12:08:57 -0800] "GET /FeedDisplay.php?archived&mode=iPhoneApp&fid=1557&episode_id=2994&nfid=0&uid=22833&version=3.2.0 HTTP/1.1" 200 9348 "-" "Mozilla/5.0 (iPod; CPU iPhone OS 6_0_1 like Mac OS X) AppleWebKit/536.26 (KHTML, like Gecko) Mobile/10A523"
50.53.97.248 - - [06/Jan/2013:12:08:57 -0800] "GET /GetStationPlayList.php?s=243&c=9&uid=36863&sid=22&endFeed=0&version=4.0.12455&mode=iPhoneApp&locale=en_US HTTP/1.1" 200 8581 "-" "Tales2Go/3.2.0 CFNetwork/609 Darwin/13.0.0"
50.53.97.248 - - [06/Jan/2013:12:09:03 -0800] "GET /GetStationPlayList.php?s=252&c=9&uid=36863&sid=22&endFeed=0&version=4.0.12455&mode=iPhoneApp&locale=en_US HTTP/1.1" 200 7446 "-" "Tales2Go/3.2.0 CFNetwork/609 Darwin/13.0.0"
50.53.97.248 - - [06/Jan/2013:12:09:10 -0800] "GET /GetStationPlayList.php?s=261&c=9&uid=36863&sid=22&endFeed=0&version=4.0.12455&mode=iPhoneApp&locale=en_US HTTP/1.1" 200 9326 "-" "Tales2Go/3.2.0 CFNetwork/609 Darwin/13.0.0"
50.53.97.248 - - [06/Jan/2013:12:09:15 -0800] "GET /GetStationPlayList.php?s=270&c=9&uid=36863&sid=22&endFeed=0&version=4.0.12455&mode=iPhoneApp&locale=en_US HTTP/1.1" 200 9514 "-" "Tales2Go/3.2.0 CFNetwork/609 Darwin/13.0.0"
174.97.232.228 - - [06/Jan/2013:12:09:20 -0800] "GET /GetAd.php?sid=0&timeSinceLastAd=28529&previousFeedId=1557&nextFeedId=0&tlt=28529&tlf=7&uid=22833&version=4.0.12455&mode=iPhoneApp&locale=en_US HTTP/1.1" 200 22 "-" "Tales2Go/3.2.0 CFNetwork/609 Darwin/13.0.0"
50.53.97.248 - - [06/Jan/2013:12:09:21 -0800] "GET /GetStationPlayList.php?s=279&c=9&uid=36863&sid=22&endFeed=0&version=4.0.12455&mode=iPhoneApp&locale=en_US HTTP/1.1" 200 7360 "-" "Tales2Go/3.2.0 CFNetwork/609 Darwin/13.0.0"
50.53.97.248 - - [06/Jan/2013:12:09:26 -0800] "GET /GetStationPlayList.php?s=288&c=9&uid=36863&sid=22&endFeed=0&version=4.0.12455&mode=iPhoneApp&locale=en_US HTTP/1.1" 200 7855 "-" "Tales2Go/3.2.0 CFNetwork/609 Darwin/13.0.0"
50.53.97.248 - - [06/Jan/2013:12:09:28 -0800] "GET /GetAd.php?sid=22&timeSinceLastAd=51&previousFeedId=2966&nextFeedId=1283&newStation&tlt=51&tlf=0&uid=36863&version=4.0.12455&mode=iPhoneApp&locale=en_US HTTP/1.1" 200 22 "-" "Tales2Go/3.2.0 CFNetwork/609 Darwin/13.0.0"
50.53.97.248 - - [06/Jan/2013:12:09:28 -0800] "GET /PostUsage.php?uid=36863&sid=22&fid=2966&eid=5735&completed=11715&timezone=+0000&tlt=51&version=4.0.12455&mode=iPhoneApp&locale=en_US HTTP/1.1" 200 - "-" "Tales2Go/3.2.0 CFNetwork/609 Darwin/13.0.0"
50.53.97.248 - - [06/Jan/2013:12:09:29 -0800] "GET /FeedDisplay.php?archived&mode=iPhoneApp&fid=1283&episode_id=1968&nfid=799&uid=36863&version=3.2.0 HTTP/1.1" 200 8569 "-" "Mozilla/5.0 (iPod; CPU iPhone OS 6_0_1 like Mac OS X) AppleWebKit/536.26 (KHTML, like Gecko) Mobile/10A523"
50.53.97.248 - - [06/Jan/2013:12:09:36 -0800] "GET /GetAd.php?sid=22&timeSinceLastAd=53&previousFeedId=1283&nextFeedId=799&tlt=53&tlf=1&uid=36863&version=4.0.12455&mode=iPhoneApp&locale=en_US HTTP/1.1" 200 22 "-" "Tales2Go/3.2.0 CFNetwork/609 Darwin/13.0.0"
98.207.49.75 - - [06/Jan/2013:12:09:36 -0800] "GET /GetBookmarkList.php?uid=27123&version=4.0.12455&mode=iPhoneApp&locale=en_US HTTP/1.1" 200 9862 "-" "Tales2Go/3.2.0 CFNetwork/609 Darwin/13.0.0"
69.117.131.61 - - [06/Jan/2013:12:09:38 -0800] "GET /StartupChecks.php?startup&version=4.0.12455&mode=iPhoneApp&locale=en_US HTTP/1.1" 200 246 "-" "Tales2Go/3.2.0 CFNetwork/609 Darwin/13.0.0"
50.53.97.248 - - [06/Jan/2013:12:09:37 -0800] "GET /GetStationPlayList.php?s=297&c=9&uid=36863&sid=22&endFeed=0&version=4.0.12455&mode=iPhoneApp&locale=en_US HTTP/1.1" 200 8849 "-" "Tales2Go/3.2.0 CFNetwork/609 Darwin/13.0.0"
69.117.131.61 - - [06/Jan/2013:12:09:38 -0800] "GET /TransitionUDIDToMACAddr.php?udid=a99f0da0e25e3e76034ad4befb0c39a1da2cee57&mac=8C:2D:AA:09:87:65&version=4.0.12455&mode=iPhoneApp&locale=en_US HTTP/1.1" 200 121 "-" "Tales2Go/3.2.0 CFNetwork/609 Darwin/13.0.0"
69.117.131.61 - - [06/Jan/2013:12:09:38 -0800] "GET /LoadUserFromUDID.php?markStartup&udid=8C:2D:AA:09:87:65&version=4.0.12455&mode=iPhoneApp&locale=en_US HTTP/1.1" 200 58 "-" "Tales2Go/3.2.0 CFNetwork/609 Darwin/13.0.0"
69.117.131.61 - - [06/Jan/2013:12:09:39 -0800] "GET /CreateUser.php?markStartup&mode=iPhoneApp&udid=8C:2D:AA:09:87:65&version=4.0.12455&mode=iPhoneApp&locale=en_US HTTP/1.1" 200 228 "-" "Tales2Go/3.2.0 CFNetwork/609 Darwin/13.0.0"
50.53.97.248 - - [06/Jan/2013:12:09:44 -0800] "GET /GetStationPlayList.php?s=306&c=9&uid=36863&sid=22&endFeed=0&version=4.0.12455&mode=iPhoneApp&locale=en_US HTTP/1.1" 200 9432 "-" "Tales2Go/3.2.0 CFNetwork/609 Darwin/13.0.0"
69.117.131.61 - - [06/Jan/2013:12:09:45 -0800] "GET /SubmitSettings.php?currentId=37873&email=8C:2D:AA:09:87:65@t2g.t2g&epx=-OA7K-IEAy_J-GAB87&phone=&optin=0&explicit=1&alertOption=0&alertType=0&alertTimestamp=0.000000&udid=8C:2D:AA:09:87:65&version=4.0.12455&mode=iPhoneApp&locale=en_US HTTP/1.1" 200 238 "-" "Tales2Go/3.2.0 CFNetwork/609 Darwin/13.0.0"
69.117.131.61 - - [06/Jan/2013:12:09:46 -0800] "GET /GetContentStationList.php?uid=37873&version=4.0.12455&mode=iPhoneApp&locale=en_US HTTP/1.1" 200 6486 "-" "Tales2Go/3.2.0 CFNetwork/609 Darwin/13.0.0"
69.117.131.61 - - [06/Jan/2013:12:09:46 -0800] "GET /LoadUserFromID.php?markStartup&id=37873&udid=8C:2D:AA:09:87:65&version=4.0.12455&mode=iPhoneApp&locale=en_US HTTP/1.1" 200 263 "-" "Tales2Go/3.2.0 CFNetwork/609 Darwin/13.0.0"
69.117.131.61 - - [06/Jan/2013:12:09:47 -0800] "GET /GetContentStationList.php?uid=37873&version=4.0.12455&mode=iPhoneApp&locale=en_US HTTP/1.1" 200 6486 "-" "Tales2Go/3.2.0 CFNetwork/609 Darwin/13.0.0"
69.117.131.61 - - [06/Jan/2013:12:09:46 -0800] "GET /GetStationListFC.php?uid=37873&version=4.0.12455&mode=iPhoneApp&locale=en_US HTTP/1.1" 200 16492 "-" "Tales2Go/3.2.0 CFNetwork/609 Darwin/13.0.0"
69.117.131.61 - - [06/Jan/2013:12:09:48 -0800] "GET /GetStationListFC.php?uid=37873&version=4.0.12455&mode=iPhoneApp&locale=en_US HTTP/1.1" 200 16492 "-" "Tales2Go/3.2.0 CFNetwork/609 Darwin/13.0.0"
50.53.97.248 - - [06/Jan/2013:12:09:49 -0800] "GET /GetStationPlayList.php?s=315&c=9&uid=36863&sid=22&endFeed=0&version=4.0.12455&mode=iPhoneApp&locale=en_US HTTP/1.1" 200 7712 "-" "Tales2Go/3.2.0 CFNetwork/609 Darwin/13.0.0"
98.207.49.75 - - [06/Jan/2013:12:09:56 -0800] "GET /PostUsage.php?uid=27123&sid=1&fid=926&eid=1227&completed=2391297&timezone=+0000&tlt=742&version=4.0.12455&mode=iPhoneApp&locale=en_US HTTP/1.1" 200 - "-" "Tales2Go/3.2.0 CFNetwork/609 Darwin/13.0.0"
50.53.97.248 - - [06/Jan/2013:12:09:55 -0800] "GET /GetStationPlayList.php?s=324&c=9&uid=36863&sid=22&endFeed=0&version=4.0.12455&mode=iPhoneApp&locale=en_US HTTP/1.1" 200 7901 "-" "Tales2Go/3.2.0 CFNetwork/609 Darwin/13.0.0"
98.207.49.75 - - [06/Jan/2013:12:09:57 -0800] "GET /FeedDisplay.php?archived&mode=iPhoneApp&fid=925&episode_id=1225&nfid=0&uid=27123&version=3.2.0 HTTP/1.1" 200 9022 "-" "Mozilla/5.0 (iPhone; CPU iPhone OS 6_0_1 like Mac OS X) AppleWebKit/536.26 (KHTML, like Gecko) Mobile/10A523"
69.117.131.61 - - [06/Jan/2013:12:09:58 -0800] "GET /GetStationPlayList.php?s=0&c=9&uid=37873&sid=35&endFeed=0&version=4.0.12455&mode=iPhoneApp&locale=en_US HTTP/1.1" 200 10497 "-" "Tales2Go/3.2.0 CFNetwork/609 Darwin/13.0.0"
50.53.97.248 - - [06/Jan/2013:12:10:00 -0800] "GET /GetStationPlayList.php?s=333&c=9&uid=36863&sid=22&endFeed=0&version=4.0.12455&mode=iPhoneApp&locale=en_US HTTP/1.1" 200 7486 "-" "Tales2Go/3.2.0 CFNetwork/609 Darwin/13.0.0"
208.113.232.130 - - [06/Jan/2013:12:10:04 -0800] "GET /LoadUserFromID.php?markStartup&id=36491&udid=sn_1002230&version=4.0.12455&mode=desktop&override&locale=en_US HTTP/1.0" 200 248 "-" "-"
98.207.49.75 - - [06/Jan/2013:12:10:04 -0800] "GET /PostUsage.php?uid=27123&sid=1&fid=925&eid=1225&completed=914407&timezone=+0000&tlt=742&version=4.0.12455&mode=iPhoneApp&locale=en_US HTTP/1.1" 200 - "-" "Tales2Go/3.2.0 CFNetwork/609 Darwin/13.0.0"
98.207.49.75 - - [06/Jan/2013:12:10:06 -0800] "GET /FeedDisplay.php?archived&mode=iPhoneApp&fid=1285&episode_id=2257&nfid=0&uid=27123&version=3.2.0 HTTP/1.1" 200 9049 "-" "Mozilla/5.0 (iPhone; CPU iPhone OS 6_0_1 like Mac OS X) AppleWebKit/536.26 (KHTML, like Gecko) Mobile/10A523"
69.117.131.61 - - [06/Jan/2013:12:10:05 -0800] "GET /GetStationPlayList.php?s=0&c=9&uid=37873&sid=6&endFeed=0&version=4.0.12455&mode=iPhoneApp&locale=en_US HTTP/1.1" 200 8358 "-" "Tales2Go/3.2.0 CFNetwork/609 Darwin/13.0.0"
50.53.97.248 - - [06/Jan/2013:12:10:05 -0800] "GET /GetStationPlayList.php?s=342&c=9&uid=36863&sid=22&endFeed=0&version=4.0.12455&mode=iPhoneApp&locale=en_US HTTP/1.1" 200 7598 "-" "Tales2Go/3.2.0 CFNetwork/609 Darwin/13.0.0"
98.207.49.75 - - [06/Jan/2013:12:10:08 -0800] "GET /PostUsage.php?uid=27123&sid=1&fid=1285&eid=2257&completed=4691&timezone=+0000&tlt=742&version=4.0.12455&mode=iPhoneApp&locale=en_US HTTP/1.1" 200 - "-" "Tales2Go/3.2.0 CFNetwork/609 Darwin/13.0.0"
98.207.49.75 - - [06/Jan/2013:12:10:09 -0800] "GET /FeedDisplay.php?archived&mode=iPhoneApp&fid=591&episode_id=1308&nfid=0&uid=27123&version=3.2.0 HTTP/1.1" 200 8760 "-" "Mozilla/5.0 (iPhone; CPU iPhone OS 6_0_1 like Mac OS X) AppleWebKit/536.26 (KHTML, like Gecko) Mobile/10A523"
50.53.97.248 - - [06/Jan/2013:12:10:11 -0800] "GET /GetStationPlayList.php?s=351&c=9&uid=36863&sid=22&endFeed=0&version=4.0.12455&mode=iPhoneApp&locale=en_US HTTP/1.1" 200 5929 "-" "Tales2Go/3.2.0 CFNetwork/609 Darwin/13.0.0"
98.207.49.75 - - [06/Jan/2013:12:10:12 -0800] "GET /PostUsage.php?uid=27123&sid=1&fid=591&eid=1308&completed=285359&timezone=+0000&tlt=742&version=4.0.12455&mode=iPhoneApp&locale=en_US HTTP/1.1" 200 - "-" "Tales2Go/3.2.0 CFNetwork/609 Darwin/13.0.0"
98.207.49.75 - - [06/Jan/2013:12:10:13 -0800] "GET /GetAd.php?sid=0&timeSinceLastAd=742&previousFeedId=925&nextFeedId=0&tlt=742&tlf=2&uid=27123&version=4.0.12455&mode=iPhoneApp&locale=en_US HTTP/1.1" 200 22 "-" "Tales2Go/3.2.0 CFNetwork/609 Darwin/13.0.0"
98.207.49.75 - - [06/Jan/2013:12:10:14 -0800] "GET /FeedDisplay.php?archived&mode=iPhoneApp&fid=925&episode_id=1226&nfid=0&uid=27123&version=3.2.0 HTTP/1.1" 200 9022 "-" "Mozilla/5.0 (iPhone; CPU iPhone OS 6_0_1 like Mac OS X) AppleWebKit/536.26 (KHTML, like Gecko) Mobile/10A523"
98.207.49.75 - - [06/Jan/2013:12:10:16 -0800] "GET /PostUsage.php?uid=27123&sid=0&fid=925&eid=1226&completed=4240165&timezone=+0000&tlt=742&version=4.0.12455&mode=iPhoneApp&locale=en_US HTTP/1.1" 200 - "-" "Tales2Go/3.2.0 CFNetwork/609 Darwin/13.0.0"
208.113.232.130 - - [06/Jan/2013:12:10:16 -0800] "GET /GetStationListFC.php?uid=36491&version=4.0.12455&mode=desktop&override&locale=en_US HTTP/1.0" 200 17195 "-" "-"
98.207.49.75 - - [06/Jan/2013:12:10:17 -0800] "GET /FeedDisplay.php?archived&mode=iPhoneApp&fid=591&episode_id=1308&nfid=0&uid=27123&version=3.2.0 HTTP/1.1" 200 8760 "-" "Mozilla/5.0 (iPhone; CPU iPhone OS 6_0_1 like Mac OS X) AppleWebKit/536.26 (KHTML, like Gecko) Mobile/10A523"
50.53.97.248 - - [06/Jan/2013:12:10:16 -0800] "GET /GetStationPlayList.php?s=360&c=9&uid=36863&sid=22&endFeed=0&version=4.0.12455&mode=iPhoneApp&locale=en_US HTTP/1.1" 200 7754 "-" "Tales2Go/3.2.0 CFNetwork/609 Darwin/13.0.0"
69.117.131.61 - - [06/Jan/2013:12:10:16 -0800] "GET /GetStationPlayList.php?s=0&c=9&uid=37873&sid=14&endFeed=0&version=4.0.12455&mode=iPhoneApp&locale=en_US HTTP/1.1" 200 6693 "-" "Tales2Go/3.2.0 CFNetwork/609 Darwin/13.0.0"
50.53.97.248 - - [06/Jan/2013:12:10:20 -0800] "GET /GetBookmarkList.php?uid=36863&version=4.0.12455&mode=iPhoneApp&locale=en_US HTTP/1.1" 200 55 "-" "Tales2Go/3.2.0 CFNetwork/609 Darwin/13.0.0"
98.207.49.75 - - [06/Jan/2013:12:10:22 -0800] "GET /GetAd.php?sid=0&timeSinceLastAd=1028&previousFeedId=591&nextFeedId=0&tlt=1028&tlf=2&uid=27123&version=4.0.12455&mode=iPhoneApp&locale=en_US HTTP/1.1" 200 22 "-" "Tales2Go/3.2.0 CFNetwork/609 Darwin/13.0.0"
98.207.49.75 - - [06/Jan/2013:12:10:22 -0800] "GET /PostUsage.php?uid=27123&sid=1&fid=591&eid=1308&completed=287232&timezone=+0000&tlt=742&version=4.0.12455&mode=iPhoneApp&locale=en_US HTTP/1.1" 200 - "-" "Tales2Go/3.2.0 CFNetwork/609 Darwin/13.0.0"
98.207.49.75 - - [06/Jan/2013:12:10:23 -0800] "GET /FeedDisplay.php?archived&mode=iPhoneApp&fid=95&episode_id=107&nfid=0&uid=27123&version=3.2.0 HTTP/1.1" 200 8457 "-" "Mozilla/5.0 (iPhone; CPU iPhone OS 6_0_1 like Mac OS X) AppleWebKit/536.26 (KHTML, like Gecko) Mobile/10A523"
98.207.49.75 - - [06/Jan/2013:12:10:25 -0800] "GET /GetAd.php?sid=0&timeSinceLastAd=779&previousFeedId=95&nextFeedId=0&tlt=779&tlf=2&uid=27123&version=4.0.12455&mode=iPhoneApp&locale=en_US HTTP/1.1" 200 22 "-" "Tales2Go/3.2.0 CFNetwork/609 Darwin/13.0.0"
208.113.232.130 - - [06/Jan/2013:12:10:28 -0800] "GET /GetNewSerialNum.php HTTP/1.0" 200 63 "-" "-"
208.113.232.130 - - [06/Jan/2013:12:10:28 -0800] "GET /LoadUserFromUDID.php?markStartup&udid=sn_1005103&version=4.0.12455&mode=desktop&override&locale=en_US HTTP/1.0" 200 58 "-" "-"
69.117.131.61 - - [06/Jan/2013:12:10:32 -0800] "GET /GetStationPlayList.php?s=0&c=9&uid=37873&sid=17&endFeed=0&version=4.0.12455&mode=iPhoneApp&locale=en_US HTTP/1.1" 200 11076 "-" "Tales2Go/3.2.0 CFNetwork/609 Darwin/13.0.0"
50.53.97.248 - - [06/Jan/2013:12:10:35 -0800] "GET /GetAd.php?sid=22&timeSinceLastAd=53&previousFeedId=1283&nextFeedId=2901&newStation&tlt=53&tlf=0&uid=36863&version=4.0.12455&mode=iPhoneApp&locale=en_US HTTP/1.1" 200 22 "-" "Tales2Go/3.2.0 CFNetwork/609 Darwin/13.0.0"
98.207.49.75 - - [06/Jan/2013:12:10:35 -0800] "GET /PostUsage.php?uid=27123&sid=0&fid=95&eid=107&completed=46670&timezone=+0000&tlt=742&version=4.0.12455&mode=iPhoneApp&locale=en_US HTTP/1.1" 200 - "-" "Tales2Go/3.2.0 CFNetwork/609 Darwin/13.0.0"
98.207.49.75 - - [06/Jan/2013:12:10:35 -0800] "GET /FeedDisplay.php?archived&mode=iPhoneApp&fid=927&episode_id=1229&nfid=0&uid=27123&version=3.2.0 HTTP/1.1" 200 8630 "-" "Mozilla/5.0 (iPhone; CPU iPhone OS 6_0_1 like Mac OS X) AppleWebKit/536.26 (KHTML, like Gecko) Mobile/10A523"
50.53.97.248 - - [06/Jan/2013:12:10:35 -0800] "GET /PostUsage.php?uid=36863&sid=22&fid=1283&eid=1968&completed=2097&timezone=+0000&tlt=53&version=4.0.12455&mode=iPhoneApp&locale=en_US HTTP/1.1" 200 - "-" "Tales2Go/3.2.0 CFNetwork/609 Darwin/13.0.0"
50.53.97.248 - - [06/Jan/2013:12:10:36 -0800] "GET /FeedDisplay.php?archived&mode=iPhoneApp&fid=2901&episode_id=5669&nfid=2068&uid=36863&version=3.2.0 HTTP/1.1" 200 8798 "-" "Mozilla/5.0 (iPod; CPU iPhone OS 6_0_1 like Mac OS X) AppleWebKit/536.26 (KHTML, like Gecko) Mobile/10A523"
50.53.97.248 - - [06/Jan/2013:12:10:38 -0800] "GET /GetAd.php?sid=22&timeSinceLastAd=54&previousFeedId=2901&nextFeedId=2068&tlt=54&tlf=1&uid=36863&version=4.0.12455&mode=iPhoneApp&locale=en_US HTTP/1.1" 200 22 "-" "Tales2Go/3.2.0 CFNetwork/609 Darwin/13.0.0"
50.53.97.248 - - [06/Jan/2013:12:10:40 -0800] "GET /AddFavorite.php?uid=36863&fid=2901&version=4.0.12455&mode=iPhoneApp&locale=en_US HTTP/1.1" 200 56 "-" "Tales2Go/3.2.0 CFNetwork/609 Darwin/13.0.0"
98.207.49.75 - - [06/Jan/2013:12:10:43 -0800] "GET /RemoveFavorite.php?uid=27123&fid=927&version=4.0.12455&mode=iPhoneApp&locale=en_US HTTP/1.1" 200 57 "-" "Tales2Go/3.2.0 CFNetwork/609 Darwin/13.0.0"
98.207.49.75 - - [06/Jan/2013:12:11:06 -0800] "GET /GetAd.php?sid=0&timeSinceLastAd=769&previousFeedId=927&nextFeedId=0&tlt=769&tlf=2&uid=27123&version=4.0.12455&mode=iPhoneApp&locale=en_US HTTP/1.1" 200 22 "-" "Tales2Go/3.2.0 CFNetwork/609 Darwin/13.0.0"
24.79.106.58 - - [06/Jan/2013:12:11:12 -0800] "GET /StartupChecks.php?startup&uid=21696&version=4.0.12455&mode=iPhoneApp&locale=en_CA HTTP/1.1" 200 289 "-" "Tales2Go/3.2.0 CFNetwork/609 Darwin/13.0.0"
24.79.106.58 - - [06/Jan/2013:12:11:12 -0800] "GET /LoadUserFromID.php?markStartup&id=21696&udid=70:DE:E2:7B:B7:21&version=4.0.12455&mode=iPhoneApp&locale=en_CA HTTP/1.1" 200 263 "-" "Tales2Go/3.2.0 CFNetwork/609 Darwin/13.0.0"
24.79.106.58 - - [06/Jan/2013:12:11:13 -0800] "GET /GetContentStationList.php?uid=21696&version=4.0.12455&mode=iPhoneApp&locale=en_CA HTTP/1.1" 200 6486 "-" "Tales2Go/3.2.0 CFNetwork/609 Darwin/13.0.0"
24.79.106.58 - - [06/Jan/2013:12:11:13 -0800] "GET /GetStationListFC.php?uid=21696&version=4.0.12455&mode=iPhoneApp&locale=en_CA HTTP/1.1" 200 256 "-" "Tales2Go/3.2.0 CFNetwork/609 Darwin/13.0.0"
127.0.0.1 - - [06/Jan/2013:12:12:07 -0800] "GET /PostUsageScript.php?uid=35914&sid=0&fid=2516&eid=4097&completed=372&timezone=+0000&tlt=0&version=4.0.12455&mode=desktop&override&locale=en_US HTTP/1.0" 200 61 "-" "Wget/1.11.4 Red Hat modified"
208.113.232.130 - - [06/Jan/2013:12:12:07 -0800] "GET /PostUsage.php?uid=35914&sid=0&fid=2516&eid=4097&completed=372&timezone=+0000&tlt=0&version=4.0.12455&mode=desktop&override&locale=en_US HTTP/1.0" 200 - "-" "-"
127.0.0.1 - - [06/Jan/2013:12:12:08 -0800] "GET /PostUsageScript.php?uid=35914&sid=0&fid=2516&eid=4097&completed=372&timezone=+0000&tlt=0&version=4.0.12455&mode=desktop&override&locale=en_US HTTP/1.0" 200 61 "-" "Wget/1.11.4 Red Hat modified"
208.113.232.130 - - [06/Jan/2013:12:12:08 -0800] "GET /PostUsage.php?uid=35914&sid=0&fid=2516&eid=4097&completed=372&timezone=+0000&tlt=0&version=4.0.12455&mode=desktop&override&locale=en_US HTTP/1.0" 200 - "-" "-"
174.253.231.225 - - [06/Jan/2013:12:12:18 -0800] "GET /GetAd.php?sid=62&timeSinceLastAd=1504&previousFeedId=49&nextFeedId=51&tlt=1504&tlf=1&uid=30855&version=4.0.12455&mode=iPhoneApp&locale=en_US HTTP/1.1" 200 22 "-" "Tales2Go/3.2.0 CFNetwork/609 Darwin/13.0.0"
174.253.231.225 - - [06/Jan/2013:12:12:18 -0800] "GET /PostUsage.php?uid=30855&sid=62&fid=49&eid=62&completed=1504165&timezone=+0000&tlt=1504&version=4.0.12455&mode=iPhoneApp&locale=en_US HTTP/1.1" 200 - "-" "Tales2Go/3.2.0 CFNetwork/609 Darwin/13.0.0"
174.253.231.225 - - [06/Jan/2013:12:12:18 -0800] "GET /FeedDisplay.php?archived&mode=iPhoneApp&fid=51&episode_id=64&nfid=43&uid=30855&version=3.2.0 HTTP/1.1" 200 8450 "-" "Mozilla/5.0 (iPhone; CPU iPhone OS 6_0 like Mac OS X) AppleWebKit/536.26 (KHTML, like Gecko) Mobile/10A403"
174.253.231.225 - - [06/Jan/2013:12:13:06 -0800] "GET /GetAd.php?sid=62&timeSinceLastAd=1549&previousFeedId=51&nextFeedId=43&tlt=1549&tlf=2&uid=30855&version=4.0.12455&mode=iPhoneApp&locale=en_US HTTP/1.1" 200 22 "-" "Tales2Go/3.2.0 CFNetwork/609 Darwin/13.0.0"
208.113.232.130 - - [06/Jan/2013:12:13:52 -0800] "GET /GetStationPlayList.php?uid=36491&sid=613&endFeed=0&version=4.0.12455&mode=desktop&override&locale=en_US HTTP/1.0" 200 37144 "-" "-"
174.253.231.225 - - [06/Jan/2013:12:14:12 -0800] "GET /GetAd.php?sid=62&timeSinceLastAd=1614&previousFeedId=51&nextFeedId=43&tlt=1614&tlf=2&uid=30855&version=4.0.12455&mode=iPhoneApp&locale=en_US HTTP/1.1" 200 22 "-" "Tales2Go/3.2.0 CFNetwork/609 Darwin/13.0.0"
174.253.231.225 - - [06/Jan/2013:12:14:12 -0800] "GET /PostUsage.php?uid=30855&sid=62&fid=51&eid=64&completed=110763&timezone=+0000&tlt=1614&version=4.0.12455&mode=iPhoneApp&locale=en_US HTTP/1.1" 200 - "-" "Tales2Go/3.2.0 CFNetwork/609 Darwin/13.0.0"
174.253.231.225 - - [06/Jan/2013:12:14:13 -0800] "GET /FeedDisplay.php?archived&mode=iPhoneApp&fid=43&episode_id=665&nfid=46&uid=30855&version=3.2.0 HTTP/1.1" 200 8454 "-" "Mozilla/5.0 (iPhone; CPU iPhone OS 6_0 like Mac OS X) AppleWebKit/536.26 (KHTML, like Gecko) Mobile/10A403"
174.253.231.225 - - [06/Jan/2013:12:15:26 -0800] "GET /GetAd.php?sid=62&timeSinceLastAd=1669&previousFeedId=43&nextFeedId=46&tlt=1669&tlf=3&uid=30855&version=4.0.12455&mode=iPhoneApp&locale=en_US HTTP/1.1" 200 22 "-" "Tales2Go/3.2.0 CFNetwork/609 Darwin/13.0.0"
208.113.232.130 - - [06/Jan/2013:12:16:07 -0800] "GET /GetStationPlayList.php?uid=36491&sid=199&endFeed=0&version=4.0.12455&mode=desktop&override&locale=en_US HTTP/1.0" 200 36964 "-" "-"
208.113.232.130 - - [06/Jan/2013:12:17:04 -0800] "GET /StoryData.php?fid=16&mode=desktop&eid=34&uid=36491&udid=sn_1002230 HTTP/1.0" 200 869 "-" "-"
208.113.232.130 - - [06/Jan/2013:12:17:05 -0800] "GET /StoryData.php?fid=16&mode=desktop&eid=34&uid=36491&udid=sn_1002230 HTTP/1.0" 200 869 "-" "-"
174.253.231.225 - - [06/Jan/2013:12:17:31 -0800] "GET /GetAd.php?sid=62&timeSinceLastAd=1794&previousFeedId=43&nextFeedId=46&tlt=1794&tlf=3&uid=30855&version=4.0.12455&mode=iPhoneApp&locale=en_US HTTP/1.1" 200 22 "-" "Tales2Go/3.2.0 CFNetwork/609 Darwin/13.0.0"
174.253.231.225 - - [06/Jan/2013:12:17:31 -0800] "GET /PostUsage.php?uid=30855&sid=62&fid=43&eid=665&completed=180459&timezone=+0000&tlt=1794&version=4.0.12455&mode=iPhoneApp&locale=en_US HTTP/1.1" 200 - "-" "Tales2Go/3.2.0 CFNetwork/609 Darwin/13.0.0"
174.253.231.225 - - [06/Jan/2013:12:17:32 -0800] "GET /FeedDisplay.php?archived&mode=iPhoneApp&fid=46&episode_id=59&nfid=54&uid=30855&version=3.2.0 HTTP/1.1" 200 8549 "-" "Mozilla/5.0 (iPhone; CPU iPhone OS 6_0 like Mac OS X) AppleWebKit/536.26 (KHTML, like Gecko) Mobile/10A403"
