98.83.14.98 - - [06/Jan/2013:15:12:38 -0800] "GET /images/multipart_arrow_left_disabled.gif HTTP/1.1" 200 275 "http://t2g.stitcher.com/FeedDisplay.php?archived&mode=iPhoneApp&fid=1865&episode_id=3746&nfid=2869&uid=37903&version=3.2.0" "Mozilla/5.0 (iPod; CPU iPhone OS 6_0 like Mac OS X) AppleWebKit/536.26 (KHTML, like Gecko) Mobile/10A403"
98.83.14.98 - - [06/Jan/2013:15:12:38 -0800] "GET /images/multipart_arrow_right.gif HTTP/1.1" 200 267 "http://t2g.stitcher.com/FeedDisplay.php?archived&mode=iPhoneApp&fid=1865&episode_id=3746&nfid=2869&uid=37903&version=3.2.0" "Mozilla/5.0 (iPod; CPU iPhone OS 6_0 like Mac OS X) AppleWebKit/536.26 (KHTML, like Gecko) Mobile/10A403"
98.83.14.98 - - [06/Jan/2013:15:12:38 -0800] "GET /images/ajax-loader.gif HTTP/1.1" 200 1849 "http://t2g.stitcher.com/FeedDisplay.php?archived&mode=iPhoneApp&fid=1865&episode_id=3746&nfid=2869&uid=37903&version=3.2.0" "Mozilla/5.0 (iPod; CPU iPhone OS 6_0 like Mac OS X) AppleWebKit/536.26 (KHTML, like Gecko) Mobile/10A403"
98.83.14.98 - - [06/Jan/2013:15:12:39 -0800] "GET /images/t2g_ratings_color_active.png HTTP/1.1" 200 985 "http://t2g.stitcher.com/FeedDisplay.php?archived&mode=iPhoneApp&fid=1865&episode_id=3746&nfid=2869&uid=37903&version=3.2.0" "Mozilla/5.0 (iPod; CPU iPhone OS 6_0 like Mac OS X) AppleWebKit/536.26 (KHTML, like Gecko) Mobile/10A403"
98.83.14.98 - - [06/Jan/2013:15:12:39 -0800] "GET /images/t2g_ratings_gray_active.png HTTP/1.1" 200 1196 "http://t2g.stitcher.com/FeedDisplay.php?archived&mode=iPhoneApp&fid=1865&episode_id=3746&nfid=2869&uid=37903&version=3.2.0" "Mozilla/5.0 (iPod; CPU iPhone OS 6_0 like Mac OS X) AppleWebKit/536.26 (KHTML, like Gecko) Mobile/10A403"
98.83.14.98 - - [06/Jan/2013:15:12:40 -0800] "GET /images/t2g_ratings_color.png HTTP/1.1" 200 997 "http://t2g.stitcher.com/FeedDisplay.php?archived&mode=iPhoneApp&fid=1865&episode_id=3746&nfid=2869&uid=37903&version=3.2.0" "Mozilla/5.0 (iPod; CPU iPhone OS 6_0 like Mac OS X) AppleWebKit/536.26 (KHTML, like Gecko) Mobile/10A403"
98.83.14.98 - - [06/Jan/2013:15:12:40 -0800] "GET /images/t2g_ratings_gray.png HTTP/1.1" 200 1215 "http://t2g.stitcher.com/FeedDisplay.php?archived&mode=iPhoneApp&fid=1865&episode_id=3746&nfid=2869&uid=37903&version=3.2.0" "Mozilla/5.0 (iPod; CPU iPhone OS 6_0 like Mac OS X) AppleWebKit/536.26 (KHTML, like Gecko) Mobile/10A403"
207.138.192.26 - - [06/Jan/2013:15:12:45 -0800] "GET /AddFavorite.php?uid=37441&fid=575&version=4.0.12455&mode=iPhoneApp&locale=en_US HTTP/1.1" 200 55 "-" "Tales2Go/3.2.0 CFNetwork/609 Darwin/13.0.0"
98.83.14.98 - - [06/Jan/2013:15:12:46 -0800] "GET /PostUsage.php?uid=37903&sid=6&fid=1865&eid=3746&completed=11570&timezone=+0000&tlt=0&version=4.0.12455&mode=iPhoneApp&locale=en_US HTTP/1.1" 200 - "-" "Tales2Go/3.2.0 CFNetwork/609 Darwin/13.0.0"
98.83.14.98 - - [06/Jan/2013:15:12:47 -0800] "GET /PostUsage.php?uid=37903&sid=6&fid=1865&eid=3747&completed=0&timezone=+0000&tlt=0&version=4.0.12455&mode=iPhoneApp&locale=en_US HTTP/1.1" 200 - "-" "Tales2Go/3.2.0 CFNetwork/609 Darwin/13.0.0"
98.83.14.98 - - [06/Jan/2013:15:12:48 -0800] "GET /FeedDisplay.php?archived&mode=iPhoneApp&fid=1865&episode_id=3747&nfid=2869&uid=37903&version=3.2.0 HTTP/1.1" 200 8989 "-" "Mozilla/5.0 (iPod; CPU iPhone OS 6_0 like Mac OS X) AppleWebKit/536.26 (KHTML, like Gecko) Mobile/10A403"
98.83.14.98 - - [06/Jan/2013:15:12:49 -0800] "GET /images/multipart_arrow_left.gif HTTP/1.1" 200 273 "http://t2g.stitcher.com/FeedDisplay.php?archived&mode=iPhoneApp&fid=1865&episode_id=3747&nfid=2869&uid=37903&version=3.2.0" "Mozilla/5.0 (iPod; CPU iPhone OS 6_0 like Mac OS X) AppleWebKit/536.26 (KHTML, like Gecko) Mobile/10A403"
67.242.168.30 - - [06/Jan/2013:15:12:50 -0800] "GET /Search.php?uid=18744&term=Goosbumps&s=0&c=20&version=4.0.12455&mode=iPhoneApp&locale=en_US HTTP/1.1" 200 78 "-" "Tales2Go/3.2.0 CFNetwork/609 Darwin/13.0.0"
76.21.82.160 - - [06/Jan/2013:15:13:09 -0800] "GET /GetAd.php?sid=1&timeSinceLastAd=10295&previousFeedId=722&nextFeedId=720&newStation&tlt=10295&tlf=0&uid=13546&version=4.0.12455&mode=iPhoneApp&locale=en_US HTTP/1.1" 200 22 "-" "Tales2Go/3.2.0 CFNetwork/548.1.4 Darwin/11.0.0"
76.21.82.160 - - [06/Jan/2013:15:13:09 -0800] "GET /PostUsage.php?uid=13546&sid=1&fid=722&eid=1027&completed=2359077&timezone=+0000&tlt=10295&version=4.0.12455&mode=iPhoneApp&locale=en_US HTTP/1.1" 200 - "-" "Tales2Go/3.2.0 CFNetwork/548.1.4 Darwin/11.0.0"
76.21.82.160 - - [06/Jan/2013:15:13:09 -0800] "GET /FeedDisplay.php?archived&mode=iPhoneApp&fid=720&episode_id=1013&nfid=722&uid=13546&version=3.2.0 HTTP/1.1" 200 8611 "-" "Mozilla/5.0 (iPhone; CPU iPhone OS 5_1_1 like Mac OS X) AppleWebKit/534.46 (KHTML, like Gecko) Mobile/9B206"
98.83.14.98 - - [06/Jan/2013:15:13:11 -0800] "GET /PostUsage.php?uid=37903&sid=6&fid=1865&eid=3747&completed=8770&timezone=+0000&tlt=0&version=4.0.12455&mode=iPhoneApp&locale=en_US HTTP/1.1" 200 - "-" "Tales2Go/3.2.0 CFNetwork/609 Darwin/13.0.0"
98.83.14.98 - - [06/Jan/2013:15:13:12 -0800] "GET /PostUsage.php?uid=37903&sid=6&fid=1865&eid=3746&completed=0&timezone=+0000&tlt=0&version=4.0.12455&mode=iPhoneApp&locale=en_US HTTP/1.1" 200 - "-" "Tales2Go/3.2.0 CFNetwork/609 Darwin/13.0.0"
98.83.14.98 - - [06/Jan/2013:15:13:12 -0800] "GET /FeedDisplay.php?archived&mode=iPhoneApp&fid=1865&episode_id=3746&nfid=2869&uid=37903&version=3.2.0 HTTP/1.1" 200 8967 "-" "Mozilla/5.0 (iPod; CPU iPhone OS 6_0 like Mac OS X) AppleWebKit/536.26 (KHTML, like Gecko) Mobile/10A403"
76.21.82.160 - - [06/Jan/2013:15:13:18 -0800] "GET /GetAd.php?sid=1&timeSinceLastAd=10303&previousFeedId=720&nextFeedId=722&tlt=10303&tlf=1&uid=13546&version=4.0.12455&mode=iPhoneApp&locale=en_US HTTP/1.1" 200 22 "-" "Tales2Go/3.2.0 CFNetwork/548.1.4 Darwin/11.0.0"
98.83.14.98 - - [06/Jan/2013:15:13:25 -0800] "GET /PostUsage.php?uid=37903&sid=6&fid=1865&eid=3746&completed=-26&timezone=+0000&tlt=0&version=4.0.12455&mode=iPhoneApp&locale=en_US HTTP/1.1" 200 - "-" "Tales2Go/3.2.0 CFNetwork/609 Darwin/13.0.0"
98.83.14.98 - - [06/Jan/2013:15:13:26 -0800] "GET /FeedDisplay.php?archived&mode=iPhoneApp&fid=2869&episode_id=5610&nfid=2359&uid=37903&version=3.2.0 HTTP/1.1" 200 8741 "-" "Mozilla/5.0 (iPod; CPU iPhone OS 6_0 like Mac OS X) AppleWebKit/536.26 (KHTML, like Gecko) Mobile/10A403"
67.242.168.30 - - [06/Jan/2013:15:13:29 -0800] "GET /Search.php?uid=18744&term=Goosbumps&s=0&c=20&version=4.0.12455&mode=iPhoneApp&locale=en_US HTTP/1.1" 200 78 "-" "Tales2Go/3.2.0 CFNetwork/609 Darwin/13.0.0"
98.83.14.98 - - [06/Jan/2013:15:13:42 -0800] "GET /GetAd.php?sid=6&timeSinceLastAd=15&previousFeedId=2869&nextFeedId=1865&newStation&tlt=15&tlf=0&uid=37903&version=4.0.12455&mode=iPhoneApp&locale=en_US HTTP/1.1" 200 22 "-" "Tales2Go/3.2.0 CFNetwork/609 Darwin/13.0.0"
98.83.14.98 - - [06/Jan/2013:15:13:43 -0800] "GET /PostUsage.php?uid=37903&sid=6&fid=2869&eid=5610&completed=15861&timezone=+0000&tlt=15&version=4.0.12455&mode=iPhoneApp&locale=en_US HTTP/1.1" 200 - "-" "Tales2Go/3.2.0 CFNetwork/609 Darwin/13.0.0"
98.83.14.98 - - [06/Jan/2013:15:13:43 -0800] "GET /FeedDisplay.php?archived&mode=iPhoneApp&fid=1865&episode_id=3746&nfid=2869&uid=37903&version=3.2.0 HTTP/1.1" 200 8967 "-" "Mozilla/5.0 (iPod; CPU iPhone OS 6_0 like Mac OS X) AppleWebKit/536.26 (KHTML, like Gecko) Mobile/10A403"
67.242.168.30 - - [06/Jan/2013:15:13:48 -0800] "GET /Search.php?uid=18744&term=goosbumps&s=0&c=20&version=4.0.12455&mode=iPhoneApp&locale=en_US HTTP/1.1" 200 78 "-" "Tales2Go/3.2.0 CFNetwork/609 Darwin/13.0.0"
63.151.70.246 - - [06/Jan/2013:15:14:03 -0800] "GET /PostUsage.php?uid=17734&sid=463&fid=1548&eid=2960&completed=4677519&timezone=+0000&resume&tlt=1963&version=4.0.12455&mode=iPhoneApp&locale=en_US HTTP/1.1" 200 - "-" "Tales2Go/3.2.0 CFNetwork/485.13.9 Darwin/11.0.0"
63.151.70.246 - - [06/Jan/2013:15:14:03 -0800] "GET /FeedDisplay.php?archived&mode=iPhoneApp&fid=1548&episode_id=2961&nfid=1558&uid=17734&version=3.2.0 HTTP/1.1" 200 9356 "-" "Mozilla/5.0 (iPhone; U; CPU iPhone OS 4_3_3 like Mac OS X; en-us) AppleWebKit/533.17.9 (KHTML, like Gecko) Mobile/8J2"
63.151.70.246 - - [06/Jan/2013:15:14:04 -0800] "GET /images/multipart_arrow_left.gif HTTP/1.1" 200 273 "http://t2g.stitcher.com/FeedDisplay.php?archived&mode=iPhoneApp&fid=1548&episode_id=2961&nfid=1558&uid=17734&version=3.2.0" "Mozilla/5.0 (iPhone; U; CPU iPhone OS 4_3_3 like Mac OS X; en-us) AppleWebKit/533.17.9 (KHTML, like Gecko) Mobile/8J2"
63.151.70.246 - - [06/Jan/2013:15:14:23 -0800] "GET /GetAd.php?sid=463&timeSinceLastAd=6658&previousFeedId=1548&nextFeedId=1558&tlt=6658&tlf=2&uid=17734&version=4.0.12455&mode=iPhoneApp&locale=en_US HTTP/1.1" 200 22 "-" "Tales2Go/3.2.0 CFNetwork/485.13.9 Darwin/11.0.0"
76.218.53.89 - - [06/Jan/2013:15:14:31 -0800] "GET /GetAd.php?sid=613&timeSinceLastAd=50503&previousFeedId=2360&nextFeedId=2251&tlt=50503&tlf=1&uid=2508&version=4.0.12455&mode=iPhoneApp&locale=en_US HTTP/1.1" 200 22 "-" "Tales2Go./2.1.12455 CFNetwork/459 Darwin/10.0.0d3"
76.218.53.89 - - [06/Jan/2013:15:14:31 -0800] "GET /PostUsage.php?uid=2508&sid=613&fid=2360&eid=5261&completed=3114847&timezone=-0800&tlt=50503&version=4.0.12455&mode=iPhoneApp&locale=en_US HTTP/1.1" 200 - "-" "Tales2Go./2.1.12455 CFNetwork/459 Darwin/10.0.0d3"
76.218.53.89 - - [06/Jan/2013:15:14:31 -0800] "GET /FeedDisplay.php?archived&mode=iPhoneApp&fid=2251&episode_id=5215&nfid=2351&uid=2508&version=2.1.12455 HTTP/1.1" 200 8516 "-" "Mozilla/5.0 (iPhone; U; CPU iPhone OS 3_1_3 like Mac OS X; en-us) AppleWebKit/528.18 (KHTML, like Gecko) Mobile/7E18"
67.242.168.30 - - [06/Jan/2013:15:14:33 -0800] "GET /Search.php?uid=18744&term=horrer%20land&s=0&c=20&version=4.0.12455&mode=iPhoneApp&locale=en_US HTTP/1.1" 200 18905 "-" "Tales2Go/3.2.0 CFNetwork/609 Darwin/13.0.0"
127.0.0.1 - - [06/Jan/2013:15:14:38 -0800] "GET /PostUsageScript.php?uid=37348&sid=0&fid=1037&eid=1422&completed=335&timezone=+0000&tlt=0&version=4.0.12455&mode=desktop&override&locale=en_US HTTP/1.0" 200 61 "-" "Wget/1.11.4 Red Hat modified"
208.113.232.130 - - [06/Jan/2013:15:14:38 -0800] "GET /PostUsage.php?uid=37348&sid=0&fid=1037&eid=1422&completed=335&timezone=+0000&tlt=0&version=4.0.12455&mode=desktop&override&locale=en_US HTTP/1.0" 200 - "-" "-"
127.0.0.1 - - [06/Jan/2013:15:14:39 -0800] "GET /PostUsageScript.php?uid=37348&sid=0&fid=1037&eid=1422&completed=0&timezone=+0000&tlt=0&version=4.0.12455&mode=desktop&override&locale=en_US HTTP/1.0" 200 61 "-" "Wget/1.11.4 Red Hat modified"
208.113.232.130 - - [06/Jan/2013:15:14:39 -0800] "GET /PostUsage.php?uid=37348&sid=0&fid=1037&eid=1422&completed=0&timezone=+0000&tlt=0&version=4.0.12455&mode=desktop&override&locale=en_US HTTP/1.0" 200 - "-" "-"
208.113.232.130 - - [06/Jan/2013:15:14:40 -0800] "GET /GetStationPlayList.php?uid=37348&sid=favorites&version=4.0.12455&mode=desktop&override&locale=en_US HTTP/1.0" 200 20566 "-" "-"
76.218.53.89 - - [06/Jan/2013:15:14:57 -0800] "GET /GetAd.php?sid=613&timeSinceLastAd=50527&previousFeedId=2251&nextFeedId=2351&tlt=50527&tlf=2&uid=2508&version=4.0.12455&mode=iPhoneApp&locale=en_US HTTP/1.1" 200 22 "-" "Tales2Go./2.1.12455 CFNetwork/459 Darwin/10.0.0d3"
208.113.232.130 - - [06/Jan/2013:15:14:56 -0800] "GET /StoryData.php?fid=1033&mode=desktop&eid=1418&uid=37348&udid=sn_1004767 HTTP/1.0" 200 617 "-" "-"
208.113.232.130 - - [06/Jan/2013:15:14:57 -0800] "GET /StoryData.php?fid=1033&mode=desktop&eid=1418&uid=37348&udid=sn_1004767 HTTP/1.0" 200 617 "-" "-"
208.113.232.130 - - [06/Jan/2013:15:14:57 -0800] "GET /StoryData.php?fid=1033&mode=desktop&eid=1418&uid=37348&udid=sn_1004767 HTTP/1.0" 200 617 "-" "-"
74.215.149.224 - - [06/Jan/2013:15:15:23 -0800] "GET /GetAd.php?sid=498&timeSinceLastAd=536&previousFeedId=399&nextFeedId=1505&tlt=536&tlf=1&uid=33062&version=4.0.12455&mode=iPhoneApp&locale=en_US HTTP/1.1" 200 22 "-" "Tales2Go/3.2.0 CFNetwork/609 Darwin/13.0.0"
74.215.149.224 - - [06/Jan/2013:15:15:24 -0800] "GET /PostUsage.php?uid=33062&sid=498&fid=399&eid=658&completed=493451&timezone=+0000&tlt=536&version=4.0.12455&mode=iPhoneApp&locale=en_US HTTP/1.1" 200 - "-" "Tales2Go/3.2.0 CFNetwork/609 Darwin/13.0.0"
74.215.149.224 - - [06/Jan/2013:15:15:24 -0800] "GET /FeedDisplay.php?archived&mode=iPhoneApp&fid=1505&episode_id=2833&nfid=59&uid=33062&version=3.2.0 HTTP/1.1" 200 8644 "-" "Mozilla/5.0 (iPod; CPU iPhone OS 6_0 like Mac OS X) AppleWebKit/536.26 (KHTML, like Gecko) Mobile/10A403"
67.242.168.30 - - [06/Jan/2013:15:15:25 -0800] "GET /Search.php?uid=18744&term=Horrer%20land&s=0&c=20&version=4.0.12455&mode=iPhoneApp&locale=en_US HTTP/1.1" 200 18905 "-" "Tales2Go/3.2.0 CFNetwork/609 Darwin/13.0.0"
216.137.228.223 - - [06/Jan/2013:15:15:25 -0800] "GET /GetStationPlayList.php?s=9&c=9&uid=33565&sid=35&endFeed=0&version=4.0.12455&mode=iPhoneApp&locale=en_US HTTP/1.1" 200 7735 "-" "Tales2Go/3.2.0 CFNetwork/609 Darwin/13.0.0"
74.215.149.224 - - [06/Jan/2013:15:15:26 -0800] "GET /GetAd.php?sid=498&timeSinceLastAd=537&previousFeedId=1505&nextFeedId=59&tlt=537&tlf=2&uid=33062&version=4.0.12455&mode=iPhoneApp&locale=en_US HTTP/1.1" 200 22 "-" "Tales2Go/3.2.0 CFNetwork/609 Darwin/13.0.0"
216.137.228.223 - - [06/Jan/2013:15:15:26 -0800] "GET /GetAd.php?sid=35&timeSinceLastAd=370&previousFeedId=64&nextFeedId=596&tlt=370&tlf=1&uid=33565&version=4.0.12455&mode=iPhoneApp&locale=en_US HTTP/1.1" 200 22 "-" "Tales2Go/3.2.0 CFNetwork/609 Darwin/13.0.0"
216.137.228.223 - - [06/Jan/2013:15:15:26 -0800] "GET /PostUsage.php?uid=33565&sid=35&fid=64&eid=77&completed=370265&timezone=+0000&tlt=370&version=4.0.12455&mode=iPhoneApp&locale=en_US HTTP/1.1" 200 - "-" "Tales2Go/3.2.0 CFNetwork/609 Darwin/13.0.0"
216.137.228.223 - - [06/Jan/2013:15:15:26 -0800] "GET /FeedDisplay.php?archived&mode=iPhoneApp&fid=596&episode_id=1313&nfid=1140&uid=33565&version=3.2.0 HTTP/1.1" 200 8771 "-" "Mozilla/5.0 (iPhone; CPU iPhone OS 6_0_1 like Mac OS X) AppleWebKit/536.26 (KHTML, like Gecko) Mobile/10A523"
216.137.228.223 - - [06/Jan/2013:15:15:33 -0800] "GET /GetAd.php?sid=35&timeSinceLastAd=375&previousFeedId=596&nextFeedId=1140&tlt=375&tlf=2&uid=33565&version=4.0.12455&mode=iPhoneApp&locale=en_US HTTP/1.1" 200 22 "-" "Tales2Go/3.2.0 CFNetwork/609 Darwin/13.0.0"
98.83.14.98 - - [06/Jan/2013:15:15:41 -0800] "GET /GetAd.php?sid=6&timeSinceLastAd=42&previousFeedId=1865&nextFeedId=2869&tlt=42&tlf=1&uid=37903&version=4.0.12455&mode=iPhoneApp&locale=en_US HTTP/1.1" 200 22 "-" "Tales2Go/3.2.0 CFNetwork/609 Darwin/13.0.0"
96.231.210.209 - - [06/Jan/2013:15:16:11 -0800] "GET /PostUsage.php?uid=33929&sid=0&fid=1292&eid=2072&completed=4030973&timezone=+0000&tlt=12334&version=4.0.12455&mode=iPhoneApp&locale=en_US HTTP/1.1" 200 - "-" "Tales2Go/3.2.0 CFNetwork/609 Darwin/13.0.0"
67.242.168.30 - - [06/Jan/2013:15:16:11 -0800] "GET /Search.php?uid=18744&term=HORRER%20LAND&s=0&c=20&version=4.0.12455&mode=iPhoneApp&locale=en_US HTTP/1.1" 200 18905 "-" "Tales2Go/3.2.0 CFNetwork/609 Darwin/13.0.0"
96.231.210.209 - - [06/Jan/2013:15:16:11 -0800] "GET /FeedDisplay.php?archived&mode=iPhoneApp&fid=1292&episode_id=2073&nfid=0&uid=33929&version=3.2.0 HTTP/1.1" 200 9083 "-" "Mozilla/5.0 (iPhone; CPU iPhone OS 6_0_1 like Mac OS X) AppleWebKit/536.26 (KHTML, like Gecko) Mobile/10A523"
96.231.210.209 - - [06/Jan/2013:15:16:38 -0800] "GET /GetAd.php?sid=0&timeSinceLastAd=16389&previousFeedId=1292&nextFeedId=0&tlt=16389&tlf=6&uid=33929&version=4.0.12455&mode=iPhoneApp&locale=en_US HTTP/1.1" 200 22 "-" "Tales2Go/3.2.0 CFNetwork/609 Darwin/13.0.0"
67.242.168.30 - - [06/Jan/2013:15:17:32 -0800] "GET /Search.php?uid=18744&term=Horrer%20land&s=0&c=20&version=4.0.12455&mode=iPhoneApp&locale=en_US HTTP/1.1" 200 18905 "-" "Tales2Go/3.2.0 CFNetwork/609 Darwin/13.0.0"
67.242.168.30 - - [06/Jan/2013:15:17:58 -0800] "GET /Search.php?uid=18744&term=horrer&s=0&c=20&version=4.0.12455&mode=iPhoneApp&locale=en_US HTTP/1.1" 200 75 "-" "Tales2Go/3.2.0 CFNetwork/609 Darwin/13.0.0"
184.60.253.6 - - [06/Jan/2013:15:18:09 -0800] "GET /StartupChecks.php?startup&uid=37856&version=4.0.12455&mode=iPhoneApp&locale=en_US HTTP/1.1" 200 289 "-" "Tales2Go/3.2.0 CFNetwork/609 Darwin/13.0.0"
184.60.253.6 - - [06/Jan/2013:15:18:11 -0800] "GET /LoadUserFromID.php?markStartup&id=37856&udid=68:96:7B:C7:96:E9&version=4.0.12455&mode=iPhoneApp&locale=en_US HTTP/1.1" 200 263 "-" "Tales2Go/3.2.0 CFNetwork/609 Darwin/13.0.0"
184.60.253.6 - - [06/Jan/2013:15:18:15 -0800] "GET /GetContentStationList.php?uid=37856&version=4.0.12455&mode=iPhoneApp&locale=en_US HTTP/1.1" 200 6486 "-" "Tales2Go/3.2.0 CFNetwork/609 Darwin/13.0.0"
184.60.253.6 - - [06/Jan/2013:15:18:15 -0800] "GET /GetStationListFC.php?uid=37856&version=4.0.12455&mode=iPhoneApp&locale=en_US HTTP/1.1" 200 16492 "-" "Tales2Go/3.2.0 CFNetwork/609 Darwin/13.0.0"
184.60.253.6 - - [06/Jan/2013:15:18:18 -0800] "GET /GetStationPlayList.php?uid=37856&sid=favorites&version=4.0.12455&mode=iPhoneApp&locale=en_US HTTP/1.1" 200 141 "-" "Tales2Go/3.2.0 CFNetwork/609 Darwin/13.0.0"
207.138.192.26 - - [06/Jan/2013:15:18:47 -0800] "GET /GetAd.php?sid=4&timeSinceLastAd=5776&previousFeedId=575&nextFeedId=1875&tlt=5776&tlf=1&uid=37441&version=4.0.12455&mode=iPhoneApp&locale=en_US HTTP/1.1" 200 22 "-" "Tales2Go/3.2.0 CFNetwork/609 Darwin/13.0.0"
207.138.192.26 - - [06/Jan/2013:15:18:47 -0800] "GET /PostUsage.php?uid=37441&sid=4&fid=575&eid=981&completed=533958&timezone=+0000&tlt=5776&version=4.0.12455&mode=iPhoneApp&locale=en_US HTTP/1.1" 200 - "-" "Tales2Go/3.2.0 CFNetwork/609 Darwin/13.0.0"
207.138.192.26 - - [06/Jan/2013:15:18:47 -0800] "GET /FeedDisplay.php?archived&mode=iPhoneApp&fid=1875&episode_id=3297&nfid=2936&uid=37441&version=3.2.0 HTTP/1.1" 200 8820 "-" "Mozilla/5.0 (iPhone; CPU iPhone OS 6_0_1 like Mac OS X) AppleWebKit/536.26 (KHTML, like Gecko) Mobile/10A523"
207.138.192.26 - - [06/Jan/2013:15:18:51 -0800] "GET /GetAd.php?sid=4&timeSinceLastAd=5778&previousFeedId=1875&nextFeedId=2936&tlt=5778&tlf=2&uid=37441&version=4.0.12455&mode=iPhoneApp&locale=en_US HTTP/1.1" 200 22 "-" "Tales2Go/3.2.0 CFNetwork/609 Darwin/13.0.0"
207.138.192.26 - - [06/Jan/2013:15:18:54 -0800] "GET /GetAd.php?sid=4&timeSinceLastAd=5781&previousFeedId=1875&nextFeedId=2936&tlt=5781&tlf=2&uid=37441&version=4.0.12455&mode=iPhoneApp&locale=en_US HTTP/1.1" 200 22 "-" "Tales2Go/3.2.0 CFNetwork/609 Darwin/13.0.0"
207.138.192.26 - - [06/Jan/2013:15:18:54 -0800] "GET /PostUsage.php?skipped&uid=37441&sid=4&fid=1875&eid=3297&completed=5941&timezone=+0000&tlt=5776&version=4.0.12455&mode=iPhoneApp&locale=en_US HTTP/1.1" 200 - "-" "Tales2Go/3.2.0 CFNetwork/609 Darwin/13.0.0"
207.138.192.26 - - [06/Jan/2013:15:18:54 -0800] "GET /FeedDisplay.php?archived&mode=iPhoneApp&fid=2936&episode_id=5704&nfid=643&uid=37441&version=3.2.0 HTTP/1.1" 200 8654 "-" "Mozilla/5.0 (iPhone; CPU iPhone OS 6_0_1 like Mac OS X) AppleWebKit/536.26 (KHTML, like Gecko) Mobile/10A523"
207.138.192.26 - - [06/Jan/2013:15:19:01 -0800] "GET /GetAd.php?sid=4&timeSinceLastAd=5783&previousFeedId=2936&nextFeedId=643&tlt=5783&tlf=3&uid=37441&version=4.0.12455&mode=iPhoneApp&locale=en_US HTTP/1.1" 200 22 "-" "Tales2Go/3.2.0 CFNetwork/609 Darwin/13.0.0"
74.215.149.224 - - [06/Jan/2013:15:19:08 -0800] "GET /GetAd.php?sid=498&timeSinceLastAd=760&previousFeedId=1505&nextFeedId=59&tlt=760&tlf=2&uid=33062&version=4.0.12455&mode=iPhoneApp&locale=en_US HTTP/1.1" 200 22 "-" "Tales2Go/3.2.0 CFNetwork/609 Darwin/13.0.0"
74.215.149.224 - - [06/Jan/2013:15:19:09 -0800] "GET /PostUsage.php?uid=33062&sid=498&fid=1505&eid=2833&completed=224305&timezone=+0000&tlt=760&version=4.0.12455&mode=iPhoneApp&locale=en_US HTTP/1.1" 200 - "-" "Tales2Go/3.2.0 CFNetwork/609 Darwin/13.0.0"
74.215.149.224 - - [06/Jan/2013:15:19:09 -0800] "GET /FeedDisplay.php?archived&mode=iPhoneApp&fid=59&episode_id=71&nfid=855&uid=33062&version=3.2.0 HTTP/1.1" 200 8532 "-" "Mozilla/5.0 (iPod; CPU iPhone OS 6_0 like Mac OS X) AppleWebKit/536.26 (KHTML, like Gecko) Mobile/10A403"
74.215.149.224 - - [06/Jan/2013:15:19:19 -0800] "GET /GetAd.php?sid=498&timeSinceLastAd=769&previousFeedId=59&nextFeedId=855&tlt=769&tlf=3&uid=33062&version=4.0.12455&mode=iPhoneApp&locale=en_US HTTP/1.1" 200 22 "-" "Tales2Go/3.2.0 CFNetwork/609 Darwin/13.0.0"
127.0.0.1 - - [06/Jan/2013:15:20:05 -0800] "GET /PostUsageScript.php?uid=37348&sid=0&fid=1033&eid=1418&completed=306&timezone=+0000&tlt=0&version=4.0.12455&mode=desktop&override&locale=en_US HTTP/1.0" 200 61 "-" "Wget/1.11.4 Red Hat modified"
208.113.232.130 - - [06/Jan/2013:15:20:05 -0800] "GET /PostUsage.php?uid=37348&sid=0&fid=1033&eid=1418&completed=306&timezone=+0000&tlt=0&version=4.0.12455&mode=desktop&override&locale=en_US HTTP/1.0" 200 - "-" "-"
127.0.0.1 - - [06/Jan/2013:15:20:06 -0800] "GET /PostUsageScript.php?uid=37348&sid=0&fid=1033&eid=1418&completed=0&timezone=+0000&tlt=0&version=4.0.12455&mode=desktop&override&locale=en_US HTTP/1.0" 200 61 "-" "Wget/1.11.4 Red Hat modified"
208.113.232.130 - - [06/Jan/2013:15:20:06 -0800] "GET /PostUsage.php?uid=37348&sid=0&fid=1033&eid=1418&completed=0&timezone=+0000&tlt=0&version=4.0.12455&mode=desktop&override&locale=en_US HTTP/1.0" 200 - "-" "-"
67.242.168.30 - - [06/Jan/2013:15:20:28 -0800] "GET /GetAd.php?sid=35&timeSinceLastAd=718&previousFeedId=29&nextFeedId=59&tlt=718&tlf=1&uid=18744&version=4.0.12455&mode=iPhoneApp&locale=en_US HTTP/1.1" 200 22 "-" "Tales2Go/3.2.0 CFNetwork/609 Darwin/13.0.0"
67.242.168.30 - - [06/Jan/2013:15:20:28 -0800] "GET /PostUsage.php?uid=18744&sid=35&fid=29&eid=47&completed=681824&timezone=+0000&tlt=718&version=4.0.12455&mode=iPhoneApp&locale=en_US HTTP/1.1" 200 - "-" "Tales2Go/3.2.0 CFNetwork/609 Darwin/13.0.0"
67.242.168.30 - - [06/Jan/2013:15:20:28 -0800] "GET /FeedDisplay.php?archived&mode=iPhoneApp&fid=59&episode_id=71&nfid=722&uid=18744&version=3.2.0 HTTP/1.1" 200 8532 "-" "Mozilla/5.0 (iPhone; CPU iPhone OS 6_0_1 like Mac OS X) AppleWebKit/536.26 (KHTML, like Gecko) Mobile/10A523"
207.138.192.26 - - [06/Jan/2013:15:20:31 -0800] "GET /Search.php?uid=37441&term=Ceres%20Gigi&s=0&c=20&version=4.0.12455&mode=iPhoneApp&locale=en_US HTTP/1.1" 200 79 "-" "Tales2Go/3.2.0 CFNetwork/609 Darwin/13.0.0"
74.215.149.224 - - [06/Jan/2013:15:20:31 -0800] "GET /GetAd.php?sid=498&timeSinceLastAd=841&previousFeedId=59&nextFeedId=855&newStation&tlt=841&tlf=0&uid=33062&version=4.0.12455&mode=iPhoneApp&locale=en_US HTTP/1.1" 200 22 "-" "Tales2Go/3.2.0 CFNetwork/609 Darwin/13.0.0"
74.215.149.224 - - [06/Jan/2013:15:20:31 -0800] "GET /PostUsage.php?uid=33062&sid=498&fid=59&eid=71&completed=81699&timezone=+0000&tlt=841&version=4.0.12455&mode=iPhoneApp&locale=en_US HTTP/1.1" 200 - "-" "Tales2Go/3.2.0 CFNetwork/609 Darwin/13.0.0"
74.215.149.224 - - [06/Jan/2013:15:20:32 -0800] "GET /FeedDisplay.php?archived&mode=iPhoneApp&fid=855&episode_id=1099&nfid=152&uid=33062&version=3.2.0 HTTP/1.1" 200 8560 "-" "Mozilla/5.0 (iPod; CPU iPhone OS 6_0 like Mac OS X) AppleWebKit/536.26 (KHTML, like Gecko) Mobile/10A403"
216.137.228.223 - - [06/Jan/2013:15:20:33 -0800] "GET /GetAd.php?sid=35&timeSinceLastAd=675&previousFeedId=596&nextFeedId=1140&tlt=675&tlf=2&uid=33565&version=4.0.12455&mode=iPhoneApp&locale=en_US HTTP/1.1" 200 22 "-" "Tales2Go/3.2.0 CFNetwork/609 Darwin/13.0.0"
216.137.228.223 - - [06/Jan/2013:15:20:34 -0800] "GET /PostUsage.php?uid=33565&sid=35&fid=596&eid=1313&completed=305304&timezone=+0000&tlt=675&version=4.0.12455&mode=iPhoneApp&locale=en_US HTTP/1.1" 200 - "-" "Tales2Go/3.2.0 CFNetwork/609 Darwin/13.0.0"
216.137.228.223 - - [06/Jan/2013:15:20:34 -0800] "GET /FeedDisplay.php?archived&mode=iPhoneApp&fid=1140&episode_id=1577&nfid=598&uid=33565&version=3.2.0 HTTP/1.1" 200 9098 "-" "Mozilla/5.0 (iPhone; CPU iPhone OS 6_0_1 like Mac OS X) AppleWebKit/536.26 (KHTML, like Gecko) Mobile/10A523"
216.137.228.223 - - [06/Jan/2013:15:20:34 -0800] "GET /images/multipart_arrow_left_disabled.gif HTTP/1.1" 200 275 "http://t2g.stitcher.com/FeedDisplay.php?archived&mode=iPhoneApp&fid=1140&episode_id=1577&nfid=598&uid=33565&version=3.2.0" "Mozilla/5.0 (iPhone; CPU iPhone OS 6_0_1 like Mac OS X) AppleWebKit/536.26 (KHTML, like Gecko) Mobile/10A523"
216.137.228.223 - - [06/Jan/2013:15:20:34 -0800] "GET /images/multipart_arrow_right.gif HTTP/1.1" 200 267 "http://t2g.stitcher.com/FeedDisplay.php?archived&mode=iPhoneApp&fid=1140&episode_id=1577&nfid=598&uid=33565&version=3.2.0" "Mozilla/5.0 (iPhone; CPU iPhone OS 6_0_1 like Mac OS X) AppleWebKit/536.26 (KHTML, like Gecko) Mobile/10A523"
74.215.149.224 - - [06/Jan/2013:15:20:38 -0800] "GET /GetAd.php?sid=498&timeSinceLastAd=846&previousFeedId=855&nextFeedId=152&tlt=846&tlf=1&uid=33062&version=4.0.12455&mode=iPhoneApp&locale=en_US HTTP/1.1" 200 22 "-" "Tales2Go/3.2.0 CFNetwork/609 Darwin/13.0.0"
207.138.192.26 - - [06/Jan/2013:15:20:40 -0800] "GET /GetStationPlayList.php?uid=37441&sid=favorites&version=4.0.12455&mode=iPhoneApp&locale=en_US HTTP/1.1" 200 10120 "-" "Tales2Go/3.2.0 CFNetwork/609 Darwin/13.0.0"
67.242.168.30 - - [06/Jan/2013:15:20:42 -0800] "GET /GetAd.php?sid=35&timeSinceLastAd=725&previousFeedId=59&nextFeedId=722&tlt=725&tlf=2&uid=18744&version=4.0.12455&mode=iPhoneApp&locale=en_US HTTP/1.1" 200 22 "-" "Tales2Go/3.2.0 CFNetwork/609 Darwin/13.0.0"
67.242.168.30 - - [06/Jan/2013:15:20:45 -0800] "GET /GetAd.php?sid=35&timeSinceLastAd=2048&previousFeedId=59&nextFeedId=722&tlt=2048&tlf=2&uid=18744&version=4.0.12455&mode=iPhoneApp&locale=en_US HTTP/1.1" 200 22 "-" "Tales2Go/3.2.0 CFNetwork/609 Darwin/13.0.0"
67.242.168.30 - - [06/Jan/2013:15:20:45 -0800] "GET /PostUsage.php?uid=18744&sid=35&fid=59&eid=71&completed=1330000&timezone=+0000&tlt=2048&version=4.0.12455&mode=iPhoneApp&locale=en_US HTTP/1.1" 200 - "-" "Tales2Go/3.2.0 CFNetwork/609 Darwin/13.0.0"
67.242.168.30 - - [06/Jan/2013:15:20:45 -0800] "GET /FeedDisplay.php?archived&mode=iPhoneApp&fid=722&episode_id=1026&nfid=719&uid=18744&version=3.2.0 HTTP/1.1" 200 9049 "-" "Mozilla/5.0 (iPhone; CPU iPhone OS 6_0_1 like Mac OS X) AppleWebKit/536.26 (KHTML, like Gecko) Mobile/10A523"
207.138.192.26 - - [06/Jan/2013:15:20:47 -0800] "GET /GetAd.php?sid=1&timeSinceLastAd=5783&previousFeedId=2936&nextFeedId=1087&newStation&tlt=5783&tlf=0&uid=37441&version=4.0.12455&mode=iPhoneApp&locale=en_US HTTP/1.1" 200 22 "-" "Tales2Go/3.2.0 CFNetwork/609 Darwin/13.0.0"
207.138.192.26 - - [06/Jan/2013:15:20:48 -0800] "GET /PostUsage.php?uid=37441&sid=4&fid=2936&eid=5704&completed=2873&timezone=+0000&tlt=5783&version=4.0.12455&mode=iPhoneApp&locale=en_US HTTP/1.1" 200 - "-" "Tales2Go/3.2.0 CFNetwork/609 Darwin/13.0.0"
207.138.192.26 - - [06/Jan/2013:15:20:48 -0800] "GET /FeedDisplay.php?archived&mode=iPhoneApp&fid=1087&episode_id=1547&nfid=643&uid=37441&version=3.2.0 HTTP/1.1" 200 8485 "-" "Mozilla/5.0 (iPhone; CPU iPhone OS 6_0_1 like Mac OS X) AppleWebKit/536.26 (KHTML, like Gecko) Mobile/10A523"
108.56.228.50 - - [06/Jan/2013:15:20:49 -0800] "GET /AddBookmark.php?uid=1115&eid=1435&offset=2713&version=4.0.12455&mode=iPhoneApp&locale=en_US HTTP/1.1" 200 47 "-" "Tales2Go/3.2.0 CFNetwork/609 Darwin/13.0.0"
207.138.192.26 - - [06/Jan/2013:15:20:53 -0800] "GET /GetAd.php?sid=1&timeSinceLastAd=5787&previousFeedId=1087&nextFeedId=643&tlt=5787&tlf=1&uid=37441&version=4.0.12455&mode=iPhoneApp&locale=en_US HTTP/1.1" 200 22 "-" "Tales2Go/3.2.0 CFNetwork/609 Darwin/13.0.0"
67.242.168.30 - - [06/Jan/2013:15:20:58 -0800] "GET /GetAd.php?sid=35&timeSinceLastAd=2056&previousFeedId=722&nextFeedId=719&tlt=2056&tlf=3&uid=18744&version=4.0.12455&mode=iPhoneApp&locale=en_US HTTP/1.1" 200 22 "-" "Tales2Go/3.2.0 CFNetwork/609 Darwin/13.0.0"
208.113.232.130 - - [06/Jan/2013:15:21:02 -0800] "GET /GetStationListFC.php?uid=37348&version=4.0.12455&mode=desktop&override&locale=en_US HTTP/1.0" 200 17195 "-" "-"
67.242.168.30 - - [06/Jan/2013:15:21:04 -0800] "GET /GetStationPlayList.php?uid=18744&sid=favorites&version=4.0.12455&mode=iPhoneApp&locale=en_US HTTP/1.1" 200 170036 "-" "Tales2Go/3.2.0 CFNetwork/609 Darwin/13.0.0"
208.113.232.130 - - [06/Jan/2013:15:21:09 -0800] "GET /GetStationPlayList.php?uid=37348&sid=4&endFeed=0&version=4.0.12455&mode=desktop&override&locale=en_US HTTP/1.0" 200 472568 "-" "-"
216.137.228.223 - - [06/Jan/2013:15:21:13 -0800] "GET /GetAd.php?sid=35&timeSinceLastAd=713&previousFeedId=1140&nextFeedId=598&tlt=713&tlf=3&uid=33565&version=4.0.12455&mode=iPhoneApp&locale=en_US HTTP/1.1" 200 22 "-" "Tales2Go/3.2.0 CFNetwork/609 Darwin/13.0.0"
74.215.149.224 - - [06/Jan/2013:15:21:16 -0800] "GET /GetAd.php?sid=498&timeSinceLastAd=884&previousFeedId=855&nextFeedId=1505&newStation&tlt=884&tlf=0&uid=33062&version=4.0.12455&mode=iPhoneApp&locale=en_US HTTP/1.1" 200 22 "-" "Tales2Go/3.2.0 CFNetwork/609 Darwin/13.0.0"
74.215.149.224 - - [06/Jan/2013:15:21:17 -0800] "GET /PostUsage.php?uid=33062&sid=498&fid=855&eid=1099&completed=44420&timezone=+0000&tlt=884&version=4.0.12455&mode=iPhoneApp&locale=en_US HTTP/1.1" 200 - "-" "Tales2Go/3.2.0 CFNetwork/609 Darwin/13.0.0"
74.215.149.224 - - [06/Jan/2013:15:21:17 -0800] "GET /FeedDisplay.php?archived&mode=iPhoneApp&fid=1505&episode_id=2833&nfid=59&uid=33062&version=3.2.0 HTTP/1.1" 200 8644 "-" "Mozilla/5.0 (iPod; CPU iPhone OS 6_0 like Mac OS X) AppleWebKit/536.26 (KHTML, like Gecko) Mobile/10A403"
74.215.149.224 - - [06/Jan/2013:15:21:17 -0800] "GET /GetAd.php?sid=498&timeSinceLastAd=884&previousFeedId=1505&nextFeedId=59&tlt=884&tlf=1&uid=33062&version=4.0.12455&mode=iPhoneApp&locale=en_US HTTP/1.1" 200 22 "-" "Tales2Go/3.2.0 CFNetwork/609 Darwin/13.0.0"
209.243.21.153 - - [06/Jan/2013:15:21:21 -0800] "GET /StartupChecks.php?startup&version=4.0.12455&mode=iPhoneApp&locale=en_US HTTP/1.1" 200 246 "-" "Tales2Go/3.2.0 CFNetwork/609 Darwin/13.0.0"
209.243.21.153 - - [06/Jan/2013:15:21:21 -0800] "GET /TransitionUDIDToMACAddr.php?udid=0906384d58d06166540f2832859c8df5873029c4&mac=14:10:9F:32:E0:76&version=4.0.12455&mode=iPhoneApp&locale=en_US HTTP/1.1" 200 121 "-" "Tales2Go/3.2.0 CFNetwork/609 Darwin/13.0.0"
209.243.21.153 - - [06/Jan/2013:15:21:22 -0800] "GET /LoadUserFromUDID.php?markStartup&udid=14:10:9F:32:E0:76&version=4.0.12455&mode=iPhoneApp&locale=en_US HTTP/1.1" 200 58 "-" "Tales2Go/3.2.0 CFNetwork/609 Darwin/13.0.0"
209.243.21.153 - - [06/Jan/2013:15:21:22 -0800] "GET /CreateUser.php?markStartup&mode=iPhoneApp&udid=14:10:9F:32:E0:76&version=4.0.12455&mode=iPhoneApp&locale=en_US HTTP/1.1" 200 228 "-" "Tales2Go/3.2.0 CFNetwork/609 Darwin/13.0.0"
74.215.149.224 - - [06/Jan/2013:15:21:23 -0800] "GET /GetAd.php?sid=498&timeSinceLastAd=1108&previousFeedId=1505&nextFeedId=59&tlt=1108&tlf=1&uid=33062&version=4.0.12455&mode=iPhoneApp&locale=en_US HTTP/1.1" 200 22 "-" "Tales2Go/3.2.0 CFNetwork/609 Darwin/13.0.0"
209.243.21.153 - - [06/Jan/2013:15:21:23 -0800] "GET /SubmitSettings.php?currentId=37904&email=14:10:9F:32:E0:76@t2g.t2g&epx=3_A62-AJA14JL_AC90&phone=&optin=0&explicit=1&alertOption=0&alertType=0&alertTimestamp=0.000000&udid=14:10:9F:32:E0:76&version=4.0.12455&mode=iPhoneApp&locale=en_US HTTP/1.1" 200 238 "-" "Tales2Go/3.2.0 CFNetwork/609 Darwin/13.0.0"
74.215.149.224 - - [06/Jan/2013:15:21:23 -0800] "GET /PostUsage.php?uid=33062&sid=498&fid=1505&eid=2833&completed=224000&timezone=+0000&tlt=1108&version=4.0.12455&mode=iPhoneApp&locale=en_US HTTP/1.1" 200 - "-" "Tales2Go/3.2.0 CFNetwork/609 Darwin/13.0.0"
74.215.149.224 - - [06/Jan/2013:15:21:23 -0800] "GET /FeedDisplay.php?archived&mode=iPhoneApp&fid=59&episode_id=71&nfid=855&uid=33062&version=3.2.0 HTTP/1.1" 200 8532 "-" "Mozilla/5.0 (iPod; CPU iPhone OS 6_0 like Mac OS X) AppleWebKit/536.26 (KHTML, like Gecko) Mobile/10A403"
209.243.21.153 - - [06/Jan/2013:15:21:24 -0800] "GET /GetContentStationList.php?uid=37904&version=4.0.12455&mode=iPhoneApp&locale=en_US HTTP/1.1" 200 6486 "-" "Tales2Go/3.2.0 CFNetwork/609 Darwin/13.0.0"
209.243.21.153 - - [06/Jan/2013:15:21:24 -0800] "GET /LoadUserFromID.php?markStartup&id=37904&udid=14:10:9F:32:E0:76&version=4.0.12455&mode=iPhoneApp&locale=en_US HTTP/1.1" 200 263 "-" "Tales2Go/3.2.0 CFNetwork/609 Darwin/13.0.0"
209.243.21.153 - - [06/Jan/2013:15:21:25 -0800] "GET /GetContentStationList.php?uid=37904&version=4.0.12455&mode=iPhoneApp&locale=en_US HTTP/1.1" 200 6486 "-" "Tales2Go/3.2.0 CFNetwork/609 Darwin/13.0.0"
209.243.21.153 - - [06/Jan/2013:15:21:26 -0800] "GET /GetBookmarkList.php?uid=37904&version=4.0.12455&mode=iPhoneApp&locale=en_US HTTP/1.1" 200 55 "-" "Tales2Go/3.2.0 CFNetwork/609 Darwin/13.0.0"
209.243.21.153 - - [06/Jan/2013:15:21:24 -0800] "GET /GetStationListFC.php?uid=37904&version=4.0.12455&mode=iPhoneApp&locale=en_US HTTP/1.1" 200 16492 "-" "Tales2Go/3.2.0 CFNetwork/609 Darwin/13.0.0"
209.243.21.153 - - [06/Jan/2013:15:21:27 -0800] "GET /GetStationListFC.php?uid=37904&version=4.0.12455&mode=iPhoneApp&locale=en_US HTTP/1.1" 200 16492 "-" "Tales2Go/3.2.0 CFNetwork/609 Darwin/13.0.0"
209.243.21.153 - - [06/Jan/2013:15:21:31 -0800] "GET /GetStationPlayList.php?uid=37904&sid=favorites&version=4.0.12455&mode=iPhoneApp&locale=en_US HTTP/1.1" 200 141 "-" "Tales2Go/3.2.0 CFNetwork/609 Darwin/13.0.0"
74.215.149.224 - - [06/Jan/2013:15:21:33 -0800] "GET /GetAd.php?sid=498&timeSinceLastAd=1117&previousFeedId=59&nextFeedId=855&tlt=1117&tlf=2&uid=33062&version=4.0.12455&mode=iPhoneApp&locale=en_US HTTP/1.1" 200 22 "-" "Tales2Go/3.2.0 CFNetwork/609 Darwin/13.0.0"
198.228.200.147 - - [06/Jan/2013:15:21:44 -0800] "GET /StartupChecks.php?startup&uid=35797&version=4.0.12455&mode=iPhoneApp&locale=en_US HTTP/1.1" 200 289 "-" "Tales2Go/3.2.0 CFNetwork/609 Darwin/13.0.0"
198.228.200.147 - - [06/Jan/2013:15:21:44 -0800] "GET /LoadUserFromID.php?markStartup&id=35797&udid=58:55:CA:E3:CE:BD&version=4.0.12455&mode=iPhoneApp&locale=en_US HTTP/1.1" 200 263 "-" "Tales2Go/3.2.0 CFNetwork/609 Darwin/13.0.0"
209.243.21.153 - - [06/Jan/2013:15:21:45 -0800] "GET /GetStationPlayList.php?s=0&c=9&uid=37904&sid=197&endFeed=0&version=4.0.12455&mode=iPhoneApp&locale=en_US HTTP/1.1" 200 6898 "-" "Tales2Go/3.2.0 CFNetwork/609 Darwin/13.0.0"
198.228.200.147 - - [06/Jan/2013:15:21:45 -0800] "GET /GetContentStationList.php?uid=35797&version=4.0.12455&mode=iPhoneApp&locale=en_US HTTP/1.1" 200 6486 "-" "Tales2Go/3.2.0 CFNetwork/609 Darwin/13.0.0"
198.228.200.147 - - [06/Jan/2013:15:21:45 -0800] "GET /GetStationListFC.php?uid=35797&version=4.0.12455&mode=iPhoneApp&locale=en_US HTTP/1.1" 200 16492 "-" "Tales2Go/3.2.0 CFNetwork/609 Darwin/13.0.0"
198.228.200.147 - - [06/Jan/2013:15:21:48 -0800] "GET /GetStationPlayList.php?uid=35797&sid=favorites&version=4.0.12455&mode=iPhoneApp&locale=en_US HTTP/1.1" 200 3458 "-" "Tales2Go/3.2.0 CFNetwork/609 Darwin/13.0.0"
198.228.200.147 - - [06/Jan/2013:15:21:50 -0800] "GET /FeedDisplay.php?archived&mode=iPhoneApp&fid=574&episode_id=980&nfid=0&uid=35797&version=3.2.0 HTTP/1.1" 200 8859 "-" "Mozilla/5.0 (iPhone; CPU iPhone OS 6_0_1 like Mac OS X) AppleWebKit/536.26 (KHTML, like Gecko) Mobile/10A523"
198.228.200.147 - - [06/Jan/2013:15:21:58 -0800] "GET /PostUsage.php?uid=35797&sid=1&fid=574&eid=980&completed=0&timezone=+0000&resume&tlt=0&version=4.0.12455&mode=iPhoneApp&locale=en_US HTTP/1.1" 200 - "-" "Tales2Go/3.2.0 CFNetwork/609 Darwin/13.0.0"
198.228.200.147 - - [06/Jan/2013:15:21:58 -0800] "GET /FeedDisplay.php?archived&mode=iPhoneApp&fid=1434&episode_id=2433&nfid=574&uid=35797&version=3.2.0 HTTP/1.1" 200 8562 "-" "Mozilla/5.0 (iPhone; CPU iPhone OS 6_0_1 like Mac OS X) AppleWebKit/536.26 (KHTML, like Gecko) Mobile/10A523"
209.243.21.153 - - [06/Jan/2013:15:22:27 -0800] "GET /Search.php?uid=37904&term=Scooby%20Doo&s=0&c=20&version=4.0.12455&mode=iPhoneApp&locale=en_US HTTP/1.1" 200 79 "-" "Tales2Go/3.2.0 CFNetwork/609 Darwin/13.0.0"
198.228.200.147 - - [06/Jan/2013:15:22:34 -0800] "GET /PostUsage.php?uid=35797&sid=1&fid=1434&eid=2433&completed=0&timezone=+0000&tlt=0&version=4.0.12455&mode=iPhoneApp&locale=en_US HTTP/1.1" 200 - "-" "Tales2Go/3.2.0 CFNetwork/609 Darwin/13.0.0"
198.228.200.147 - - [06/Jan/2013:15:22:34 -0800] "GET /FeedDisplay.php?archived&mode=iPhoneApp&fid=574&episode_id=980&nfid=0&uid=35797&version=3.2.0 HTTP/1.1" 200 8859 "-" "Mozilla/5.0 (iPhone; CPU iPhone OS 6_0_1 like Mac OS X) AppleWebKit/536.26 (KHTML, like Gecko) Mobile/10A523"
208.113.232.130 - - [06/Jan/2013:15:22:33 -0800] "GET /GetStationPlayList.php?uid=37348&sid=4&endFeed=0&version=4.0.12455&mode=desktop&override&locale=en_US HTTP/1.0" 200 472568 "-" "-"
209.243.21.153 - - [06/Jan/2013:15:22:41 -0800] "GET /GetStationPlayList.php?s=0&c=9&uid=37904&sid=198&endFeed=0&version=4.0.12455&mode=iPhoneApp&locale=en_US HTTP/1.1" 200 7722 "-" "Tales2Go/3.2.0 CFNetwork/609 Darwin/13.0.0"
198.228.200.147 - - [06/Jan/2013:15:22:46 -0800] "GET /PostUsage.php?uid=35797&sid=1&fid=574&eid=980&completed=0&timezone=+0000&resume&tlt=0&version=4.0.12455&mode=iPhoneApp&locale=en_US HTTP/1.1" 200 - "-" "Tales2Go/3.2.0 CFNetwork/609 Darwin/13.0.0"
198.228.200.147 - - [06/Jan/2013:15:22:46 -0800] "GET /FeedDisplay.php?archived&mode=iPhoneApp&fid=1434&episode_id=2433&nfid=574&uid=35797&version=3.2.0 HTTP/1.1" 200 8562 "-" "Mozilla/5.0 (iPhone; CPU iPhone OS 6_0_1 like Mac OS X) AppleWebKit/536.26 (KHTML, like Gecko) Mobile/10A523"
198.228.200.147 - - [06/Jan/2013:15:22:53 -0800] "GET /PostUsage.php?uid=35797&sid=1&fid=1434&eid=2433&completed=0&timezone=+0000&tlt=0&version=4.0.12455&mode=iPhoneApp&locale=en_US HTTP/1.1" 200 - "-" "Tales2Go/3.2.0 CFNetwork/609 Darwin/13.0.0"
198.228.200.147 - - [06/Jan/2013:15:22:53 -0800] "GET /FeedDisplay.php?archived&mode=iPhoneApp&fid=1265&episode_id=1787&nfid=1962&uid=35797&version=3.2.0 HTTP/1.1" 200 8450 "-" "Mozilla/5.0 (iPhone; CPU iPhone OS 6_0_1 like Mac OS X) AppleWebKit/536.26 (KHTML, like Gecko) Mobile/10A523"
209.243.21.153 - - [06/Jan/2013:15:22:53 -0800] "GET /FeedDisplay.php?archived&mode=iPhoneApp&fid=1101&episode_id=1561&nfid=1111&uid=37904&version=3.2.0 HTTP/1.1" 200 8623 "-" "Mozilla/5.0 (iPod; CPU iPhone OS 6_0_1 like Mac OS X) AppleWebKit/536.26 (KHTML, like Gecko) Mobile/10A523"
209.243.21.153 - - [06/Jan/2013:15:22:55 -0800] "GET /GetAd.php?sid=198&timeSinceLastAd=3&previousFeedId=1101&nextFeedId=1111&tlt=3&tlf=1&uid=37904&version=4.0.12455&mode=iPhoneApp&locale=en_US HTTP/1.1" 200 22 "-" "Tales2Go/3.2.0 CFNetwork/609 Darwin/13.0.0"
209.243.21.153 - - [06/Jan/2013:15:22:57 -0800] "GET /images/t2g_ratings_color_active.png HTTP/1.1" 200 985 "http://t2g.stitcher.com/FeedDisplay.php?archived&mode=iPhoneApp&fid=1101&episode_id=1561&nfid=1111&uid=37904&version=3.2.0" "Mozilla/5.0 (iPod; CPU iPhone OS 6_0_1 like Mac OS X) AppleWebKit/536.26 (KHTML, like Gecko) Mobile/10A523"
209.243.21.153 - - [06/Jan/2013:15:22:57 -0800] "GET /images/t2g_ratings_gray_active.png HTTP/1.1" 200 1196 "http://t2g.stitcher.com/FeedDisplay.php?archived&mode=iPhoneApp&fid=1101&episode_id=1561&nfid=1111&uid=37904&version=3.2.0" "Mozilla/5.0 (iPod; CPU iPhone OS 6_0_1 like Mac OS X) AppleWebKit/536.26 (KHTML, like Gecko) Mobile/10A523"
209.243.21.153 - - [06/Jan/2013:15:22:57 -0800] "GET /images/ajax-loader.gif HTTP/1.1" 200 1849 "http://t2g.stitcher.com/FeedDisplay.php?archived&mode=iPhoneApp&fid=1101&episode_id=1561&nfid=1111&uid=37904&version=3.2.0" "Mozilla/5.0 (iPod; CPU iPhone OS 6_0_1 like Mac OS X) AppleWebKit/536.26 (KHTML, like Gecko) Mobile/10A523"
209.243.21.153 - - [06/Jan/2013:15:22:57 -0800] "GET /images/t2g_ratings_gray.png HTTP/1.1" 200 1215 "http://t2g.stitcher.com/FeedDisplay.php?archived&mode=iPhoneApp&fid=1101&episode_id=1561&nfid=1111&uid=37904&version=3.2.0" "Mozilla/5.0 (iPod; CPU iPhone OS 6_0_1 like Mac OS X) AppleWebKit/536.26 (KHTML, like Gecko) Mobile/10A523"
209.243.21.153 - - [06/Jan/2013:15:22:57 -0800] "GET /images/t2g_ratings_color.png HTTP/1.1" 200 997 "http://t2g.stitcher.com/FeedDisplay.php?archived&mode=iPhoneApp&fid=1101&episode_id=1561&nfid=1111&uid=37904&version=3.2.0" "Mozilla/5.0 (iPod; CPU iPhone OS 6_0_1 like Mac OS X) AppleWebKit/536.26 (KHTML, like Gecko) Mobile/10A523"
209.243.21.153 - - [06/Jan/2013:15:23:14 -0800] "GET /GetStationPlayList.php?s=0&c=9&uid=37904&sid=196&endFeed=0&version=4.0.12455&mode=iPhoneApp&locale=en_US HTTP/1.1" 200 9505 "-" "Tales2Go/3.2.0 CFNetwork/609 Darwin/13.0.0"
209.243.21.153 - - [06/Jan/2013:15:23:19 -0800] "GET /GetStationPlayList.php?s=9&c=9&uid=37904&sid=196&endFeed=0&version=4.0.12455&mode=iPhoneApp&locale=en_US HTTP/1.1" 200 9317 "-" "Tales2Go/3.2.0 CFNetwork/609 Darwin/13.0.0"
209.243.21.153 - - [06/Jan/2013:15:23:21 -0800] "GET /GetAd.php?sid=196&timeSinceLastAd=27&previousFeedId=1101&nextFeedId=874&newStation&tlt=27&tlf=0&uid=37904&version=4.0.12455&mode=iPhoneApp&locale=en_US HTTP/1.1" 200 22 "-" "Tales2Go/3.2.0 CFNetwork/609 Darwin/13.0.0"
209.243.21.153 - - [06/Jan/2013:15:23:22 -0800] "GET /PostUsage.php?uid=37904&sid=198&fid=1101&eid=1561&completed=28912&timezone=+0000&tlt=27&version=4.0.12455&mode=iPhoneApp&locale=en_US HTTP/1.1" 200 - "-" "Tales2Go/3.2.0 CFNetwork/609 Darwin/13.0.0"
209.243.21.153 - - [06/Jan/2013:15:23:22 -0800] "GET /FeedDisplay.php?archived&mode=iPhoneApp&fid=874&episode_id=1118&nfid=1225&uid=37904&version=3.2.0 HTTP/1.1" 200 9097 "-" "Mozilla/5.0 (iPod; CPU iPhone OS 6_0_1 like Mac OS X) AppleWebKit/536.26 (KHTML, like Gecko) Mobile/10A523"
209.243.21.153 - - [06/Jan/2013:15:23:23 -0800] "GET /images/multipart_arrow_left_disabled.gif HTTP/1.1" 200 275 "http://t2g.stitcher.com/FeedDisplay.php?archived&mode=iPhoneApp&fid=874&episode_id=1118&nfid=1225&uid=37904&version=3.2.0" "Mozilla/5.0 (iPod; CPU iPhone OS 6_0_1 like Mac OS X) AppleWebKit/536.26 (KHTML, like Gecko) Mobile/10A523"
209.243.21.153 - - [06/Jan/2013:15:23:23 -0800] "GET /images/multipart_arrow_right.gif HTTP/1.1" 200 267 "http://t2g.stitcher.com/FeedDisplay.php?archived&mode=iPhoneApp&fid=874&episode_id=1118&nfid=1225&uid=37904&version=3.2.0" "Mozilla/5.0 (iPod; CPU iPhone OS 6_0_1 like Mac OS X) AppleWebKit/536.26 (KHTML, like Gecko) Mobile/10A523"
209.243.21.153 - - [06/Jan/2013:15:23:31 -0800] "GET /GetStationPlayList.php?s=18&c=9&uid=37904&sid=196&endFeed=0&version=4.0.12455&mode=iPhoneApp&locale=en_US HTTP/1.1" 200 9153 "-" "Tales2Go/3.2.0 CFNetwork/609 Darwin/13.0.0"
209.243.21.153 - - [06/Jan/2013:15:23:33 -0800] "GET /GetAd.php?sid=196&timeSinceLastAd=37&previousFeedId=874&nextFeedId=925&newStation&tlt=37&tlf=0&uid=37904&version=4.0.12455&mode=iPhoneApp&locale=en_US HTTP/1.1" 200 22 "-" "Tales2Go/3.2.0 CFNetwork/609 Darwin/13.0.0"
209.243.21.153 - - [06/Jan/2013:15:23:34 -0800] "GET /PostUsage.php?uid=37904&sid=196&fid=874&eid=1118&completed=11293&timezone=+0000&tlt=37&version=4.0.12455&mode=iPhoneApp&locale=en_US HTTP/1.1" 200 - "-" "Tales2Go/3.2.0 CFNetwork/609 Darwin/13.0.0"
208.113.232.130 - - [06/Jan/2013:15:23:34 -0800] "GET /GetContentStationList.php?uid=37348&version=4.0.12455&mode=desktop&override&locale=en_US HTTP/1.0" 200 6486 "-" "-"
209.243.21.153 - - [06/Jan/2013:15:23:34 -0800] "GET /FeedDisplay.php?archived&mode=iPhoneApp&fid=925&episode_id=1225&nfid=289&uid=37904&version=3.2.0 HTTP/1.1" 200 9150 "-" "Mozilla/5.0 (iPod; CPU iPhone OS 6_0_1 like Mac OS X) AppleWebKit/536.26 (KHTML, like Gecko) Mobile/10A523"
209.243.21.153 - - [06/Jan/2013:15:23:45 -0800] "GET /PostUsage.php?uid=37904&sid=196&fid=925&eid=1225&completed=10166&timezone=+0000&tlt=37&version=4.0.12455&mode=iPhoneApp&locale=en_US HTTP/1.1" 200 - "-" "Tales2Go/3.2.0 CFNetwork/609 Darwin/13.0.0"
209.243.21.153 - - [06/Jan/2013:15:23:46 -0800] "GET /PostUsage.php?uid=37904&sid=196&fid=925&eid=1226&completed=0&timezone=+0000&tlt=37&version=4.0.12455&mode=iPhoneApp&locale=en_US HTTP/1.1" 200 - "-" "Tales2Go/3.2.0 CFNetwork/609 Darwin/13.0.0"
209.243.21.153 - - [06/Jan/2013:15:23:46 -0800] "GET /FeedDisplay.php?archived&mode=iPhoneApp&fid=925&episode_id=1226&nfid=289&uid=37904&version=3.2.0 HTTP/1.1" 200 9150 "-" "Mozilla/5.0 (iPod; CPU iPhone OS 6_0_1 like Mac OS X) AppleWebKit/536.26 (KHTML, like Gecko) Mobile/10A523"
209.243.21.153 - - [06/Jan/2013:15:23:47 -0800] "GET /images/multipart_arrow_left.gif HTTP/1.1" 200 273 "http://t2g.stitcher.com/FeedDisplay.php?archived&mode=iPhoneApp&fid=925&episode_id=1226&nfid=289&uid=37904&version=3.2.0" "Mozilla/5.0 (iPod; CPU iPhone OS 6_0_1 like Mac OS X) AppleWebKit/536.26 (KHTML, like Gecko) Mobile/10A523"
209.243.21.153 - - [06/Jan/2013:15:23:47 -0800] "GET /images/multipart_arrow_right_disabled.gif HTTP/1.1" 200 278 "http://t2g.stitcher.com/FeedDisplay.php?archived&mode=iPhoneApp&fid=925&episode_id=1226&nfid=289&uid=37904&version=3.2.0" "Mozilla/5.0 (iPod; CPU iPhone OS 6_0_1 like Mac OS X) AppleWebKit/536.26 (KHTML, like Gecko) Mobile/10A523"
208.113.232.130 - - [06/Jan/2013:15:23:56 -0800] "GET /GetStationPlayList.php?uid=37348&sid=49&endFeed=0&version=4.0.12455&mode=desktop&override&locale=en_US HTTP/1.0" 200 21809 "-" "-"
166.137.156.157 - - [06/Jan/2013:15:23:56 -0800] "GET /StartupChecks.php?startup&uid=20756&version=4.0.12455&mode=iPhoneApp&locale=en_US HTTP/1.1" 200 289 "-" "Tales2Go/3.2.0 CFNetwork/609 Darwin/13.0.0"
166.137.156.157 - - [06/Jan/2013:15:23:57 -0800] "GET /LoadUserFromID.php?markStartup&id=20756&udid=28:CF:DA:3C:3E:77&version=4.0.12455&mode=iPhoneApp&locale=en_US HTTP/1.1" 200 258 "-" "Tales2Go/3.2.0 CFNetwork/609 Darwin/13.0.0"
166.137.156.157 - - [06/Jan/2013:15:23:59 -0800] "GET /GetContentStationList.php?uid=20756&version=4.0.12455&mode=iPhoneApp&locale=en_US HTTP/1.1" 200 6486 "-" "Tales2Go/3.2.0 CFNetwork/609 Darwin/13.0.0"
166.137.156.157 - - [06/Jan/2013:15:23:59 -0800] "GET /GetStationListFC.php?uid=20756&version=4.0.12455&mode=iPhoneApp&locale=en_US HTTP/1.1" 200 16492 "-" "Tales2Go/3.2.0 CFNetwork/609 Darwin/13.0.0"
166.137.156.157 - - [06/Jan/2013:15:24:04 -0800] "GET /GetStationPlayList.php?uid=20756&sid=favorites&version=4.0.12455&mode=iPhoneApp&locale=en_US HTTP/1.1" 200 49022 "-" "Tales2Go/3.2.0 CFNetwork/609 Darwin/13.0.0"
209.243.21.153 - - [06/Jan/2013:15:24:06 -0800] "GET /GetStationPlayList.php?s=0&c=9&uid=37904&sid=285&endFeed=0&version=4.0.12455&mode=iPhoneApp&locale=en_US HTTP/1.1" 200 11349 "-" "Tales2Go/3.2.0 CFNetwork/609 Darwin/13.0.0"
209.243.21.153 - - [06/Jan/2013:15:24:13 -0800] "GET /GetStationPlayList.php?s=9&c=9&uid=37904&sid=285&endFeed=0&version=4.0.12455&mode=iPhoneApp&locale=en_US HTTP/1.1" 200 8103 "-" "Tales2Go/3.2.0 CFNetwork/609 Darwin/13.0.0"
209.243.21.153 - - [06/Jan/2013:15:24:18 -0800] "GET /GetStationPlayList.php?s=18&c=9&uid=37904&sid=285&endFeed=0&version=4.0.12455&mode=iPhoneApp&locale=en_US HTTP/1.1" 200 8261 "-" "Tales2Go/3.2.0 CFNetwork/609 Darwin/13.0.0"
209.243.21.153 - - [06/Jan/2013:15:24:19 -0800] "GET /GetAd.php?sid=285&timeSinceLastAd=50&previousFeedId=925&nextFeedId=2327&newStation&tlt=50&tlf=0&uid=37904&version=4.0.12455&mode=iPhoneApp&locale=en_US HTTP/1.1" 200 22 "-" "Tales2Go/3.2.0 CFNetwork/609 Darwin/13.0.0"
209.243.21.153 - - [06/Jan/2013:15:24:19 -0800] "GET /PostUsage.php?uid=37904&sid=196&fid=925&eid=1226&completed=13524&timezone=+0000&tlt=50&version=4.0.12455&mode=iPhoneApp&locale=en_US HTTP/1.1" 200 - "-" "Tales2Go/3.2.0 CFNetwork/609 Darwin/13.0.0"
209.243.21.153 - - [06/Jan/2013:15:24:21 -0800] "GET /FeedDisplay.php?archived&mode=iPhoneApp&fid=2327&episode_id=5553&nfid=2171&uid=37904&version=3.2.0 HTTP/1.1" 200 8521 "-" "Mozilla/5.0 (iPod; CPU iPhone OS 6_0_1 like Mac OS X) AppleWebKit/536.26 (KHTML, like Gecko) Mobile/10A523"
209.243.21.153 - - [06/Jan/2013:15:24:26 -0800] "GET /GetAd.php?sid=285&timeSinceLastAd=53&previousFeedId=2327&nextFeedId=2371&newStation&tlt=53&tlf=0&uid=37904&version=4.0.12455&mode=iPhoneApp&locale=en_US HTTP/1.1" 200 22 "-" "Tales2Go/3.2.0 CFNetwork/609 Darwin/13.0.0"
209.243.21.153 - - [06/Jan/2013:15:24:26 -0800] "GET /PostUsage.php?uid=37904&sid=285&fid=2327&eid=5553&completed=3963&timezone=+0000&tlt=53&version=4.0.12455&mode=iPhoneApp&locale=en_US HTTP/1.1" 200 - "-" "Tales2Go/3.2.0 CFNetwork/609 Darwin/13.0.0"
209.243.21.153 - - [06/Jan/2013:15:24:27 -0800] "GET /FeedDisplay.php?archived&mode=iPhoneApp&fid=2371&episode_id=5355&nfid=2310&uid=37904&version=3.2.0 HTTP/1.1" 200 9746 "-" "Mozilla/5.0 (iPod; CPU iPhone OS 6_0_1 like Mac OS X) AppleWebKit/536.26 (KHTML, like Gecko) Mobile/10A523"
209.243.21.153 - - [06/Jan/2013:15:24:32 -0800] "GET /GetStationPlayList.php?s=27&c=9&uid=37904&sid=285&endFeed=0&version=4.0.12455&mode=iPhoneApp&locale=en_US HTTP/1.1" 200 11088 "-" "Tales2Go/3.2.0 CFNetwork/609 Darwin/13.0.0"
208.113.232.130 - - [06/Jan/2013:15:24:34 -0800] "GET /StoryData.php?fid=14&mode=desktop&eid=32&uid=37348&udid=sn_1004767 HTTP/1.0" 200 790 "-" "-"
208.113.232.130 - - [06/Jan/2013:15:24:35 -0800] "GET /StoryData.php?fid=14&mode=desktop&eid=32&uid=37348&udid=sn_1004767 HTTP/1.0" 200 790 "-" "-"
209.243.21.153 - - [06/Jan/2013:15:24:51 -0800] "GET /Search.php?uid=37904&term=hholes&s=0&c=20&version=4.0.12455&mode=iPhoneApp&locale=en_US HTTP/1.1" 200 75 "-" "Tales2Go/3.2.0 CFNetwork/609 Darwin/13.0.0"
166.137.156.157 - - [06/Jan/2013:15:24:52 -0800] "GET /FeedDisplay.php?archived&mode=iPhoneApp&fid=1102&episode_id=1613&nfid=2698&uid=20756&version=3.2.0 HTTP/1.1" 200 8526 "-" "Mozilla/5.0 (iPhone; CPU iPhone OS 6_0 like Mac OS X) AppleWebKit/536.26 (KHTML, like Gecko) Mobile/10A403"
166.137.156.157 - - [06/Jan/2013:15:24:53 -0800] "GET /images/t2g_ratings_color_active.png HTTP/1.1" 200 985 "http://t2g.stitcher.com/FeedDisplay.php?archived&mode=iPhoneApp&fid=1102&episode_id=1613&nfid=2698&uid=20756&version=3.2.0" "Mozilla/5.0 (iPhone; CPU iPhone OS 6_0 like Mac OS X) AppleWebKit/536.26 (KHTML, like Gecko) Mobile/10A403"
166.137.156.157 - - [06/Jan/2013:15:24:53 -0800] "GET /images/ajax-loader.gif HTTP/1.1" 200 1849 "http://t2g.stitcher.com/FeedDisplay.php?archived&mode=iPhoneApp&fid=1102&episode_id=1613&nfid=2698&uid=20756&version=3.2.0" "Mozilla/5.0 (iPhone; CPU iPhone OS 6_0 like Mac OS X) AppleWebKit/536.26 (KHTML, like Gecko) Mobile/10A403"
166.137.156.157 - - [06/Jan/2013:15:24:53 -0800] "GET /images/t2g_ratings_gray_active.png HTTP/1.1" 200 1196 "http://t2g.stitcher.com/FeedDisplay.php?archived&mode=iPhoneApp&fid=1102&episode_id=1613&nfid=2698&uid=20756&version=3.2.0" "Mozilla/5.0 (iPhone; CPU iPhone OS 6_0 like Mac OS X) AppleWebKit/536.26 (KHTML, like Gecko) Mobile/10A403"
