70.127.27.35 - - [06/Jan/2013:07:13:21 -0800] "GET /GetAd.php?sid=366&timeSinceLastAd=1302&previousFeedId=1473&nextFeedId=1429&newStation&tlt=1302&tlf=0&uid=1272&version=4.0.12455&mode=iPhoneApp&locale=en_US HTTP/1.1" 200 22 "-" "Tales2Go%20-%20Old%20Version/2.2.12455 CFNetwork/548.1.4 Darwin/11.0.0"
70.127.27.35 - - [06/Jan/2013:07:13:21 -0800] "GET /PostUsage.php?uid=1272&sid=366&fid=1473&eid=2692&completed=24645&timezone=+0000&tlt=1302&version=4.0.12455&mode=iPhoneApp&locale=en_US HTTP/1.1" 200 - "-" "Tales2Go%20-%20Old%20Version/2.2.12455 CFNetwork/548.1.4 Darwin/11.0.0"
70.127.27.35 - - [06/Jan/2013:07:13:22 -0800] "GET /FeedDisplay.php?archived&mode=iPhoneApp&fid=1429&episode_id=2413&nfid=1473&uid=1272&version=2.2.12455 HTTP/1.1" 200 9059 "-" "Mozilla/5.0 (iPhone; CPU iPhone OS 5_1 like Mac OS X) AppleWebKit/534.46 (KHTML, like Gecko) Mobile/9B176"
70.127.27.35 - - [06/Jan/2013:07:13:27 -0800] "GET /PostUsage.php?uid=1272&sid=366&fid=1429&eid=2413&completed=4090&timezone=+0000&tlt=1302&version=4.0.12455&mode=iPhoneApp&locale=en_US HTTP/1.1" 200 - "-" "Tales2Go%20-%20Old%20Version/2.2.12455 CFNetwork/548.1.4 Darwin/11.0.0"
70.127.27.35 - - [06/Jan/2013:07:13:28 -0800] "GET /PostUsage.php?uid=1272&sid=366&fid=1429&eid=2414&completed=0&timezone=+0000&tlt=1302&version=4.0.12455&mode=iPhoneApp&locale=en_US HTTP/1.1" 200 - "-" "Tales2Go%20-%20Old%20Version/2.2.12455 CFNetwork/548.1.4 Darwin/11.0.0"
70.127.27.35 - - [06/Jan/2013:07:13:29 -0800] "GET /FeedDisplay.php?archived&mode=iPhoneApp&fid=1429&episode_id=2414&nfid=1473&uid=1272&version=2.2.12455 HTTP/1.1" 200 9081 "-" "Mozilla/5.0 (iPhone; CPU iPhone OS 5_1 like Mac OS X) AppleWebKit/534.46 (KHTML, like Gecko) Mobile/9B176"
70.127.27.35 - - [06/Jan/2013:07:13:31 -0800] "GET /PostUsage.php?uid=1272&sid=366&fid=1429&eid=2414&completed=1643&timezone=+0000&tlt=1302&version=4.0.12455&mode=iPhoneApp&locale=en_US HTTP/1.1" 200 - "-" "Tales2Go%20-%20Old%20Version/2.2.12455 CFNetwork/548.1.4 Darwin/11.0.0"
70.127.27.35 - - [06/Jan/2013:07:13:31 -0800] "GET /FeedDisplay.php?archived&mode=iPhoneApp&fid=1429&episode_id=2415&nfid=1473&uid=1272&version=2.2.12455 HTTP/1.1" 200 9081 "-" "Mozilla/5.0 (iPhone; CPU iPhone OS 5_1 like Mac OS X) AppleWebKit/534.46 (KHTML, like Gecko) Mobile/9B176"
70.127.27.35 - - [06/Jan/2013:07:13:40 -0800] "GET /GetAd.php?sid=366&timeSinceLastAd=1309&previousFeedId=1429&nextFeedId=1473&tlt=1309&tlf=1&uid=1272&version=4.0.12455&mode=iPhoneApp&locale=en_US HTTP/1.1" 200 22 "-" "Tales2Go%20-%20Old%20Version/2.2.12455 CFNetwork/548.1.4 Darwin/11.0.0"
208.58.72.95 - - [06/Jan/2013:07:17:15 -0800] "GET /AddBookmark.php?uid=20760&eid=3929&offset=1859&version=4.0.12455&mode=iPhoneApp&locale=en_US HTTP/1.1" 200 47 "-" "Tales2Go/3.2.0 CFNetwork/609 Darwin/13.0.0"
76.218.53.89 - - [06/Jan/2013:07:17:31 -0800] "GET /PostUsage.php?uid=2508&sid=0&fid=1266&eid=1917&completed=0&timezone=-0800&tlt=31338&version=4.0.12455&mode=iPhoneApp&locale=en_US HTTP/1.1" 200 - "-" "Tales2Go./2.1.12455 CFNetwork/459 Darwin/10.0.0d3"
76.218.53.89 - - [06/Jan/2013:07:17:31 -0800] "GET /FeedDisplay.php?archived&mode=iPhoneApp&fid=1266&episode_id=1917&nfid=0&uid=2508&version=2.1.12455 HTTP/1.1" 200 9134 "-" "Mozilla/5.0 (iPhone; U; CPU iPhone OS 3_1_3 like Mac OS X; en-us) AppleWebKit/528.18 (KHTML, like Gecko) Mobile/7E18"
76.218.53.89 - - [06/Jan/2013:07:17:55 -0800] "GET /FeedRate.php?uid=2508&fid=1266&rating=5 HTTP/1.1" 200 28 "http://t2g.stitcher.com/FeedDisplay.php?archived&mode=iPhoneApp&fid=1266&episode_id=1917&nfid=0&uid=2508&version=2.1.12455" "Mozilla/5.0 (iPhone; U; CPU iPhone OS 3_1_3 like Mac OS X; en-us) AppleWebKit/528.18 (KHTML, like Gecko) Mobile/7E18"
76.218.53.89 - - [06/Jan/2013:07:18:03 -0800] "GET /GetAd.php?sid=0&timeSinceLastAd=31368&previousFeedId=1266&nextFeedId=0&tlt=31368&tlf=6&uid=2508&version=4.0.12455&mode=iPhoneApp&locale=en_US HTTP/1.1" 200 22 "-" "Tales2Go./2.1.12455 CFNetwork/459 Darwin/10.0.0d3"
99.19.103.7 - - [06/Jan/2013:07:18:37 -0800] "GET /PostUsage.php?interrupted&uid=37739&sid=0&fid=300&eid=515&completed=1551536&timezone=+0000&tlt=4285&version=4.0.12455&mode=iPhoneApp&locale=en_US HTTP/1.1" 200 - "-" "Tales2Go/3.2.0 CFNetwork/609 Darwin/13.0.0"
99.19.103.7 - - [06/Jan/2013:07:18:37 -0800] "GET /PostUsage.php?quit&uid=37739&version=4.0.12455&mode=iPhoneApp&locale=en_US HTTP/1.1" 200 - "-" "Tales2Go/3.2.0 CFNetwork/609 Darwin/13.0.0"
67.169.14.159 - - [06/Jan/2013:07:18:59 -0800] "GET /GetAd.php?sid=127&timeSinceLastAd=42221&previousFeedId=958&nextFeedId=955&tlt=42221&tlf=7&uid=36978&version=4.0.12455&mode=iPhoneApp&locale=en_US HTTP/1.1" 200 22 "-" "Tales2Go/3.2.0 CFNetwork/609 Darwin/13.0.0"
67.169.14.159 - - [06/Jan/2013:07:18:59 -0800] "GET /PostUsage.php?uid=36978&sid=127&fid=958&eid=1432&completed=5674868&timezone=+0000&tlt=42221&version=4.0.12455&mode=iPhoneApp&locale=en_US HTTP/1.1" 200 - "-" "Tales2Go/3.2.0 CFNetwork/609 Darwin/13.0.0"
67.169.14.159 - - [06/Jan/2013:07:18:59 -0800] "GET /FeedDisplay.php?archived&mode=iPhoneApp&fid=955&episode_id=1391&nfid=0&uid=36978&version=3.2.0 HTTP/1.1" 200 8603 "-" "Mozilla/5.0 (iPod; CPU iPhone OS 6_0_1 like Mac OS X) AppleWebKit/536.26 (KHTML, like Gecko) Mobile/10A523"
208.58.72.95 - - [06/Jan/2013:07:19:02 -0800] "GET /AddBookmark.php?uid=20760&eid=3929&offset=1966&version=4.0.12455&mode=iPhoneApp&locale=en_US HTTP/1.1" 200 47 "-" "Tales2Go/3.2.0 CFNetwork/609 Darwin/13.0.0"
67.169.14.159 - - [06/Jan/2013:07:19:11 -0800] "GET /GetAd.php?sid=127&timeSinceLastAd=42232&previousFeedId=955&nextFeedId=0&tlt=42232&tlf=8&uid=36978&version=4.0.12455&mode=iPhoneApp&locale=en_US HTTP/1.1" 200 22 "-" "Tales2Go/3.2.0 CFNetwork/609 Darwin/13.0.0"
71.8.137.241 - - [06/Jan/2013:07:19:21 -0800] "GET /StartupChecks.php?startup&uid=22631&version=4.0.12455&mode=iPhoneApp&locale=en_US HTTP/1.1" 200 289 "-" "Tales2Go/3.2.0 CFNetwork/548.1.4 Darwin/11.0.0"
71.8.137.241 - - [06/Jan/2013:07:19:22 -0800] "GET /LoadUserFromID.php?markStartup&id=22631&udid=A4:D1:D2:1C:E6:6A&version=4.0.12455&mode=iPhoneApp&locale=en_US HTTP/1.1" 200 263 "-" "Tales2Go/3.2.0 CFNetwork/548.1.4 Darwin/11.0.0"
71.8.137.241 - - [06/Jan/2013:07:19:23 -0800] "GET /GetContentStationList.php?uid=22631&version=4.0.12455&mode=iPhoneApp&locale=en_US HTTP/1.1" 200 6486 "-" "Tales2Go/3.2.0 CFNetwork/548.1.4 Darwin/11.0.0"
71.8.137.241 - - [06/Jan/2013:07:19:23 -0800] "GET /GetStationListFC.php?uid=22631&version=4.0.12455&mode=iPhoneApp&locale=en_US HTTP/1.1" 200 256 "-" "Tales2Go/3.2.0 CFNetwork/548.1.4 Darwin/11.0.0"
69.73.22.24 - - [06/Jan/2013:07:20:56 -0800] "GET /PostUsage.php?uid=8482&sid=463&fid=1549&eid=2965&completed=3751508&timezone=+0000&tlt=3512&version=4.0.12455&mode=iPhoneApp&locale=en_US HTTP/1.1" 200 - "-" "Tales2Go/3.2.0 CFNetwork/485.12.7 Darwin/10.4.0"
69.73.22.24 - - [06/Jan/2013:07:20:57 -0800] "GET /FeedDisplay.php?archived&mode=iPhoneApp&fid=1549&episode_id=2966&nfid=1548&uid=8482&version=3.2.0 HTTP/1.1" 200 8960 "-" "Mozilla/5.0 (iPod; U; CPU iPhone OS 4_2_1 like Mac OS X; en-us) AppleWebKit/533.17.9 (KHTML, like Gecko) Mobile/8C148"
198.228.201.159 - - [06/Jan/2013:07:21:09 -0800] "GET /GetAd.php?sid=22&timeSinceLastAd=10709&previousFeedId=1432&nextFeedId=41&newStation&tlt=10709&tlf=0&uid=5627&version=4.0.12455&mode=iPhoneApp&locale=en_US HTTP/1.1" 200 22 "-" "Tales2Go/3.2.0 CFNetwork/609 Darwin/13.0.0"
198.228.201.159 - - [06/Jan/2013:07:21:09 -0800] "GET /PostUsage.php?uid=5627&sid=1&fid=1432&eid=2374&completed=808&timezone=+0000&tlt=10709&version=4.0.12455&mode=iPhoneApp&locale=en_US HTTP/1.1" 200 - "-" "Tales2Go/3.2.0 CFNetwork/609 Darwin/13.0.0"
198.228.201.159 - - [06/Jan/2013:07:21:09 -0800] "GET /FeedDisplay.php?archived&mode=iPhoneApp&fid=41&episode_id=55&nfid=965&uid=5627&version=3.2.0 HTTP/1.1" 200 8490 "-" "Mozilla/5.0 (iPhone; CPU iPhone OS 6_0_1 like Mac OS X) AppleWebKit/536.26 (KHTML, like Gecko) Mobile/10A523"
69.73.22.24 - - [06/Jan/2013:07:21:15 -0800] "GET /GetAd.php?sid=463&timeSinceLastAd=7280&previousFeedId=1549&nextFeedId=1548&tlt=7280&tlf=3&uid=8482&version=4.0.12455&mode=iPhoneApp&locale=en_US HTTP/1.1" 200 22 "-" "Tales2Go/3.2.0 CFNetwork/485.12.7 Darwin/10.4.0"
166.137.156.164 - - [06/Jan/2013:07:23:03 -0800] "GET /GetAd.php?sid=60&timeSinceLastAd=150&previousFeedId=613&nextFeedId=1762&newStation&tlt=150&tlf=0&uid=37851&version=4.0.12455&mode=iPhoneApp&locale=en_US HTTP/1.1" 200 22 "-" "Tales2Go/3.2.0 CFNetwork/609 Darwin/13.0.0"
166.137.156.164 - - [06/Jan/2013:07:23:04 -0800] "GET /PostUsage.php?uid=37851&sid=95&fid=613&eid=1386&completed=45649&timezone=+0000&tlt=150&version=4.0.12455&mode=iPhoneApp&locale=en_US HTTP/1.1" 200 - "-" "Tales2Go/3.2.0 CFNetwork/609 Darwin/13.0.0"
166.137.156.164 - - [06/Jan/2013:07:23:04 -0800] "GET /FeedDisplay.php?archived&mode=iPhoneApp&fid=1762&episode_id=3261&nfid=1456&uid=37851&version=3.2.0 HTTP/1.1" 200 8588 "-" "Mozilla/5.0 (iPhone; CPU iPhone OS 6_0_1 like Mac OS X) AppleWebKit/536.26 (KHTML, like Gecko) Mobile/10A523"
166.137.156.164 - - [06/Jan/2013:07:23:09 -0800] "GET /GetAd.php?sid=60&timeSinceLastAd=153&previousFeedId=1762&nextFeedId=1456&tlt=153&tlf=1&uid=37851&version=4.0.12455&mode=iPhoneApp&locale=en_US HTTP/1.1" 200 22 "-" "Tales2Go/3.2.0 CFNetwork/609 Darwin/13.0.0"
209.169.95.199 - - [06/Jan/2013:07:24:31 -0800] "GET /PostUsage.php?uid=28030&sid=0&fid=974&eid=1440&completed=4436198&timezone=+0000&tlt=0&version=4.0.12455&mode=iPhoneApp&locale=en HTTP/1.1" 200 - "-" "Tales2Go/3.2.0 CFNetwork/609 Darwin/13.0.0"
209.169.95.199 - - [06/Jan/2013:07:24:31 -0800] "GET /FeedDisplay.php?archived&mode=iPhoneApp&fid=974&episode_id=1441&nfid=0&uid=28030&version=3.2.0 HTTP/1.1" 200 8976 "-" "Mozilla/5.0 (iPhone; CPU iPhone OS 6_0_1 like Mac OS X) AppleWebKit/536.26 (KHTML, like Gecko) Mobile/10A523"
209.169.95.199 - - [06/Jan/2013:07:24:31 -0800] "GET /images/multipart_arrow_right_disabled.gif HTTP/1.1" 200 278 "http://t2g.stitcher.com/FeedDisplay.php?archived&mode=iPhoneApp&fid=974&episode_id=1441&nfid=0&uid=28030&version=3.2.0" "Mozilla/5.0 (iPhone; CPU iPhone OS 6_0_1 like Mac OS X) AppleWebKit/536.26 (KHTML, like Gecko) Mobile/10A523"
192.161.54.131 - - [06/Jan/2013:07:24:43 -0800] "GET /PostUsage.php?uid=33357&sid=0&fid=1484&eid=2681&completed=3914626&timezone=+0800&tlt=151&version=4.0.12455&mode=iPhoneApp&locale=en_US HTTP/1.1" 200 - "-" "Tales2Go%20-%20Old%20Version/2.2.12455 CFNetwork/459 Darwin/10.0.0d3"
192.161.54.131 - - [06/Jan/2013:07:24:45 -0800] "GET /FeedDisplay.php?archived&mode=iPhoneApp&fid=1484&episode_id=2682&nfid=0&uid=33357&version=2.2.12455 HTTP/1.1" 200 9099 "-" "Mozilla/5.0 (iPod; U; CPU iPhone OS 3_1_3 like Mac OS X; en-us) AppleWebKit/528.18 (KHTML, like Gecko) Mobile/7E18"
192.161.54.131 - - [06/Jan/2013:07:24:46 -0800] "GET /images/multipart_arrow_right_disabled.gif HTTP/1.1" 200 278 "http://t2g.stitcher.com/FeedDisplay.php?archived&mode=iPhoneApp&fid=1484&episode_id=2682&nfid=0&uid=33357&version=2.2.12455" "Mozilla/5.0 (iPod; U; CPU iPhone OS 3_1_3 like Mac OS X; en-us) AppleWebKit/528.18 (KHTML, like Gecko) Mobile/7E18"
67.183.13.143 - - [06/Jan/2013:07:25:27 -0800] "GET /StartupChecks.php?startup&version=4.0.12455&mode=iPhoneApp&locale=en_US HTTP/1.1" 200 246 "-" "Tales2Go/3.2.0 CFNetwork/609 Darwin/13.0.0"
67.183.13.143 - - [06/Jan/2013:07:25:27 -0800] "GET /LoadUserFromUDID.php?markStartup&udid=88:53:95:8B:EC:45&version=4.0.12455&mode=iPhoneApp&locale=en_US HTTP/1.1" 200 225 "-" "Tales2Go/3.2.0 CFNetwork/609 Darwin/13.0.0"
67.183.13.143 - - [06/Jan/2013:07:25:28 -0800] "GET /GetContentStationList.php?uid=36186&version=4.0.12455&mode=iPhoneApp&locale=en_US HTTP/1.1" 200 6486 "-" "Tales2Go/3.2.0 CFNetwork/609 Darwin/13.0.0"
67.183.13.143 - - [06/Jan/2013:07:25:28 -0800] "GET /LoadUserFromID.php?markStartup&id=36186&udid=88:53:95:8B:EC:45&version=4.0.12455&mode=iPhoneApp&locale=en_US HTTP/1.1" 200 225 "-" "Tales2Go/3.2.0 CFNetwork/609 Darwin/13.0.0"
67.183.13.143 - - [06/Jan/2013:07:25:28 -0800] "GET /GetContentStationList.php?uid=36186&version=4.0.12455&mode=iPhoneApp&locale=en_US HTTP/1.1" 200 6486 "-" "Tales2Go/3.2.0 CFNetwork/609 Darwin/13.0.0"
67.183.13.143 - - [06/Jan/2013:07:25:28 -0800] "GET /GetStationListFC.php?uid=36186&version=4.0.12455&mode=iPhoneApp&locale=en_US HTTP/1.1" 200 16492 "-" "Tales2Go/3.2.0 CFNetwork/609 Darwin/13.0.0"
67.183.13.143 - - [06/Jan/2013:07:25:30 -0800] "GET /GetStationListFC.php?uid=36186&version=4.0.12455&mode=iPhoneApp&locale=en_US HTTP/1.1" 200 16492 "-" "Tales2Go/3.2.0 CFNetwork/609 Darwin/13.0.0"
209.169.95.199 - - [06/Jan/2013:07:25:41 -0800] "GET /GetAd.php?sid=0&timeSinceLastAd=4505&previousFeedId=974&nextFeedId=0&tlt=4505&tlf=2&uid=28030&version=4.0.12455&mode=iPhoneApp&locale=en HTTP/1.1" 200 22 "-" "Tales2Go/3.2.0 CFNetwork/609 Darwin/13.0.0"
166.205.68.31 - - [06/Jan/2013:07:27:04 -0800] "GET /StartupChecks.php?startup&uid=37511&version=4.0.12455&mode=iPhoneApp&locale=en_US HTTP/1.1" 200 289 "-" "Tales2Go%20-%20Old%20Version/2.2.12455 CFNetwork/609 Darwin/13.0.0"
166.205.68.31 - - [06/Jan/2013:07:27:04 -0800] "GET /LoadUserFromID.php?markStartup&id=37511&udid=559a4325db2ca0647a6148712073726630e01f52&version=4.0.12455&mode=iPhoneApp&locale=en_US HTTP/1.1" 200 258 "-" "Tales2Go%20-%20Old%20Version/2.2.12455 CFNetwork/609 Darwin/13.0.0"
198.228.200.153 - - [06/Jan/2013:07:27:31 -0800] "GET /StartupChecks.php?startup&uid=7034&version=4.0.12455&mode=iPhoneApp&locale=en_US HTTP/1.1" 200 289 "-" "Tales2Go/3.2.0 CFNetwork/609 Darwin/13.0.0"
198.228.200.153 - - [06/Jan/2013:07:27:32 -0800] "GET /LoadUserFromID.php?markStartup&id=7034&udid=A4:D1:D2:DC:FA:F1&version=4.0.12455&mode=iPhoneApp&locale=en_US HTTP/1.1" 200 255 "-" "Tales2Go/3.2.0 CFNetwork/609 Darwin/13.0.0"
198.228.200.153 - - [06/Jan/2013:07:27:33 -0800] "GET /GetContentStationList.php?uid=7034&version=4.0.12455&mode=iPhoneApp&locale=en_US HTTP/1.1" 200 6486 "-" "Tales2Go/3.2.0 CFNetwork/609 Darwin/13.0.0"
198.228.200.153 - - [06/Jan/2013:07:27:33 -0800] "GET /GetStationListFC.php?uid=7034&version=4.0.12455&mode=iPhoneApp&locale=en_US HTTP/1.1" 200 16492 "-" "Tales2Go/3.2.0 CFNetwork/609 Darwin/13.0.0"
24.66.42.52 - - [06/Jan/2013:07:27:49 -0800] "GET /GetAd.php?sid=285&timeSinceLastAd=114430&previousFeedId=2316&nextFeedId=1482&newStation&tlt=114430&tlf=0&uid=36484&version=4.0.12455&mode=iPhoneApp&locale=en_CA HTTP/1.1" 200 22 "-" "Tales2Go/3.2.0 CFNetwork/548.0.4 Darwin/11.0.0"
24.66.42.52 - - [06/Jan/2013:07:27:50 -0800] "GET /FeedDisplay.php?archived&mode=iPhoneApp&fid=1482&episode_id=5648&nfid=293&uid=36484&version=3.2.0 HTTP/1.1" 200 9277 "-" "Mozilla/5.0 (iPod; CPU iPhone OS 5_0_1 like Mac OS X) AppleWebKit/534.46 (KHTML, like Gecko) Mobile/9A405"
24.66.42.52 - - [06/Jan/2013:07:27:51 -0800] "GET /PostUsage.php?uid=36484&sid=285&fid=2316&eid=5600&completed=2432692&timezone=+0000&tlt=114430&version=4.0.12455&mode=iPhoneApp&locale=en_CA HTTP/1.1" 200 - "-" "Tales2Go/3.2.0 CFNetwork/548.0.4 Darwin/11.0.0"
24.66.42.52 - - [06/Jan/2013:07:27:52 -0800] "GET /PostUsage.php?uid=36484&sid=285&fid=1482&eid=5648&completed=1139&timezone=+0000&tlt=114430&version=4.0.12455&mode=iPhoneApp&locale=en_CA HTTP/1.1" 200 - "-" "Tales2Go/3.2.0 CFNetwork/548.0.4 Darwin/11.0.0"
24.66.42.52 - - [06/Jan/2013:07:27:53 -0800] "GET /FeedDisplay.php?archived&mode=iPhoneApp&fid=1482&episode_id=5649&nfid=293&uid=36484&version=3.2.0 HTTP/1.1" 200 9299 "-" "Mozilla/5.0 (iPod; CPU iPhone OS 5_0_1 like Mac OS X) AppleWebKit/534.46 (KHTML, like Gecko) Mobile/9A405"
24.66.42.52 - - [06/Jan/2013:07:27:55 -0800] "GET /PostUsage.php?uid=36484&sid=285&fid=1482&eid=5649&completed=1106&timezone=+0000&tlt=114430&version=4.0.12455&mode=iPhoneApp&locale=en_CA HTTP/1.1" 200 - "-" "Tales2Go/3.2.0 CFNetwork/548.0.4 Darwin/11.0.0"
24.66.42.52 - - [06/Jan/2013:07:27:55 -0800] "GET /FeedDisplay.php?archived&mode=iPhoneApp&fid=1482&episode_id=5650&nfid=293&uid=36484&version=3.2.0 HTTP/1.1" 200 9299 "-" "Mozilla/5.0 (iPod; CPU iPhone OS 5_0_1 like Mac OS X) AppleWebKit/534.46 (KHTML, like Gecko) Mobile/9A405"
24.66.42.52 - - [06/Jan/2013:07:27:58 -0800] "GET /PostUsage.php?uid=36484&sid=285&fid=1482&eid=5650&completed=1605&timezone=+0000&tlt=114430&version=4.0.12455&mode=iPhoneApp&locale=en_CA HTTP/1.1" 200 - "-" "Tales2Go/3.2.0 CFNetwork/548.0.4 Darwin/11.0.0"
24.66.42.52 - - [06/Jan/2013:07:27:58 -0800] "GET /FeedDisplay.php?archived&mode=iPhoneApp&fid=1482&episode_id=5651&nfid=293&uid=36484&version=3.2.0 HTTP/1.1" 200 9299 "-" "Mozilla/5.0 (iPod; CPU iPhone OS 5_0_1 like Mac OS X) AppleWebKit/534.46 (KHTML, like Gecko) Mobile/9A405"
24.183.95.119 - - [06/Jan/2013:07:28:02 -0800] "GET /StartupChecks.php?startup&uid=37814&version=4.0.12455&mode=iPhoneApp&locale=en_US HTTP/1.1" 200 289 "-" "Tales2Go/3.2.0 CFNetwork/609 Darwin/13.0.0"
24.66.42.52 - - [06/Jan/2013:07:28:02 -0800] "GET /PostUsage.php?uid=36484&sid=285&fid=1482&eid=5651&completed=2905&timezone=+0000&tlt=114430&version=4.0.12455&mode=iPhoneApp&locale=en_CA HTTP/1.1" 200 - "-" "Tales2Go/3.2.0 CFNetwork/548.0.4 Darwin/11.0.0"
24.66.42.52 - - [06/Jan/2013:07:28:03 -0800] "GET /FeedDisplay.php?archived&mode=iPhoneApp&fid=1482&episode_id=5652&nfid=293&uid=36484&version=3.2.0 HTTP/1.1" 200 9299 "-" "Mozilla/5.0 (iPod; CPU iPhone OS 5_0_1 like Mac OS X) AppleWebKit/534.46 (KHTML, like Gecko) Mobile/9A405"
24.183.95.119 - - [06/Jan/2013:07:28:03 -0800] "GET /LoadUserFromID.php?markStartup&id=37814&udid=00:C6:10:68:0F:F4&version=4.0.12455&mode=iPhoneApp&locale=en_US HTTP/1.1" 200 263 "-" "Tales2Go/3.2.0 CFNetwork/609 Darwin/13.0.0"
24.183.95.119 - - [06/Jan/2013:07:28:04 -0800] "GET /GetContentStationList.php?uid=37814&version=4.0.12455&mode=iPhoneApp&locale=en_US HTTP/1.1" 200 6486 "-" "Tales2Go/3.2.0 CFNetwork/609 Darwin/13.0.0"
198.228.200.153 - - [06/Jan/2013:07:28:04 -0800] "GET /GetStationPlayList.php?s=0&c=9&uid=7034&sid=122&endFeed=0&version=4.0.12455&mode=iPhoneApp&locale=en_US HTTP/1.1" 200 5660 "-" "Tales2Go/3.2.0 CFNetwork/609 Darwin/13.0.0"
24.183.95.119 - - [06/Jan/2013:07:28:04 -0800] "GET /GetStationListFC.php?uid=37814&version=4.0.12455&mode=iPhoneApp&locale=en_US HTTP/1.1" 200 16492 "-" "Tales2Go/3.2.0 CFNetwork/609 Darwin/13.0.0"
24.66.42.52 - - [06/Jan/2013:07:28:05 -0800] "GET /PostUsage.php?uid=36484&sid=285&fid=1482&eid=5652&completed=1380&timezone=+0000&tlt=114430&version=4.0.12455&mode=iPhoneApp&locale=en_CA HTTP/1.1" 200 - "-" "Tales2Go/3.2.0 CFNetwork/548.0.4 Darwin/11.0.0"
24.66.42.52 - - [06/Jan/2013:07:28:06 -0800] "GET /FeedDisplay.php?archived&mode=iPhoneApp&fid=1482&episode_id=5653&nfid=293&uid=36484&version=3.2.0 HTTP/1.1" 200 9299 "-" "Mozilla/5.0 (iPod; CPU iPhone OS 5_0_1 like Mac OS X) AppleWebKit/534.46 (KHTML, like Gecko) Mobile/9A405"
24.66.42.52 - - [06/Jan/2013:07:28:08 -0800] "GET /PostUsage.php?uid=36484&sid=285&fid=1482&eid=5653&completed=1141&timezone=+0000&tlt=114430&version=4.0.12455&mode=iPhoneApp&locale=en_CA HTTP/1.1" 200 - "-" "Tales2Go/3.2.0 CFNetwork/548.0.4 Darwin/11.0.0"
24.66.42.52 - - [06/Jan/2013:07:28:08 -0800] "GET /FeedDisplay.php?archived&mode=iPhoneApp&fid=1482&episode_id=5654&nfid=293&uid=36484&version=3.2.0 HTTP/1.1" 200 9299 "-" "Mozilla/5.0 (iPod; CPU iPhone OS 5_0_1 like Mac OS X) AppleWebKit/534.46 (KHTML, like Gecko) Mobile/9A405"
24.66.42.52 - - [06/Jan/2013:07:28:12 -0800] "GET /PostUsage.php?uid=36484&sid=285&fid=1482&eid=5654&completed=2857&timezone=+0000&tlt=114430&version=4.0.12455&mode=iPhoneApp&locale=en_CA HTTP/1.1" 200 - "-" "Tales2Go/3.2.0 CFNetwork/548.0.4 Darwin/11.0.0"
24.66.42.52 - - [06/Jan/2013:07:28:13 -0800] "GET /FeedDisplay.php?archived&mode=iPhoneApp&fid=1482&episode_id=5655&nfid=293&uid=36484&version=3.2.0 HTTP/1.1" 200 9299 "-" "Mozilla/5.0 (iPod; CPU iPhone OS 5_0_1 like Mac OS X) AppleWebKit/534.46 (KHTML, like Gecko) Mobile/9A405"
198.228.200.153 - - [06/Jan/2013:07:28:19 -0800] "GET /FeedDisplay.php?archived&mode=iPhoneApp&fid=925&episode_id=1225&nfid=926&uid=7034&version=3.2.0 HTTP/1.1" 200 9149 "-" "Mozilla/5.0 (iPhone; CPU iPhone OS 6_0_2 like Mac OS X) AppleWebKit/536.26 (KHTML, like Gecko) Mobile/10A551"
198.228.200.153 - - [06/Jan/2013:07:28:23 -0800] "GET /images/t2g_ratings_gray_active.png HTTP/1.1" 200 1196 "http://t2g.stitcher.com/FeedDisplay.php?archived&mode=iPhoneApp&fid=925&episode_id=1225&nfid=926&uid=7034&version=3.2.0" "Mozilla/5.0 (iPhone; CPU iPhone OS 6_0_2 like Mac OS X) AppleWebKit/536.26 (KHTML, like Gecko) Mobile/10A551"
198.228.200.153 - - [06/Jan/2013:07:28:23 -0800] "GET /images/t2g_ratings_color.png HTTP/1.1" 200 997 "http://t2g.stitcher.com/FeedDisplay.php?archived&mode=iPhoneApp&fid=925&episode_id=1225&nfid=926&uid=7034&version=3.2.0" "Mozilla/5.0 (iPhone; CPU iPhone OS 6_0_2 like Mac OS X) AppleWebKit/536.26 (KHTML, like Gecko) Mobile/10A551"
198.228.200.153 - - [06/Jan/2013:07:28:23 -0800] "GET /images/multipart_arrow_left_disabled.gif HTTP/1.1" 200 275 "http://t2g.stitcher.com/FeedDisplay.php?archived&mode=iPhoneApp&fid=925&episode_id=1225&nfid=926&uid=7034&version=3.2.0" "Mozilla/5.0 (iPhone; CPU iPhone OS 6_0_2 like Mac OS X) AppleWebKit/536.26 (KHTML, like Gecko) Mobile/10A551"
198.228.200.153 - - [06/Jan/2013:07:28:23 -0800] "GET /images/ajax-loader.gif HTTP/1.1" 200 1849 "http://t2g.stitcher.com/FeedDisplay.php?archived&mode=iPhoneApp&fid=925&episode_id=1225&nfid=926&uid=7034&version=3.2.0" "Mozilla/5.0 (iPhone; CPU iPhone OS 6_0_2 like Mac OS X) AppleWebKit/536.26 (KHTML, like Gecko) Mobile/10A551"
198.228.200.153 - - [06/Jan/2013:07:28:23 -0800] "GET /images/t2g_ratings_color_active.png HTTP/1.1" 200 985 "http://t2g.stitcher.com/FeedDisplay.php?archived&mode=iPhoneApp&fid=925&episode_id=1225&nfid=926&uid=7034&version=3.2.0" "Mozilla/5.0 (iPhone; CPU iPhone OS 6_0_2 like Mac OS X) AppleWebKit/536.26 (KHTML, like Gecko) Mobile/10A551"
198.228.200.153 - - [06/Jan/2013:07:28:24 -0800] "GET /images/t2g_ratings_gray.png HTTP/1.1" 200 1215 "http://t2g.stitcher.com/FeedDisplay.php?archived&mode=iPhoneApp&fid=925&episode_id=1225&nfid=926&uid=7034&version=3.2.0" "Mozilla/5.0 (iPhone; CPU iPhone OS 6_0_2 like Mac OS X) AppleWebKit/536.26 (KHTML, like Gecko) Mobile/10A551"
198.228.200.153 - - [06/Jan/2013:07:28:24 -0800] "GET /images/multipart_arrow_right.gif HTTP/1.1" 200 267 "http://t2g.stitcher.com/FeedDisplay.php?archived&mode=iPhoneApp&fid=925&episode_id=1225&nfid=926&uid=7034&version=3.2.0" "Mozilla/5.0 (iPhone; CPU iPhone OS 6_0_2 like Mac OS X) AppleWebKit/536.26 (KHTML, like Gecko) Mobile/10A551"
208.58.72.95 - - [06/Jan/2013:07:28:26 -0800] "GET /AddBookmark.php?uid=20760&eid=3929&offset=2530&version=4.0.12455&mode=iPhoneApp&locale=en_US HTTP/1.1" 200 47 "-" "Tales2Go/3.2.0 CFNetwork/609 Darwin/13.0.0"
24.66.42.52 - - [06/Jan/2013:07:28:30 -0800] "GET /GetAd.php?sid=285&timeSinceLastAd=114446&previousFeedId=1482&nextFeedId=293&tlt=114446&tlf=1&uid=36484&version=4.0.12455&mode=iPhoneApp&locale=en_CA HTTP/1.1" 200 22 "-" "Tales2Go/3.2.0 CFNetwork/548.0.4 Darwin/11.0.0"
24.66.42.52 - - [06/Jan/2013:07:28:30 -0800] "GET /PostUsage.php?uid=36484&sid=285&fid=1482&eid=5655&completed=16867&timezone=+0000&tlt=114430&version=4.0.12455&mode=iPhoneApp&locale=en_CA HTTP/1.1" 200 - "-" "Tales2Go/3.2.0 CFNetwork/548.0.4 Darwin/11.0.0"
24.66.42.52 - - [06/Jan/2013:07:28:31 -0800] "GET /FeedDisplay.php?archived&mode=iPhoneApp&fid=1482&episode_id=5656&nfid=293&uid=36484&version=3.2.0 HTTP/1.1" 200 9299 "-" "Mozilla/5.0 (iPod; CPU iPhone OS 5_0_1 like Mac OS X) AppleWebKit/534.46 (KHTML, like Gecko) Mobile/9A405"
166.137.156.148 - - [06/Jan/2013:07:28:37 -0800] "GET /StartupChecks.php?startup&uid=34182&version=4.0.12455&mode=iPhoneApp&locale=en_US HTTP/1.1" 200 289 "-" "Tales2Go/3.2.0 CFNetwork/609 Darwin/13.0.0"
166.137.156.148 - - [06/Jan/2013:07:28:38 -0800] "GET /LoadUserFromID.php?markStartup&id=34182&udid=34:C0:59:7A:F9:CB&version=4.0.12455&mode=iPhoneApp&locale=en_US HTTP/1.1" 200 251 "-" "Tales2Go/3.2.0 CFNetwork/609 Darwin/13.0.0"
166.137.156.148 - - [06/Jan/2013:07:28:38 -0800] "GET /GetContentStationList.php?uid=34182&version=4.0.12455&mode=iPhoneApp&locale=en_US HTTP/1.1" 200 6486 "-" "Tales2Go/3.2.0 CFNetwork/609 Darwin/13.0.0"
166.137.156.148 - - [06/Jan/2013:07:28:38 -0800] "GET /GetStationListFC.php?uid=34182&version=4.0.12455&mode=iPhoneApp&locale=en_US HTTP/1.1" 200 16492 "-" "Tales2Go/3.2.0 CFNetwork/609 Darwin/13.0.0"
198.228.200.153 - - [06/Jan/2013:07:28:42 -0800] "GET /GetAd.php?sid=122&timeSinceLastAd=22&previousFeedId=925&nextFeedId=926&tlt=22&tlf=1&uid=7034&version=4.0.12455&mode=iPhoneApp&locale=en_US HTTP/1.1" 200 22 "-" "Tales2Go/3.2.0 CFNetwork/609 Darwin/13.0.0"
166.137.156.148 - - [06/Jan/2013:07:28:46 -0800] "GET /GetStationPlayList.php?s=0&c=9&uid=34182&sid=97&endFeed=0&version=4.0.12455&mode=iPhoneApp&locale=en_US HTTP/1.1" 200 5836 "-" "Tales2Go/3.2.0 CFNetwork/609 Darwin/13.0.0"
198.228.200.153 - - [06/Jan/2013:07:28:59 -0800] "GET /GetAd.php?sid=122&timeSinceLastAd=25&previousFeedId=925&nextFeedId=1420&newStation&tlt=25&tlf=0&uid=7034&version=4.0.12455&mode=iPhoneApp&locale=en_US HTTP/1.1" 200 22 "-" "Tales2Go/3.2.0 CFNetwork/609 Darwin/13.0.0"
198.228.200.153 - - [06/Jan/2013:07:29:00 -0800] "GET /PostUsage.php?uid=7034&sid=122&fid=925&eid=1225&completed=25894&timezone=+0000&tlt=25&version=4.0.12455&mode=iPhoneApp&locale=en_US HTTP/1.1" 200 - "-" "Tales2Go/3.2.0 CFNetwork/609 Darwin/13.0.0"
198.228.200.153 - - [06/Jan/2013:07:29:01 -0800] "GET /FeedDisplay.php?archived&mode=iPhoneApp&fid=1420&episode_id=2330&nfid=1285&uid=7034&version=3.2.0 HTTP/1.1" 200 9041 "-" "Mozilla/5.0 (iPhone; CPU iPhone OS 6_0_2 like Mac OS X) AppleWebKit/536.26 (KHTML, like Gecko) Mobile/10A551"
24.66.42.52 - - [06/Jan/2013:07:29:03 -0800] "GET /GetAd.php?sid=285&timeSinceLastAd=114457&previousFeedId=1482&nextFeedId=293&tlt=114457&tlf=1&uid=36484&version=4.0.12455&mode=iPhoneApp&locale=en_CA HTTP/1.1" 200 22 "-" "Tales2Go/3.2.0 CFNetwork/548.0.4 Darwin/11.0.0"
166.137.156.148 - - [06/Jan/2013:07:29:05 -0800] "GET /Search.php?uid=34182&term=kingdoms%20call&s=0&c=20&version=4.0.12455&mode=iPhoneApp&locale=en_US HTTP/1.1" 200 17462 "-" "Tales2Go/3.2.0 CFNetwork/609 Darwin/13.0.0"
166.137.156.148 - - [06/Jan/2013:07:29:08 -0800] "GET /FeedDisplay.php?archived&mode=iPhoneApp&fid=973&episode_id=1433&nfid=0&uid=34182&version=3.2.0 HTTP/1.1" 200 9102 "-" "Mozilla/5.0 (iPhone; CPU iPhone OS 6_0_2 like Mac OS X) AppleWebKit/536.26 (KHTML, like Gecko) Mobile/10A551"
166.137.156.148 - - [06/Jan/2013:07:29:22 -0800] "GET /GetAd.php?sid=0&timeSinceLastAd=13&previousFeedId=973&nextFeedId=0&tlt=13&tlf=1&uid=34182&version=4.0.12455&mode=iPhoneApp&locale=en_US HTTP/1.1" 200 22 "-" "Tales2Go/3.2.0 CFNetwork/609 Darwin/13.0.0"
198.228.200.153 - - [06/Jan/2013:07:29:23 -0800] "GET /GetAd.php?sid=122&timeSinceLastAd=46&previousFeedId=1420&nextFeedId=1285&tlt=46&tlf=1&uid=7034&version=4.0.12455&mode=iPhoneApp&locale=en_US HTTP/1.1" 200 22 "-" "Tales2Go/3.2.0 CFNetwork/609 Darwin/13.0.0"
72.188.123.254 - - [06/Jan/2013:07:29:48 -0800] "GET /StartupChecks.php?startup&uid=25931&version=4.0.12455&mode=iPhoneApp&locale=en_US HTTP/1.1" 200 289 "-" "Tales2Go/3.2.0 CFNetwork/548.1.4 Darwin/11.0.0"
72.188.123.254 - - [06/Jan/2013:07:29:49 -0800] "GET /LoadUserFromID.php?markStartup&id=25931&udid=8C:7B:9D:D8:8F:83&version=4.0.12455&mode=iPhoneApp&locale=en_US HTTP/1.1" 200 263 "-" "Tales2Go/3.2.0 CFNetwork/548.1.4 Darwin/11.0.0"
72.188.123.254 - - [06/Jan/2013:07:29:50 -0800] "GET /GetContentStationList.php?uid=25931&version=4.0.12455&mode=iPhoneApp&locale=en_US HTTP/1.1" 200 6486 "-" "Tales2Go/3.2.0 CFNetwork/548.1.4 Darwin/11.0.0"
72.188.123.254 - - [06/Jan/2013:07:29:50 -0800] "GET /GetStationListFC.php?uid=25931&version=4.0.12455&mode=iPhoneApp&locale=en_US HTTP/1.1" 200 256 "-" "Tales2Go/3.2.0 CFNetwork/548.1.4 Darwin/11.0.0"
96.233.111.126 - - [06/Jan/2013:07:31:03 -0800] "GET /StartupChecks.php?startup&version=4.0.12455&mode=iPhoneApp&locale=en_US HTTP/1.1" 200 246 "-" "Tales2Go/3.2.0 CFNetwork/609 Darwin/13.0.0"
96.233.111.126 - - [06/Jan/2013:07:31:04 -0800] "GET /TransitionUDIDToMACAddr.php?udid=062ce2719a06428032f3c37cc9306ecd010d31de&mac=BC:67:78:3A:0C:89&version=4.0.12455&mode=iPhoneApp&locale=en_US HTTP/1.1" 200 121 "-" "Tales2Go/3.2.0 CFNetwork/609 Darwin/13.0.0"
96.233.111.126 - - [06/Jan/2013:07:31:04 -0800] "GET /LoadUserFromUDID.php?markStartup&udid=BC:67:78:3A:0C:89&version=4.0.12455&mode=iPhoneApp&locale=en_US HTTP/1.1" 200 58 "-" "Tales2Go/3.2.0 CFNetwork/609 Darwin/13.0.0"
96.233.111.126 - - [06/Jan/2013:07:31:05 -0800] "GET /CreateUser.php?markStartup&mode=iPhoneApp&udid=BC:67:78:3A:0C:89&version=4.0.12455&mode=iPhoneApp&locale=en_US HTTP/1.1" 200 228 "-" "Tales2Go/3.2.0 CFNetwork/609 Darwin/13.0.0"
96.233.111.126 - - [06/Jan/2013:07:31:06 -0800] "GET /SubmitSettings.php?currentId=37855&email=BC:67:78:3A:0C:89@t2g.t2g&epx=IOA_9--7A1HJ2SADAF&phone=&optin=0&explicit=1&alertOption=0&alertType=0&alertTimestamp=0.000000&udid=BC:67:78:3A:0C:89&version=4.0.12455&mode=iPhoneApp&locale=en_US HTTP/1.1" 200 238 "-" "Tales2Go/3.2.0 CFNetwork/609 Darwin/13.0.0"
96.233.111.126 - - [06/Jan/2013:07:31:06 -0800] "GET /GetContentStationList.php?uid=37855&version=4.0.12455&mode=iPhoneApp&locale=en_US HTTP/1.1" 200 6486 "-" "Tales2Go/3.2.0 CFNetwork/609 Darwin/13.0.0"
96.233.111.126 - - [06/Jan/2013:07:31:06 -0800] "GET /LoadUserFromID.php?markStartup&id=37855&udid=BC:67:78:3A:0C:89&version=4.0.12455&mode=iPhoneApp&locale=en_US HTTP/1.1" 200 263 "-" "Tales2Go/3.2.0 CFNetwork/609 Darwin/13.0.0"
96.233.111.126 - - [06/Jan/2013:07:31:07 -0800] "GET /GetContentStationList.php?uid=37855&version=4.0.12455&mode=iPhoneApp&locale=en_US HTTP/1.1" 200 6486 "-" "Tales2Go/3.2.0 CFNetwork/609 Darwin/13.0.0"
96.233.111.126 - - [06/Jan/2013:07:31:06 -0800] "GET /GetStationListFC.php?uid=37855&version=4.0.12455&mode=iPhoneApp&locale=en_US HTTP/1.1" 200 16492 "-" "Tales2Go/3.2.0 CFNetwork/609 Darwin/13.0.0"
96.233.111.126 - - [06/Jan/2013:07:31:09 -0800] "GET /GetStationListFC.php?uid=37855&version=4.0.12455&mode=iPhoneApp&locale=en_US HTTP/1.1" 200 16492 "-" "Tales2Go/3.2.0 CFNetwork/609 Darwin/13.0.0"
166.137.156.148 - - [06/Jan/2013:07:31:25 -0800] "GET /PostUsage.php?uid=34182&sid=0&fid=973&eid=1433&completed=4875000&timezone=+0000&tlt=0&version=4.0.12455&mode=iPhoneApp&locale=en_US HTTP/1.1" 200 - "-" "Tales2Go/3.2.0 CFNetwork/609 Darwin/13.0.0"
166.137.156.148 - - [06/Jan/2013:07:31:26 -0800] "GET /FeedDisplay.php?archived&mode=iPhoneApp&fid=973&episode_id=1434&nfid=0&uid=34182&version=3.2.0 HTTP/1.1" 200 9102 "-" "Mozilla/5.0 (iPhone; CPU iPhone OS 6_0_2 like Mac OS X) AppleWebKit/536.26 (KHTML, like Gecko) Mobile/10A551"
96.233.111.126 - - [06/Jan/2013:07:31:29 -0800] "GET /GetStationPlayList.php?s=0&c=9&uid=37855&sid=498&endFeed=0&version=4.0.12455&mode=iPhoneApp&locale=en_US HTTP/1.1" 200 6348 "-" "Tales2Go/3.2.0 CFNetwork/609 Darwin/13.0.0"
96.233.111.126 - - [06/Jan/2013:07:31:37 -0800] "GET /GetStationPlayList.php?s=9&c=9&uid=37855&sid=498&endFeed=0&version=4.0.12455&mode=iPhoneApp&locale=en_US HTTP/1.1" 200 2084 "-" "Tales2Go/3.2.0 CFNetwork/609 Darwin/13.0.0"
166.137.156.148 - - [06/Jan/2013:07:31:38 -0800] "GET /GetAd.php?sid=0&timeSinceLastAd=6784&previousFeedId=973&nextFeedId=0&tlt=6784&tlf=2&uid=34182&version=4.0.12455&mode=iPhoneApp&locale=en_US HTTP/1.1" 200 22 "-" "Tales2Go/3.2.0 CFNetwork/609 Darwin/13.0.0"
166.137.156.148 - - [06/Jan/2013:07:31:40 -0800] "GET /GetAd.php?sid=60&timeSinceLastAd=662&previousFeedId=1762&nextFeedId=1456&tlt=662&tlf=1&uid=37851&version=4.0.12455&mode=iPhoneApp&locale=en_US HTTP/1.1" 200 22 "-" "Tales2Go/3.2.0 CFNetwork/609 Darwin/13.0.0"
166.137.156.148 - - [06/Jan/2013:07:31:41 -0800] "GET /PostUsage.php?uid=37851&sid=60&fid=1762&eid=3261&completed=512284&timezone=+0000&tlt=662&version=4.0.12455&mode=iPhoneApp&locale=en_US HTTP/1.1" 200 - "-" "Tales2Go/3.2.0 CFNetwork/609 Darwin/13.0.0"
96.233.111.126 - - [06/Jan/2013:07:31:41 -0800] "GET /FeedDisplay.php?archived&mode=iPhoneApp&fid=64&episode_id=77&nfid=1320&uid=37855&version=3.2.0 HTTP/1.1" 200 8532 "-" "Mozilla/5.0 (iPod; CPU iPhone OS 6_0_1 like Mac OS X) AppleWebKit/536.26 (KHTML, like Gecko) Mobile/10A523"
166.137.156.148 - - [06/Jan/2013:07:31:41 -0800] "GET /FeedDisplay.php?archived&mode=iPhoneApp&fid=1456&episode_id=2554&nfid=1731&uid=37851&version=3.2.0 HTTP/1.1" 200 9179 "-" "Mozilla/5.0 (iPhone; CPU iPhone OS 6_0_1 like Mac OS X) AppleWebKit/536.26 (KHTML, like Gecko) Mobile/10A523"
96.233.111.126 - - [06/Jan/2013:07:31:42 -0800] "GET /images/t2g_ratings_color_active.png HTTP/1.1" 200 985 "http://t2g.stitcher.com/FeedDisplay.php?archived&mode=iPhoneApp&fid=64&episode_id=77&nfid=1320&uid=37855&version=3.2.0" "Mozilla/5.0 (iPod; CPU iPhone OS 6_0_1 like Mac OS X) AppleWebKit/536.26 (KHTML, like Gecko) Mobile/10A523"
96.233.111.126 - - [06/Jan/2013:07:31:42 -0800] "GET /images/t2g_ratings_gray_active.png HTTP/1.1" 200 1196 "http://t2g.stitcher.com/FeedDisplay.php?archived&mode=iPhoneApp&fid=64&episode_id=77&nfid=1320&uid=37855&version=3.2.0" "Mozilla/5.0 (iPod; CPU iPhone OS 6_0_1 like Mac OS X) AppleWebKit/536.26 (KHTML, like Gecko) Mobile/10A523"
96.233.111.126 - - [06/Jan/2013:07:31:42 -0800] "GET /images/t2g_ratings_gray.png HTTP/1.1" 200 1215 "http://t2g.stitcher.com/FeedDisplay.php?archived&mode=iPhoneApp&fid=64&episode_id=77&nfid=1320&uid=37855&version=3.2.0" "Mozilla/5.0 (iPod; CPU iPhone OS 6_0_1 like Mac OS X) AppleWebKit/536.26 (KHTML, like Gecko) Mobile/10A523"
96.233.111.126 - - [06/Jan/2013:07:31:42 -0800] "GET /images/t2g_ratings_color.png HTTP/1.1" 200 997 "http://t2g.stitcher.com/FeedDisplay.php?archived&mode=iPhoneApp&fid=64&episode_id=77&nfid=1320&uid=37855&version=3.2.0" "Mozilla/5.0 (iPod; CPU iPhone OS 6_0_1 like Mac OS X) AppleWebKit/536.26 (KHTML, like Gecko) Mobile/10A523"
96.233.111.126 - - [06/Jan/2013:07:31:42 -0800] "GET /images/ajax-loader.gif HTTP/1.1" 200 1849 "http://t2g.stitcher.com/FeedDisplay.php?archived&mode=iPhoneApp&fid=64&episode_id=77&nfid=1320&uid=37855&version=3.2.0" "Mozilla/5.0 (iPod; CPU iPhone OS 6_0_1 like Mac OS X) AppleWebKit/536.26 (KHTML, like Gecko) Mobile/10A523"
166.137.156.148 - - [06/Jan/2013:07:32:05 -0800] "GET /GetAd.php?sid=60&timeSinceLastAd=684&previousFeedId=1456&nextFeedId=1731&tlt=684&tlf=2&uid=37851&version=4.0.12455&mode=iPhoneApp&locale=en_US HTTP/1.1" 200 22 "-" "Tales2Go/3.2.0 CFNetwork/609 Darwin/13.0.0"
209.169.95.199 - - [06/Jan/2013:07:32:13 -0800] "GET /AddBookmark.php?uid=28030&eid=1441&offset=455&version=4.0.12455&mode=iPhoneApp&locale=en HTTP/1.1" 200 47 "-" "Tales2Go/3.2.0 CFNetwork/609 Darwin/13.0.0"
192.161.54.131 - - [06/Jan/2013:07:32:47 -0800] "GET /GetAd.php?sid=0&timeSinceLastAd=4543&previousFeedId=1484&nextFeedId=0&tlt=4543&tlf=2&uid=33357&version=4.0.12455&mode=iPhoneApp&locale=en_US HTTP/1.1" 200 22 "-" "Tales2Go%20-%20Old%20Version/2.2.12455 CFNetwork/459 Darwin/10.0.0d3"
166.147.104.160 - - [06/Jan/2013:07:33:16 -0800] "GET /GetAd.php?sid=34&timeSinceLastAd=6507&previousFeedId=964&nextFeedId=667&tlt=6507&tlf=1&uid=36458&version=4.0.12455&mode=iPhoneApp&locale=en_US HTTP/1.1" 200 22 "-" "Tales2Go/3.2.0 CFNetwork/609 Darwin/13.0.0"
166.147.104.160 - - [06/Jan/2013:07:33:16 -0800] "GET /PostUsage.php?uid=36458&sid=34&fid=964&eid=1457&completed=6507197&timezone=+0000&tlt=6507&version=4.0.12455&mode=iPhoneApp&locale=en_US HTTP/1.1" 200 - "-" "Tales2Go/3.2.0 CFNetwork/609 Darwin/13.0.0"
166.147.104.160 - - [06/Jan/2013:07:33:16 -0800] "GET /FeedDisplay.php?archived&mode=iPhoneApp&fid=667&episode_id=901&nfid=832&uid=36458&version=3.2.0 HTTP/1.1" 200 8585 "-" "Mozilla/5.0 (iPhone; CPU iPhone OS 6_0_1 like Mac OS X) AppleWebKit/536.26 (KHTML, like Gecko) Mobile/10A523"
166.147.104.160 - - [06/Jan/2013:07:33:19 -0800] "GET /GetAd.php?sid=34&timeSinceLastAd=6508&previousFeedId=667&nextFeedId=832&tlt=6508&tlf=2&uid=36458&version=4.0.12455&mode=iPhoneApp&locale=en_US HTTP/1.1" 200 22 "-" "Tales2Go/3.2.0 CFNetwork/609 Darwin/13.0.0"
184.60.253.6 - - [06/Jan/2013:07:33:43 -0800] "GET /StartupChecks.php?startup&version=4.0.12455&mode=iPhoneApp&locale=en_US HTTP/1.1" 200 246 "-" "Tales2Go/3.2.0 CFNetwork/609 Darwin/13.0.0"
184.60.253.6 - - [06/Jan/2013:07:33:43 -0800] "GET /TransitionUDIDToMACAddr.php?udid=dce2346e7d81eaca0d0c3f0035a20c72572296e6&mac=68:96:7B:C7:96:E9&version=4.0.12455&mode=iPhoneApp&locale=en_US HTTP/1.1" 200 121 "-" "Tales2Go/3.2.0 CFNetwork/609 Darwin/13.0.0"
184.60.253.6 - - [06/Jan/2013:07:33:44 -0800] "GET /LoadUserFromUDID.php?markStartup&udid=68:96:7B:C7:96:E9&version=4.0.12455&mode=iPhoneApp&locale=en_US HTTP/1.1" 200 58 "-" "Tales2Go/3.2.0 CFNetwork/609 Darwin/13.0.0"
184.60.253.6 - - [06/Jan/2013:07:33:44 -0800] "GET /CreateUser.php?markStartup&mode=iPhoneApp&udid=68:96:7B:C7:96:E9&version=4.0.12455&mode=iPhoneApp&locale=en_US HTTP/1.1" 200 228 "-" "Tales2Go/3.2.0 CFNetwork/609 Darwin/13.0.0"
184.60.253.6 - - [06/Jan/2013:07:33:45 -0800] "GET /SubmitSettings.php?currentId=37856&email=68:96:7B:C7:96:E9@t2g.t2g&epx=8DAC8--FAF9J_FAQA5&phone=&optin=0&explicit=1&alertOption=0&alertType=0&alertTimestamp=0.000000&udid=68:96:7B:C7:96:E9&version=4.0.12455&mode=iPhoneApp&locale=en_US HTTP/1.1" 200 238 "-" "Tales2Go/3.2.0 CFNetwork/609 Darwin/13.0.0"
184.60.253.6 - - [06/Jan/2013:07:33:45 -0800] "GET /GetContentStationList.php?uid=37856&version=4.0.12455&mode=iPhoneApp&locale=en_US HTTP/1.1" 200 6486 "-" "Tales2Go/3.2.0 CFNetwork/609 Darwin/13.0.0"
184.60.253.6 - - [06/Jan/2013:07:33:45 -0800] "GET /LoadUserFromID.php?markStartup&id=37856&udid=68:96:7B:C7:96:E9&version=4.0.12455&mode=iPhoneApp&locale=en_US HTTP/1.1" 200 263 "-" "Tales2Go/3.2.0 CFNetwork/609 Darwin/13.0.0"
184.60.253.6 - - [06/Jan/2013:07:33:46 -0800] "GET /GetContentStationList.php?uid=37856&version=4.0.12455&mode=iPhoneApp&locale=en_US HTTP/1.1" 200 6486 "-" "Tales2Go/3.2.0 CFNetwork/609 Darwin/13.0.0"
184.60.253.6 - - [06/Jan/2013:07:33:45 -0800] "GET /GetStationListFC.php?uid=37856&version=4.0.12455&mode=iPhoneApp&locale=en_US HTTP/1.1" 200 16492 "-" "Tales2Go/3.2.0 CFNetwork/609 Darwin/13.0.0"
184.60.253.6 - - [06/Jan/2013:07:33:47 -0800] "GET /GetStationListFC.php?uid=37856&version=4.0.12455&mode=iPhoneApp&locale=en_US HTTP/1.1" 200 16492 "-" "Tales2Go/3.2.0 CFNetwork/609 Darwin/13.0.0"
184.60.253.6 - - [06/Jan/2013:07:34:02 -0800] "GET /GetStationPlayList.php?s=0&c=9&uid=37856&sid=498&endFeed=0&version=4.0.12455&mode=iPhoneApp&locale=en_US HTTP/1.1" 200 6184 "-" "Tales2Go/3.2.0 CFNetwork/609 Darwin/13.0.0"
184.60.253.6 - - [06/Jan/2013:07:34:15 -0800] "GET /GetStationPlayList.php?s=9&c=9&uid=37856&sid=498&endFeed=0&version=4.0.12455&mode=iPhoneApp&locale=en_US HTTP/1.1" 200 2254 "-" "Tales2Go/3.2.0 CFNetwork/609 Darwin/13.0.0"
184.60.253.6 - - [06/Jan/2013:07:34:22 -0800] "GET /FeedDisplay.php?archived&mode=iPhoneApp&fid=64&episode_id=77&nfid=399&uid=37856&version=3.2.0 HTTP/1.1" 200 8532 "-" "Mozilla/5.0 (iPhone; CPU iPhone OS 6_0_2 like Mac OS X) AppleWebKit/536.26 (KHTML, like Gecko) Mobile/10A551"
184.60.253.6 - - [06/Jan/2013:07:34:23 -0800] "GET /images/t2g_ratings_color_active.png HTTP/1.1" 200 985 "http://t2g.stitcher.com/FeedDisplay.php?archived&mode=iPhoneApp&fid=64&episode_id=77&nfid=399&uid=37856&version=3.2.0" "Mozilla/5.0 (iPhone; CPU iPhone OS 6_0_2 like Mac OS X) AppleWebKit/536.26 (KHTML, like Gecko) Mobile/10A551"
184.60.253.6 - - [06/Jan/2013:07:34:23 -0800] "GET /images/t2g_ratings_gray_active.png HTTP/1.1" 200 1196 "http://t2g.stitcher.com/FeedDisplay.php?archived&mode=iPhoneApp&fid=64&episode_id=77&nfid=399&uid=37856&version=3.2.0" "Mozilla/5.0 (iPhone; CPU iPhone OS 6_0_2 like Mac OS X) AppleWebKit/536.26 (KHTML, like Gecko) Mobile/10A551"
184.60.253.6 - - [06/Jan/2013:07:34:23 -0800] "GET /images/t2g_ratings_gray.png HTTP/1.1" 200 1215 "http://t2g.stitcher.com/FeedDisplay.php?archived&mode=iPhoneApp&fid=64&episode_id=77&nfid=399&uid=37856&version=3.2.0" "Mozilla/5.0 (iPhone; CPU iPhone OS 6_0_2 like Mac OS X) AppleWebKit/536.26 (KHTML, like Gecko) Mobile/10A551"
184.60.253.6 - - [06/Jan/2013:07:34:23 -0800] "GET /images/t2g_ratings_color.png HTTP/1.1" 200 997 "http://t2g.stitcher.com/FeedDisplay.php?archived&mode=iPhoneApp&fid=64&episode_id=77&nfid=399&uid=37856&version=3.2.0" "Mozilla/5.0 (iPhone; CPU iPhone OS 6_0_2 like Mac OS X) AppleWebKit/536.26 (KHTML, like Gecko) Mobile/10A551"
184.60.253.6 - - [06/Jan/2013:07:34:23 -0800] "GET /images/ajax-loader.gif HTTP/1.1" 200 1849 "http://t2g.stitcher.com/FeedDisplay.php?archived&mode=iPhoneApp&fid=64&episode_id=77&nfid=399&uid=37856&version=3.2.0" "Mozilla/5.0 (iPhone; CPU iPhone OS 6_0_2 like Mac OS X) AppleWebKit/536.26 (KHTML, like Gecko) Mobile/10A551"
184.60.253.6 - - [06/Jan/2013:07:34:25 -0800] "GET /GetAd.php?sid=498&timeSinceLastAd=2&previousFeedId=64&nextFeedId=399&tlt=2&tlf=1&uid=37856&version=4.0.12455&mode=iPhoneApp&locale=en_US HTTP/1.1" 200 22 "-" "Tales2Go/3.2.0 CFNetwork/609 Darwin/13.0.0"
76.101.41.234 - - [06/Jan/2013:07:35:04 -0800] "GET /StartupChecks.php?startup&version=4.0.12455&mode=iPhoneApp&locale=en_US HTTP/1.1" 200 246 "-" "Tales2Go/3.2.0 CFNetwork/609 Darwin/13.0.0"
76.101.41.234 - - [06/Jan/2013:07:35:05 -0800] "GET /TransitionUDIDToMACAddr.php?udid=74fa2f2d21ecc074c599395e8e154ebfbf0e4e98&mac=30:F7:C5:1C:C2:8A&version=4.0.12455&mode=iPhoneApp&locale=en_US HTTP/1.1" 200 121 "-" "Tales2Go/3.2.0 CFNetwork/609 Darwin/13.0.0"
76.101.41.234 - - [06/Jan/2013:07:35:06 -0800] "GET /LoadUserFromUDID.php?markStartup&udid=30:F7:C5:1C:C2:8A&version=4.0.12455&mode=iPhoneApp&locale=en_US HTTP/1.1" 200 58 "-" "Tales2Go/3.2.0 CFNetwork/609 Darwin/13.0.0"
76.101.41.234 - - [06/Jan/2013:07:35:06 -0800] "GET /CreateUser.php?markStartup&mode=iPhoneApp&udid=30:F7:C5:1C:C2:8A&version=4.0.12455&mode=iPhoneApp&locale=en_US HTTP/1.1" 200 228 "-" "Tales2Go/3.2.0 CFNetwork/609 Darwin/13.0.0"
76.101.41.234 - - [06/Jan/2013:07:35:07 -0800] "GET /SubmitSettings.php?currentId=37857&email=30:F7:C5:1C:C2:8A@t2g.t2g&epx=57AP9-K4AzJJJBADI2&phone=&optin=0&explicit=1&alertOption=0&alertType=0&alertTimestamp=0.000000&udid=30:F7:C5:1C:C2:8A&version=4.0.12455&mode=iPhoneApp&locale=en_US HTTP/1.1" 200 238 "-" "Tales2Go/3.2.0 CFNetwork/609 Darwin/13.0.0"
76.101.41.234 - - [06/Jan/2013:07:35:07 -0800] "GET /GetContentStationList.php?uid=37857&version=4.0.12455&mode=iPhoneApp&locale=en_US HTTP/1.1" 200 6486 "-" "Tales2Go/3.2.0 CFNetwork/609 Darwin/13.0.0"
76.101.41.234 - - [06/Jan/2013:07:35:07 -0800] "GET /LoadUserFromID.php?markStartup&id=37857&udid=30:F7:C5:1C:C2:8A&version=4.0.12455&mode=iPhoneApp&locale=en_US HTTP/1.1" 200 263 "-" "Tales2Go/3.2.0 CFNetwork/609 Darwin/13.0.0"
76.101.41.234 - - [06/Jan/2013:07:35:08 -0800] "GET /GetContentStationList.php?uid=37857&version=4.0.12455&mode=iPhoneApp&locale=en_US HTTP/1.1" 200 6486 "-" "Tales2Go/3.2.0 CFNetwork/609 Darwin/13.0.0"
76.101.41.234 - - [06/Jan/2013:07:35:07 -0800] "GET /GetStationListFC.php?uid=37857&version=4.0.12455&mode=iPhoneApp&locale=en_US HTTP/1.1" 200 16492 "-" "Tales2Go/3.2.0 CFNetwork/609 Darwin/13.0.0"
76.101.41.234 - - [06/Jan/2013:07:35:10 -0800] "GET /GetStationListFC.php?uid=37857&version=4.0.12455&mode=iPhoneApp&locale=en_US HTTP/1.1" 200 16492 "-" "Tales2Go/3.2.0 CFNetwork/609 Darwin/13.0.0"
184.60.253.6 - - [06/Jan/2013:07:35:19 -0800] "GET /PostUsage.php?uid=37856&sid=498&fid=64&eid=77&completed=52562&timezone=+0000&tlt=0&version=4.0.12455&mode=iPhoneApp&locale=en_US HTTP/1.1" 200 - "-" "Tales2Go/3.2.0 CFNetwork/609 Darwin/13.0.0"
184.60.253.6 - - [06/Jan/2013:07:35:19 -0800] "GET /PostUsage.php?quit&uid=37856&version=4.0.12455&mode=iPhoneApp&locale=en_US HTTP/1.1" 200 - "-" "Tales2Go/3.2.0 CFNetwork/609 Darwin/13.0.0"
76.101.41.234 - - [06/Jan/2013:07:35:22 -0800] "GET /GetStationPlayList.php?s=0&c=9&uid=37857&sid=35&endFeed=0&version=4.0.12455&mode=iPhoneApp&locale=en_US HTTP/1.1" 200 10496 "-" "Tales2Go/3.2.0 CFNetwork/609 Darwin/13.0.0"
76.101.41.234 - - [06/Jan/2013:07:35:24 -0800] "GET /FeedDisplay.php?archived&mode=iPhoneApp&fid=1142&episode_id=1533&nfid=926&uid=37857&version=3.2.0 HTTP/1.1" 200 9273 "-" "Mozilla/5.0 (iPhone; CPU iPhone OS 6_0_1 like Mac OS X) AppleWebKit/536.26 (KHTML, like Gecko) Mobile/10A525"
76.101.41.234 - - [06/Jan/2013:07:35:24 -0800] "GET /images/multipart_arrow_left_disabled.gif HTTP/1.1" 200 275 "http://t2g.stitcher.com/FeedDisplay.php?archived&mode=iPhoneApp&fid=1142&episode_id=1533&nfid=926&uid=37857&version=3.2.0" "Mozilla/5.0 (iPhone; CPU iPhone OS 6_0_1 like Mac OS X) AppleWebKit/536.26 (KHTML, like Gecko) Mobile/10A525"
76.101.41.234 - - [06/Jan/2013:07:35:24 -0800] "GET /images/t2g_ratings_color_active.png HTTP/1.1" 200 985 "http://t2g.stitcher.com/FeedDisplay.php?archived&mode=iPhoneApp&fid=1142&episode_id=1533&nfid=926&uid=37857&version=3.2.0" "Mozilla/5.0 (iPhone; CPU iPhone OS 6_0_1 like Mac OS X) AppleWebKit/536.26 (KHTML, like Gecko) Mobile/10A525"
76.101.41.234 - - [06/Jan/2013:07:35:24 -0800] "GET /images/t2g_ratings_gray_active.png HTTP/1.1" 200 1196 "http://t2g.stitcher.com/FeedDisplay.php?archived&mode=iPhoneApp&fid=1142&episode_id=1533&nfid=926&uid=37857&version=3.2.0" "Mozilla/5.0 (iPhone; CPU iPhone OS 6_0_1 like Mac OS X) AppleWebKit/536.26 (KHTML, like Gecko) Mobile/10A525"
76.101.41.234 - - [06/Jan/2013:07:35:24 -0800] "GET /images/t2g_ratings_gray.png HTTP/1.1" 200 1215 "http://t2g.stitcher.com/FeedDisplay.php?archived&mode=iPhoneApp&fid=1142&episode_id=1533&nfid=926&uid=37857&version=3.2.0" "Mozilla/5.0 (iPhone; CPU iPhone OS 6_0_1 like Mac OS X) AppleWebKit/536.26 (KHTML, like Gecko) Mobile/10A525"
76.101.41.234 - - [06/Jan/2013:07:35:24 -0800] "GET /images/multipart_arrow_right.gif HTTP/1.1" 200 267 "http://t2g.stitcher.com/FeedDisplay.php?archived&mode=iPhoneApp&fid=1142&episode_id=1533&nfid=926&uid=37857&version=3.2.0" "Mozilla/5.0 (iPhone; CPU iPhone OS 6_0_1 like Mac OS X) AppleWebKit/536.26 (KHTML, like Gecko) Mobile/10A525"
76.101.41.234 - - [06/Jan/2013:07:35:25 -0800] "GET /images/ajax-loader.gif HTTP/1.1" 200 1849 "http://t2g.stitcher.com/FeedDisplay.php?archived&mode=iPhoneApp&fid=1142&episode_id=1533&nfid=926&uid=37857&version=3.2.0" "Mozilla/5.0 (iPhone; CPU iPhone OS 6_0_1 like Mac OS X) AppleWebKit/536.26 (KHTML, like Gecko) Mobile/10A525"
76.101.41.234 - - [06/Jan/2013:07:35:25 -0800] "GET /images/t2g_ratings_color.png HTTP/1.1" 200 997 "http://t2g.stitcher.com/FeedDisplay.php?archived&mode=iPhoneApp&fid=1142&episode_id=1533&nfid=926&uid=37857&version=3.2.0" "Mozilla/5.0 (iPhone; CPU iPhone OS 6_0_1 like Mac OS X) AppleWebKit/536.26 (KHTML, like Gecko) Mobile/10A525"
208.113.232.130 - - [06/Jan/2013:07:36:07 -0800] "GET /GetNewSerialNum.php HTTP/1.0" 200 63 "-" "-"
208.113.232.130 - - [06/Jan/2013:07:36:07 -0800] "GET /LoadUserFromUDID.php?markStartup&udid=sn_1005056&version=4.0.12455&mode=desktop&override&locale=en_US HTTP/1.0" 200 58 "-" "-"
208.113.232.130 - - [06/Jan/2013:07:36:08 -0800] "GET /GetNewSerialNum.php HTTP/1.0" 200 63 "-" "-"
208.113.232.130 - - [06/Jan/2013:07:36:08 -0800] "GET /LoadUserFromUDID.php?markStartup&udid=sn_1005057&version=4.0.12455&mode=desktop&override&locale=en_US HTTP/1.0" 200 58 "-" "-"
76.221.140.46 - - [06/Jan/2013:07:36:14 -0800] "GET /AddBookmark.php?uid=37396&eid=2961&offset=3380&version=4.0.12455&mode=iPhoneApp&locale=en_US HTTP/1.1" 200 47 "-" "Tales2Go/3.2.0 CFNetwork/609 Darwin/13.0.0"
208.58.72.95 - - [06/Jan/2013:07:36:17 -0800] "GET /AddBookmark.php?uid=20760&eid=3929&offset=3001&version=4.0.12455&mode=iPhoneApp&locale=en_US HTTP/1.1" 200 47 "-" "Tales2Go/3.2.0 CFNetwork/609 Darwin/13.0.0"
208.58.72.95 - - [06/Jan/2013:07:36:24 -0800] "GET /AddBookmark.php?uid=20760&eid=3929&offset=3008&version=4.0.12455&mode=iPhoneApp&locale=en_US HTTP/1.1" 200 47 "-" "Tales2Go/3.2.0 CFNetwork/609 Darwin/13.0.0"
76.101.41.234 - - [06/Jan/2013:07:36:39 -0800] "GET /PostUsage.php?uid=37857&sid=35&fid=1142&eid=1533&completed=75701&timezone=+0000&tlt=0&version=4.0.12455&mode=iPhoneApp&locale=en_US HTTP/1.1" 200 - "-" "Tales2Go/3.2.0 CFNetwork/609 Darwin/13.0.0"
76.101.41.234 - - [06/Jan/2013:07:36:39 -0800] "GET /FeedDisplay.php?archived&mode=iPhoneApp&fid=1142&episode_id=1534&nfid=926&uid=37857&version=3.2.0 HTTP/1.1" 200 9295 "-" "Mozilla/5.0 (iPhone; CPU iPhone OS 6_0_1 like Mac OS X) AppleWebKit/536.26 (KHTML, like Gecko) Mobile/10A525"
76.101.41.234 - - [06/Jan/2013:07:36:40 -0800] "GET /images/multipart_arrow_left.gif HTTP/1.1" 200 273 "http://t2g.stitcher.com/FeedDisplay.php?archived&mode=iPhoneApp&fid=1142&episode_id=1534&nfid=926&uid=37857&version=3.2.0" "Mozilla/5.0 (iPhone; CPU iPhone OS 6_0_1 like Mac OS X) AppleWebKit/536.26 (KHTML, like Gecko) Mobile/10A525"
177.43.176.194 - - [06/Jan/2013:07:36:55 -0800] "GET /GetStationPlayList.php?uid=36359&sid=favorites&version=4.0.12455&mode=iPhoneApp&locale=en_US HTTP/1.1" 200 2096 "-" "Tales2Go/3.2.0 CFNetwork/609 Darwin/13.0.0"
76.101.41.234 - - [06/Jan/2013:07:37:01 -0800] "GET /GetStationPlayList.php?s=0&c=9&uid=37857&sid=43&endFeed=0&version=4.0.12455&mode=iPhoneApp&locale=en_US HTTP/1.1" 200 11588 "-" "Tales2Go/3.2.0 CFNetwork/609 Darwin/13.0.0"
76.101.41.234 - - [06/Jan/2013:07:37:10 -0800] "GET /GetStationPlayList.php?s=0&c=9&uid=37857&sid=198&endFeed=0&version=4.0.12455&mode=iPhoneApp&locale=en_US HTTP/1.1" 200 8006 "-" "Tales2Go/3.2.0 CFNetwork/609 Darwin/13.0.0"
76.101.41.234 - - [06/Jan/2013:07:37:18 -0800] "GET /GetAd.php?sid=35&timeSinceLastAd=37&previousFeedId=1142&nextFeedId=926&tlt=37&tlf=1&uid=37857&version=4.0.12455&mode=iPhoneApp&locale=en_US HTTP/1.1" 200 22 "-" "Tales2Go/3.2.0 CFNetwork/609 Darwin/13.0.0"
76.101.41.234 - - [06/Jan/2013:07:37:22 -0800] "GET /GetAd.php?sid=198&timeSinceLastAd=42&previousFeedId=1142&nextFeedId=1094&newStation&tlt=42&tlf=0&uid=37857&version=4.0.12455&mode=iPhoneApp&locale=en_US HTTP/1.1" 200 22 "-" "Tales2Go/3.2.0 CFNetwork/609 Darwin/13.0.0"
76.101.41.234 - - [06/Jan/2013:07:37:23 -0800] "GET /PostUsage.php?uid=37857&sid=35&fid=1142&eid=1534&completed=42971&timezone=+0000&tlt=42&version=4.0.12455&mode=iPhoneApp&locale=en_US HTTP/1.1" 200 - "-" "Tales2Go/3.2.0 CFNetwork/609 Darwin/13.0.0"
