208.113.232.130 - - [06/Jan/2013:11:04:07 -0800] "GET /AddDeviceBookmark.php?udid=sn_1005054&eid=3931&offset=564&appdata=103 HTTP/1.0" 200 52 "-" "-"
24.66.42.52 - - [06/Jan/2013:11:04:08 -0800] "GET /FeedDisplay.php?archived&mode=iPhoneApp&fid=1482&episode_id=5652&nfid=293&uid=36484&version=3.2.0 HTTP/1.1" 200 9299 "-" "Mozilla/5.0 (iPod; CPU iPhone OS 5_0_1 like Mac OS X) AppleWebKit/534.46 (KHTML, like Gecko) Mobile/9A405"
24.66.42.52 - - [06/Jan/2013:11:04:11 -0800] "GET /PostUsage.php?uid=36484&sid=285&fid=1482&eid=5652&completed=0&timezone=+0000&tlt=137321&version=4.0.12455&mode=iPhoneApp&locale=en_CA HTTP/1.1" 200 - "-" "Tales2Go/3.2.0 CFNetwork/548.0.4 Darwin/11.0.0"
24.66.42.52 - - [06/Jan/2013:11:04:12 -0800] "GET /FeedDisplay.php?archived&mode=iPhoneApp&fid=1482&episode_id=5653&nfid=293&uid=36484&version=3.2.0 HTTP/1.1" 200 9299 "-" "Mozilla/5.0 (iPod; CPU iPhone OS 5_0_1 like Mac OS X) AppleWebKit/534.46 (KHTML, like Gecko) Mobile/9A405"
24.66.42.52 - - [06/Jan/2013:11:04:13 -0800] "GET /PostUsage.php?uid=36484&sid=285&fid=1482&eid=5653&completed=399&timezone=+0000&tlt=137321&version=4.0.12455&mode=iPhoneApp&locale=en_CA HTTP/1.1" 200 - "-" "Tales2Go/3.2.0 CFNetwork/548.0.4 Darwin/11.0.0"
24.66.42.52 - - [06/Jan/2013:11:04:14 -0800] "GET /FeedDisplay.php?archived&mode=iPhoneApp&fid=1482&episode_id=5654&nfid=293&uid=36484&version=3.2.0 HTTP/1.1" 200 9299 "-" "Mozilla/5.0 (iPod; CPU iPhone OS 5_0_1 like Mac OS X) AppleWebKit/534.46 (KHTML, like Gecko) Mobile/9A405"
24.66.42.52 - - [06/Jan/2013:11:04:16 -0800] "GET /PostUsage.php?uid=36484&sid=285&fid=1482&eid=5654&completed=385&timezone=+0000&tlt=137321&version=4.0.12455&mode=iPhoneApp&locale=en_CA HTTP/1.1" 200 - "-" "Tales2Go/3.2.0 CFNetwork/548.0.4 Darwin/11.0.0"
24.66.42.52 - - [06/Jan/2013:11:04:16 -0800] "GET /FeedDisplay.php?archived&mode=iPhoneApp&fid=1482&episode_id=5655&nfid=293&uid=36484&version=3.2.0 HTTP/1.1" 200 9299 "-" "Mozilla/5.0 (iPod; CPU iPhone OS 5_0_1 like Mac OS X) AppleWebKit/534.46 (KHTML, like Gecko) Mobile/9A405"
24.66.42.52 - - [06/Jan/2013:11:04:18 -0800] "GET /PostUsage.php?uid=36484&sid=285&fid=1482&eid=5655&completed=360&timezone=+0000&tlt=137321&version=4.0.12455&mode=iPhoneApp&locale=en_CA HTTP/1.1" 200 - "-" "Tales2Go/3.2.0 CFNetwork/548.0.4 Darwin/11.0.0"
24.66.42.52 - - [06/Jan/2013:11:04:19 -0800] "GET /FeedDisplay.php?archived&mode=iPhoneApp&fid=1482&episode_id=5656&nfid=293&uid=36484&version=3.2.0 HTTP/1.1" 200 9299 "-" "Mozilla/5.0 (iPod; CPU iPhone OS 5_0_1 like Mac OS X) AppleWebKit/534.46 (KHTML, like Gecko) Mobile/9A405"
24.66.42.52 - - [06/Jan/2013:11:04:20 -0800] "GET /PostUsage.php?uid=36484&sid=285&fid=1482&eid=5656&completed=530&timezone=+0000&tlt=137321&version=4.0.12455&mode=iPhoneApp&locale=en_CA HTTP/1.1" 200 - "-" "Tales2Go/3.2.0 CFNetwork/548.0.4 Darwin/11.0.0"
24.66.42.52 - - [06/Jan/2013:11:04:22 -0800] "GET /FeedDisplay.php?archived&mode=iPhoneApp&fid=1482&episode_id=5657&nfid=293&uid=36484&version=3.2.0 HTTP/1.1" 200 9300 "-" "Mozilla/5.0 (iPod; CPU iPhone OS 5_0_1 like Mac OS X) AppleWebKit/534.46 (KHTML, like Gecko) Mobile/9A405"
24.66.42.52 - - [06/Jan/2013:11:04:24 -0800] "GET /PostUsage.php?uid=36484&sid=285&fid=1482&eid=5657&completed=1493&timezone=+0000&tlt=137321&version=4.0.12455&mode=iPhoneApp&locale=en_CA HTTP/1.1" 200 - "-" "Tales2Go/3.2.0 CFNetwork/548.0.4 Darwin/11.0.0"
24.66.42.52 - - [06/Jan/2013:11:04:25 -0800] "GET /FeedDisplay.php?archived&mode=iPhoneApp&fid=1482&episode_id=5658&nfid=293&uid=36484&version=3.2.0 HTTP/1.1" 200 9300 "-" "Mozilla/5.0 (iPod; CPU iPhone OS 5_0_1 like Mac OS X) AppleWebKit/534.46 (KHTML, like Gecko) Mobile/9A405"
24.66.42.52 - - [06/Jan/2013:11:04:27 -0800] "GET /PostUsage.php?uid=36484&sid=285&fid=1482&eid=5658&completed=403&timezone=+0000&tlt=137321&version=4.0.12455&mode=iPhoneApp&locale=en_CA HTTP/1.1" 200 - "-" "Tales2Go/3.2.0 CFNetwork/548.0.4 Darwin/11.0.0"
24.66.42.52 - - [06/Jan/2013:11:04:28 -0800] "GET /FeedDisplay.php?archived&mode=iPhoneApp&fid=1482&episode_id=5659&nfid=293&uid=36484&version=3.2.0 HTTP/1.1" 200 9278 "-" "Mozilla/5.0 (iPod; CPU iPhone OS 5_0_1 like Mac OS X) AppleWebKit/534.46 (KHTML, like Gecko) Mobile/9A405"
24.66.42.52 - - [06/Jan/2013:11:04:28 -0800] "GET /PostUsage.php?uid=36484&sid=285&fid=1482&eid=5659&completed=0&timezone=+0000&tlt=137321&version=4.0.12455&mode=iPhoneApp&locale=en_CA HTTP/1.1" 200 - "-" "Tales2Go/3.2.0 CFNetwork/548.0.4 Darwin/11.0.0"
24.66.42.52 - - [06/Jan/2013:11:04:29 -0800] "GET /FeedDisplay.php?archived&mode=iPhoneApp&fid=1482&episode_id=5659&nfid=293&uid=36484&version=3.2.0 HTTP/1.1" 200 9278 "-" "Mozilla/5.0 (iPod; CPU iPhone OS 5_0_1 like Mac OS X) AppleWebKit/534.46 (KHTML, like Gecko) Mobile/9A405"
24.66.42.52 - - [06/Jan/2013:11:04:45 -0800] "GET /GetAd.php?sid=285&timeSinceLastAd=138313&previousFeedId=1482&nextFeedId=293&tlt=138313&tlf=3&uid=36484&version=4.0.12455&mode=iPhoneApp&locale=en_CA HTTP/1.1" 200 22 "-" "Tales2Go/3.2.0 CFNetwork/548.0.4 Darwin/11.0.0"
208.113.232.130 - - [06/Jan/2013:11:05:44 -0800] "GET /AddDeviceBookmark.php?udid=sn_1005054&eid=3931&offset=661&appdata=116 HTTP/1.0" 200 52 "-" "-"
208.113.232.130 - - [06/Jan/2013:11:06:08 -0800] "GET /GetNewSerialNum.php HTTP/1.0" 200 63 "-" "-"
208.113.232.130 - - [06/Jan/2013:11:06:09 -0800] "GET /LoadUserFromUDID.php?markStartup&udid=sn_1005097&version=4.0.12455&mode=desktop&override&locale=en_US HTTP/1.0" 200 58 "-" "-"
209.121.225.146 - - [06/Jan/2013:11:06:09 -0800] "GET /StartupChecks.php?startup&uid=13421&version=4.0.12455&mode=iPhoneApp&locale=en_CA HTTP/1.1" 200 289 "-" "Tales2Go/3.2.0 CFNetwork/548.1.4 Darwin/11.0.0"
209.121.225.146 - - [06/Jan/2013:11:06:09 -0800] "GET /LoadUserFromID.php?markStartup&id=13421&udid=7C:11:BE:BF:B1:51&version=4.0.12455&mode=iPhoneApp&locale=en_CA HTTP/1.1" 200 255 "-" "Tales2Go/3.2.0 CFNetwork/548.1.4 Darwin/11.0.0"
209.121.225.146 - - [06/Jan/2013:11:06:10 -0800] "GET /GetContentStationList.php?uid=13421&version=4.0.12455&mode=iPhoneApp&locale=en_CA HTTP/1.1" 200 6486 "-" "Tales2Go/3.2.0 CFNetwork/548.1.4 Darwin/11.0.0"
208.113.232.130 - - [06/Jan/2013:11:06:11 -0800] "GET /GetNewSerialNum.php HTTP/1.0" 200 63 "-" "-"
208.113.232.130 - - [06/Jan/2013:11:06:11 -0800] "GET /LoadUserFromUDID.php?markStartup&udid=sn_1005098&version=4.0.12455&mode=desktop&override&locale=en_US HTTP/1.0" 200 58 "-" "-"
209.121.225.146 - - [06/Jan/2013:11:06:10 -0800] "GET /GetStationListFC.php?uid=13421&version=4.0.12455&mode=iPhoneApp&locale=en_CA HTTP/1.1" 200 16492 "-" "Tales2Go/3.2.0 CFNetwork/548.1.4 Darwin/11.0.0"
209.121.225.146 - - [06/Jan/2013:11:06:15 -0800] "GET /GetBookmarkList.php?uid=13421&version=4.0.12455&mode=iPhoneApp&locale=en_CA HTTP/1.1" 200 570741 "-" "Tales2Go/3.2.0 CFNetwork/548.1.4 Darwin/11.0.0"
75.108.242.192 - - [06/Jan/2013:11:06:29 -0800] "GET /GetStationPlayList.php?s=0&c=9&uid=37867&sid=3&endFeed=0&version=4.0.12455&mode=iPhoneApp&locale=en_US HTTP/1.1" 200 5971 "-" "Tales2Go/3.2.0 CFNetwork/609 Darwin/13.0.0"
209.121.225.146 - - [06/Jan/2013:11:06:34 -0800] "GET /FeedDisplay.php?archived&mode=iPhoneApp&fid=1447&episode_id=2691&nfid=0&uid=13421&version=3.2.0 HTTP/1.1" 200 8965 "-" "Mozilla/5.0 (iPhone; CPU iPhone OS 5_1_1 like Mac OS X) AppleWebKit/534.46 (KHTML, like Gecko) Mobile/9B206"
209.121.225.146 - - [06/Jan/2013:11:06:35 -0800] "GET /images/multipart_arrow_right_disabled.gif HTTP/1.1" 200 278 "http://t2g.stitcher.com/FeedDisplay.php?archived&mode=iPhoneApp&fid=1447&episode_id=2691&nfid=0&uid=13421&version=3.2.0" "Mozilla/5.0 (iPhone; CPU iPhone OS 5_1_1 like Mac OS X) AppleWebKit/534.46 (KHTML, like Gecko) Mobile/9B206"
75.108.242.192 - - [06/Jan/2013:11:06:43 -0800] "GET /GetStationPlayList.php?s=0&c=9&uid=37867&sid=6&endFeed=0&version=4.0.12455&mode=iPhoneApp&locale=en_US HTTP/1.1" 200 7669 "-" "Tales2Go/3.2.0 CFNetwork/609 Darwin/13.0.0"
209.121.225.146 - - [06/Jan/2013:11:06:45 -0800] "GET /GetAd.php?sid=0&timeSinceLastAd=837&previousFeedId=1447&nextFeedId=0&tlt=837&tlf=1&uid=13421&version=4.0.12455&mode=iPhoneApp&locale=en_CA HTTP/1.1" 200 22 "-" "Tales2Go/3.2.0 CFNetwork/548.1.4 Darwin/11.0.0"
208.113.232.130 - - [06/Jan/2013:11:07:05 -0800] "GET /GetNewSerialNum.php HTTP/1.0" 200 63 "-" "-"
208.113.232.130 - - [06/Jan/2013:11:07:05 -0800] "GET /LoadUserFromUDID.php?markStartup&udid=sn_1005099&version=4.0.12455&mode=desktop&override&locale=en_US HTTP/1.0" 200 58 "-" "-"
208.113.232.130 - - [06/Jan/2013:11:07:08 -0800] "GET /GetNewSerialNum.php HTTP/1.0" 200 63 "-" "-"
208.113.232.130 - - [06/Jan/2013:11:07:08 -0800] "GET /LoadUserFromUDID.php?markStartup&udid=sn_1005100&version=4.0.12455&mode=desktop&override&locale=en_US HTTP/1.0" 200 58 "-" "-"
67.247.4.166 - - [06/Jan/2013:11:07:12 -0800] "GET /StartupChecks.php?startup&uid=33379&version=4.0.12455&mode=iPhoneApp&locale=en_US HTTP/1.1" 200 289 "-" "Tales2Go/3.0.0 CFNetwork/485.13.9 Darwin/11.0.0"
67.247.4.166 - - [06/Jan/2013:11:07:12 -0800] "GET /LoadUserFromID.php?markStartup&id=33379&udid=35ef76d872c7b70383e43269bfc65eb8ea47d0c3&version=4.0.12455&mode=iPhoneApp&locale=en_US HTTP/1.1" 200 286 "-" "Tales2Go/3.0.0 CFNetwork/485.13.9 Darwin/11.0.0"
67.247.4.166 - - [06/Jan/2013:11:07:12 -0800] "GET /GetContentStationList.php?uid=33379&version=4.0.12455&mode=iPhoneApp&locale=en_US HTTP/1.1" 200 6486 "-" "Tales2Go/3.0.0 CFNetwork/485.13.9 Darwin/11.0.0"
67.247.4.166 - - [06/Jan/2013:11:07:13 -0800] "GET /GetStationListFC.php?uid=33379&version=4.0.12455&mode=iPhoneApp&locale=en_US HTTP/1.1" 200 256 "-" "Tales2Go/3.0.0 CFNetwork/485.13.9 Darwin/11.0.0"
62.194.73.248 - - [06/Jan/2013:11:07:14 -0800] "GET /GetAd.php?sid=498&timeSinceLastAd=1469&previousFeedId=374&nextFeedId=59&tlt=1469&tlf=1&uid=34205&version=4.0.12455&mode=iPhoneApp&locale=en_US HTTP/1.1" 200 22 "-" "Tales2Go/3.2.0 CFNetwork/548.1.4 Darwin/11.0.0"
62.194.73.248 - - [06/Jan/2013:11:07:15 -0800] "GET /FeedDisplay.php?archived&mode=iPhoneApp&fid=59&episode_id=71&nfid=152&uid=34205&version=3.2.0 HTTP/1.1" 200 8532 "-" "Mozilla/5.0 (iPhone; CPU iPhone OS 5_1_1 like Mac OS X) AppleWebKit/534.46 (KHTML, like Gecko) Mobile/9B206"
62.194.73.248 - - [06/Jan/2013:11:07:15 -0800] "GET /PostUsage.php?uid=34205&sid=498&fid=374&eid=817&completed=1469710&timezone=+0000&tlt=1469&version=4.0.12455&mode=iPhoneApp&locale=en_US HTTP/1.1" 200 - "-" "Tales2Go/3.2.0 CFNetwork/548.1.4 Darwin/11.0.0"
62.194.73.248 - - [06/Jan/2013:11:07:24 -0800] "GET /GetAd.php?sid=498&timeSinceLastAd=1477&previousFeedId=59&nextFeedId=152&tlt=1477&tlf=2&uid=34205&version=4.0.12455&mode=iPhoneApp&locale=en_US HTTP/1.1" 200 22 "-" "Tales2Go/3.2.0 CFNetwork/548.1.4 Darwin/11.0.0"
209.121.225.146 - - [06/Jan/2013:11:07:25 -0800] "GET /AddBookmark.php?uid=13421&eid=2691&offset=1185&version=4.0.12455&mode=iPhoneApp&locale=en_CA HTTP/1.1" 200 47 "-" "Tales2Go/3.2.0 CFNetwork/548.1.4 Darwin/11.0.0"
209.121.225.146 - - [06/Jan/2013:11:07:25 -0800] "GET /AddBookmark.php?uid=13421&eid=2691&offset=1185&version=4.0.12455&mode=iPhoneApp&locale=en_CA HTTP/1.1" 200 47 "-" "Tales2Go/3.2.0 CFNetwork/548.1.4 Darwin/11.0.0"
75.108.242.192 - - [06/Jan/2013:11:07:31 -0800] "GET /Search.php?uid=37867&term=book%20of%20hypnotism%20&s=0&c=20&version=4.0.12455&mode=iPhoneApp&locale=en_US HTTP/1.1" 200 24535 "-" "Tales2Go/3.2.0 CFNetwork/609 Darwin/13.0.0"
75.108.242.192 - - [06/Jan/2013:11:07:43 -0800] "GET /PostUsage.php?uid=37867&sid=14&fid=2062&eid=4901&completed=117083&timezone=+0000&tlt=0&version=4.0.12455&mode=iPhoneApp&locale=en_US HTTP/1.1" 200 - "-" "Tales2Go/3.2.0 CFNetwork/609 Darwin/13.0.0"
75.108.242.192 - - [06/Jan/2013:11:07:43 -0800] "GET /FeedDisplay.php?archived&mode=iPhoneApp&fid=1988&episode_id=3853&nfid=0&uid=37867&version=3.2.0 HTTP/1.1" 200 8756 "-" "Mozilla/5.0 (iPhone; CPU iPhone OS 6_0_1 like Mac OS X) AppleWebKit/536.26 (KHTML, like Gecko) Mobile/10A523"
75.108.242.192 - - [06/Jan/2013:11:08:26 -0800] "GET /Search.php?uid=37867&term=wizard%20of%20oz&s=0&c=20&version=4.0.12455&mode=iPhoneApp&locale=en_US HTTP/1.1" 200 15893 "-" "Tales2Go/3.2.0 CFNetwork/609 Darwin/13.0.0"
71.68.125.164 - - [06/Jan/2013:11:09:03 -0800] "GET /PostUsage.php?skipped&uid=37808&sid=0&fid=926&eid=1228&completed=3923183&timezone=+0000&tlt=3808&version=4.0.12455&mode=iPhoneApp&locale=en_US HTTP/1.1" 200 - "-" "Tales2Go/3.2.0 CFNetwork/609 Darwin/13.0.0"
75.108.242.192 - - [06/Jan/2013:11:09:08 -0800] "GET /AddFavorite.php?uid=37867&fid=1233&version=4.0.12455&mode=iPhoneApp&locale=en_US HTTP/1.1" 200 56 "-" "Tales2Go/3.2.0 CFNetwork/609 Darwin/13.0.0"
68.228.150.115 - - [06/Jan/2013:11:09:11 -0800] "GET /GetAd.php?sid=364&timeSinceLastAd=3966&previousFeedId=1434&nextFeedId=1422&tlt=3966&tlf=1&uid=24996&version=4.0.12455&mode=iPhoneApp&locale=en_US HTTP/1.1" 200 22 "-" "Tales2Go/3.2.0 CFNetwork/548.1.4 Darwin/11.0.0"
68.228.150.115 - - [06/Jan/2013:11:09:11 -0800] "GET /PostUsage.php?uid=24996&sid=364&fid=1434&eid=2433&completed=3966000&timezone=+0000&tlt=3966&version=4.0.12455&mode=iPhoneApp&locale=en_US HTTP/1.1" 200 - "-" "Tales2Go/3.2.0 CFNetwork/548.1.4 Darwin/11.0.0"
68.228.150.115 - - [06/Jan/2013:11:09:11 -0800] "GET /FeedDisplay.php?archived&mode=iPhoneApp&fid=1422&episode_id=2333&nfid=0&uid=24996&version=3.2.0 HTTP/1.1" 200 8568 "-" "Mozilla/5.0 (iPhone; CPU iPhone OS 5_1_1 like Mac OS X) AppleWebKit/534.46 (KHTML, like Gecko) Mobile/9B206"
75.108.242.192 - - [06/Jan/2013:11:09:14 -0800] "GET /PostUsage.php?uid=37867&sid=0&fid=1988&eid=3853&completed=884&timezone=+0000&tlt=0&version=4.0.12455&mode=iPhoneApp&locale=en_US HTTP/1.1" 200 - "-" "Tales2Go/3.2.0 CFNetwork/609 Darwin/13.0.0"
75.108.242.192 - - [06/Jan/2013:11:09:15 -0800] "GET /FeedDisplay.php?archived&mode=iPhoneApp&fid=1217&episode_id=4275&nfid=0&uid=37867&version=3.2.0 HTTP/1.1" 200 9168 "-" "Mozilla/5.0 (iPhone; CPU iPhone OS 6_0_1 like Mac OS X) AppleWebKit/536.26 (KHTML, like Gecko) Mobile/10A523"
75.108.242.192 - - [06/Jan/2013:11:09:15 -0800] "GET /images/multipart_arrow_right.gif HTTP/1.1" 200 267 "http://t2g.stitcher.com/FeedDisplay.php?archived&mode=iPhoneApp&fid=1217&episode_id=4275&nfid=0&uid=37867&version=3.2.0" "Mozilla/5.0 (iPhone; CPU iPhone OS 6_0_1 like Mac OS X) AppleWebKit/536.26 (KHTML, like Gecko) Mobile/10A523"
75.108.242.192 - - [06/Jan/2013:11:09:15 -0800] "GET /images/multipart_arrow_left_disabled.gif HTTP/1.1" 200 275 "http://t2g.stitcher.com/FeedDisplay.php?archived&mode=iPhoneApp&fid=1217&episode_id=4275&nfid=0&uid=37867&version=3.2.0" "Mozilla/5.0 (iPhone; CPU iPhone OS 6_0_1 like Mac OS X) AppleWebKit/536.26 (KHTML, like Gecko) Mobile/10A523"
68.228.150.115 - - [06/Jan/2013:11:09:16 -0800] "GET /PostUsage.php?uid=24996&sid=364&fid=1422&eid=2333&completed=3810000&timezone=+0000&tlt=3966&version=4.0.12455&mode=iPhoneApp&locale=en_US HTTP/1.1" 200 - "-" "Tales2Go/3.2.0 CFNetwork/548.1.4 Darwin/11.0.0"
68.228.150.115 - - [06/Jan/2013:11:09:26 -0800] "GET /GetStationPlayList.php?s=0&c=9&uid=24996&sid=104&endFeed=0&version=4.0.12455&mode=iPhoneApp&locale=en_US HTTP/1.1" 200 6654 "-" "Tales2Go/3.2.0 CFNetwork/548.1.4 Darwin/11.0.0"
127.0.0.1 - - [06/Jan/2013:11:09:42 -0800] "GET /PostUsageScript.php?uid=20760&sid=0&fid=2411&eid=3931&completed=596&timezone=+0000&tlt=0&version=4.0.12455&mode=desktop&override&locale=en_US HTTP/1.0" 200 61 "-" "Wget/1.11.4 Red Hat modified"
208.113.232.130 - - [06/Jan/2013:11:09:42 -0800] "GET /PostUsage.php?uid=20760&sid=0&fid=2411&eid=3931&completed=596&timezone=+0000&tlt=0&version=4.0.12455&mode=desktop&override&locale=en_US HTTP/1.0" 200 - "-" "-"
68.228.150.115 - - [06/Jan/2013:11:09:43 -0800] "GET /GetStationPlayList.php?s=0&c=9&uid=24996&sid=13&endFeed=0&version=4.0.12455&mode=iPhoneApp&locale=en_US HTTP/1.1" 200 5926 "-" "Tales2Go/3.2.0 CFNetwork/548.1.4 Darwin/11.0.0"
68.228.150.115 - - [06/Jan/2013:11:09:44 -0800] "GET /GetAd.php?sid=13&timeSinceLastAd=3966&previousFeedId=0&nextFeedId=155&newStation&tlt=3966&tlf=0&uid=24996&version=4.0.12455&mode=iPhoneApp&locale=en_US HTTP/1.1" 200 22 "-" "Tales2Go/3.2.0 CFNetwork/548.1.4 Darwin/11.0.0"
68.228.150.115 - - [06/Jan/2013:11:09:45 -0800] "GET /FeedDisplay.php?archived&mode=iPhoneApp&fid=155&episode_id=156&nfid=156&uid=24996&version=3.2.0 HTTP/1.1" 200 8542 "-" "Mozilla/5.0 (iPhone; CPU iPhone OS 5_1_1 like Mac OS X) AppleWebKit/534.46 (KHTML, like Gecko) Mobile/9B206"
75.108.242.192 - - [06/Jan/2013:11:09:50 -0800] "GET /PostUsage.php?uid=37867&sid=0&fid=1217&eid=4275&completed=9017&timezone=+0000&tlt=0&version=4.0.12455&mode=iPhoneApp&locale=en_US HTTP/1.1" 200 - "-" "Tales2Go/3.2.0 CFNetwork/609 Darwin/13.0.0"
75.108.242.192 - - [06/Jan/2013:11:09:50 -0800] "GET /FeedDisplay.php?archived&mode=iPhoneApp&fid=1233&episode_id=1710&nfid=0&uid=37867&version=3.2.0 HTTP/1.1" 200 9111 "-" "Mozilla/5.0 (iPhone; CPU iPhone OS 6_0_1 like Mac OS X) AppleWebKit/536.26 (KHTML, like Gecko) Mobile/10A523"
68.228.150.115 - - [06/Jan/2013:11:09:53 -0800] "GET /GetAd.php?sid=13&timeSinceLastAd=5328&previousFeedId=155&nextFeedId=156&tlt=5328&tlf=1&uid=24996&version=4.0.12455&mode=iPhoneApp&locale=en_US HTTP/1.1" 200 22 "-" "Tales2Go/3.2.0 CFNetwork/548.1.4 Darwin/11.0.0"
68.228.150.115 - - [06/Jan/2013:11:09:53 -0800] "GET /PostUsage.php?uid=24996&sid=13&fid=155&eid=156&completed=1362000&timezone=+0000&tlt=5328&version=4.0.12455&mode=iPhoneApp&locale=en_US HTTP/1.1" 200 - "-" "Tales2Go/3.2.0 CFNetwork/548.1.4 Darwin/11.0.0"
68.228.150.115 - - [06/Jan/2013:11:09:53 -0800] "GET /FeedDisplay.php?archived&mode=iPhoneApp&fid=156&episode_id=164&nfid=157&uid=24996&version=3.2.0 HTTP/1.1" 200 8562 "-" "Mozilla/5.0 (iPhone; CPU iPhone OS 5_1_1 like Mac OS X) AppleWebKit/534.46 (KHTML, like Gecko) Mobile/9B206"
68.228.150.115 - - [06/Jan/2013:11:09:59 -0800] "GET /GetAd.php?sid=13&timeSinceLastAd=5333&previousFeedId=156&nextFeedId=157&tlt=5333&tlf=2&uid=24996&version=4.0.12455&mode=iPhoneApp&locale=en_US HTTP/1.1" 200 22 "-" "Tales2Go/3.2.0 CFNetwork/548.1.4 Darwin/11.0.0"
75.108.242.192 - - [06/Jan/2013:11:10:03 -0800] "GET /AddFavorite.php?uid=37867&fid=1217&version=4.0.12455&mode=iPhoneApp&locale=en_US HTTP/1.1" 200 56 "-" "Tales2Go/3.2.0 CFNetwork/609 Darwin/13.0.0"
75.108.242.192 - - [06/Jan/2013:11:10:07 -0800] "GET /AddFavorite.php?uid=37867&fid=2828&version=4.0.12455&mode=iPhoneApp&locale=en_US HTTP/1.1" 200 56 "-" "Tales2Go/3.2.0 CFNetwork/609 Darwin/13.0.0"
75.108.242.192 - - [06/Jan/2013:11:10:12 -0800] "GET /AddFavorite.php?uid=37867&fid=1230&version=4.0.12455&mode=iPhoneApp&locale=en_US HTTP/1.1" 200 56 "-" "Tales2Go/3.2.0 CFNetwork/609 Darwin/13.0.0"
75.108.242.192 - - [06/Jan/2013:11:10:13 -0800] "GET /AddFavorite.php?uid=37867&fid=1281&version=4.0.12455&mode=iPhoneApp&locale=en_US HTTP/1.1" 200 56 "-" "Tales2Go/3.2.0 CFNetwork/609 Darwin/13.0.0"
68.228.150.115 - - [06/Jan/2013:11:11:02 -0800] "GET /GetAd.php?sid=364&timeSinceLastAd=5339&previousFeedId=156&nextFeedId=1432&newStation&tlt=5339&tlf=0&uid=24996&version=4.0.12455&mode=iPhoneApp&locale=en_US HTTP/1.1" 200 22 "-" "Tales2Go/3.2.0 CFNetwork/548.1.4 Darwin/11.0.0"
68.228.150.115 - - [06/Jan/2013:11:11:02 -0800] "GET /PostUsage.php?uid=24996&sid=13&fid=156&eid=164&completed=11133&timezone=+0000&tlt=5339&version=4.0.12455&mode=iPhoneApp&locale=en_US HTTP/1.1" 200 - "-" "Tales2Go/3.2.0 CFNetwork/548.1.4 Darwin/11.0.0"
68.228.150.115 - - [06/Jan/2013:11:11:03 -0800] "GET /FeedDisplay.php?archived&mode=iPhoneApp&fid=1432&episode_id=2374&nfid=1431&uid=24996&version=3.2.0 HTTP/1.1" 200 8549 "-" "Mozilla/5.0 (iPhone; CPU iPhone OS 5_1_1 like Mac OS X) AppleWebKit/534.46 (KHTML, like Gecko) Mobile/9B206"
99.243.244.227 - - [06/Jan/2013:11:11:20 -0800] "GET /StartupChecks.php?startup&uid=37424&version=4.0.12455&mode=iPhoneApp&locale=en_CA HTTP/1.1" 200 289 "-" "Tales2Go/3.2.0 CFNetwork/609 Darwin/13.0.0"
99.243.244.227 - - [06/Jan/2013:11:11:20 -0800] "GET /LoadUserFromID.php?markStartup&id=37424&udid=BC:67:78:32:83:F9&version=4.0.12455&mode=iPhoneApp&locale=en_CA HTTP/1.1" 200 263 "-" "Tales2Go/3.2.0 CFNetwork/609 Darwin/13.0.0"
99.243.244.227 - - [06/Jan/2013:11:11:21 -0800] "GET /GetContentStationList.php?uid=37424&version=4.0.12455&mode=iPhoneApp&locale=en_CA HTTP/1.1" 200 6486 "-" "Tales2Go/3.2.0 CFNetwork/609 Darwin/13.0.0"
68.228.150.115 - - [06/Jan/2013:11:11:23 -0800] "GET /AddBookmark.php?uid=24996&eid=2374&offset=14&version=4.0.12455&mode=iPhoneApp&locale=en_US HTTP/1.1" 200 47 "-" "Tales2Go/3.2.0 CFNetwork/548.1.4 Darwin/11.0.0"
99.243.244.227 - - [06/Jan/2013:11:11:21 -0800] "GET /GetStationListFC.php?uid=37424&version=4.0.12455&mode=iPhoneApp&locale=en_CA HTTP/1.1" 200 16492 "-" "Tales2Go/3.2.0 CFNetwork/609 Darwin/13.0.0"
68.228.150.115 - - [06/Jan/2013:11:11:34 -0800] "GET /GetAd.php?sid=364&timeSinceLastAd=5354&previousFeedId=1432&nextFeedId=1431&tlt=5354&tlf=1&uid=24996&version=4.0.12455&mode=iPhoneApp&locale=en_US HTTP/1.1" 200 22 "-" "Tales2Go/3.2.0 CFNetwork/548.1.4 Darwin/11.0.0"
99.243.244.227 - - [06/Jan/2013:11:11:38 -0800] "GET /GetStationPlayList.php?s=0&c=9&uid=37424&sid=6&endFeed=0&version=4.0.12455&mode=iPhoneApp&locale=en_CA HTTP/1.1" 200 11702 "-" "Tales2Go/3.2.0 CFNetwork/609 Darwin/13.0.0"
209.121.225.146 - - [06/Jan/2013:11:11:47 -0800] "GET /AddBookmark.php?uid=13421&eid=2691&offset=1351&version=4.0.12455&mode=iPhoneApp&locale=en_CA HTTP/1.1" 200 47 "-" "Tales2Go/3.2.0 CFNetwork/548.1.4 Darwin/11.0.0"
99.243.244.227 - - [06/Jan/2013:11:11:48 -0800] "GET /FeedDisplay.php?archived&mode=iPhoneApp&fid=1936&episode_id=3715&nfid=2173&uid=37424&version=3.2.0 HTTP/1.1" 200 9286 "-" "Mozilla/5.0 (iPod; CPU iPhone OS 6_0 like Mac OS X) AppleWebKit/536.26 (KHTML, like Gecko) Mobile/10A403"
99.243.244.227 - - [06/Jan/2013:11:11:52 -0800] "GET /GetAd.php?sid=6&timeSinceLastAd=5&previousFeedId=1936&nextFeedId=2173&tlt=5&tlf=1&uid=37424&version=4.0.12455&mode=iPhoneApp&locale=en_CA HTTP/1.1" 200 22 "-" "Tales2Go/3.2.0 CFNetwork/609 Darwin/13.0.0"
208.113.232.130 - - [06/Jan/2013:11:12:07 -0800] "GET /AddDeviceBookmark.php?udid=sn_1005054&eid=3931&offset=1045&appdata=166 HTTP/1.0" 200 52 "-" "-"
99.243.244.227 - - [06/Jan/2013:11:12:16 -0800] "GET /GetAd.php?sid=6&timeSinceLastAd=29&previousFeedId=1936&nextFeedId=2173&newStation&tlt=29&tlf=0&uid=37424&version=4.0.12455&mode=iPhoneApp&locale=en_CA HTTP/1.1" 200 22 "-" "Tales2Go/3.2.0 CFNetwork/609 Darwin/13.0.0"
99.243.244.227 - - [06/Jan/2013:11:12:16 -0800] "GET /PostUsage.php?uid=37424&sid=6&fid=1936&eid=3715&completed=30009&timezone=+0000&tlt=29&version=4.0.12455&mode=iPhoneApp&locale=en_CA HTTP/1.1" 200 - "-" "Tales2Go/3.2.0 CFNetwork/609 Darwin/13.0.0"
127.0.0.1 - - [06/Jan/2013:11:12:17 -0800] "GET /PostUsageScript.php?uid=20760&sid=0&fid=2411&eid=3931&completed=152&timezone=+0000&tlt=0&version=4.0.12455&mode=desktop&override&locale=en_US HTTP/1.0" 200 61 "-" "Wget/1.11.4 Red Hat modified"
208.113.232.130 - - [06/Jan/2013:11:12:17 -0800] "GET /PostUsage.php?uid=20760&sid=0&fid=2411&eid=3931&completed=152&timezone=+0000&tlt=0&version=4.0.12455&mode=desktop&override&locale=en_US HTTP/1.0" 200 - "-" "-"
99.243.244.227 - - [06/Jan/2013:11:12:17 -0800] "GET /FeedDisplay.php?archived&mode=iPhoneApp&fid=2173&episode_id=5008&nfid=1938&uid=37424&version=3.2.0 HTTP/1.1" 200 8502 "-" "Mozilla/5.0 (iPod; CPU iPhone OS 6_0 like Mac OS X) AppleWebKit/536.26 (KHTML, like Gecko) Mobile/10A403"
99.243.244.227 - - [06/Jan/2013:11:12:18 -0800] "GET /GetAd.php?sid=6&timeSinceLastAd=29&previousFeedId=2173&nextFeedId=1938&tlt=29&tlf=1&uid=37424&version=4.0.12455&mode=iPhoneApp&locale=en_CA HTTP/1.1" 200 22 "-" "Tales2Go/3.2.0 CFNetwork/609 Darwin/13.0.0"
99.243.244.227 - - [06/Jan/2013:11:12:23 -0800] "GET /GetAd.php?sid=6&timeSinceLastAd=34&previousFeedId=2173&nextFeedId=1938&newStation&tlt=34&tlf=0&uid=37424&version=4.0.12455&mode=iPhoneApp&locale=en_CA HTTP/1.1" 200 22 "-" "Tales2Go/3.2.0 CFNetwork/609 Darwin/13.0.0"
99.243.244.227 - - [06/Jan/2013:11:12:24 -0800] "GET /PostUsage.php?uid=37424&sid=6&fid=2173&eid=5008&completed=6022&timezone=+0000&tlt=34&version=4.0.12455&mode=iPhoneApp&locale=en_CA HTTP/1.1" 200 - "-" "Tales2Go/3.2.0 CFNetwork/609 Darwin/13.0.0"
99.243.244.227 - - [06/Jan/2013:11:12:24 -0800] "GET /FeedDisplay.php?archived&mode=iPhoneApp&fid=1938&episode_id=3736&nfid=2802&uid=37424&version=3.2.0 HTTP/1.1" 200 9919 "-" "Mozilla/5.0 (iPod; CPU iPhone OS 6_0 like Mac OS X) AppleWebKit/536.26 (KHTML, like Gecko) Mobile/10A403"
99.243.244.227 - - [06/Jan/2013:11:12:33 -0800] "GET /GetAd.php?sid=6&timeSinceLastAd=43&previousFeedId=1938&nextFeedId=2802&tlt=43&tlf=1&uid=37424&version=4.0.12455&mode=iPhoneApp&locale=en_CA HTTP/1.1" 200 22 "-" "Tales2Go/3.2.0 CFNetwork/609 Darwin/13.0.0"
75.108.242.192 - - [06/Jan/2013:11:12:40 -0800] "GET /GetAd.php?sid=0&timeSinceLastAd=1&previousFeedId=1233&nextFeedId=0&tlt=1&tlf=1&uid=37867&version=4.0.12455&mode=iPhoneApp&locale=en_US HTTP/1.1" 200 22 "-" "Tales2Go/3.2.0 CFNetwork/609 Darwin/13.0.0"
99.243.244.227 - - [06/Jan/2013:11:12:49 -0800] "GET /GetAd.php?sid=6&timeSinceLastAd=58&previousFeedId=1938&nextFeedId=2802&newStation&tlt=58&tlf=0&uid=37424&version=4.0.12455&mode=iPhoneApp&locale=en_CA HTTP/1.1" 200 22 "-" "Tales2Go/3.2.0 CFNetwork/609 Darwin/13.0.0"
99.243.244.227 - - [06/Jan/2013:11:12:49 -0800] "GET /PostUsage.php?uid=37424&sid=6&fid=1938&eid=3736&completed=25105&timezone=+0000&tlt=58&version=4.0.12455&mode=iPhoneApp&locale=en_CA HTTP/1.1" 200 - "-" "Tales2Go/3.2.0 CFNetwork/609 Darwin/13.0.0"
99.243.244.227 - - [06/Jan/2013:11:12:50 -0800] "GET /FeedDisplay.php?archived&mode=iPhoneApp&fid=2802&episode_id=5121&nfid=1932&uid=37424&version=3.2.0 HTTP/1.1" 200 9468 "-" "Mozilla/5.0 (iPod; CPU iPhone OS 6_0 like Mac OS X) AppleWebKit/536.26 (KHTML, like Gecko) Mobile/10A403"
75.108.242.192 - - [06/Jan/2013:11:12:52 -0800] "GET /PostUsage.php?uid=37867&sid=0&fid=1233&eid=1710&completed=1645&timezone=+0000&tlt=0&version=4.0.12455&mode=iPhoneApp&locale=en_US HTTP/1.1" 200 - "-" "Tales2Go/3.2.0 CFNetwork/609 Darwin/13.0.0"
75.108.242.192 - - [06/Jan/2013:11:12:53 -0800] "GET /FeedDisplay.php?archived&mode=iPhoneApp&fid=1215&episode_id=1687&nfid=0&uid=37867&version=3.2.0 HTTP/1.1" 200 9429 "-" "Mozilla/5.0 (iPhone; CPU iPhone OS 6_0_1 like Mac OS X) AppleWebKit/536.26 (KHTML, like Gecko) Mobile/10A523"
99.243.244.227 - - [06/Jan/2013:11:12:56 -0800] "GET /GetAd.php?sid=6&timeSinceLastAd=63&previousFeedId=2802&nextFeedId=1932&tlt=63&tlf=1&uid=37424&version=4.0.12455&mode=iPhoneApp&locale=en_CA HTTP/1.1" 200 22 "-" "Tales2Go/3.2.0 CFNetwork/609 Darwin/13.0.0"
75.108.242.192 - - [06/Jan/2013:11:13:16 -0800] "GET /GetAd.php?sid=0&timeSinceLastAd=1&previousFeedId=1215&nextFeedId=0&tlt=1&tlf=1&uid=37867&version=4.0.12455&mode=iPhoneApp&locale=en_US HTTP/1.1" 200 22 "-" "Tales2Go/3.2.0 CFNetwork/609 Darwin/13.0.0"
75.108.242.192 - - [06/Jan/2013:11:13:32 -0800] "GET /Search.php?uid=37867&term=kitty&s=0&c=20&version=4.0.12455&mode=iPhoneApp&locale=en_US HTTP/1.1" 200 3436 "-" "Tales2Go/3.2.0 CFNetwork/609 Darwin/13.0.0"
75.108.242.192 - - [06/Jan/2013:11:13:48 -0800] "GET /Search.php?uid=37867&term=long%20books&s=0&c=20&version=4.0.12455&mode=iPhoneApp&locale=en_US HTTP/1.1" 200 20087 "-" "Tales2Go/3.2.0 CFNetwork/609 Darwin/13.0.0"
24.116.83.187 - - [06/Jan/2013:11:13:50 -0800] "GET /GetAd.php?sid=94&timeSinceLastAd=5325&previousFeedId=1528&nextFeedId=983&tlt=5325&tlf=2&uid=14928&version=4.0.12455&mode=iPhoneApp&locale=en_US HTTP/1.1" 200 22 "-" "Tales2Go%20-%20Old%20Version/2.2.12455 CFNetwork/609 Darwin/13.0.0"
24.116.83.187 - - [06/Jan/2013:11:13:50 -0800] "GET /PostUsage.php?uid=14928&sid=94&fid=1528&eid=2935&completed=2541981&timezone=+0000&tlt=5325&version=4.0.12455&mode=iPhoneApp&locale=en_US HTTP/1.1" 200 - "-" "Tales2Go%20-%20Old%20Version/2.2.12455 CFNetwork/609 Darwin/13.0.0"
24.116.83.187 - - [06/Jan/2013:11:13:50 -0800] "GET /FeedDisplay.php?archived&mode=iPhoneApp&fid=983&episode_id=1348&nfid=605&uid=14928&version=2.2.12455 HTTP/1.1" 200 8680 "-" "Mozilla/5.0 (iPhone; CPU iPhone OS 6_0_1 like Mac OS X) AppleWebKit/536.26 (KHTML, like Gecko) Mobile/10A525"
24.116.83.187 - - [06/Jan/2013:11:13:58 -0800] "GET /GetAd.php?sid=94&timeSinceLastAd=5332&previousFeedId=983&nextFeedId=605&tlt=5332&tlf=3&uid=14928&version=4.0.12455&mode=iPhoneApp&locale=en_US HTTP/1.1" 200 22 "-" "Tales2Go%20-%20Old%20Version/2.2.12455 CFNetwork/609 Darwin/13.0.0"
24.116.83.187 - - [06/Jan/2013:11:14:27 -0800] "GET /GetAd.php?sid=94&timeSinceLastAd=5352&previousFeedId=983&nextFeedId=607&newStation&tlt=5352&tlf=0&uid=14928&version=4.0.12455&mode=iPhoneApp&locale=en_US HTTP/1.1" 200 22 "-" "Tales2Go%20-%20Old%20Version/2.2.12455 CFNetwork/609 Darwin/13.0.0"
24.116.83.187 - - [06/Jan/2013:11:14:28 -0800] "GET /FeedDisplay.php?archived&mode=iPhoneApp&fid=607&episode_id=1324&nfid=1524&uid=14928&version=2.2.12455 HTTP/1.1" 200 8603 "-" "Mozilla/5.0 (iPhone; CPU iPhone OS 6_0_1 like Mac OS X) AppleWebKit/536.26 (KHTML, like Gecko) Mobile/10A525"
24.116.83.187 - - [06/Jan/2013:11:14:28 -0800] "GET /PostUsage.php?uid=14928&sid=94&fid=983&eid=1348&completed=27318&timezone=+0000&tlt=5352&version=4.0.12455&mode=iPhoneApp&locale=en_US HTTP/1.1" 200 - "-" "Tales2Go%20-%20Old%20Version/2.2.12455 CFNetwork/609 Darwin/13.0.0"
24.116.83.187 - - [06/Jan/2013:11:14:33 -0800] "GET /GetAd.php?sid=94&timeSinceLastAd=5356&previousFeedId=607&nextFeedId=1524&tlt=5356&tlf=1&uid=14928&version=4.0.12455&mode=iPhoneApp&locale=en_US HTTP/1.1" 200 22 "-" "Tales2Go%20-%20Old%20Version/2.2.12455 CFNetwork/609 Darwin/13.0.0"
208.113.232.130 - - [06/Jan/2013:11:14:39 -0800] "GET /GetNewSerialNum.php HTTP/1.0" 200 63 "-" "-"
208.113.232.130 - - [06/Jan/2013:11:14:39 -0800] "GET /LoadUserFromUDID.php?markStartup&udid=sn_1005101&version=4.0.12455&mode=desktop&override&locale=en_US HTTP/1.0" 200 58 "-" "-"
75.108.242.192 - - [06/Jan/2013:11:14:41 -0800] "GET /Search.php?uid=37867&term=the%20amazing%20world%20of%20gumball&s=0&c=20&version=4.0.12455&mode=iPhoneApp&locale=en_US HTTP/1.1" 200 18258 "-" "Tales2Go/3.2.0 CFNetwork/609 Darwin/13.0.0"
208.113.232.130 - - [06/Jan/2013:11:14:43 -0800] "GET /LoadUserFromUDID.php?markStartup&udid=sn_1005101&version=4.0.12455&mode=desktop&override&locale=en_US HTTP/1.0" 200 58 "-" "-"
208.113.232.130 - - [06/Jan/2013:11:14:46 -0800] "GET /GetNewSerialNum.php HTTP/1.0" 200 63 "-" "-"
208.113.232.130 - - [06/Jan/2013:11:14:46 -0800] "GET /LoadUserFromUDID.php?markStartup&udid=sn_1005102&version=4.0.12455&mode=desktop&override&locale=en_US HTTP/1.0" 200 58 "-" "-"
75.108.242.192 - - [06/Jan/2013:11:15:03 -0800] "GET /AddFavorite.php?uid=37867&fid=1437&version=4.0.12455&mode=iPhoneApp&locale=en_US HTTP/1.1" 200 56 "-" "Tales2Go/3.2.0 CFNetwork/609 Darwin/13.0.0"
75.108.242.192 - - [06/Jan/2013:11:15:07 -0800] "GET /GetBookmarkList.php?uid=37867&version=4.0.12455&mode=iPhoneApp&locale=en_US HTTP/1.1" 200 55 "-" "Tales2Go/3.2.0 CFNetwork/609 Darwin/13.0.0"
75.108.242.192 - - [06/Jan/2013:11:15:16 -0800] "GET /GetStationPlayList.php?s=0&c=9&uid=37867&sid=22&endFeed=0&version=4.0.12455&mode=iPhoneApp&locale=en_US HTTP/1.1" 200 8060 "-" "Tales2Go/3.2.0 CFNetwork/609 Darwin/13.0.0"
75.108.242.192 - - [06/Jan/2013:11:16:05 -0800] "GET /Search.php?uid=37867&term=adventure%20time&s=0&c=20&version=4.0.12455&mode=iPhoneApp&locale=en_US HTTP/1.1" 200 19304 "-" "Tales2Go/3.2.0 CFNetwork/609 Darwin/13.0.0"
75.108.242.192 - - [06/Jan/2013:11:17:17 -0800] "GET /Search.php?uid=37867&term=hypnotism&s=0&c=20&version=4.0.12455&mode=iPhoneApp&locale=en_US HTTP/1.1" 200 78 "-" "Tales2Go/3.2.0 CFNetwork/609 Darwin/13.0.0"
75.108.242.192 - - [06/Jan/2013:11:17:33 -0800] "GET /Search.php?uid=37867&term=refunds&s=0&c=20&version=4.0.12455&mode=iPhoneApp&locale=en_US HTTP/1.1" 200 76 "-" "Tales2Go/3.2.0 CFNetwork/609 Darwin/13.0.0"
75.108.242.192 - - [06/Jan/2013:11:17:53 -0800] "GET /Search.php?uid=37867&term=Kermit%20the%20frog&s=0&c=20&version=4.0.12455&mode=iPhoneApp&locale=en_US HTTP/1.1" 200 13670 "-" "Tales2Go/3.2.0 CFNetwork/609 Darwin/13.0.0"
75.108.242.192 - - [06/Jan/2013:11:18:36 -0800] "GET /Search.php?uid=37867&term=Harry%20potter&s=0&c=20&version=4.0.12455&mode=iPhoneApp&locale=en_US HTTP/1.1" 200 17067 "-" "Tales2Go/3.2.0 CFNetwork/609 Darwin/13.0.0"
209.121.225.146 - - [06/Jan/2013:11:18:48 -0800] "GET /AddBookmark.php?uid=13421&eid=2691&offset=1659&version=4.0.12455&mode=iPhoneApp&locale=en_CA HTTP/1.1" 200 47 "-" "Tales2Go/3.2.0 CFNetwork/548.1.4 Darwin/11.0.0"
209.121.225.146 - - [06/Jan/2013:11:18:49 -0800] "GET /AddBookmark.php?uid=13421&eid=2691&offset=1659&version=4.0.12455&mode=iPhoneApp&locale=en_CA HTTP/1.1" 200 47 "-" "Tales2Go/3.2.0 CFNetwork/548.1.4 Darwin/11.0.0"
24.214.79.232 - - [06/Jan/2013:11:18:49 -0800] "GET /StartupChecks.php?startup&uid=28730&version=4.0.12455&mode=iPhoneApp&locale=en_US HTTP/1.1" 200 289 "-" "Tales2Go/3.2.0 CFNetwork/609 Darwin/13.0.0"
24.214.79.232 - - [06/Jan/2013:11:18:50 -0800] "GET /LoadUserFromID.php?markStartup&id=28730&udid=90:27:E4:CA:F1:5B&version=4.0.12455&mode=iPhoneApp&locale=en_US HTTP/1.1" 200 254 "-" "Tales2Go/3.2.0 CFNetwork/609 Darwin/13.0.0"
24.214.79.232 - - [06/Jan/2013:11:18:51 -0800] "GET /GetContentStationList.php?uid=28730&version=4.0.12455&mode=iPhoneApp&locale=en_US HTTP/1.1" 200 6486 "-" "Tales2Go/3.2.0 CFNetwork/609 Darwin/13.0.0"
24.214.79.232 - - [06/Jan/2013:11:18:51 -0800] "GET /GetStationListFC.php?uid=28730&version=4.0.12455&mode=iPhoneApp&locale=en_US HTTP/1.1" 200 16492 "-" "Tales2Go/3.2.0 CFNetwork/609 Darwin/13.0.0"
75.108.242.192 - - [06/Jan/2013:11:19:13 -0800] "GET /Search.php?uid=37867&term=dumb%20bunny&s=0&c=20&version=4.0.12455&mode=iPhoneApp&locale=en_US HTTP/1.1" 200 6153 "-" "Tales2Go/3.2.0 CFNetwork/609 Darwin/13.0.0"
75.108.242.192 - - [06/Jan/2013:11:19:25 -0800] "GET /PostUsage.php?uid=37867&sid=0&fid=1215&eid=1687&completed=1496&timezone=+0000&tlt=0&version=4.0.12455&mode=iPhoneApp&locale=en_US HTTP/1.1" 200 - "-" "Tales2Go/3.2.0 CFNetwork/609 Darwin/13.0.0"
75.108.242.192 - - [06/Jan/2013:11:19:25 -0800] "GET /FeedDisplay.php?archived&mode=iPhoneApp&fid=1666&episode_id=3165&nfid=0&uid=37867&version=3.2.0 HTTP/1.1" 200 8522 "-" "Mozilla/5.0 (iPhone; CPU iPhone OS 6_0_1 like Mac OS X) AppleWebKit/536.26 (KHTML, like Gecko) Mobile/10A523"
209.121.225.146 - - [06/Jan/2013:11:19:30 -0800] "GET /AddBookmark.php?uid=13421&eid=2691&offset=1701&version=4.0.12455&mode=iPhoneApp&locale=en_CA HTTP/1.1" 200 47 "-" "Tales2Go/3.2.0 CFNetwork/548.1.4 Darwin/11.0.0"
99.19.103.7 - - [06/Jan/2013:11:19:34 -0800] "GET /StartupChecks.php?startup&uid=37739&version=4.0.12455&mode=iPhoneApp&locale=en_US HTTP/1.1" 200 289 "-" "Tales2Go/3.2.0 CFNetwork/609 Darwin/13.0.0"
99.19.103.7 - - [06/Jan/2013:11:19:34 -0800] "GET /LoadUserFromID.php?markStartup&id=37739&udid=D8:D1:CB:44:BA:79&version=4.0.12455&mode=iPhoneApp&locale=en_US HTTP/1.1" 200 263 "-" "Tales2Go/3.2.0 CFNetwork/609 Darwin/13.0.0"
75.108.242.192 - - [06/Jan/2013:11:19:35 -0800] "GET /GetAd.php?sid=0&timeSinceLastAd=1&previousFeedId=1666&nextFeedId=0&tlt=1&tlf=1&uid=37867&version=4.0.12455&mode=iPhoneApp&locale=en_US HTTP/1.1" 200 22 "-" "Tales2Go/3.2.0 CFNetwork/609 Darwin/13.0.0"
99.19.103.7 - - [06/Jan/2013:11:19:35 -0800] "GET /GetContentStationList.php?uid=37739&version=4.0.12455&mode=iPhoneApp&locale=en_US HTTP/1.1" 200 6486 "-" "Tales2Go/3.2.0 CFNetwork/609 Darwin/13.0.0"
99.19.103.7 - - [06/Jan/2013:11:19:35 -0800] "GET /GetStationListFC.php?uid=37739&version=4.0.12455&mode=iPhoneApp&locale=en_US HTTP/1.1" 200 16492 "-" "Tales2Go/3.2.0 CFNetwork/609 Darwin/13.0.0"
75.108.242.192 - - [06/Jan/2013:11:19:44 -0800] "GET /Search.php?uid=37867&term=mustache%20&s=0&c=20&version=4.0.12455&mode=iPhoneApp&locale=en_US HTTP/1.1" 200 78 "-" "Tales2Go/3.2.0 CFNetwork/609 Darwin/13.0.0"
99.19.103.7 - - [06/Jan/2013:11:20:04 -0800] "GET /Search.php?uid=37739&term=riding%20freedom&s=0&c=20&version=4.0.12455&mode=iPhoneApp&locale=en_US HTTP/1.1" 200 14771 "-" "Tales2Go/3.2.0 CFNetwork/609 Darwin/13.0.0"
99.19.103.7 - - [06/Jan/2013:11:20:13 -0800] "GET /FeedDisplay.php?archived&mode=iPhoneApp&fid=300&episode_id=513&nfid=0&uid=37739&version=3.2.0 HTTP/1.1" 200 8857 "-" "Mozilla/5.0 (iPod; CPU iPhone OS 6_0_1 like Mac OS X) AppleWebKit/536.26 (KHTML, like Gecko) Mobile/10A523"
99.19.103.7 - - [06/Jan/2013:11:20:22 -0800] "GET /GetAd.php?sid=0&timeSinceLastAd=810&previousFeedId=300&nextFeedId=0&tlt=810&tlf=1&uid=37739&version=4.0.12455&mode=iPhoneApp&locale=en_US HTTP/1.1" 200 22 "-" "Tales2Go/3.2.0 CFNetwork/609 Darwin/13.0.0"
99.19.103.7 - - [06/Jan/2013:11:20:24 -0800] "GET /PostUsage.php?uid=37739&sid=0&fid=300&eid=513&completed=1964000&timezone=+0000&tlt=0&version=4.0.12455&mode=iPhoneApp&locale=en_US HTTP/1.1" 200 - "-" "Tales2Go/3.2.0 CFNetwork/609 Darwin/13.0.0"
99.19.103.7 - - [06/Jan/2013:11:20:25 -0800] "GET /FeedDisplay.php?archived&mode=iPhoneApp&fid=300&episode_id=514&nfid=0&uid=37739&version=3.2.0 HTTP/1.1" 200 8878 "-" "Mozilla/5.0 (iPod; CPU iPhone OS 6_0_1 like Mac OS X) AppleWebKit/536.26 (KHTML, like Gecko) Mobile/10A523"
99.19.103.7 - - [06/Jan/2013:11:20:28 -0800] "GET /PostUsage.php?uid=37739&sid=0&fid=300&eid=514&completed=2143000&timezone=+0000&tlt=2143&version=4.0.12455&mode=iPhoneApp&locale=en_US HTTP/1.1" 200 - "-" "Tales2Go/3.2.0 CFNetwork/609 Darwin/13.0.0"
99.19.103.7 - - [06/Jan/2013:11:20:28 -0800] "GET /FeedDisplay.php?archived&mode=iPhoneApp&fid=300&episode_id=515&nfid=0&uid=37739&version=3.2.0 HTTP/1.1" 200 8878 "-" "Mozilla/5.0 (iPod; CPU iPhone OS 6_0_1 like Mac OS X) AppleWebKit/536.26 (KHTML, like Gecko) Mobile/10A523"
99.19.103.7 - - [06/Jan/2013:11:20:47 -0800] "GET /GetAd.php?sid=0&timeSinceLastAd=5848&previousFeedId=300&nextFeedId=0&tlt=5848&tlf=3&uid=37739&version=4.0.12455&mode=iPhoneApp&locale=en_US HTTP/1.1" 200 22 "-" "Tales2Go/3.2.0 CFNetwork/609 Darwin/13.0.0"
209.121.225.146 - - [06/Jan/2013:11:22:05 -0800] "GET /PostUsage.php?uid=13421&sid=0&fid=1447&eid=2691&completed=1856287&timezone=+0000&tlt=0&version=4.0.12455&mode=iPhoneApp&locale=en_CA HTTP/1.1" 200 - "-" "Tales2Go/3.2.0 CFNetwork/548.1.4 Darwin/11.0.0"
209.121.225.146 - - [06/Jan/2013:11:22:08 -0800] "GET /FeedDisplay.php?archived&mode=iPhoneApp&fid=1454&episode_id=2495&nfid=0&uid=13421&version=3.2.0 HTTP/1.1" 200 9166 "-" "Mozilla/5.0 (iPhone; CPU iPhone OS 5_1_1 like Mac OS X) AppleWebKit/534.46 (KHTML, like Gecko) Mobile/9B206"
209.121.225.146 - - [06/Jan/2013:11:22:14 -0800] "GET /AddBookmark.php?uid=13421&eid=2495&offset=241&version=4.0.12455&mode=iPhoneApp&locale=en_CA HTTP/1.1" 200 47 "-" "Tales2Go/3.2.0 CFNetwork/548.1.4 Darwin/11.0.0"
166.205.68.42 - - [06/Jan/2013:11:26:51 -0800] "GET /StartupChecks.php?startup&uid=22002&version=4.0.12455&mode=iPhoneApp&locale=en_US HTTP/1.1" 200 289 "-" "Tales2Go/3.0.0 CFNetwork/548.1.4 Darwin/11.0.0"
166.205.68.42 - - [06/Jan/2013:11:26:52 -0800] "GET /LoadUserFromID.php?markStartup&id=22002&udid=a645de74ab6b28c3fe319417cf1f8fa84edb39ef&version=4.0.12455&mode=iPhoneApp&locale=en_US HTTP/1.1" 200 538 "-" "Tales2Go/3.0.0 CFNetwork/548.1.4 Darwin/11.0.0"
166.205.68.42 - - [06/Jan/2013:11:26:53 -0800] "GET /GetContentStationList.php?uid=22002&version=4.0.12455&mode=iPhoneApp&locale=en_US HTTP/1.1" 200 6486 "-" "Tales2Go/3.0.0 CFNetwork/548.1.4 Darwin/11.0.0"
166.205.68.42 - - [06/Jan/2013:11:26:53 -0800] "GET /GetStationListFC.php?uid=22002&version=4.0.12455&mode=iPhoneApp&locale=en_US HTTP/1.1" 200 16492 "-" "Tales2Go/3.0.0 CFNetwork/548.1.4 Darwin/11.0.0"
208.113.232.130 - - [06/Jan/2013:11:27:32 -0800] "GET /LoadUserFromID.php?markStartup&id=35914&udid=sn_1004795&version=4.0.12455&mode=desktop&override&locale=en_US HTTP/1.0" 200 508 "-" "-"
208.113.232.130 - - [06/Jan/2013:11:27:33 -0800] "GET /LoadUserFromID.php?markStartup&id=35914&udid=sn_1004795&version=4.0.12455&mode=desktop&override&locale=en_US HTTP/1.0" 200 508 "-" "-"
208.113.232.130 - - [06/Jan/2013:11:27:33 -0800] "GET /GetStationListFC.php?uid=35914&version=4.0.12455&mode=desktop&override&locale=en_US HTTP/1.0" 200 17195 "-" "-"
208.113.232.130 - - [06/Jan/2013:11:27:36 -0800] "GET /GetStationListFC.php?uid=35914&version=4.0.12455&mode=desktop&override&locale=en_US HTTP/1.0" 200 17195 "-" "-"
208.113.232.130 - - [06/Jan/2013:11:27:43 -0800] "GET /GetStationPlayList.php?uid=35914&sid=16&endFeed=0&version=4.0.12455&mode=desktop&override&locale=en_US HTTP/1.0" 200 279157 "-" "-"
208.113.232.130 - - [06/Jan/2013:11:28:00 -0800] "GET /StoryData.php?fid=2546&mode=desktop&eid=4127&uid=35914&udid=sn_1004795 HTTP/1.0" 200 622 "-" "-"
208.113.232.130 - - [06/Jan/2013:11:28:01 -0800] "GET /StoryData.php?fid=2546&mode=desktop&eid=4127&uid=35914&udid=sn_1004795 HTTP/1.0" 200 622 "-" "-"
127.0.0.1 - - [06/Jan/2013:11:28:18 -0800] "GET /PostUsageScript.php?uid=35914&sid=0&fid=2546&eid=4127&completed=6&timezone=+0000&tlt=0&version=4.0.12455&mode=desktop&override&locale=en_US HTTP/1.0" 200 61 "-" "Wget/1.11.4 Red Hat modified"
208.113.232.130 - - [06/Jan/2013:11:28:18 -0800] "GET /PostUsage.php?uid=35914&sid=0&fid=2546&eid=4127&completed=6&timezone=+0000&tlt=0&version=4.0.12455&mode=desktop&override&locale=en_US HTTP/1.0" 200 - "-" "-"
24.5.235.80 - - [06/Jan/2013:11:29:20 -0800] "GET /FeedDisplay.php?archived&mode=iPhoneApp&fid=1544&episode_id=2999&nfid=0&uid=36323&version=3.2.0 HTTP/1.1" 200 10192 "-" "Mozilla/5.0 (iPhone; CPU iPhone OS 6_0_1 like Mac OS X) AppleWebKit/536.26 (KHTML, like Gecko) Mobile/10A523"
24.5.235.80 - - [06/Jan/2013:11:29:22 -0800] "GET /GetAd.php?sid=0&timeSinceLastAd=30194&previousFeedId=1544&nextFeedId=0&tlt=30194&tlf=8&uid=36323&version=4.0.12455&mode=iPhoneApp&locale=en_US HTTP/1.1" 200 22 "-" "Tales2Go/3.2.0 CFNetwork/609 Darwin/13.0.0"
62.194.73.248 - - [06/Jan/2013:11:29:25 -0800] "GET /GetAd.php?sid=498&timeSinceLastAd=2798&previousFeedId=59&nextFeedId=152&tlt=2798&tlf=2&uid=34205&version=4.0.12455&mode=iPhoneApp&locale=en_US HTTP/1.1" 200 22 "-" "Tales2Go/3.2.0 CFNetwork/548.1.4 Darwin/11.0.0"
62.194.73.248 - - [06/Jan/2013:11:29:26 -0800] "GET /PostUsage.php?uid=34205&sid=498&fid=59&eid=71&completed=1329420&timezone=+0000&tlt=2798&version=4.0.12455&mode=iPhoneApp&locale=en_US HTTP/1.1" 200 - "-" "Tales2Go/3.2.0 CFNetwork/548.1.4 Darwin/11.0.0"
62.194.73.248 - - [06/Jan/2013:11:29:26 -0800] "GET /FeedDisplay.php?archived&mode=iPhoneApp&fid=152&episode_id=169&nfid=399&uid=34205&version=3.2.0 HTTP/1.1" 200 8590 "-" "Mozilla/5.0 (iPhone; CPU iPhone OS 5_1_1 like Mac OS X) AppleWebKit/534.46 (KHTML, like Gecko) Mobile/9B206"
62.194.73.248 - - [06/Jan/2013:11:29:38 -0800] "GET /GetAd.php?sid=498&timeSinceLastAd=2808&previousFeedId=152&nextFeedId=399&tlt=2808&tlf=3&uid=34205&version=4.0.12455&mode=iPhoneApp&locale=en_US HTTP/1.1" 200 22 "-" "Tales2Go/3.2.0 CFNetwork/548.1.4 Darwin/11.0.0"
62.194.73.248 - - [06/Jan/2013:11:30:18 -0800] "GET /GetAd.php?sid=498&timeSinceLastAd=3679&previousFeedId=152&nextFeedId=399&tlt=3679&tlf=3&uid=34205&version=4.0.12455&mode=iPhoneApp&locale=en_US HTTP/1.1" 200 22 "-" "Tales2Go/3.2.0 CFNetwork/548.1.4 Darwin/11.0.0"
62.194.73.248 - - [06/Jan/2013:11:30:18 -0800] "GET /PostUsage.php?uid=34205&sid=498&fid=152&eid=169&completed=881000&timezone=+0000&tlt=3679&version=4.0.12455&mode=iPhoneApp&locale=en_US HTTP/1.1" 200 - "-" "Tales2Go/3.2.0 CFNetwork/548.1.4 Darwin/11.0.0"
62.194.73.248 - - [06/Jan/2013:11:30:18 -0800] "GET /FeedDisplay.php?archived&mode=iPhoneApp&fid=399&episode_id=658&nfid=855&uid=34205&version=3.2.0 HTTP/1.1" 200 8500 "-" "Mozilla/5.0 (iPhone; CPU iPhone OS 5_1_1 like Mac OS X) AppleWebKit/534.46 (KHTML, like Gecko) Mobile/9B206"
62.194.73.248 - - [06/Jan/2013:11:30:24 -0800] "GET /GetAd.php?sid=498&timeSinceLastAd=3683&previousFeedId=399&nextFeedId=855&tlt=3683&tlf=4&uid=34205&version=4.0.12455&mode=iPhoneApp&locale=en_US HTTP/1.1" 200 22 "-" "Tales2Go/3.2.0 CFNetwork/548.1.4 Darwin/11.0.0"
74.97.54.247 - - [06/Jan/2013:11:30:25 -0800] "GET /StartupChecks.php?startup&version=4.0.12455&mode=iPhoneApp&locale=en_US HTTP/1.1" 200 246 "-" "Tales2Go/3.2.0 CFNetwork/609 Darwin/13.0.0"
74.97.54.247 - - [06/Jan/2013:11:30:25 -0800] "GET /TransitionUDIDToMACAddr.php?udid=f368c4e8e25ebd6988239ef6320ae338a3e4e0b8&mac=BC:67:78:1C:22:8D&version=4.0.12455&mode=iPhoneApp&locale=en_US HTTP/1.1" 200 121 "-" "Tales2Go/3.2.0 CFNetwork/609 Darwin/13.0.0"
74.97.54.247 - - [06/Jan/2013:11:30:26 -0800] "GET /LoadUserFromUDID.php?markStartup&udid=BC:67:78:1C:22:8D&version=4.0.12455&mode=iPhoneApp&locale=en_US HTTP/1.1" 200 58 "-" "Tales2Go/3.2.0 CFNetwork/609 Darwin/13.0.0"
74.97.54.247 - - [06/Jan/2013:11:30:26 -0800] "GET /CreateUser.php?markStartup&mode=iPhoneApp&udid=BC:67:78:1C:22:8D&version=4.0.12455&mode=iPhoneApp&locale=en_US HTTP/1.1" 200 228 "-" "Tales2Go/3.2.0 CFNetwork/609 Darwin/13.0.0"
62.194.73.248 - - [06/Jan/2013:11:30:27 -0800] "GET /GetAd.php?sid=498&timeSinceLastAd=4173&previousFeedId=399&nextFeedId=855&tlt=4173&tlf=4&uid=34205&version=4.0.12455&mode=iPhoneApp&locale=en_US HTTP/1.1" 200 22 "-" "Tales2Go/3.2.0 CFNetwork/548.1.4 Darwin/11.0.0"
74.97.54.247 - - [06/Jan/2013:11:30:27 -0800] "GET /SubmitSettings.php?currentId=37869&email=BC:67:78:1C:22:8D@t2g.t2g&epx=IOA_9--7AzJJ4BADLF&phone=&optin=0&explicit=1&alertOption=0&alertType=0&alertTimestamp=0.000000&udid=BC:67:78:1C:22:8D&version=4.0.12455&mode=iPhoneApp&locale=en_US HTTP/1.1" 200 238 "-" "Tales2Go/3.2.0 CFNetwork/609 Darwin/13.0.0"
62.194.73.248 - - [06/Jan/2013:11:30:27 -0800] "GET /PostUsage.php?uid=34205&sid=498&fid=399&eid=658&completed=494000&timezone=+0000&tlt=4173&version=4.0.12455&mode=iPhoneApp&locale=en_US HTTP/1.1" 200 - "-" "Tales2Go/3.2.0 CFNetwork/548.1.4 Darwin/11.0.0"
62.194.73.248 - - [06/Jan/2013:11:30:27 -0800] "GET /FeedDisplay.php?archived&mode=iPhoneApp&fid=855&episode_id=1099&nfid=485&uid=34205&version=3.2.0 HTTP/1.1" 200 8560 "-" "Mozilla/5.0 (iPhone; CPU iPhone OS 5_1_1 like Mac OS X) AppleWebKit/534.46 (KHTML, like Gecko) Mobile/9B206"
74.97.54.247 - - [06/Jan/2013:11:30:28 -0800] "GET /GetContentStationList.php?uid=37869&version=4.0.12455&mode=iPhoneApp&locale=en_US HTTP/1.1" 200 6486 "-" "Tales2Go/3.2.0 CFNetwork/609 Darwin/13.0.0"
74.97.54.247 - - [06/Jan/2013:11:30:28 -0800] "GET /LoadUserFromID.php?markStartup&id=37869&udid=BC:67:78:1C:22:8D&version=4.0.12455&mode=iPhoneApp&locale=en_US HTTP/1.1" 200 263 "-" "Tales2Go/3.2.0 CFNetwork/609 Darwin/13.0.0"
74.97.54.247 - - [06/Jan/2013:11:30:29 -0800] "GET /GetContentStationList.php?uid=37869&version=4.0.12455&mode=iPhoneApp&locale=en_US HTTP/1.1" 200 6486 "-" "Tales2Go/3.2.0 CFNetwork/609 Darwin/13.0.0"
74.97.54.247 - - [06/Jan/2013:11:30:28 -0800] "GET /GetStationListFC.php?uid=37869&version=4.0.12455&mode=iPhoneApp&locale=en_US HTTP/1.1" 200 16492 "-" "Tales2Go/3.2.0 CFNetwork/609 Darwin/13.0.0"
74.97.54.247 - - [06/Jan/2013:11:30:30 -0800] "GET /GetStationListFC.php?uid=37869&version=4.0.12455&mode=iPhoneApp&locale=en_US HTTP/1.1" 200 16492 "-" "Tales2Go/3.2.0 CFNetwork/609 Darwin/13.0.0"
62.194.73.248 - - [06/Jan/2013:11:30:43 -0800] "GET /GetAd.php?sid=498&timeSinceLastAd=4188&previousFeedId=855&nextFeedId=485&tlt=4188&tlf=5&uid=34205&version=4.0.12455&mode=iPhoneApp&locale=en_US HTTP/1.1" 200 22 "-" "Tales2Go/3.2.0 CFNetwork/548.1.4 Darwin/11.0.0"
74.97.54.247 - - [06/Jan/2013:11:30:49 -0800] "GET /GetStationPlayList.php?s=0&c=9&uid=37869&sid=14&endFeed=0&version=4.0.12455&mode=iPhoneApp&locale=en_US HTTP/1.1" 200 8617 "-" "Tales2Go/3.2.0 CFNetwork/609 Darwin/13.0.0"
74.97.54.247 - - [06/Jan/2013:11:30:55 -0800] "GET /GetStationPlayList.php?s=0&c=9&uid=37869&sid=6&endFeed=0&version=4.0.12455&mode=iPhoneApp&locale=en_US HTTP/1.1" 200 9390 "-" "Tales2Go/3.2.0 CFNetwork/609 Darwin/13.0.0"
62.194.73.248 - - [06/Jan/2013:11:30:58 -0800] "GET /GetAd.php?sid=498&timeSinceLastAd=4958&previousFeedId=855&nextFeedId=485&tlt=4958&tlf=5&uid=34205&version=4.0.12455&mode=iPhoneApp&locale=en_US HTTP/1.1" 200 22 "-" "Tales2Go/3.2.0 CFNetwork/548.1.4 Darwin/11.0.0"
62.194.73.248 - - [06/Jan/2013:11:30:58 -0800] "GET /PostUsage.php?uid=34205&sid=498&fid=855&eid=1099&completed=785000&timezone=+0000&tlt=4958&version=4.0.12455&mode=iPhoneApp&locale=en_US HTTP/1.1" 200 - "-" "Tales2Go/3.2.0 CFNetwork/548.1.4 Darwin/11.0.0"
62.194.73.248 - - [06/Jan/2013:11:30:58 -0800] "GET /FeedDisplay.php?archived&mode=iPhoneApp&fid=485&episode_id=993&nfid=64&uid=34205&version=3.2.0 HTTP/1.1" 200 8869 "-" "Mozilla/5.0 (iPhone; CPU iPhone OS 5_1_1 like Mac OS X) AppleWebKit/534.46 (KHTML, like Gecko) Mobile/9B206"
62.194.73.248 - - [06/Jan/2013:11:31:05 -0800] "GET /GetAd.php?sid=498&timeSinceLastAd=4964&previousFeedId=485&nextFeedId=64&tlt=4964&tlf=6&uid=34205&version=4.0.12455&mode=iPhoneApp&locale=en_US HTTP/1.1" 200 22 "-" "Tales2Go/3.2.0 CFNetwork/548.1.4 Darwin/11.0.0"
74.97.54.247 - - [06/Jan/2013:11:31:31 -0800] "GET /Search.php?uid=37869&term=dork%20diaries%20&s=0&c=20&version=4.0.12455&mode=iPhoneApp&locale=en_US HTTP/1.1" 200 82 "-" "Tales2Go/3.2.0 CFNetwork/609 Darwin/13.0.0"
74.97.54.247 - - [06/Jan/2013:11:31:50 -0800] "GET /GetAd.php?sid=6&timeSinceLastAd=1&previousFeedId=1400&nextFeedId=2780&tlt=1&tlf=1&uid=37869&version=4.0.12455&mode=iPhoneApp&locale=en_US HTTP/1.1" 200 22 "-" "Tales2Go/3.2.0 CFNetwork/609 Darwin/13.0.0"
74.97.54.247 - - [06/Jan/2013:11:31:51 -0800] "GET /FeedDisplay.php?archived&mode=iPhoneApp&fid=1400&episode_id=2311&nfid=2780&uid=37869&version=3.2.0 HTTP/1.1" 200 8461 "-" "Mozilla/5.0 (iPod; CPU iPhone OS 6_0_1 like Mac OS X) AppleWebKit/536.26 (KHTML, like Gecko) Mobile/10A523"
74.97.54.247 - - [06/Jan/2013:11:31:51 -0800] "GET /images/t2g_ratings_color_active.png HTTP/1.1" 200 985 "http://t2g.stitcher.com/FeedDisplay.php?archived&mode=iPhoneApp&fid=1400&episode_id=2311&nfid=2780&uid=37869&version=3.2.0" "Mozilla/5.0 (iPod; CPU iPhone OS 6_0_1 like Mac OS X) AppleWebKit/536.26 (KHTML, like Gecko) Mobile/10A523"
74.97.54.247 - - [06/Jan/2013:11:31:52 -0800] "GET /images/t2g_ratings_gray_active.png HTTP/1.1" 200 1196 "http://t2g.stitcher.com/FeedDisplay.php?archived&mode=iPhoneApp&fid=1400&episode_id=2311&nfid=2780&uid=37869&version=3.2.0" "Mozilla/5.0 (iPod; CPU iPhone OS 6_0_1 like Mac OS X) AppleWebKit/536.26 (KHTML, like Gecko) Mobile/10A523"
