166.205.68.16 - - [06/Jan/2013:14:53:56 -0800] "GET /GetAd.php?sid=4&timeSinceLastAd=1291&previousFeedId=1928&nextFeedId=677&tlt=1291&tlf=4&uid=8128&version=4.0.12455&mode=iPhoneApp&locale=en_US HTTP/1.1" 200 22 "-" "Tales2Go/3.2.0 CFNetwork/609 Darwin/13.0.0"
66.205.138.123 - - [06/Jan/2013:14:54:02 -0800] "GET /GetAd.php?sid=64&timeSinceLastAd=15714&previousFeedId=1640&nextFeedId=1644&newStation&tlt=15714&tlf=0&uid=22400&version=4.0.12455&mode=iPhoneApp&locale=en_US HTTP/1.1" 200 22 "-" "Tales2Go/3.2.0 CFNetwork/609 Darwin/13.0.0"
66.205.138.123 - - [06/Jan/2013:14:54:03 -0800] "GET /PostUsage.php?uid=22400&sid=64&fid=1640&eid=3134&completed=235987&timezone=+0000&tlt=15714&version=4.0.12455&mode=iPhoneApp&locale=en_US HTTP/1.1" 200 - "-" "Tales2Go/3.2.0 CFNetwork/609 Darwin/13.0.0"
66.205.138.123 - - [06/Jan/2013:14:54:03 -0800] "GET /FeedDisplay.php?archived&mode=iPhoneApp&fid=1644&episode_id=3138&nfid=622&uid=22400&version=3.2.0 HTTP/1.1" 200 8527 "-" "Mozilla/5.0 (iPhone; CPU iPhone OS 6_0_1 like Mac OS X) AppleWebKit/536.26 (KHTML, like Gecko) Mobile/10A525"
66.205.138.123 - - [06/Jan/2013:14:54:06 -0800] "GET /GetAd.php?sid=64&timeSinceLastAd=15716&previousFeedId=1644&nextFeedId=622&tlt=15716&tlf=1&uid=22400&version=4.0.12455&mode=iPhoneApp&locale=en_US HTTP/1.1" 200 22 "-" "Tales2Go/3.2.0 CFNetwork/609 Darwin/13.0.0"
66.205.138.123 - - [06/Jan/2013:14:54:07 -0800] "GET /RemoveFavorite.php?uid=22400&fid=1644&version=4.0.12455&mode=iPhoneApp&locale=en_US HTTP/1.1" 200 58 "-" "Tales2Go/3.2.0 CFNetwork/609 Darwin/13.0.0"
66.205.138.123 - - [06/Jan/2013:14:54:08 -0800] "GET /AddFavorite.php?uid=22400&fid=1644&version=4.0.12455&mode=iPhoneApp&locale=en_US HTTP/1.1" 200 56 "-" "Tales2Go/3.2.0 CFNetwork/609 Darwin/13.0.0"
74.127.122.140 - - [06/Jan/2013:14:55:59 -0800] "GET /StartupChecks.php?startup&uid=18411&version=4.0.12455&mode=iPhoneApp&locale=en_US HTTP/1.1" 200 289 "-" "Tales2Go/3.2.0 CFNetwork/609 Darwin/13.0.0"
74.127.122.140 - - [06/Jan/2013:14:56:01 -0800] "GET /LoadUserFromID.php?markStartup&id=18411&udid=58:55:CA:D1:A7:52&version=4.0.12455&mode=iPhoneApp&locale=en_US HTTP/1.1" 200 256 "-" "Tales2Go/3.2.0 CFNetwork/609 Darwin/13.0.0"
74.127.122.140 - - [06/Jan/2013:14:56:02 -0800] "GET /GetContentStationList.php?uid=18411&version=4.0.12455&mode=iPhoneApp&locale=en_US HTTP/1.1" 200 6486 "-" "Tales2Go/3.2.0 CFNetwork/609 Darwin/13.0.0"
74.127.122.140 - - [06/Jan/2013:14:56:02 -0800] "GET /GetStationListFC.php?uid=18411&version=4.0.12455&mode=iPhoneApp&locale=en_US HTTP/1.1" 200 16492 "-" "Tales2Go/3.2.0 CFNetwork/609 Darwin/13.0.0"
207.138.192.26 - - [06/Jan/2013:14:56:40 -0800] "GET /GetAd.php?sid=4&timeSinceLastAd=3308&previousFeedId=1648&nextFeedId=1089&tlt=3308&tlf=5&uid=37441&version=4.0.12455&mode=iPhoneApp&locale=en_US HTTP/1.1" 200 22 "-" "Tales2Go/3.2.0 CFNetwork/609 Darwin/13.0.0"
207.138.192.26 - - [06/Jan/2013:14:56:40 -0800] "GET /PostUsage.php?uid=37441&sid=4&fid=1648&eid=3142&completed=563725&timezone=+0000&tlt=3308&version=4.0.12455&mode=iPhoneApp&locale=en_US HTTP/1.1" 200 - "-" "Tales2Go/3.2.0 CFNetwork/609 Darwin/13.0.0"
207.138.192.26 - - [06/Jan/2013:14:56:40 -0800] "GET /FeedDisplay.php?archived&mode=iPhoneApp&fid=1089&episode_id=1549&nfid=1315&uid=37441&version=3.2.0 HTTP/1.1" 200 8567 "-" "Mozilla/5.0 (iPhone; CPU iPhone OS 6_0_1 like Mac OS X) AppleWebKit/536.26 (KHTML, like Gecko) Mobile/10A523"
207.138.192.26 - - [06/Jan/2013:14:56:45 -0800] "GET /GetAd.php?sid=4&timeSinceLastAd=3312&previousFeedId=1089&nextFeedId=1315&tlt=3312&tlf=6&uid=37441&version=4.0.12455&mode=iPhoneApp&locale=en_US HTTP/1.1" 200 22 "-" "Tales2Go/3.2.0 CFNetwork/609 Darwin/13.0.0"
74.99.152.178 - - [06/Jan/2013:14:56:55 -0800] "GET /PostUsage.php?uid=17392&sid=0&fid=721&eid=1022&completed=4737801&timezone=+0000&tlt=0&version=4.0.12455&mode=iPhoneApp&locale=en_US HTTP/1.1" 200 - "-" "Tales2Go/3.2.0 CFNetwork/548.1.4 Darwin/11.0.0"
24.230.105.155 - - [06/Jan/2013:14:57:31 -0800] "GET /GetAd.php?sid=498&timeSinceLastAd=5046&previousFeedId=64&nextFeedId=277&tlt=5046&tlf=5&uid=37884&version=4.0.12455&mode=iPhoneApp&locale=en_US HTTP/1.1" 200 22 "-" "Tales2Go/3.2.0 CFNetwork/609 Darwin/13.0.0"
24.230.105.155 - - [06/Jan/2013:14:57:31 -0800] "GET /PostUsage.php?uid=37884&sid=498&fid=64&eid=77&completed=370412&timezone=+0000&tlt=5046&version=4.0.12455&mode=iPhoneApp&locale=en_US HTTP/1.1" 200 - "-" "Tales2Go/3.2.0 CFNetwork/609 Darwin/13.0.0"
24.230.105.155 - - [06/Jan/2013:14:57:31 -0800] "GET /FeedDisplay.php?archived&mode=iPhoneApp&fid=277&episode_id=406&nfid=0&uid=37884&version=3.2.0 HTTP/1.1" 200 8519 "-" "Mozilla/5.0 (iPhone; CPU iPhone OS 6_0_1 like Mac OS X) AppleWebKit/536.26 (KHTML, like Gecko) Mobile/10A523"
24.230.105.155 - - [06/Jan/2013:14:57:46 -0800] "GET /GetAd.php?sid=498&timeSinceLastAd=5058&previousFeedId=277&nextFeedId=0&tlt=5058&tlf=6&uid=37884&version=4.0.12455&mode=iPhoneApp&locale=en_US HTTP/1.1" 200 22 "-" "Tales2Go/3.2.0 CFNetwork/609 Darwin/13.0.0"
207.138.192.26 - - [06/Jan/2013:14:57:59 -0800] "GET /GetAd.php?sid=4&timeSinceLastAd=3944&previousFeedId=1089&nextFeedId=1315&tlt=3944&tlf=6&uid=37441&version=4.0.12455&mode=iPhoneApp&locale=en_US HTTP/1.1" 200 22 "-" "Tales2Go/3.2.0 CFNetwork/609 Darwin/13.0.0"
207.138.192.26 - - [06/Jan/2013:14:57:59 -0800] "GET /PostUsage.php?uid=37441&sid=4&fid=1089&eid=1549&completed=636000&timezone=+0000&tlt=3944&version=4.0.12455&mode=iPhoneApp&locale=en_US HTTP/1.1" 200 - "-" "Tales2Go/3.2.0 CFNetwork/609 Darwin/13.0.0"
207.138.192.26 - - [06/Jan/2013:14:57:59 -0800] "GET /FeedDisplay.php?archived&mode=iPhoneApp&fid=1315&episode_id=1825&nfid=1639&uid=37441&version=3.2.0 HTTP/1.1" 200 8457 "-" "Mozilla/5.0 (iPhone; CPU iPhone OS 6_0_1 like Mac OS X) AppleWebKit/536.26 (KHTML, like Gecko) Mobile/10A523"
207.138.192.26 - - [06/Jan/2013:14:58:01 -0800] "GET /GetAd.php?sid=4&timeSinceLastAd=3945&previousFeedId=1315&nextFeedId=1639&tlt=3945&tlf=7&uid=37441&version=4.0.12455&mode=iPhoneApp&locale=en_US HTTP/1.1" 200 22 "-" "Tales2Go/3.2.0 CFNetwork/609 Darwin/13.0.0"
207.138.192.26 - - [06/Jan/2013:14:58:21 -0800] "GET /GetAd.php?sid=4&timeSinceLastAd=4185&previousFeedId=1315&nextFeedId=1639&tlt=4185&tlf=7&uid=37441&version=4.0.12455&mode=iPhoneApp&locale=en_US HTTP/1.1" 200 22 "-" "Tales2Go/3.2.0 CFNetwork/609 Darwin/13.0.0"
207.138.192.26 - - [06/Jan/2013:14:58:21 -0800] "GET /PostUsage.php?uid=37441&sid=4&fid=1315&eid=1825&completed=241000&timezone=+0000&tlt=4185&version=4.0.12455&mode=iPhoneApp&locale=en_US HTTP/1.1" 200 - "-" "Tales2Go/3.2.0 CFNetwork/609 Darwin/13.0.0"
207.138.192.26 - - [06/Jan/2013:14:58:21 -0800] "GET /FeedDisplay.php?archived&mode=iPhoneApp&fid=1639&episode_id=3133&nfid=366&uid=37441&version=3.2.0 HTTP/1.1" 200 8492 "-" "Mozilla/5.0 (iPhone; CPU iPhone OS 6_0_1 like Mac OS X) AppleWebKit/536.26 (KHTML, like Gecko) Mobile/10A523"
207.138.192.26 - - [06/Jan/2013:14:58:25 -0800] "GET /GetAd.php?sid=4&timeSinceLastAd=4188&previousFeedId=1639&nextFeedId=366&tlt=4188&tlf=8&uid=37441&version=4.0.12455&mode=iPhoneApp&locale=en_US HTTP/1.1" 200 22 "-" "Tales2Go/3.2.0 CFNetwork/609 Darwin/13.0.0"
127.0.0.1 - - [06/Jan/2013:14:58:42 -0800] "GET /PostUsageScript.php?uid=37348&sid=0&fid=1030&eid=1415&completed=384&timezone=+0000&tlt=0&version=4.0.12455&mode=desktop&override&locale=en_US HTTP/1.0" 200 61 "-" "Wget/1.11.4 Red Hat modified"
208.113.232.130 - - [06/Jan/2013:14:58:42 -0800] "GET /PostUsage.php?uid=37348&sid=0&fid=1030&eid=1415&completed=384&timezone=+0000&tlt=0&version=4.0.12455&mode=desktop&override&locale=en_US HTTP/1.0" 200 - "-" "-"
127.0.0.1 - - [06/Jan/2013:14:58:44 -0800] "GET /PostUsageScript.php?uid=37348&sid=0&fid=1030&eid=1415&completed=0&timezone=+0000&tlt=0&version=4.0.12455&mode=desktop&override&locale=en_US HTTP/1.0" 200 61 "-" "Wget/1.11.4 Red Hat modified"
208.113.232.130 - - [06/Jan/2013:14:58:44 -0800] "GET /PostUsage.php?uid=37348&sid=0&fid=1030&eid=1415&completed=0&timezone=+0000&tlt=0&version=4.0.12455&mode=desktop&override&locale=en_US HTTP/1.0" 200 - "-" "-"
108.18.117.235 - - [06/Jan/2013:14:59:51 -0800] "GET /GetStationPlayList.php?s=0&c=9&uid=25218&sid=127&endFeed=0&version=4.0.12455&mode=iPhoneApp&locale=en_US HTTP/1.1" 200 7308 "-" "Tales2Go/3.2.0 CFNetwork/485.12.30 Darwin/10.4.0"
66.205.138.123 - - [06/Jan/2013:14:59:54 -0800] "GET /GetAd.php?sid=64&timeSinceLastAd=16063&previousFeedId=1644&nextFeedId=622&tlt=16063&tlf=1&uid=22400&version=4.0.12455&mode=iPhoneApp&locale=en_US HTTP/1.1" 200 22 "-" "Tales2Go/3.2.0 CFNetwork/609 Darwin/13.0.0"
66.205.138.123 - - [06/Jan/2013:14:59:54 -0800] "GET /FeedDisplay.php?archived&mode=iPhoneApp&fid=622&episode_id=1329&nfid=1107&uid=22400&version=3.2.0 HTTP/1.1" 200 8577 "-" "Mozilla/5.0 (iPhone; CPU iPhone OS 6_0_1 like Mac OS X) AppleWebKit/536.26 (KHTML, like Gecko) Mobile/10A525"
66.205.138.123 - - [06/Jan/2013:14:59:54 -0800] "GET /PostUsage.php?uid=22400&sid=64&fid=1644&eid=3138&completed=349440&timezone=+0000&tlt=16063&version=4.0.12455&mode=iPhoneApp&locale=en_US HTTP/1.1" 200 - "-" "Tales2Go/3.2.0 CFNetwork/609 Darwin/13.0.0"
66.205.138.123 - - [06/Jan/2013:14:59:57 -0800] "GET /GetAd.php?sid=64&timeSinceLastAd=16064&previousFeedId=622&nextFeedId=1107&tlt=16064&tlf=2&uid=22400&version=4.0.12455&mode=iPhoneApp&locale=en_US HTTP/1.1" 200 22 "-" "Tales2Go/3.2.0 CFNetwork/609 Darwin/13.0.0"
108.18.117.235 - - [06/Jan/2013:14:59:58 -0800] "GET /GetStationPlayList.php?s=9&c=9&uid=25218&sid=127&endFeed=0&version=4.0.12455&mode=iPhoneApp&locale=en_US HTTP/1.1" 200 2570 "-" "Tales2Go/3.2.0 CFNetwork/485.12.30 Darwin/10.4.0"
108.18.117.235 - - [06/Jan/2013:15:00:15 -0800] "GET /GetAd.php?sid=127&timeSinceLastAd=4165&previousFeedId=1582&nextFeedId=965&newStation&tlt=4165&tlf=0&uid=25218&version=4.0.12455&mode=iPhoneApp&locale=en_US HTTP/1.1" 200 22 "-" "Tales2Go/3.2.0 CFNetwork/485.12.30 Darwin/10.4.0"
108.18.117.235 - - [06/Jan/2013:15:00:15 -0800] "GET /PostUsage.php?uid=25218&sid=103&fid=1582&eid=3046&completed=4166068&timezone=+0000&resume&tlt=4165&version=4.0.12455&mode=iPhoneApp&locale=en_US HTTP/1.1" 200 - "-" "Tales2Go/3.2.0 CFNetwork/485.12.30 Darwin/10.4.0"
108.18.117.235 - - [06/Jan/2013:15:00:16 -0800] "GET /FeedDisplay.php?archived&mode=iPhoneApp&fid=965&episode_id=1458&nfid=956&uid=25218&version=3.2.0 HTTP/1.1" 200 8441 "-" "Mozilla/5.0 (iPhone; U; CPU iPhone OS 4_2_10 like Mac OS X; en-us) AppleWebKit/533.17.9 (KHTML, like Gecko) Mobile/8E600"
66.205.138.123 - - [06/Jan/2013:15:00:30 -0800] "GET /GetAd.php?sid=64&timeSinceLastAd=16071&previousFeedId=622&nextFeedId=1331&newStation&tlt=16071&tlf=0&uid=22400&version=4.0.12455&mode=iPhoneApp&locale=en_US HTTP/1.1" 200 22 "-" "Tales2Go/3.2.0 CFNetwork/609 Darwin/13.0.0"
66.205.138.123 - - [06/Jan/2013:15:00:30 -0800] "GET /PostUsage.php?uid=22400&sid=64&fid=622&eid=1329&completed=8565&timezone=+0000&tlt=16071&version=4.0.12455&mode=iPhoneApp&locale=en_US HTTP/1.1" 200 - "-" "Tales2Go/3.2.0 CFNetwork/609 Darwin/13.0.0"
66.205.138.123 - - [06/Jan/2013:15:00:30 -0800] "GET /FeedDisplay.php?archived&mode=iPhoneApp&fid=1331&episode_id=1840&nfid=900&uid=22400&version=3.2.0 HTTP/1.1" 200 8926 "-" "Mozilla/5.0 (iPhone; CPU iPhone OS 6_0_1 like Mac OS X) AppleWebKit/536.26 (KHTML, like Gecko) Mobile/10A525"
66.205.138.123 - - [06/Jan/2013:15:00:32 -0800] "GET /GetAd.php?sid=64&timeSinceLastAd=16072&previousFeedId=1331&nextFeedId=900&tlt=16072&tlf=1&uid=22400&version=4.0.12455&mode=iPhoneApp&locale=en_US HTTP/1.1" 200 22 "-" "Tales2Go/3.2.0 CFNetwork/609 Darwin/13.0.0"
108.18.117.235 - - [06/Jan/2013:15:00:35 -0800] "GET /GetAd.php?sid=127&timeSinceLastAd=4183&previousFeedId=965&nextFeedId=956&tlt=4183&tlf=1&uid=25218&version=4.0.12455&mode=iPhoneApp&locale=en_US HTTP/1.1" 200 22 "-" "Tales2Go/3.2.0 CFNetwork/485.12.30 Darwin/10.4.0"
66.205.138.123 - - [06/Jan/2013:15:01:11 -0800] "GET /GetAd.php?sid=64&timeSinceLastAd=16106&previousFeedId=1331&nextFeedId=232&newStation&tlt=16106&tlf=0&uid=22400&version=4.0.12455&mode=iPhoneApp&locale=en_US HTTP/1.1" 200 22 "-" "Tales2Go/3.2.0 CFNetwork/609 Darwin/13.0.0"
66.205.138.123 - - [06/Jan/2013:15:01:12 -0800] "GET /PostUsage.php?uid=22400&sid=64&fid=1331&eid=1840&completed=40336&timezone=+0000&tlt=16106&version=4.0.12455&mode=iPhoneApp&locale=en_US HTTP/1.1" 200 - "-" "Tales2Go/3.2.0 CFNetwork/609 Darwin/13.0.0"
66.205.138.123 - - [06/Jan/2013:15:01:12 -0800] "GET /FeedDisplay.php?archived&mode=iPhoneApp&fid=232&episode_id=277&nfid=365&uid=22400&version=3.2.0 HTTP/1.1" 200 8533 "-" "Mozilla/5.0 (iPhone; CPU iPhone OS 6_0_1 like Mac OS X) AppleWebKit/536.26 (KHTML, like Gecko) Mobile/10A525"
66.205.138.123 - - [06/Jan/2013:15:01:16 -0800] "GET /GetAd.php?sid=64&timeSinceLastAd=16108&previousFeedId=232&nextFeedId=365&tlt=16108&tlf=1&uid=22400&version=4.0.12455&mode=iPhoneApp&locale=en_US HTTP/1.1" 200 22 "-" "Tales2Go/3.2.0 CFNetwork/609 Darwin/13.0.0"
67.168.68.101 - - [06/Jan/2013:15:01:34 -0800] "GET /PostUsage.php?uid=36851&sid=14&fid=920&eid=1258&completed=3997121&timezone=+0000&tlt=54850&version=4.0.12455&mode=iPhoneApp&locale=en_US HTTP/1.1" 200 - "-" "Tales2Go/3.2.0 CFNetwork/609 Darwin/13.0.0"
67.168.68.101 - - [06/Jan/2013:15:01:39 -0800] "GET /FeedDisplay.php?archived&mode=iPhoneApp&fid=920&episode_id=1259&nfid=31&uid=36851&version=3.2.0 HTTP/1.1" 200 9082 "-" "Mozilla/5.0 (iPhone; CPU iPhone OS 6_0 like Mac OS X) AppleWebKit/536.26 (KHTML, like Gecko) Mobile/10A403"
67.168.68.101 - - [06/Jan/2013:15:01:46 -0800] "GET /GetAd.php?sid=14&timeSinceLastAd=58852&previousFeedId=920&nextFeedId=31&tlt=58852&tlf=12&uid=36851&version=4.0.12455&mode=iPhoneApp&locale=en_US HTTP/1.1" 200 22 "-" "Tales2Go/3.2.0 CFNetwork/609 Darwin/13.0.0"
72.39.254.126 - - [06/Jan/2013:15:03:23 -0800] "GET /StartupChecks.php?startup&version=4.0.12455&mode=iPhoneApp&locale=en_CA HTTP/1.1" 200 246 "-" "Tales2Go%20-%20Old%20Version/2.2.12455 CFNetwork/609 Darwin/13.0.0"
208.113.232.130 - - [06/Jan/2013:15:03:29 -0800] "GET /GetStationListFC.php?uid=37348&version=4.0.12455&mode=desktop&override&locale=en_US HTTP/1.0" 200 17195 "-" "-"
24.230.105.155 - - [06/Jan/2013:15:03:32 -0800] "GET /PostUsage.php?uid=37884&sid=498&fid=277&eid=406&completed=358373&timezone=+0000&tlt=5046&version=4.0.12455&mode=iPhoneApp&locale=en_US HTTP/1.1" 200 - "-" "Tales2Go/3.2.0 CFNetwork/609 Darwin/13.0.0"
208.113.232.130 - - [06/Jan/2013:15:03:54 -0800] "GET /GetNewSerialNum.php HTTP/1.0" 200 63 "-" "-"
208.113.232.130 - - [06/Jan/2013:15:03:54 -0800] "GET /LoadUserFromUDID.php?markStartup&udid=sn_1005124&version=4.0.12455&mode=desktop&override&locale=en_US HTTP/1.0" 200 58 "-" "-"
208.113.232.130 - - [06/Jan/2013:15:04:01 -0800] "GET /GetStationListFC.php?uid=37348&version=4.0.12455&mode=desktop&override&locale=en_US HTTP/1.0" 200 17195 "-" "-"
208.113.232.130 - - [06/Jan/2013:15:04:23 -0800] "GET /GetStationListFC.php?uid=37348&version=4.0.12455&mode=desktop&override&locale=en_US HTTP/1.0" 200 17195 "-" "-"
208.113.232.130 - - [06/Jan/2013:15:04:43 -0800] "GET /GetStationPlayList.php?uid=37348&sid=97&endFeed=0&version=4.0.12455&mode=desktop&override&locale=en_US HTTP/1.0" 200 30363 "-" "-"
71.118.232.139 - - [06/Jan/2013:15:04:51 -0800] "GET /StartupChecks.php?startup&version=4.0.12455&mode=iPhoneApp&locale=en_US HTTP/1.1" 200 246 "-" "Tales2Go/3.2.0 CFNetwork/609 Darwin/13.0.0"
71.118.232.139 - - [06/Jan/2013:15:04:52 -0800] "GET /TransitionUDIDToMACAddr.php?udid=f9beb5572fd86b519ef5961954037eafa78506f1&mac=70:56:81:5D:70:BE&version=4.0.12455&mode=iPhoneApp&locale=en_US HTTP/1.1" 200 121 "-" "Tales2Go/3.2.0 CFNetwork/609 Darwin/13.0.0"
71.118.232.139 - - [06/Jan/2013:15:04:52 -0800] "GET /LoadUserFromUDID.php?markStartup&udid=70:56:81:5D:70:BE&version=4.0.12455&mode=iPhoneApp&locale=en_US HTTP/1.1" 200 58 "-" "Tales2Go/3.2.0 CFNetwork/609 Darwin/13.0.0"
71.118.232.139 - - [06/Jan/2013:15:04:52 -0800] "GET /CreateUser.php?markStartup&mode=iPhoneApp&udid=70:56:81:5D:70:BE&version=4.0.12455&mode=iPhoneApp&locale=en_US HTTP/1.1" 200 228 "-" "Tales2Go/3.2.0 CFNetwork/609 Darwin/13.0.0"
71.118.232.139 - - [06/Jan/2013:15:04:53 -0800] "GET /SubmitSettings.php?currentId=37900&email=70:56:81:5D:70:BE@t2g.t2g&epx=97A-8-_0A3KJ9_ANM6&phone=&optin=0&explicit=1&alertOption=0&alertType=0&alertTimestamp=0.000000&udid=70:56:81:5D:70:BE&version=4.0.12455&mode=iPhoneApp&locale=en_US HTTP/1.1" 200 238 "-" "Tales2Go/3.2.0 CFNetwork/609 Darwin/13.0.0"
71.118.232.139 - - [06/Jan/2013:15:04:54 -0800] "GET /GetContentStationList.php?uid=37900&version=4.0.12455&mode=iPhoneApp&locale=en_US HTTP/1.1" 200 6486 "-" "Tales2Go/3.2.0 CFNetwork/609 Darwin/13.0.0"
71.118.232.139 - - [06/Jan/2013:15:04:54 -0800] "GET /LoadUserFromID.php?markStartup&id=37900&udid=70:56:81:5D:70:BE&version=4.0.12455&mode=iPhoneApp&locale=en_US HTTP/1.1" 200 263 "-" "Tales2Go/3.2.0 CFNetwork/609 Darwin/13.0.0"
71.118.232.139 - - [06/Jan/2013:15:04:55 -0800] "GET /GetContentStationList.php?uid=37900&version=4.0.12455&mode=iPhoneApp&locale=en_US HTTP/1.1" 200 6486 "-" "Tales2Go/3.2.0 CFNetwork/609 Darwin/13.0.0"
71.118.232.139 - - [06/Jan/2013:15:04:54 -0800] "GET /GetStationListFC.php?uid=37900&version=4.0.12455&mode=iPhoneApp&locale=en_US HTTP/1.1" 200 16492 "-" "Tales2Go/3.2.0 CFNetwork/609 Darwin/13.0.0"
208.113.232.130 - - [06/Jan/2013:15:04:56 -0800] "GET /StoryData.php?fid=1037&mode=desktop&eid=1422&uid=37348&udid=sn_1004767 HTTP/1.0" 200 637 "-" "-"
208.113.232.130 - - [06/Jan/2013:15:04:57 -0800] "GET /StoryData.php?fid=1037&mode=desktop&eid=1422&uid=37348&udid=sn_1004767 HTTP/1.0" 200 637 "-" "-"
71.118.232.139 - - [06/Jan/2013:15:04:58 -0800] "GET /GetStationListFC.php?uid=37900&version=4.0.12455&mode=iPhoneApp&locale=en_US HTTP/1.1" 200 16492 "-" "Tales2Go/3.2.0 CFNetwork/609 Darwin/13.0.0"
72.39.254.126 - - [06/Jan/2013:15:05:24 -0800] "GET /CreateUser.php?markStartup&mode=iPhoneApp&udid=6de38bc5924802c168b1f3d9b2e92e99f0efd511&version=4.0.12455&mode=iPhoneApp&locale=en_CA HTTP/1.1" 200 428 "-" "Tales2Go%20-%20Old%20Version/2.2.12455 CFNetwork/609 Darwin/13.0.0"
71.118.232.139 - - [06/Jan/2013:15:05:39 -0800] "GET /Search.php?uid=37900&term=warriors&s=0&c=20&version=4.0.12455&mode=iPhoneApp&locale=en_US HTTP/1.1" 200 2532 "-" "Tales2Go/3.2.0 CFNetwork/609 Darwin/13.0.0"
74.215.149.224 - - [06/Jan/2013:15:05:51 -0800] "GET /StartupChecks.php?startup&uid=33062&version=4.0.12455&mode=iPhoneApp&locale=en_US HTTP/1.1" 200 289 "-" "Tales2Go/3.2.0 CFNetwork/609 Darwin/13.0.0"
74.215.149.224 - - [06/Jan/2013:15:05:52 -0800] "GET /LoadUserFromID.php?markStartup&id=33062&udid=BC:67:78:3E:AC:99&version=4.0.12455&mode=iPhoneApp&locale=en_US HTTP/1.1" 200 263 "-" "Tales2Go/3.2.0 CFNetwork/609 Darwin/13.0.0"
74.215.149.224 - - [06/Jan/2013:15:05:52 -0800] "GET /GetContentStationList.php?uid=33062&version=4.0.12455&mode=iPhoneApp&locale=en_US HTTP/1.1" 200 6486 "-" "Tales2Go/3.2.0 CFNetwork/609 Darwin/13.0.0"
74.215.149.224 - - [06/Jan/2013:15:05:52 -0800] "GET /GetStationListFC.php?uid=33062&version=4.0.12455&mode=iPhoneApp&locale=en_US HTTP/1.1" 200 256 "-" "Tales2Go/3.2.0 CFNetwork/609 Darwin/13.0.0"
74.215.149.224 - - [06/Jan/2013:15:06:00 -0800] "GET /GetStationPlayList.php?s=0&c=9&uid=33062&sid=498&endFeed=0&version=4.0.12455&mode=iPhoneApp&locale=en_US HTTP/1.1" 200 6276 "-" "Tales2Go/3.2.0 CFNetwork/609 Darwin/13.0.0"
71.118.232.139 - - [06/Jan/2013:15:06:02 -0800] "GET /Search.php?uid=37900&term=king%20of%20the%20wind&s=0&c=20&version=4.0.12455&mode=iPhoneApp&locale=en_US HTTP/1.1" 200 18009 "-" "Tales2Go/3.2.0 CFNetwork/609 Darwin/13.0.0"
127.0.0.1 - - [06/Jan/2013:15:06:08 -0800] "GET /PostUsageScript.php?uid=37348&sid=0&fid=1037&eid=1422&completed=70&timezone=+0000&tlt=0&version=4.0.12455&mode=desktop&override&locale=en_US HTTP/1.0" 200 61 "-" "Wget/1.11.4 Red Hat modified"
208.113.232.130 - - [06/Jan/2013:15:06:08 -0800] "GET /PostUsage.php?uid=37348&sid=0&fid=1037&eid=1422&completed=70&timezone=+0000&tlt=0&version=4.0.12455&mode=desktop&override&locale=en_US HTTP/1.0" 200 - "-" "-"
74.215.149.224 - - [06/Jan/2013:15:06:09 -0800] "GET /GetStationPlayList.php?s=9&c=9&uid=33062&sid=498&endFeed=0&version=4.0.12455&mode=iPhoneApp&locale=en_US HTTP/1.1" 200 2162 "-" "Tales2Go/3.2.0 CFNetwork/609 Darwin/13.0.0"
216.137.228.223 - - [06/Jan/2013:15:06:10 -0800] "GET /StartupChecks.php?startup&uid=33565&version=4.0.12455&mode=iPhoneApp&locale=en_US HTTP/1.1" 200 289 "-" "Tales2Go/3.2.0 CFNetwork/609 Darwin/13.0.0"
216.137.228.223 - - [06/Jan/2013:15:06:11 -0800] "GET /LoadUserFromID.php?markStartup&id=33565&udid=B0:65:BD:48:88:FA&version=4.0.12455&mode=iPhoneApp&locale=en_US HTTP/1.1" 200 255 "-" "Tales2Go/3.2.0 CFNetwork/609 Darwin/13.0.0"
71.118.232.139 - - [06/Jan/2013:15:06:11 -0800] "GET /GetStationPlayList.php?uid=37900&sid=favorites&version=4.0.12455&mode=iPhoneApp&locale=en_US HTTP/1.1" 200 141 "-" "Tales2Go/3.2.0 CFNetwork/609 Darwin/13.0.0"
216.137.228.223 - - [06/Jan/2013:15:06:11 -0800] "GET /GetContentStationList.php?uid=33565&version=4.0.12455&mode=iPhoneApp&locale=en_US HTTP/1.1" 200 6486 "-" "Tales2Go/3.2.0 CFNetwork/609 Darwin/13.0.0"
216.137.228.223 - - [06/Jan/2013:15:06:11 -0800] "GET /GetStationListFC.php?uid=33565&version=4.0.12455&mode=iPhoneApp&locale=en_US HTTP/1.1" 200 16492 "-" "Tales2Go/3.2.0 CFNetwork/609 Darwin/13.0.0"
207.138.192.26 - - [06/Jan/2013:15:06:17 -0800] "GET /GetAd.php?sid=4&timeSinceLastAd=4660&previousFeedId=1639&nextFeedId=366&tlt=4660&tlf=8&uid=37441&version=4.0.12455&mode=iPhoneApp&locale=en_US HTTP/1.1" 200 22 "-" "Tales2Go/3.2.0 CFNetwork/609 Darwin/13.0.0"
207.138.192.26 - - [06/Jan/2013:15:06:17 -0800] "GET /FeedDisplay.php?archived&mode=iPhoneApp&fid=366&episode_id=627&nfid=1071&uid=37441&version=3.2.0 HTTP/1.1" 200 8456 "-" "Mozilla/5.0 (iPhone; CPU iPhone OS 6_0_1 like Mac OS X) AppleWebKit/536.26 (KHTML, like Gecko) Mobile/10A523"
207.138.192.26 - - [06/Jan/2013:15:06:17 -0800] "GET /PostUsage.php?uid=37441&sid=4&fid=1639&eid=3133&completed=475247&timezone=+0000&tlt=4660&version=4.0.12455&mode=iPhoneApp&locale=en_US HTTP/1.1" 200 - "-" "Tales2Go/3.2.0 CFNetwork/609 Darwin/13.0.0"
207.138.192.26 - - [06/Jan/2013:15:06:18 -0800] "GET /GetAd.php?sid=4&timeSinceLastAd=4661&previousFeedId=366&nextFeedId=1071&tlt=4661&tlf=9&uid=37441&version=4.0.12455&mode=iPhoneApp&locale=en_US HTTP/1.1" 200 22 "-" "Tales2Go/3.2.0 CFNetwork/609 Darwin/13.0.0"
74.215.149.224 - - [06/Jan/2013:15:06:25 -0800] "GET /FeedDisplay.php?archived&mode=iPhoneApp&fid=15&episode_id=33&nfid=0&uid=33062&version=3.2.0 HTTP/1.1" 200 8593 "-" "Mozilla/5.0 (iPod; CPU iPhone OS 6_0 like Mac OS X) AppleWebKit/536.26 (KHTML, like Gecko) Mobile/10A403"
74.215.149.224 - - [06/Jan/2013:15:06:29 -0800] "GET /GetAd.php?sid=498&timeSinceLastAd=6&previousFeedId=15&nextFeedId=0&tlt=6&tlf=1&uid=33062&version=4.0.12455&mode=iPhoneApp&locale=en_US HTTP/1.1" 200 22 "-" "Tales2Go/3.2.0 CFNetwork/609 Darwin/13.0.0"
72.39.254.126 - - [06/Jan/2013:15:06:30 -0800] "GET /CreateUser.php?markStartup&mode=iPhoneApp&udid=6de38bc5924802c168b1f3d9b2e92e99f0efd511&version=4.0.12455&mode=iPhoneApp&locale=en_CA HTTP/1.1" 200 428 "-" "Tales2Go%20-%20Old%20Version/2.2.12455 CFNetwork/609 Darwin/13.0.0"
67.242.168.30 - - [06/Jan/2013:15:06:39 -0800] "GET /AddBookmark.php?uid=18744&eid=3027&offset=2655&version=4.0.12455&mode=iPhoneApp&locale=en_US HTTP/1.1" 200 47 "-" "Tales2Go/3.2.0 CFNetwork/609 Darwin/13.0.0"
74.215.149.224 - - [06/Jan/2013:15:06:42 -0800] "GET /GetAd.php?sid=498&timeSinceLastAd=18&previousFeedId=15&nextFeedId=855&newStation&tlt=18&tlf=0&uid=33062&version=4.0.12455&mode=iPhoneApp&locale=en_US HTTP/1.1" 200 22 "-" "Tales2Go/3.2.0 CFNetwork/609 Darwin/13.0.0"
74.215.149.224 - - [06/Jan/2013:15:06:43 -0800] "GET /PostUsage.php?uid=33062&sid=498&fid=15&eid=33&completed=18979&timezone=+0000&tlt=18&version=4.0.12455&mode=iPhoneApp&locale=en_US HTTP/1.1" 200 - "-" "Tales2Go/3.2.0 CFNetwork/609 Darwin/13.0.0"
74.215.149.224 - - [06/Jan/2013:15:06:43 -0800] "GET /FeedDisplay.php?archived&mode=iPhoneApp&fid=855&episode_id=1099&nfid=152&uid=33062&version=3.2.0 HTTP/1.1" 200 8560 "-" "Mozilla/5.0 (iPod; CPU iPhone OS 6_0 like Mac OS X) AppleWebKit/536.26 (KHTML, like Gecko) Mobile/10A403"
74.215.149.224 - - [06/Jan/2013:15:06:48 -0800] "GET /GetAd.php?sid=498&timeSinceLastAd=23&previousFeedId=855&nextFeedId=152&tlt=23&tlf=1&uid=33062&version=4.0.12455&mode=iPhoneApp&locale=en_US HTTP/1.1" 200 22 "-" "Tales2Go/3.2.0 CFNetwork/609 Darwin/13.0.0"
74.215.149.224 - - [06/Jan/2013:15:07:08 -0800] "GET /GetAd.php?sid=498&timeSinceLastAd=43&previousFeedId=855&nextFeedId=399&newStation&tlt=43&tlf=0&uid=33062&version=4.0.12455&mode=iPhoneApp&locale=en_US HTTP/1.1" 200 22 "-" "Tales2Go/3.2.0 CFNetwork/609 Darwin/13.0.0"
74.215.149.224 - - [06/Jan/2013:15:07:09 -0800] "GET /PostUsage.php?uid=33062&sid=498&fid=855&eid=1099&completed=25490&timezone=+0000&tlt=43&version=4.0.12455&mode=iPhoneApp&locale=en_US HTTP/1.1" 200 - "-" "Tales2Go/3.2.0 CFNetwork/609 Darwin/13.0.0"
74.215.149.224 - - [06/Jan/2013:15:07:09 -0800] "GET /FeedDisplay.php?archived&mode=iPhoneApp&fid=399&episode_id=658&nfid=1505&uid=33062&version=3.2.0 HTTP/1.1" 200 8500 "-" "Mozilla/5.0 (iPod; CPU iPhone OS 6_0 like Mac OS X) AppleWebKit/536.26 (KHTML, like Gecko) Mobile/10A403"
74.215.149.224 - - [06/Jan/2013:15:07:13 -0800] "GET /GetAd.php?sid=498&timeSinceLastAd=46&previousFeedId=399&nextFeedId=1505&tlt=46&tlf=1&uid=33062&version=4.0.12455&mode=iPhoneApp&locale=en_US HTTP/1.1" 200 22 "-" "Tales2Go/3.2.0 CFNetwork/609 Darwin/13.0.0"
208.113.232.130 - - [06/Jan/2013:15:07:18 -0800] "GET /GetStationPlayList.php?uid=37348&sid=favorites&version=4.0.12455&mode=desktop&override&locale=en_US HTTP/1.0" 200 20556 "-" "-"
67.242.168.30 - - [06/Jan/2013:15:07:47 -0800] "GET /PostUsage.php?skipped&uid=18744&sid=0&fid=1555&eid=3027&completed=2723592&timezone=+0000&tlt=0&version=4.0.12455&mode=iPhoneApp&locale=en_US HTTP/1.1" 200 - "-" "Tales2Go/3.2.0 CFNetwork/609 Darwin/13.0.0"
67.242.168.30 - - [06/Jan/2013:15:08:07 -0800] "GET /GetStationPlayList.php?s=0&c=9&uid=18744&sid=35&endFeed=0&version=4.0.12455&mode=iPhoneApp&locale=en_US HTTP/1.1" 200 10864 "-" "Tales2Go/3.2.0 CFNetwork/609 Darwin/13.0.0"
67.242.168.30 - - [06/Jan/2013:15:08:17 -0800] "GET /FeedDisplay.php?archived&mode=iPhoneApp&fid=64&episode_id=77&nfid=596&uid=18744&version=3.2.0 HTTP/1.1" 200 8532 "-" "Mozilla/5.0 (iPhone; CPU iPhone OS 6_0_1 like Mac OS X) AppleWebKit/536.26 (KHTML, like Gecko) Mobile/10A523"
216.137.228.223 - - [06/Jan/2013:15:08:18 -0800] "GET /StartupChecks.php?startup&version=4.0.12455&mode=iPhoneApp&locale=en_US HTTP/1.1" 200 246 "-" "Tales2Go/3.2.0 CFNetwork/609 Darwin/13.0.0"
216.137.228.223 - - [06/Jan/2013:15:08:19 -0800] "GET /TransitionUDIDToMACAddr.php?udid=bef5db4082f3ba013e97d5609b1542be63813643&mac=B0:65:BD:48:88:FA&version=4.0.12455&mode=iPhoneApp&locale=en_US HTTP/1.1" 200 121 "-" "Tales2Go/3.2.0 CFNetwork/609 Darwin/13.0.0"
216.137.228.223 - - [06/Jan/2013:15:08:19 -0800] "GET /LoadUserFromUDID.php?markStartup&udid=B0:65:BD:48:88:FA&version=4.0.12455&mode=iPhoneApp&locale=en_US HTTP/1.1" 200 255 "-" "Tales2Go/3.2.0 CFNetwork/609 Darwin/13.0.0"
216.137.228.223 - - [06/Jan/2013:15:08:20 -0800] "GET /LoadUserFromID.php?markStartup&id=33565&udid=B0:65:BD:48:88:FA&version=4.0.12455&mode=iPhoneApp&locale=en_US HTTP/1.1" 200 255 "-" "Tales2Go/3.2.0 CFNetwork/609 Darwin/13.0.0"
216.137.228.223 - - [06/Jan/2013:15:08:20 -0800] "GET /GetContentStationList.php?uid=33565&version=4.0.12455&mode=iPhoneApp&locale=en_US HTTP/1.1" 200 6486 "-" "Tales2Go/3.2.0 CFNetwork/609 Darwin/13.0.0"
216.137.228.223 - - [06/Jan/2013:15:08:20 -0800] "GET /GetStationListFC.php?uid=33565&version=4.0.12455&mode=iPhoneApp&locale=en_US HTTP/1.1" 200 16492 "-" "Tales2Go/3.2.0 CFNetwork/609 Darwin/13.0.0"
67.242.168.30 - - [06/Jan/2013:15:08:20 -0800] "GET /GetAd.php?sid=35&timeSinceLastAd=2&previousFeedId=64&nextFeedId=596&tlt=2&tlf=1&uid=18744&version=4.0.12455&mode=iPhoneApp&locale=en_US HTTP/1.1" 200 22 "-" "Tales2Go/3.2.0 CFNetwork/609 Darwin/13.0.0"
216.137.228.223 - - [06/Jan/2013:15:08:20 -0800] "GET /GetContentStationList.php?uid=33565&version=4.0.12455&mode=iPhoneApp&locale=en_US HTTP/1.1" 200 6486 "-" "Tales2Go/3.2.0 CFNetwork/609 Darwin/13.0.0"
216.137.228.223 - - [06/Jan/2013:15:08:20 -0800] "GET /GetStationListFC.php?uid=33565&version=4.0.12455&mode=iPhoneApp&locale=en_US HTTP/1.1" 200 16492 "-" "Tales2Go/3.2.0 CFNetwork/609 Darwin/13.0.0"
216.137.228.223 - - [06/Jan/2013:15:08:25 -0800] "GET /GetStationPlayList.php?uid=33565&sid=favorites&version=4.0.12455&mode=iPhoneApp&locale=en_US HTTP/1.1" 200 978 "-" "Tales2Go/3.2.0 CFNetwork/609 Darwin/13.0.0"
216.137.228.223 - - [06/Jan/2013:15:08:27 -0800] "GET /GetBookmarkList.php?uid=33565&version=4.0.12455&mode=iPhoneApp&locale=en_US HTTP/1.1" 200 18228 "-" "Tales2Go/3.2.0 CFNetwork/609 Darwin/13.0.0"
67.242.168.30 - - [06/Jan/2013:15:08:28 -0800] "GET /GetStationPlayList.php?s=9&c=9&uid=18744&sid=35&endFeed=0&version=4.0.12455&mode=iPhoneApp&locale=en_US HTTP/1.1" 200 7894 "-" "Tales2Go/3.2.0 CFNetwork/609 Darwin/13.0.0"
67.242.168.30 - - [06/Jan/2013:15:08:32 -0800] "GET /GetAd.php?sid=35&timeSinceLastAd=14&previousFeedId=64&nextFeedId=1140&newStation&tlt=14&tlf=0&uid=18744&version=4.0.12455&mode=iPhoneApp&locale=en_US HTTP/1.1" 200 22 "-" "Tales2Go/3.2.0 CFNetwork/609 Darwin/13.0.0"
67.242.168.30 - - [06/Jan/2013:15:08:32 -0800] "GET /PostUsage.php?uid=18744&sid=35&fid=64&eid=77&completed=14323&timezone=+0000&tlt=14&version=4.0.12455&mode=iPhoneApp&locale=en_US HTTP/1.1" 200 - "-" "Tales2Go/3.2.0 CFNetwork/609 Darwin/13.0.0"
67.242.168.30 - - [06/Jan/2013:15:08:32 -0800] "GET /FeedDisplay.php?archived&mode=iPhoneApp&fid=1140&episode_id=1577&nfid=598&uid=18744&version=3.2.0 HTTP/1.1" 200 9098 "-" "Mozilla/5.0 (iPhone; CPU iPhone OS 6_0_1 like Mac OS X) AppleWebKit/536.26 (KHTML, like Gecko) Mobile/10A523"
216.137.228.223 - - [06/Jan/2013:15:08:36 -0800] "GET /GetStationPlayList.php?s=0&c=9&uid=33565&sid=35&endFeed=0&version=4.0.12455&mode=iPhoneApp&locale=en_US HTTP/1.1" 200 10512 "-" "Tales2Go/3.2.0 CFNetwork/609 Darwin/13.0.0"
207.138.192.26 - - [06/Jan/2013:15:08:37 -0800] "GET /GetAd.php?sid=4&timeSinceLastAd=4799&previousFeedId=366&nextFeedId=1071&tlt=4799&tlf=9&uid=37441&version=4.0.12455&mode=iPhoneApp&locale=en_US HTTP/1.1" 200 22 "-" "Tales2Go/3.2.0 CFNetwork/609 Darwin/13.0.0"
207.138.192.26 - - [06/Jan/2013:15:08:37 -0800] "GET /PostUsage.php?uid=37441&sid=4&fid=366&eid=627&completed=139576&timezone=+0000&tlt=4799&version=4.0.12455&mode=iPhoneApp&locale=en_US HTTP/1.1" 200 - "-" "Tales2Go/3.2.0 CFNetwork/609 Darwin/13.0.0"
207.138.192.26 - - [06/Jan/2013:15:08:37 -0800] "GET /FeedDisplay.php?archived&mode=iPhoneApp&fid=1071&episode_id=1501&nfid=1163&uid=37441&version=3.2.0 HTTP/1.1" 200 8581 "-" "Mozilla/5.0 (iPhone; CPU iPhone OS 6_0_1 like Mac OS X) AppleWebKit/536.26 (KHTML, like Gecko) Mobile/10A523"
207.138.192.26 - - [06/Jan/2013:15:08:41 -0800] "GET /GetAd.php?sid=4&timeSinceLastAd=4801&previousFeedId=1071&nextFeedId=1163&tlt=4801&tlf=10&uid=37441&version=4.0.12455&mode=iPhoneApp&locale=en_US HTTP/1.1" 200 22 "-" "Tales2Go/3.2.0 CFNetwork/609 Darwin/13.0.0"
67.242.168.30 - - [06/Jan/2013:15:08:41 -0800] "GET /GetStationPlayList.php?s=18&c=9&uid=18744&sid=35&endFeed=0&version=4.0.12455&mode=iPhoneApp&locale=en_US HTTP/1.1" 200 7587 "-" "Tales2Go/3.2.0 CFNetwork/609 Darwin/13.0.0"
207.138.192.26 - - [06/Jan/2013:15:08:45 -0800] "GET /GetAd.php?sid=4&timeSinceLastAd=5192&previousFeedId=1071&nextFeedId=1163&tlt=5192&tlf=10&uid=37441&version=4.0.12455&mode=iPhoneApp&locale=en_US HTTP/1.1" 200 22 "-" "Tales2Go/3.2.0 CFNetwork/609 Darwin/13.0.0"
207.138.192.26 - - [06/Jan/2013:15:08:45 -0800] "GET /PostUsage.php?uid=37441&sid=4&fid=1071&eid=1501&completed=393000&timezone=+0000&tlt=5192&version=4.0.12455&mode=iPhoneApp&locale=en_US HTTP/1.1" 200 - "-" "Tales2Go/3.2.0 CFNetwork/609 Darwin/13.0.0"
207.138.192.26 - - [06/Jan/2013:15:08:45 -0800] "GET /FeedDisplay.php?archived&mode=iPhoneApp&fid=1163&episode_id=1635&nfid=1960&uid=37441&version=3.2.0 HTTP/1.1" 200 8607 "-" "Mozilla/5.0 (iPhone; CPU iPhone OS 6_0_1 like Mac OS X) AppleWebKit/536.26 (KHTML, like Gecko) Mobile/10A523"
208.113.232.130 - - [06/Jan/2013:15:08:46 -0800] "GET /StoryData.php?fid=1037&mode=desktop&eid=1422&uid=37348&udid=sn_1004767 HTTP/1.0" 200 637 "-" "-"
67.242.168.30 - - [06/Jan/2013:15:08:46 -0800] "GET /GetAd.php?sid=35&timeSinceLastAd=26&previousFeedId=1140&nextFeedId=951&newStation&tlt=26&tlf=0&uid=18744&version=4.0.12455&mode=iPhoneApp&locale=en_US HTTP/1.1" 200 22 "-" "Tales2Go/3.2.0 CFNetwork/609 Darwin/13.0.0"
67.242.168.30 - - [06/Jan/2013:15:08:46 -0800] "GET /PostUsage.php?uid=18744&sid=35&fid=1140&eid=1577&completed=13718&timezone=+0000&tlt=26&version=4.0.12455&mode=iPhoneApp&locale=en_US HTTP/1.1" 200 - "-" "Tales2Go/3.2.0 CFNetwork/609 Darwin/13.0.0"
67.242.168.30 - - [06/Jan/2013:15:08:46 -0800] "GET /FeedDisplay.php?archived&mode=iPhoneApp&fid=951&episode_id=1288&nfid=601&uid=18744&version=3.2.0 HTTP/1.1" 200 9035 "-" "Mozilla/5.0 (iPhone; CPU iPhone OS 6_0_1 like Mac OS X) AppleWebKit/536.26 (KHTML, like Gecko) Mobile/10A523"
208.113.232.130 - - [06/Jan/2013:15:08:47 -0800] "GET /StoryData.php?fid=1037&mode=desktop&eid=1422&uid=37348&udid=sn_1004767 HTTP/1.0" 200 637 "-" "-"
207.138.192.26 - - [06/Jan/2013:15:08:47 -0800] "GET /GetAd.php?sid=4&timeSinceLastAd=5193&previousFeedId=1163&nextFeedId=1960&tlt=5193&tlf=11&uid=37441&version=4.0.12455&mode=iPhoneApp&locale=en_US HTTP/1.1" 200 22 "-" "Tales2Go/3.2.0 CFNetwork/609 Darwin/13.0.0"
208.113.232.130 - - [06/Jan/2013:15:08:48 -0800] "GET /GetStationPlayList.php?uid=37348&sid=favorites&version=4.0.12455&mode=desktop&override&locale=en_US HTTP/1.0" 200 20556 "-" "-"
216.137.228.223 - - [06/Jan/2013:15:08:49 -0800] "GET /FeedDisplay.php?archived&mode=iPhoneApp&fid=64&episode_id=77&nfid=596&uid=33565&version=3.2.0 HTTP/1.1" 200 8532 "-" "Mozilla/5.0 (iPhone; CPU iPhone OS 6_0_1 like Mac OS X) AppleWebKit/536.26 (KHTML, like Gecko) Mobile/10A523"
216.137.228.223 - - [06/Jan/2013:15:08:49 -0800] "GET /images/t2g_ratings_color_active.png HTTP/1.1" 200 985 "http://t2g.stitcher.com/FeedDisplay.php?archived&mode=iPhoneApp&fid=64&episode_id=77&nfid=596&uid=33565&version=3.2.0" "Mozilla/5.0 (iPhone; CPU iPhone OS 6_0_1 like Mac OS X) AppleWebKit/536.26 (KHTML, like Gecko) Mobile/10A523"
216.137.228.223 - - [06/Jan/2013:15:08:50 -0800] "GET /images/t2g_ratings_gray_active.png HTTP/1.1" 200 1196 "http://t2g.stitcher.com/FeedDisplay.php?archived&mode=iPhoneApp&fid=64&episode_id=77&nfid=596&uid=33565&version=3.2.0" "Mozilla/5.0 (iPhone; CPU iPhone OS 6_0_1 like Mac OS X) AppleWebKit/536.26 (KHTML, like Gecko) Mobile/10A523"
216.137.228.223 - - [06/Jan/2013:15:08:50 -0800] "GET /images/t2g_ratings_gray.png HTTP/1.1" 200 1215 "http://t2g.stitcher.com/FeedDisplay.php?archived&mode=iPhoneApp&fid=64&episode_id=77&nfid=596&uid=33565&version=3.2.0" "Mozilla/5.0 (iPhone; CPU iPhone OS 6_0_1 like Mac OS X) AppleWebKit/536.26 (KHTML, like Gecko) Mobile/10A523"
216.137.228.223 - - [06/Jan/2013:15:08:50 -0800] "GET /images/t2g_ratings_color.png HTTP/1.1" 200 997 "http://t2g.stitcher.com/FeedDisplay.php?archived&mode=iPhoneApp&fid=64&episode_id=77&nfid=596&uid=33565&version=3.2.0" "Mozilla/5.0 (iPhone; CPU iPhone OS 6_0_1 like Mac OS X) AppleWebKit/536.26 (KHTML, like Gecko) Mobile/10A523"
216.137.228.223 - - [06/Jan/2013:15:08:50 -0800] "GET /images/ajax-loader.gif HTTP/1.1" 200 1849 "http://t2g.stitcher.com/FeedDisplay.php?archived&mode=iPhoneApp&fid=64&episode_id=77&nfid=596&uid=33565&version=3.2.0" "Mozilla/5.0 (iPhone; CPU iPhone OS 6_0_1 like Mac OS X) AppleWebKit/536.26 (KHTML, like Gecko) Mobile/10A523"
67.242.168.30 - - [06/Jan/2013:15:08:54 -0800] "GET /GetAd.php?sid=35&timeSinceLastAd=31&previousFeedId=951&nextFeedId=722&newStation&tlt=31&tlf=0&uid=18744&version=4.0.12455&mode=iPhoneApp&locale=en_US HTTP/1.1" 200 22 "-" "Tales2Go/3.2.0 CFNetwork/609 Darwin/13.0.0"
208.113.232.130 - - [06/Jan/2013:15:08:54 -0800] "GET /GetNewSerialNum.php HTTP/1.0" 200 63 "-" "-"
67.242.168.30 - - [06/Jan/2013:15:08:54 -0800] "GET /PostUsage.php?uid=18744&sid=35&fid=951&eid=1288&completed=6078&timezone=+0000&tlt=31&version=4.0.12455&mode=iPhoneApp&locale=en_US HTTP/1.1" 200 - "-" "Tales2Go/3.2.0 CFNetwork/609 Darwin/13.0.0"
208.113.232.130 - - [06/Jan/2013:15:08:55 -0800] "GET /LoadUserFromUDID.php?markStartup&udid=sn_1005125&version=4.0.12455&mode=desktop&override&locale=en_US HTTP/1.0" 200 58 "-" "-"
67.242.168.30 - - [06/Jan/2013:15:08:55 -0800] "GET /FeedDisplay.php?archived&mode=iPhoneApp&fid=722&episode_id=1026&nfid=719&uid=18744&version=3.2.0 HTTP/1.1" 200 9049 "-" "Mozilla/5.0 (iPhone; CPU iPhone OS 6_0_1 like Mac OS X) AppleWebKit/536.26 (KHTML, like Gecko) Mobile/10A523"
208.113.232.130 - - [06/Jan/2013:15:09:00 -0800] "GET /StoryData.php?fid=1037&mode=desktop&eid=1422&uid=37348&udid=sn_1004767 HTTP/1.0" 200 637 "-" "-"
67.242.168.30 - - [06/Jan/2013:15:08:59 -0800] "GET /GetStationPlayList.php?s=27&c=9&uid=18744&sid=35&endFeed=0&version=4.0.12455&mode=iPhoneApp&locale=en_US HTTP/1.1" 200 7313 "-" "Tales2Go/3.2.0 CFNetwork/609 Darwin/13.0.0"
67.242.168.30 - - [06/Jan/2013:15:09:00 -0800] "GET /GetAd.php?sid=35&timeSinceLastAd=35&previousFeedId=722&nextFeedId=719&newStation&tlt=35&tlf=0&uid=18744&version=4.0.12455&mode=iPhoneApp&locale=en_US HTTP/1.1" 200 22 "-" "Tales2Go/3.2.0 CFNetwork/609 Darwin/13.0.0"
67.242.168.30 - - [06/Jan/2013:15:09:01 -0800] "GET /PostUsage.php?uid=18744&sid=35&fid=722&eid=1026&completed=5203&timezone=+0000&tlt=35&version=4.0.12455&mode=iPhoneApp&locale=en_US HTTP/1.1" 200 - "-" "Tales2Go/3.2.0 CFNetwork/609 Darwin/13.0.0"
67.242.168.30 - - [06/Jan/2013:15:09:01 -0800] "GET /FeedDisplay.php?archived&mode=iPhoneApp&fid=719&episode_id=1011&nfid=630&uid=18744&version=3.2.0 HTTP/1.1" 200 9008 "-" "Mozilla/5.0 (iPhone; CPU iPhone OS 6_0_1 like Mac OS X) AppleWebKit/536.26 (KHTML, like Gecko) Mobile/10A523"
208.113.232.130 - - [06/Jan/2013:15:09:02 -0800] "GET /StoryData.php?fid=1037&mode=desktop&eid=1422&uid=37348&udid=sn_1004767 HTTP/1.0" 200 637 "-" "-"
67.242.168.30 - - [06/Jan/2013:15:09:04 -0800] "GET /GetAd.php?sid=35&timeSinceLastAd=37&previousFeedId=719&nextFeedId=29&newStation&tlt=37&tlf=0&uid=18744&version=4.0.12455&mode=iPhoneApp&locale=en_US HTTP/1.1" 200 22 "-" "Tales2Go/3.2.0 CFNetwork/609 Darwin/13.0.0"
67.242.168.30 - - [06/Jan/2013:15:09:04 -0800] "GET /PostUsage.php?uid=18744&sid=35&fid=719&eid=1011&completed=3127&timezone=+0000&tlt=37&version=4.0.12455&mode=iPhoneApp&locale=en_US HTTP/1.1" 200 - "-" "Tales2Go/3.2.0 CFNetwork/609 Darwin/13.0.0"
67.242.168.30 - - [06/Jan/2013:15:09:05 -0800] "GET /FeedDisplay.php?archived&mode=iPhoneApp&fid=29&episode_id=47&nfid=59&uid=18744&version=3.2.0 HTTP/1.1" 200 8537 "-" "Mozilla/5.0 (iPhone; CPU iPhone OS 6_0_1 like Mac OS X) AppleWebKit/536.26 (KHTML, like Gecko) Mobile/10A523"
207.138.192.26 - - [06/Jan/2013:15:09:07 -0800] "GET /PostUsage.php?skipped&uid=37441&sid=4&fid=1163&eid=1635&completed=21634&timezone=+0000&tlt=5192&version=4.0.12455&mode=iPhoneApp&locale=en_US HTTP/1.1" 200 - "-" "Tales2Go/3.2.0 CFNetwork/609 Darwin/13.0.0"
207.138.192.26 - - [06/Jan/2013:15:09:07 -0800] "GET /GetStationPlayList.php?s=18&c=9&uid=37441&sid=4&endFeed=0&version=4.0.12455&mode=iPhoneApp&locale=en_US HTTP/1.1" 200 6362 "-" "Tales2Go/3.2.0 CFNetwork/609 Darwin/13.0.0"
207.138.192.26 - - [06/Jan/2013:15:09:08 -0800] "GET /GetAd.php?sid=4&timeSinceLastAd=5213&previousFeedId=1163&nextFeedId=1960&tlt=5213&tlf=11&uid=37441&version=4.0.12455&mode=iPhoneApp&locale=en_US HTTP/1.1" 200 22 "-" "Tales2Go/3.2.0 CFNetwork/609 Darwin/13.0.0"
207.138.192.26 - - [06/Jan/2013:15:09:09 -0800] "GET /FeedDisplay.php?archived&mode=iPhoneApp&fid=1960&episode_id=3783&nfid=1375&uid=37441&version=3.2.0 HTTP/1.1" 200 8448 "-" "Mozilla/5.0 (iPhone; CPU iPhone OS 6_0_1 like Mac OS X) AppleWebKit/536.26 (KHTML, like Gecko) Mobile/10A523"
67.242.168.30 - - [06/Jan/2013:15:09:09 -0800] "GET /GetAd.php?sid=35&timeSinceLastAd=40&previousFeedId=29&nextFeedId=59&tlt=40&tlf=1&uid=18744&version=4.0.12455&mode=iPhoneApp&locale=en_US HTTP/1.1" 200 22 "-" "Tales2Go/3.2.0 CFNetwork/609 Darwin/13.0.0"
207.138.192.26 - - [06/Jan/2013:15:09:10 -0800] "GET /GetAd.php?sid=4&timeSinceLastAd=5214&previousFeedId=1960&nextFeedId=1375&tlt=5214&tlf=12&uid=37441&version=4.0.12455&mode=iPhoneApp&locale=en_US HTTP/1.1" 200 22 "-" "Tales2Go/3.2.0 CFNetwork/609 Darwin/13.0.0"
207.138.192.26 - - [06/Jan/2013:15:09:13 -0800] "GET /GetAd.php?sid=4&timeSinceLastAd=5216&previousFeedId=1960&nextFeedId=1375&tlt=5216&tlf=12&uid=37441&version=4.0.12455&mode=iPhoneApp&locale=en_US HTTP/1.1" 200 22 "-" "Tales2Go/3.2.0 CFNetwork/609 Darwin/13.0.0"
207.138.192.26 - - [06/Jan/2013:15:09:13 -0800] "GET /PostUsage.php?skipped&uid=37441&sid=4&fid=1960&eid=3783&completed=3494&timezone=+0000&tlt=5213&version=4.0.12455&mode=iPhoneApp&locale=en_US HTTP/1.1" 200 - "-" "Tales2Go/3.2.0 CFNetwork/609 Darwin/13.0.0"
207.138.192.26 - - [06/Jan/2013:15:09:13 -0800] "GET /FeedDisplay.php?archived&mode=iPhoneApp&fid=1375&episode_id=2285&nfid=2500&uid=37441&version=3.2.0 HTTP/1.1" 200 8533 "-" "Mozilla/5.0 (iPhone; CPU iPhone OS 6_0_1 like Mac OS X) AppleWebKit/536.26 (KHTML, like Gecko) Mobile/10A523"
207.138.192.26 - - [06/Jan/2013:15:09:16 -0800] "GET /GetAd.php?sid=4&timeSinceLastAd=5218&previousFeedId=1375&nextFeedId=2500&tlt=5218&tlf=13&uid=37441&version=4.0.12455&mode=iPhoneApp&locale=en_US HTTP/1.1" 200 22 "-" "Tales2Go/3.2.0 CFNetwork/609 Darwin/13.0.0"
207.138.192.26 - - [06/Jan/2013:15:09:19 -0800] "GET /PostUsage.php?skipped&uid=37441&sid=4&fid=1375&eid=2285&completed=5548&timezone=+0000&tlt=5216&version=4.0.12455&mode=iPhoneApp&locale=en_US HTTP/1.1" 200 - "-" "Tales2Go/3.2.0 CFNetwork/609 Darwin/13.0.0"
207.138.192.26 - - [06/Jan/2013:15:09:19 -0800] "GET /GetAd.php?sid=4&timeSinceLastAd=5221&previousFeedId=1375&nextFeedId=2500&tlt=5221&tlf=13&uid=37441&version=4.0.12455&mode=iPhoneApp&locale=en_US HTTP/1.1" 200 22 "-" "Tales2Go/3.2.0 CFNetwork/609 Darwin/13.0.0"
207.138.192.26 - - [06/Jan/2013:15:09:19 -0800] "GET /FeedDisplay.php?archived&mode=iPhoneApp&fid=2500&episode_id=4074&nfid=1879&uid=37441&version=3.2.0 HTTP/1.1" 200 8718 "-" "Mozilla/5.0 (iPhone; CPU iPhone OS 6_0_1 like Mac OS X) AppleWebKit/536.26 (KHTML, like Gecko) Mobile/10A523"
207.138.192.26 - - [06/Jan/2013:15:09:23 -0800] "GET /GetAd.php?sid=4&timeSinceLastAd=5224&previousFeedId=2500&nextFeedId=1879&tlt=5224&tlf=14&uid=37441&version=4.0.12455&mode=iPhoneApp&locale=en_US HTTP/1.1" 200 22 "-" "Tales2Go/3.2.0 CFNetwork/609 Darwin/13.0.0"
207.138.192.26 - - [06/Jan/2013:15:09:31 -0800] "GET /GetAd.php?sid=4&timeSinceLastAd=5231&previousFeedId=2500&nextFeedId=1879&tlt=5231&tlf=14&uid=37441&version=4.0.12455&mode=iPhoneApp&locale=en_US HTTP/1.1" 200 22 "-" "Tales2Go/3.2.0 CFNetwork/609 Darwin/13.0.0"
207.138.192.26 - - [06/Jan/2013:15:09:31 -0800] "GET /PostUsage.php?skipped&uid=37441&sid=4&fid=2500&eid=4074&completed=10953&timezone=+0000&tlt=5221&version=4.0.12455&mode=iPhoneApp&locale=en_US HTTP/1.1" 200 - "-" "Tales2Go/3.2.0 CFNetwork/609 Darwin/13.0.0"
207.138.192.26 - - [06/Jan/2013:15:09:31 -0800] "GET /FeedDisplay.php?archived&mode=iPhoneApp&fid=1879&episode_id=3301&nfid=108&uid=37441&version=3.2.0 HTTP/1.1" 200 8671 "-" "Mozilla/5.0 (iPhone; CPU iPhone OS 6_0_1 like Mac OS X) AppleWebKit/536.26 (KHTML, like Gecko) Mobile/10A523"
208.113.232.130 - - [06/Jan/2013:15:09:31 -0800] "GET /GetNewSerialNum.php HTTP/1.0" 200 63 "-" "-"
208.113.232.130 - - [06/Jan/2013:15:09:32 -0800] "GET /LoadUserFromUDID.php?markStartup&udid=sn_1005126&version=4.0.12455&mode=desktop&override&locale=en_US HTTP/1.0" 200 58 "-" "-"
207.138.192.26 - - [06/Jan/2013:15:09:35 -0800] "GET /GetAd.php?sid=4&timeSinceLastAd=5235&previousFeedId=1879&nextFeedId=108&tlt=5235&tlf=15&uid=37441&version=4.0.12455&mode=iPhoneApp&locale=en_US HTTP/1.1" 200 22 "-" "Tales2Go/3.2.0 CFNetwork/609 Darwin/13.0.0"
207.138.192.26 - - [06/Jan/2013:15:09:37 -0800] "GET /PostUsage.php?skipped&uid=37441&sid=4&fid=1879&eid=3301&completed=5533&timezone=+0000&tlt=5231&version=4.0.12455&mode=iPhoneApp&locale=en_US HTTP/1.1" 200 - "-" "Tales2Go/3.2.0 CFNetwork/609 Darwin/13.0.0"
207.138.192.26 - - [06/Jan/2013:15:09:37 -0800] "GET /GetAd.php?sid=4&timeSinceLastAd=5236&previousFeedId=1879&nextFeedId=108&tlt=5236&tlf=15&uid=37441&version=4.0.12455&mode=iPhoneApp&locale=en_US HTTP/1.1" 200 22 "-" "Tales2Go/3.2.0 CFNetwork/609 Darwin/13.0.0"
207.138.192.26 - - [06/Jan/2013:15:09:37 -0800] "GET /FeedDisplay.php?archived&mode=iPhoneApp&fid=108&episode_id=120&nfid=644&uid=37441&version=3.2.0 HTTP/1.1" 200 8473 "-" "Mozilla/5.0 (iPhone; CPU iPhone OS 6_0_1 like Mac OS X) AppleWebKit/536.26 (KHTML, like Gecko) Mobile/10A523"
207.138.192.26 - - [06/Jan/2013:15:09:38 -0800] "GET /GetAd.php?sid=4&timeSinceLastAd=5236&previousFeedId=108&nextFeedId=644&tlt=5236&tlf=16&uid=37441&version=4.0.12455&mode=iPhoneApp&locale=en_US HTTP/1.1" 200 22 "-" "Tales2Go/3.2.0 CFNetwork/609 Darwin/13.0.0"
75.191.205.131 - - [06/Jan/2013:15:09:45 -0800] "GET /AddBookmark.php?uid=31728&eid=1009&offset=3748&version=4.0.12455&mode=iPhoneApp&locale=en_US HTTP/1.1" 200 47 "-" "Tales2Go/3.2.0 CFNetwork/548.1.4 Darwin/11.0.0"
207.138.192.26 - - [06/Jan/2013:15:09:50 -0800] "GET /GetStationPlayList.php?s=27&c=9&uid=37441&sid=4&endFeed=0&version=4.0.12455&mode=iPhoneApp&locale=en_US HTTP/1.1" 200 6797 "-" "Tales2Go/3.2.0 CFNetwork/609 Darwin/13.0.0"
207.138.192.26 - - [06/Jan/2013:15:09:52 -0800] "GET /GetAd.php?sid=4&timeSinceLastAd=5243&previousFeedId=108&nextFeedId=575&newStation&tlt=5243&tlf=0&uid=37441&version=4.0.12455&mode=iPhoneApp&locale=en_US HTTP/1.1" 200 22 "-" "Tales2Go/3.2.0 CFNetwork/609 Darwin/13.0.0"
207.138.192.26 - - [06/Jan/2013:15:09:52 -0800] "GET /PostUsage.php?uid=37441&sid=4&fid=108&eid=120&completed=7738&timezone=+0000&tlt=5243&version=4.0.12455&mode=iPhoneApp&locale=en_US HTTP/1.1" 200 - "-" "Tales2Go/3.2.0 CFNetwork/609 Darwin/13.0.0"
207.138.192.26 - - [06/Jan/2013:15:09:52 -0800] "GET /FeedDisplay.php?archived&mode=iPhoneApp&fid=575&episode_id=981&nfid=1875&uid=37441&version=3.2.0 HTTP/1.1" 200 8680 "-" "Mozilla/5.0 (iPhone; CPU iPhone OS 6_0_1 like Mac OS X) AppleWebKit/536.26 (KHTML, like Gecko) Mobile/10A523"
207.138.192.26 - - [06/Jan/2013:15:09:56 -0800] "GET /GetAd.php?sid=4&timeSinceLastAd=5246&previousFeedId=575&nextFeedId=1875&tlt=5246&tlf=1&uid=37441&version=4.0.12455&mode=iPhoneApp&locale=en_US HTTP/1.1" 200 22 "-" "Tales2Go/3.2.0 CFNetwork/609 Darwin/13.0.0"
75.191.205.131 - - [06/Jan/2013:15:11:18 -0800] "GET /AddBookmark.php?uid=31728&eid=1009&offset=3776&version=4.0.12455&mode=iPhoneApp&locale=en_US HTTP/1.1" 200 47 "-" "Tales2Go/3.2.0 CFNetwork/548.1.4 Darwin/11.0.0"
67.242.168.30 - - [06/Jan/2013:15:11:55 -0800] "GET /Search.php?uid=18744&term=goosbmnps&s=0&c=20&version=4.0.12455&mode=iPhoneApp&locale=en_US HTTP/1.1" 200 78 "-" "Tales2Go/3.2.0 CFNetwork/609 Darwin/13.0.0"
98.83.14.98 - - [06/Jan/2013:15:12:08 -0800] "GET /StartupChecks.php?startup&version=4.0.12455&mode=iPhoneApp&locale=en_US HTTP/1.1" 200 246 "-" "Tales2Go/3.2.0 CFNetwork/609 Darwin/13.0.0"
98.83.14.98 - - [06/Jan/2013:15:12:09 -0800] "GET /TransitionUDIDToMACAddr.php?udid=78e95de08b4bcb4f3f77de871ef4319d66152697&mac=14:10:9F:66:53:53&version=4.0.12455&mode=iPhoneApp&locale=en_US HTTP/1.1" 200 121 "-" "Tales2Go/3.2.0 CFNetwork/609 Darwin/13.0.0"
98.83.14.98 - - [06/Jan/2013:15:12:09 -0800] "GET /LoadUserFromUDID.php?markStartup&udid=14:10:9F:66:53:53&version=4.0.12455&mode=iPhoneApp&locale=en_US HTTP/1.1" 200 58 "-" "Tales2Go/3.2.0 CFNetwork/609 Darwin/13.0.0"
98.83.14.98 - - [06/Jan/2013:15:12:10 -0800] "GET /CreateUser.php?markStartup&mode=iPhoneApp&udid=14:10:9F:66:53:53&version=4.0.12455&mode=iPhoneApp&locale=en_US HTTP/1.1" 200 228 "-" "Tales2Go/3.2.0 CFNetwork/609 Darwin/13.0.0"
98.83.14.98 - - [06/Jan/2013:15:12:11 -0800] "GET /SubmitSettings.php?currentId=37903&email=14:10:9F:66:53:53@t2g.t2g&epx=3_A62-AJA48J7CAA60&phone=&optin=0&explicit=1&alertOption=0&alertType=0&alertTimestamp=0.000000&udid=14:10:9F:66:53:53&version=4.0.12455&mode=iPhoneApp&locale=en_US HTTP/1.1" 200 238 "-" "Tales2Go/3.2.0 CFNetwork/609 Darwin/13.0.0"
98.83.14.98 - - [06/Jan/2013:15:12:12 -0800] "GET /GetContentStationList.php?uid=37903&version=4.0.12455&mode=iPhoneApp&locale=en_US HTTP/1.1" 200 6486 "-" "Tales2Go/3.2.0 CFNetwork/609 Darwin/13.0.0"
98.83.14.98 - - [06/Jan/2013:15:12:12 -0800] "GET /LoadUserFromID.php?markStartup&id=37903&udid=14:10:9F:66:53:53&version=4.0.12455&mode=iPhoneApp&locale=en_US HTTP/1.1" 200 263 "-" "Tales2Go/3.2.0 CFNetwork/609 Darwin/13.0.0"
98.83.14.98 - - [06/Jan/2013:15:12:13 -0800] "GET /GetContentStationList.php?uid=37903&version=4.0.12455&mode=iPhoneApp&locale=en_US HTTP/1.1" 200 6486 "-" "Tales2Go/3.2.0 CFNetwork/609 Darwin/13.0.0"
98.83.14.98 - - [06/Jan/2013:15:12:12 -0800] "GET /GetStationListFC.php?uid=37903&version=4.0.12455&mode=iPhoneApp&locale=en_US HTTP/1.1" 200 16492 "-" "Tales2Go/3.2.0 CFNetwork/609 Darwin/13.0.0"
98.83.14.98 - - [06/Jan/2013:15:12:15 -0800] "GET /GetStationListFC.php?uid=37903&version=4.0.12455&mode=iPhoneApp&locale=en_US HTTP/1.1" 200 16492 "-" "Tales2Go/3.2.0 CFNetwork/609 Darwin/13.0.0"
98.83.14.98 - - [06/Jan/2013:15:12:20 -0800] "GET /GetStationPlayList.php?s=0&c=9&uid=37903&sid=34&endFeed=0&version=4.0.12455&mode=iPhoneApp&locale=en_US HTTP/1.1" 200 8391 "-" "Tales2Go/3.2.0 CFNetwork/609 Darwin/13.0.0"
98.83.14.98 - - [06/Jan/2013:15:12:28 -0800] "GET /GetStationPlayList.php?s=0&c=9&uid=37903&sid=6&endFeed=0&version=4.0.12455&mode=iPhoneApp&locale=en_US HTTP/1.1" 200 8106 "-" "Tales2Go/3.2.0 CFNetwork/609 Darwin/13.0.0"
98.83.14.98 - - [06/Jan/2013:15:12:37 -0800] "GET /FeedDisplay.php?archived&mode=iPhoneApp&fid=1865&episode_id=3746&nfid=2869&uid=37903&version=3.2.0 HTTP/1.1" 200 8967 "-" "Mozilla/5.0 (iPod; CPU iPhone OS 6_0 like Mac OS X) AppleWebKit/536.26 (KHTML, like Gecko) Mobile/10A403"
