69.121.52.71 - - [06/Jan/2013:09:27:16 -0800] "GET /FeedDisplay.php?archived&mode=iPhoneApp&fid=2123&episode_id=4967&nfid=2846&uid=37648&version=3.2.0 HTTP/1.1" 200 8451 "-" "Mozilla/5.0 (iPhone; CPU iPhone OS 6_0_1 like Mac OS X) AppleWebKit/536.26 (KHTML, like Gecko) Mobile/10A8426"
69.121.52.71 - - [06/Jan/2013:09:27:18 -0800] "GET /GetAd.php?sid=285&timeSinceLastAd=73&previousFeedId=2123&nextFeedId=2846&tlt=73&tlf=1&uid=37648&version=4.0.12455&mode=iPhoneApp&locale=en_US HTTP/1.1" 200 22 "-" "Tales2Go/3.2.0 CFNetwork/609 Darwin/13.0.0"
69.121.52.71 - - [06/Jan/2013:09:27:20 -0800] "GET /GetAd.php?sid=285&timeSinceLastAd=75&previousFeedId=2123&nextFeedId=2286&newStation&tlt=75&tlf=0&uid=37648&version=4.0.12455&mode=iPhoneApp&locale=en_US HTTP/1.1" 200 22 "-" "Tales2Go/3.2.0 CFNetwork/609 Darwin/13.0.0"
69.121.52.71 - - [06/Jan/2013:09:27:21 -0800] "GET /PostUsage.php?uid=37648&sid=285&fid=2123&eid=4967&completed=3896&timezone=+0000&tlt=75&version=4.0.12455&mode=iPhoneApp&locale=en_US HTTP/1.1" 200 - "-" "Tales2Go/3.2.0 CFNetwork/609 Darwin/13.0.0"
69.121.52.71 - - [06/Jan/2013:09:27:21 -0800] "GET /FeedDisplay.php?archived&mode=iPhoneApp&fid=2286&episode_id=5527&nfid=2123&uid=37648&version=3.2.0 HTTP/1.1" 200 8568 "-" "Mozilla/5.0 (iPhone; CPU iPhone OS 6_0_1 like Mac OS X) AppleWebKit/536.26 (KHTML, like Gecko) Mobile/10A8426"
69.121.52.71 - - [06/Jan/2013:09:27:22 -0800] "GET /GetAd.php?sid=285&timeSinceLastAd=76&previousFeedId=2286&nextFeedId=2123&tlt=76&tlf=1&uid=37648&version=4.0.12455&mode=iPhoneApp&locale=en_US HTTP/1.1" 200 22 "-" "Tales2Go/3.2.0 CFNetwork/609 Darwin/13.0.0"
69.121.52.71 - - [06/Jan/2013:09:27:28 -0800] "GET /GetAd.php?sid=285&timeSinceLastAd=82&previousFeedId=2286&nextFeedId=2388&newStation&tlt=82&tlf=0&uid=37648&version=4.0.12455&mode=iPhoneApp&locale=en_US HTTP/1.1" 200 22 "-" "Tales2Go/3.2.0 CFNetwork/609 Darwin/13.0.0"
69.121.52.71 - - [06/Jan/2013:09:27:28 -0800] "GET /PostUsage.php?uid=37648&sid=285&fid=2286&eid=5527&completed=7446&timezone=+0000&tlt=82&version=4.0.12455&mode=iPhoneApp&locale=en_US HTTP/1.1" 200 - "-" "Tales2Go/3.2.0 CFNetwork/609 Darwin/13.0.0"
69.121.52.71 - - [06/Jan/2013:09:27:30 -0800] "GET /GetAd.php?sid=285&timeSinceLastAd=82&previousFeedId=2388&nextFeedId=2320&tlt=82&tlf=1&uid=37648&version=4.0.12455&mode=iPhoneApp&locale=en_US HTTP/1.1" 200 22 "-" "Tales2Go/3.2.0 CFNetwork/609 Darwin/13.0.0"
69.121.52.71 - - [06/Jan/2013:09:27:30 -0800] "GET /FeedDisplay.php?archived&mode=iPhoneApp&fid=2388&episode_id=5507&nfid=2320&uid=37648&version=3.2.0 HTTP/1.1" 200 8700 "-" "Mozilla/5.0 (iPhone; CPU iPhone OS 6_0_1 like Mac OS X) AppleWebKit/536.26 (KHTML, like Gecko) Mobile/10A8426"
69.121.52.71 - - [06/Jan/2013:09:27:40 -0800] "GET /GetStationPlayList.php?s=0&c=9&uid=37648&sid=6&endFeed=0&version=4.0.12455&mode=iPhoneApp&locale=en_US HTTP/1.1" 200 7080 "-" "Tales2Go/3.2.0 CFNetwork/609 Darwin/13.0.0"
69.121.52.71 - - [06/Jan/2013:09:27:52 -0800] "GET /GetStationPlayList.php?s=0&c=9&uid=37648&sid=14&endFeed=0&version=4.0.12455&mode=iPhoneApp&locale=en_US HTTP/1.1" 200 8519 "-" "Tales2Go/3.2.0 CFNetwork/609 Darwin/13.0.0"
69.121.52.71 - - [06/Jan/2013:09:28:17 -0800] "GET /GetAd.php?sid=285&timeSinceLastAd=130&previousFeedId=2388&nextFeedId=2212&newStation&tlt=130&tlf=0&uid=37648&version=4.0.12455&mode=iPhoneApp&locale=en_US HTTP/1.1" 200 22 "-" "Tales2Go/3.2.0 CFNetwork/609 Darwin/13.0.0"
69.121.52.71 - - [06/Jan/2013:09:28:17 -0800] "GET /PostUsage.php?uid=37648&sid=285&fid=2388&eid=5507&completed=48341&timezone=+0000&tlt=130&version=4.0.12455&mode=iPhoneApp&locale=en_US HTTP/1.1" 200 - "-" "Tales2Go/3.2.0 CFNetwork/609 Darwin/13.0.0"
69.121.52.71 - - [06/Jan/2013:09:28:17 -0800] "GET /FeedDisplay.php?archived&mode=iPhoneApp&fid=2212&episode_id=5039&nfid=2276&uid=37648&version=3.2.0 HTTP/1.1" 200 8524 "-" "Mozilla/5.0 (iPhone; CPU iPhone OS 6_0_1 like Mac OS X) AppleWebKit/536.26 (KHTML, like Gecko) Mobile/10A8426"
69.121.52.71 - - [06/Jan/2013:09:28:22 -0800] "GET /GetAd.php?sid=285&timeSinceLastAd=134&previousFeedId=2212&nextFeedId=2276&tlt=134&tlf=1&uid=37648&version=4.0.12455&mode=iPhoneApp&locale=en_US HTTP/1.1" 200 22 "-" "Tales2Go/3.2.0 CFNetwork/609 Darwin/13.0.0"
108.56.228.50 - - [06/Jan/2013:09:28:23 -0800] "GET /AddBookmark.php?uid=1115&eid=1390&offset=6185&version=4.0.12455&mode=iPhoneApp&locale=en_US HTTP/1.1" 200 47 "-" "Tales2Go/3.2.0 CFNetwork/609 Darwin/13.0.0"
69.121.52.71 - - [06/Jan/2013:09:28:23 -0800] "GET /GetBookmarkList.php?uid=37648&version=4.0.12455&mode=iPhoneApp&locale=en_US HTTP/1.1" 200 55 "-" "Tales2Go/3.2.0 CFNetwork/609 Darwin/13.0.0"
69.121.52.71 - - [06/Jan/2013:09:28:24 -0800] "GET /GetStationPlayList.php?uid=37648&sid=favorites&version=4.0.12455&mode=iPhoneApp&locale=en_US HTTP/1.1" 200 141 "-" "Tales2Go/3.2.0 CFNetwork/609 Darwin/13.0.0"
69.121.52.71 - - [06/Jan/2013:09:28:44 -0800] "GET /GetStationPlayList.php?s=9&c=9&uid=37648&sid=14&endFeed=0&version=4.0.12455&mode=iPhoneApp&locale=en_US HTTP/1.1" 200 11971 "-" "Tales2Go/3.2.0 CFNetwork/609 Darwin/13.0.0"
69.121.52.71 - - [06/Jan/2013:09:28:49 -0800] "GET /GetAd.php?sid=14&timeSinceLastAd=161&previousFeedId=2212&nextFeedId=1514&newStation&tlt=161&tlf=0&uid=37648&version=4.0.12455&mode=iPhoneApp&locale=en_US HTTP/1.1" 200 22 "-" "Tales2Go/3.2.0 CFNetwork/609 Darwin/13.0.0"
69.121.52.71 - - [06/Jan/2013:09:28:49 -0800] "GET /PostUsage.php?uid=37648&sid=285&fid=2212&eid=5039&completed=31598&timezone=+0000&tlt=161&version=4.0.12455&mode=iPhoneApp&locale=en_US HTTP/1.1" 200 - "-" "Tales2Go/3.2.0 CFNetwork/609 Darwin/13.0.0"
69.121.52.71 - - [06/Jan/2013:09:28:49 -0800] "GET /FeedDisplay.php?archived&mode=iPhoneApp&fid=1514&episode_id=2842&nfid=1934&uid=37648&version=3.2.0 HTTP/1.1" 200 8648 "-" "Mozilla/5.0 (iPhone; CPU iPhone OS 6_0_1 like Mac OS X) AppleWebKit/536.26 (KHTML, like Gecko) Mobile/10A8426"
69.121.52.71 - - [06/Jan/2013:09:28:51 -0800] "GET /GetAd.php?sid=14&timeSinceLastAd=162&previousFeedId=1514&nextFeedId=1934&tlt=162&tlf=1&uid=37648&version=4.0.12455&mode=iPhoneApp&locale=en_US HTTP/1.1" 200 22 "-" "Tales2Go/3.2.0 CFNetwork/609 Darwin/13.0.0"
75.191.205.131 - - [06/Jan/2013:09:29:11 -0800] "GET /PostUsage.php?uid=31728&sid=0&fid=718&eid=1005&completed=3180000&timezone=+0000&tlt=2881&version=4.0.12455&mode=iPhoneApp&locale=en_US HTTP/1.1" 200 - "-" "Tales2Go/3.2.0 CFNetwork/548.1.4 Darwin/11.0.0"
69.121.52.71 - - [06/Jan/2013:09:29:19 -0800] "GET /Search.php?uid=37648&term=diary%20&s=0&c=20&version=4.0.12455&mode=iPhoneApp&locale=en_US HTTP/1.1" 200 7916 "-" "Tales2Go/3.2.0 CFNetwork/609 Darwin/13.0.0"
69.121.52.71 - - [06/Jan/2013:09:29:23 -0800] "GET /PostUsage.php?uid=37648&sid=14&fid=1514&eid=2842&completed=33205&timezone=+0000&tlt=161&version=4.0.12455&mode=iPhoneApp&locale=en_US HTTP/1.1" 200 - "-" "Tales2Go/3.2.0 CFNetwork/609 Darwin/13.0.0"
69.121.52.71 - - [06/Jan/2013:09:29:23 -0800] "GET /FeedDisplay.php?archived&mode=iPhoneApp&fid=1420&episode_id=2330&nfid=0&uid=37648&version=3.2.0 HTTP/1.1" 200 9042 "-" "Mozilla/5.0 (iPhone; CPU iPhone OS 6_0_1 like Mac OS X) AppleWebKit/536.26 (KHTML, like Gecko) Mobile/10A8426"
75.191.205.131 - - [06/Jan/2013:09:29:24 -0800] "GET /GetStationPlayList.php?s=0&c=9&uid=31728&sid=3&endFeed=0&version=4.0.12455&mode=iPhoneApp&locale=en_US HTTP/1.1" 200 6294 "-" "Tales2Go/3.2.0 CFNetwork/548.1.4 Darwin/11.0.0"
75.191.205.131 - - [06/Jan/2013:09:29:29 -0800] "GET /GetAd.php?sid=3&timeSinceLastAd=2881&previousFeedId=0&nextFeedId=2457&newStation&tlt=2881&tlf=0&uid=31728&version=4.0.12455&mode=iPhoneApp&locale=en_US HTTP/1.1" 200 22 "-" "Tales2Go/3.2.0 CFNetwork/548.1.4 Darwin/11.0.0"
69.121.52.71 - - [06/Jan/2013:09:29:29 -0800] "GET /PostUsage.php?uid=37648&sid=35&fid=1420&eid=2330&completed=5801&timezone=+0000&tlt=161&version=4.0.12455&mode=iPhoneApp&locale=en_US HTTP/1.1" 200 - "-" "Tales2Go/3.2.0 CFNetwork/609 Darwin/13.0.0"
69.121.52.71 - - [06/Jan/2013:09:29:29 -0800] "GET /FeedDisplay.php?archived&mode=iPhoneApp&fid=2822&episode_id=5165&nfid=0&uid=37648&version=3.2.0 HTTP/1.1" 200 9512 "-" "Mozilla/5.0 (iPhone; CPU iPhone OS 6_0_1 like Mac OS X) AppleWebKit/536.26 (KHTML, like Gecko) Mobile/10A8426"
75.191.205.131 - - [06/Jan/2013:09:29:29 -0800] "GET /FeedDisplay.php?archived&mode=iPhoneApp&fid=2457&episode_id=4030&nfid=2703&uid=31728&version=3.2.0 HTTP/1.1" 200 8468 "-" "Mozilla/5.0 (iPhone; CPU iPhone OS 5_1 like Mac OS X) AppleWebKit/534.46 (KHTML, like Gecko) Mobile/9B176"
75.191.205.131 - - [06/Jan/2013:09:29:31 -0800] "GET /GetAd.php?sid=3&timeSinceLastAd=2881&previousFeedId=2457&nextFeedId=2703&tlt=2881&tlf=1&uid=31728&version=4.0.12455&mode=iPhoneApp&locale=en_US HTTP/1.1" 200 22 "-" "Tales2Go/3.2.0 CFNetwork/548.1.4 Darwin/11.0.0"
75.191.205.131 - - [06/Jan/2013:09:29:33 -0800] "GET /PostUsage.php?skipped&uid=31728&sid=3&fid=2457&eid=4030&completed=2989&timezone=+0000&tlt=2881&version=4.0.12455&mode=iPhoneApp&locale=en_US HTTP/1.1" 200 - "-" "Tales2Go/3.2.0 CFNetwork/548.1.4 Darwin/11.0.0"
75.191.205.131 - - [06/Jan/2013:09:29:33 -0800] "GET /GetAd.php?sid=3&timeSinceLastAd=2883&previousFeedId=2457&nextFeedId=2703&tlt=2883&tlf=1&uid=31728&version=4.0.12455&mode=iPhoneApp&locale=en_US HTTP/1.1" 200 22 "-" "Tales2Go/3.2.0 CFNetwork/548.1.4 Darwin/11.0.0"
75.191.205.131 - - [06/Jan/2013:09:29:34 -0800] "GET /FeedDisplay.php?archived&mode=iPhoneApp&fid=2703&episode_id=4728&nfid=2675&uid=31728&version=3.2.0 HTTP/1.1" 200 8486 "-" "Mozilla/5.0 (iPhone; CPU iPhone OS 5_1 like Mac OS X) AppleWebKit/534.46 (KHTML, like Gecko) Mobile/9B176"
75.191.205.131 - - [06/Jan/2013:09:29:34 -0800] "GET /GetAd.php?sid=3&timeSinceLastAd=2883&previousFeedId=2703&nextFeedId=2675&tlt=2883&tlf=2&uid=31728&version=4.0.12455&mode=iPhoneApp&locale=en_US HTTP/1.1" 200 22 "-" "Tales2Go/3.2.0 CFNetwork/548.1.4 Darwin/11.0.0"
69.121.52.71 - - [06/Jan/2013:09:29:35 -0800] "GET /GetAd.php?sid=0&timeSinceLastAd=166&previousFeedId=2822&nextFeedId=0&tlt=166&tlf=1&uid=37648&version=4.0.12455&mode=iPhoneApp&locale=en_US HTTP/1.1" 200 22 "-" "Tales2Go/3.2.0 CFNetwork/609 Darwin/13.0.0"
69.121.52.71 - - [06/Jan/2013:09:29:35 -0800] "GET /PostUsage.php?uid=37648&sid=0&fid=2822&eid=5165&completed=5941&timezone=+0000&tlt=161&version=4.0.12455&mode=iPhoneApp&locale=en_US HTTP/1.1" 200 - "-" "Tales2Go/3.2.0 CFNetwork/609 Darwin/13.0.0"
69.121.52.71 - - [06/Jan/2013:09:29:36 -0800] "GET /FeedDisplay.php?archived&mode=iPhoneApp&fid=926&episode_id=1227&nfid=0&uid=37648&version=3.2.0 HTTP/1.1" 200 9085 "-" "Mozilla/5.0 (iPhone; CPU iPhone OS 6_0_1 like Mac OS X) AppleWebKit/536.26 (KHTML, like Gecko) Mobile/10A8426"
69.121.52.71 - - [06/Jan/2013:09:29:40 -0800] "GET /GetAd.php?sid=0&timeSinceLastAd=165&previousFeedId=926&nextFeedId=0&tlt=165&tlf=1&uid=37648&version=4.0.12455&mode=iPhoneApp&locale=en_US HTTP/1.1" 200 22 "-" "Tales2Go/3.2.0 CFNetwork/609 Darwin/13.0.0"
67.172.197.244 - - [06/Jan/2013:09:30:20 -0800] "GET /GetStationPlayList.php?s=0&c=9&uid=18663&sid=46&endFeed=0&version=4.0.12455&mode=iPhoneApp&locale=en_US HTTP/1.1" 200 6867 "-" "Tales2Go/3.2.0 CFNetwork/548.1.4 Darwin/11.0.0"
67.172.197.244 - - [06/Jan/2013:09:30:34 -0800] "GET /GetAd.php?sid=46&timeSinceLastAd=3482&previousFeedId=0&nextFeedId=2834&newStation&tlt=3482&tlf=0&uid=18663&version=4.0.12455&mode=iPhoneApp&locale=en_US HTTP/1.1" 200 22 "-" "Tales2Go/3.2.0 CFNetwork/548.1.4 Darwin/11.0.0"
67.172.197.244 - - [06/Jan/2013:09:30:35 -0800] "GET /FeedDisplay.php?archived&mode=iPhoneApp&fid=2834&episode_id=5379&nfid=356&uid=18663&version=3.2.0 HTTP/1.1" 200 8560 "-" "Mozilla/5.0 (iPod; CPU iPhone OS 5_1_1 like Mac OS X) AppleWebKit/534.46 (KHTML, like Gecko) Mobile/9B206"
67.172.197.244 - - [06/Jan/2013:09:30:39 -0800] "GET /GetAd.php?sid=46&timeSinceLastAd=3483&previousFeedId=2834&nextFeedId=356&tlt=3483&tlf=1&uid=18663&version=4.0.12455&mode=iPhoneApp&locale=en_US HTTP/1.1" 200 22 "-" "Tales2Go/3.2.0 CFNetwork/548.1.4 Darwin/11.0.0"
75.191.205.131 - - [06/Jan/2013:09:30:46 -0800] "GET /GetAd.php?sid=3&timeSinceLastAd=2954&previousFeedId=2703&nextFeedId=2675&tlt=2954&tlf=2&uid=31728&version=4.0.12455&mode=iPhoneApp&locale=en_US HTTP/1.1" 200 22 "-" "Tales2Go/3.2.0 CFNetwork/548.1.4 Darwin/11.0.0"
75.191.205.131 - - [06/Jan/2013:09:30:47 -0800] "GET /PostUsage.php?uid=31728&sid=3&fid=2703&eid=4728&completed=71937&timezone=+0000&tlt=2954&version=4.0.12455&mode=iPhoneApp&locale=en_US HTTP/1.1" 200 - "-" "Tales2Go/3.2.0 CFNetwork/548.1.4 Darwin/11.0.0"
75.191.205.131 - - [06/Jan/2013:09:30:47 -0800] "GET /FeedDisplay.php?archived&mode=iPhoneApp&fid=2675&episode_id=4700&nfid=1320&uid=31728&version=3.2.0 HTTP/1.1" 200 8484 "-" "Mozilla/5.0 (iPhone; CPU iPhone OS 5_1 like Mac OS X) AppleWebKit/534.46 (KHTML, like Gecko) Mobile/9B176"
75.191.205.131 - - [06/Jan/2013:09:30:48 -0800] "GET /GetAd.php?sid=3&timeSinceLastAd=2954&previousFeedId=2675&nextFeedId=1320&tlt=2954&tlf=3&uid=31728&version=4.0.12455&mode=iPhoneApp&locale=en_US HTTP/1.1" 200 22 "-" "Tales2Go/3.2.0 CFNetwork/548.1.4 Darwin/11.0.0"
199.36.95.212 - - [06/Jan/2013:09:30:52 -0800] "GET /StartupChecks.php?startup&uid=37357&version=4.0.12455&mode=iPhoneApp&locale=en_US HTTP/1.1" 200 289 "-" "Tales2Go/3.2.0 CFNetwork/609 Darwin/13.0.0"
199.36.95.212 - - [06/Jan/2013:09:30:52 -0800] "GET /LoadUserFromID.php?markStartup&id=37357&udid=B8:17:C2:1D:1C:DC&version=4.0.12455&mode=iPhoneApp&locale=en_US HTTP/1.1" 200 263 "-" "Tales2Go/3.2.0 CFNetwork/609 Darwin/13.0.0"
199.36.95.212 - - [06/Jan/2013:09:30:53 -0800] "GET /GetContentStationList.php?uid=37357&version=4.0.12455&mode=iPhoneApp&locale=en_US HTTP/1.1" 200 6486 "-" "Tales2Go/3.2.0 CFNetwork/609 Darwin/13.0.0"
75.191.205.131 - - [06/Jan/2013:09:30:53 -0800] "GET /PostUsage.php?skipped&uid=31728&sid=3&fid=2675&eid=4700&completed=5892&timezone=+0000&tlt=2954&version=4.0.12455&mode=iPhoneApp&locale=en_US HTTP/1.1" 200 - "-" "Tales2Go/3.2.0 CFNetwork/548.1.4 Darwin/11.0.0"
75.191.205.131 - - [06/Jan/2013:09:30:53 -0800] "GET /GetAd.php?sid=3&timeSinceLastAd=2959&previousFeedId=2675&nextFeedId=1320&tlt=2959&tlf=3&uid=31728&version=4.0.12455&mode=iPhoneApp&locale=en_US HTTP/1.1" 200 22 "-" "Tales2Go/3.2.0 CFNetwork/548.1.4 Darwin/11.0.0"
75.191.205.131 - - [06/Jan/2013:09:30:54 -0800] "GET /FeedDisplay.php?archived&mode=iPhoneApp&fid=1320&episode_id=2234&nfid=2671&uid=31728&version=3.2.0 HTTP/1.1" 200 8576 "-" "Mozilla/5.0 (iPhone; CPU iPhone OS 5_1 like Mac OS X) AppleWebKit/534.46 (KHTML, like Gecko) Mobile/9B176"
199.36.95.212 - - [06/Jan/2013:09:30:53 -0800] "GET /GetStationListFC.php?uid=37357&version=4.0.12455&mode=iPhoneApp&locale=en_US HTTP/1.1" 200 16492 "-" "Tales2Go/3.2.0 CFNetwork/609 Darwin/13.0.0"
75.191.205.131 - - [06/Jan/2013:09:30:55 -0800] "GET /GetAd.php?sid=3&timeSinceLastAd=2959&previousFeedId=1320&nextFeedId=2671&tlt=2959&tlf=4&uid=31728&version=4.0.12455&mode=iPhoneApp&locale=en_US HTTP/1.1" 200 22 "-" "Tales2Go/3.2.0 CFNetwork/548.1.4 Darwin/11.0.0"
199.36.95.212 - - [06/Jan/2013:09:31:02 -0800] "GET /GetBookmarkList.php?uid=37357&version=4.0.12455&mode=iPhoneApp&locale=en_US HTTP/1.1" 200 5328 "-" "Tales2Go/3.2.0 CFNetwork/609 Darwin/13.0.0"
75.191.205.131 - - [06/Jan/2013:09:31:02 -0800] "GET /PostUsage.php?skipped&uid=31728&sid=3&fid=1320&eid=2234&completed=8065&timezone=+0000&tlt=2959&version=4.0.12455&mode=iPhoneApp&locale=en_US HTTP/1.1" 200 - "-" "Tales2Go/3.2.0 CFNetwork/548.1.4 Darwin/11.0.0"
75.191.205.131 - - [06/Jan/2013:09:31:03 -0800] "GET /GetAd.php?sid=3&timeSinceLastAd=2967&previousFeedId=1320&nextFeedId=2671&tlt=2967&tlf=4&uid=31728&version=4.0.12455&mode=iPhoneApp&locale=en_US HTTP/1.1" 200 22 "-" "Tales2Go/3.2.0 CFNetwork/548.1.4 Darwin/11.0.0"
75.191.205.131 - - [06/Jan/2013:09:31:03 -0800] "GET /FeedDisplay.php?archived&mode=iPhoneApp&fid=2671&episode_id=4696&nfid=622&uid=31728&version=3.2.0 HTTP/1.1" 200 8486 "-" "Mozilla/5.0 (iPhone; CPU iPhone OS 5_1 like Mac OS X) AppleWebKit/534.46 (KHTML, like Gecko) Mobile/9B176"
75.191.205.131 - - [06/Jan/2013:09:31:04 -0800] "GET /GetAd.php?sid=3&timeSinceLastAd=2967&previousFeedId=2671&nextFeedId=622&tlt=2967&tlf=5&uid=31728&version=4.0.12455&mode=iPhoneApp&locale=en_US HTTP/1.1" 200 22 "-" "Tales2Go/3.2.0 CFNetwork/548.1.4 Darwin/11.0.0"
199.36.95.212 - - [06/Jan/2013:09:31:06 -0800] "GET /FeedDisplay.php?archived&mode=iPhoneApp&fid=1438&episode_id=2447&nfid=0&uid=37357&version=3.2.0 HTTP/1.1" 200 9167 "-" "Mozilla/5.0 (iPhone; CPU iPhone OS 6_0 like Mac OS X) AppleWebKit/536.26 (KHTML, like Gecko) Mobile/10A403"
199.36.95.212 - - [06/Jan/2013:09:31:08 -0800] "GET /images/ajax-loader.gif HTTP/1.1" 200 1849 "http://t2g.stitcher.com/FeedDisplay.php?archived&mode=iPhoneApp&fid=1438&episode_id=2447&nfid=0&uid=37357&version=3.2.0" "Mozilla/5.0 (iPhone; CPU iPhone OS 6_0 like Mac OS X) AppleWebKit/536.26 (KHTML, like Gecko) Mobile/10A403"
199.36.95.212 - - [06/Jan/2013:09:31:08 -0800] "GET /images/t2g_ratings_color_active.png HTTP/1.1" 200 985 "http://t2g.stitcher.com/FeedDisplay.php?archived&mode=iPhoneApp&fid=1438&episode_id=2447&nfid=0&uid=37357&version=3.2.0" "Mozilla/5.0 (iPhone; CPU iPhone OS 6_0 like Mac OS X) AppleWebKit/536.26 (KHTML, like Gecko) Mobile/10A403"
199.36.95.212 - - [06/Jan/2013:09:31:09 -0800] "GET /images/t2g_ratings_gray_active.png HTTP/1.1" 200 1196 "http://t2g.stitcher.com/FeedDisplay.php?archived&mode=iPhoneApp&fid=1438&episode_id=2447&nfid=0&uid=37357&version=3.2.0" "Mozilla/5.0 (iPhone; CPU iPhone OS 6_0 like Mac OS X) AppleWebKit/536.26 (KHTML, like Gecko) Mobile/10A403"
199.36.95.212 - - [06/Jan/2013:09:31:10 -0800] "GET /images/t2g_ratings_gray.png HTTP/1.1" 200 1215 "http://t2g.stitcher.com/FeedDisplay.php?archived&mode=iPhoneApp&fid=1438&episode_id=2447&nfid=0&uid=37357&version=3.2.0" "Mozilla/5.0 (iPhone; CPU iPhone OS 6_0 like Mac OS X) AppleWebKit/536.26 (KHTML, like Gecko) Mobile/10A403"
199.36.95.212 - - [06/Jan/2013:09:31:10 -0800] "GET /images/t2g_ratings_color.png HTTP/1.1" 200 997 "http://t2g.stitcher.com/FeedDisplay.php?archived&mode=iPhoneApp&fid=1438&episode_id=2447&nfid=0&uid=37357&version=3.2.0" "Mozilla/5.0 (iPhone; CPU iPhone OS 6_0 like Mac OS X) AppleWebKit/536.26 (KHTML, like Gecko) Mobile/10A403"
199.36.95.212 - - [06/Jan/2013:09:31:15 -0800] "GET /GetAd.php?sid=0&timeSinceLastAd=833&previousFeedId=1438&nextFeedId=0&tlt=833&tlf=1&uid=37357&version=4.0.12455&mode=iPhoneApp&locale=en_US HTTP/1.1" 200 22 "-" "Tales2Go/3.2.0 CFNetwork/609 Darwin/13.0.0"
75.191.205.131 - - [06/Jan/2013:09:32:05 -0800] "GET /GetAd.php?sid=3&timeSinceLastAd=3028&previousFeedId=2671&nextFeedId=622&tlt=3028&tlf=5&uid=31728&version=4.0.12455&mode=iPhoneApp&locale=en_US HTTP/1.1" 200 22 "-" "Tales2Go/3.2.0 CFNetwork/548.1.4 Darwin/11.0.0"
75.191.205.131 - - [06/Jan/2013:09:32:06 -0800] "GET /PostUsage.php?uid=31728&sid=3&fid=2671&eid=4696&completed=61651&timezone=+0000&tlt=3028&version=4.0.12455&mode=iPhoneApp&locale=en_US HTTP/1.1" 200 - "-" "Tales2Go/3.2.0 CFNetwork/548.1.4 Darwin/11.0.0"
75.191.205.131 - - [06/Jan/2013:09:32:06 -0800] "GET /FeedDisplay.php?archived&mode=iPhoneApp&fid=622&episode_id=1329&nfid=2509&uid=31728&version=3.2.0 HTTP/1.1" 200 8577 "-" "Mozilla/5.0 (iPhone; CPU iPhone OS 5_1 like Mac OS X) AppleWebKit/534.46 (KHTML, like Gecko) Mobile/9B176"
75.191.205.131 - - [06/Jan/2013:09:32:07 -0800] "GET /GetAd.php?sid=3&timeSinceLastAd=3028&previousFeedId=622&nextFeedId=2509&tlt=3028&tlf=6&uid=31728&version=4.0.12455&mode=iPhoneApp&locale=en_US HTTP/1.1" 200 22 "-" "Tales2Go/3.2.0 CFNetwork/548.1.4 Darwin/11.0.0"
24.255.254.112 - - [06/Jan/2013:09:32:51 -0800] "GET /StartupChecks.php?startup&version=4.0.12455&mode=iPhoneApp&locale=en_US HTTP/1.1" 200 246 "-" "Tales2Go/3.2.0 CFNetwork/609 Darwin/13.0.0"
24.255.254.112 - - [06/Jan/2013:09:32:51 -0800] "GET /TransitionUDIDToMACAddr.php?udid=213d94a80a62b8bd890ae8dbcbf9784ed6187df3&mac=F0:B4:79:8E:06:9A&version=4.0.12455&mode=iPhoneApp&locale=en_US HTTP/1.1" 200 121 "-" "Tales2Go/3.2.0 CFNetwork/609 Darwin/13.0.0"
24.255.254.112 - - [06/Jan/2013:09:32:51 -0800] "GET /LoadUserFromUDID.php?markStartup&udid=F0:B4:79:8E:06:9A&version=4.0.12455&mode=iPhoneApp&locale=en_US HTTP/1.1" 200 58 "-" "Tales2Go/3.2.0 CFNetwork/609 Darwin/13.0.0"
24.255.254.112 - - [06/Jan/2013:09:32:52 -0800] "GET /CreateUser.php?markStartup&mode=iPhoneApp&udid=F0:B4:79:8E:06:9A&version=4.0.12455&mode=iPhoneApp&locale=en_US HTTP/1.1" 200 228 "-" "Tales2Go/3.2.0 CFNetwork/609 Darwin/13.0.0"
24.255.254.112 - - [06/Jan/2013:09:32:53 -0800] "GET /SubmitSettings.php?currentId=37859&email=F0:B4:79:8E:06:9A@t2g.t2g&epx=M7AL6--8A6LJ2FAEIJ&phone=&optin=0&explicit=1&alertOption=0&alertType=0&alertTimestamp=0.000000&udid=F0:B4:79:8E:06:9A&version=4.0.12455&mode=iPhoneApp&locale=en_US HTTP/1.1" 200 238 "-" "Tales2Go/3.2.0 CFNetwork/609 Darwin/13.0.0"
24.255.254.112 - - [06/Jan/2013:09:32:53 -0800] "GET /GetContentStationList.php?uid=37859&version=4.0.12455&mode=iPhoneApp&locale=en_US HTTP/1.1" 200 6486 "-" "Tales2Go/3.2.0 CFNetwork/609 Darwin/13.0.0"
24.255.254.112 - - [06/Jan/2013:09:32:53 -0800] "GET /LoadUserFromID.php?markStartup&id=37859&udid=F0:B4:79:8E:06:9A&version=4.0.12455&mode=iPhoneApp&locale=en_US HTTP/1.1" 200 263 "-" "Tales2Go/3.2.0 CFNetwork/609 Darwin/13.0.0"
24.255.254.112 - - [06/Jan/2013:09:32:54 -0800] "GET /GetContentStationList.php?uid=37859&version=4.0.12455&mode=iPhoneApp&locale=en_US HTTP/1.1" 200 6486 "-" "Tales2Go/3.2.0 CFNetwork/609 Darwin/13.0.0"
24.255.254.112 - - [06/Jan/2013:09:32:53 -0800] "GET /GetStationListFC.php?uid=37859&version=4.0.12455&mode=iPhoneApp&locale=en_US HTTP/1.1" 200 16492 "-" "Tales2Go/3.2.0 CFNetwork/609 Darwin/13.0.0"
24.255.254.112 - - [06/Jan/2013:09:32:56 -0800] "GET /GetStationListFC.php?uid=37859&version=4.0.12455&mode=iPhoneApp&locale=en_US HTTP/1.1" 200 16492 "-" "Tales2Go/3.2.0 CFNetwork/609 Darwin/13.0.0"
24.255.254.112 - - [06/Jan/2013:09:33:21 -0800] "GET /GetStationPlayList.php?s=0&c=9&uid=37859&sid=14&endFeed=0&version=4.0.12455&mode=iPhoneApp&locale=en_US HTTP/1.1" 200 8726 "-" "Tales2Go/3.2.0 CFNetwork/609 Darwin/13.0.0"
24.255.254.112 - - [06/Jan/2013:09:33:32 -0800] "GET /GetStationPlayList.php?s=9&c=9&uid=37859&sid=14&endFeed=0&version=4.0.12455&mode=iPhoneApp&locale=en_US HTTP/1.1" 200 8074 "-" "Tales2Go/3.2.0 CFNetwork/609 Darwin/13.0.0"
184.90.152.29 - - [06/Jan/2013:09:33:35 -0800] "GET /StartupChecks.php?startup&version=4.0.12455&mode=iPhoneApp&locale=en_US HTTP/1.1" 200 246 "-" "Tales2Go/3.2.0 CFNetwork/609 Darwin/13.0.0"
184.90.152.29 - - [06/Jan/2013:09:33:35 -0800] "GET /TransitionUDIDToMACAddr.php?udid=53814695041d5afed3f1827321b9696549814c5e&mac=34:51:C9:9D:24:13&version=4.0.12455&mode=iPhoneApp&locale=en_US HTTP/1.1" 200 121 "-" "Tales2Go/3.2.0 CFNetwork/609 Darwin/13.0.0"
184.90.152.29 - - [06/Jan/2013:09:33:36 -0800] "GET /LoadUserFromUDID.php?markStartup&udid=34:51:C9:9D:24:13&version=4.0.12455&mode=iPhoneApp&locale=en_US HTTP/1.1" 200 58 "-" "Tales2Go/3.2.0 CFNetwork/609 Darwin/13.0.0"
184.90.152.29 - - [06/Jan/2013:09:33:36 -0800] "GET /CreateUser.php?markStartup&mode=iPhoneApp&udid=34:51:C9:9D:24:13&version=4.0.12455&mode=iPhoneApp&locale=en_US HTTP/1.1" 200 228 "-" "Tales2Go/3.2.0 CFNetwork/609 Darwin/13.0.0"
184.90.152.29 - - [06/Jan/2013:09:33:36 -0800] "GET /SubmitSettings.php?currentId=37860&email=34:51:C9:9D:24:13@t2g.t2g&epx=5_A-3-K8A7KJ4DA862&phone=&optin=0&explicit=1&alertOption=0&alertType=0&alertTimestamp=0.000000&udid=34:51:C9:9D:24:13&version=4.0.12455&mode=iPhoneApp&locale=en_US HTTP/1.1" 200 238 "-" "Tales2Go/3.2.0 CFNetwork/609 Darwin/13.0.0"
24.255.254.112 - - [06/Jan/2013:09:33:37 -0800] "GET /GetBookmarkList.php?uid=37859&version=4.0.12455&mode=iPhoneApp&locale=en_US HTTP/1.1" 200 55 "-" "Tales2Go/3.2.0 CFNetwork/609 Darwin/13.0.0"
184.90.152.29 - - [06/Jan/2013:09:33:37 -0800] "GET /LoadUserFromID.php?markStartup&id=37860&udid=34:51:C9:9D:24:13&version=4.0.12455&mode=iPhoneApp&locale=en_US HTTP/1.1" 200 263 "-" "Tales2Go/3.2.0 CFNetwork/609 Darwin/13.0.0"
184.90.152.29 - - [06/Jan/2013:09:33:37 -0800] "GET /GetContentStationList.php?uid=37860&version=4.0.12455&mode=iPhoneApp&locale=en_US HTTP/1.1" 200 6486 "-" "Tales2Go/3.2.0 CFNetwork/609 Darwin/13.0.0"
184.90.152.29 - - [06/Jan/2013:09:33:38 -0800] "GET /GetContentStationList.php?uid=37860&version=4.0.12455&mode=iPhoneApp&locale=en_US HTTP/1.1" 200 6486 "-" "Tales2Go/3.2.0 CFNetwork/609 Darwin/13.0.0"
184.90.152.29 - - [06/Jan/2013:09:33:37 -0800] "GET /GetStationListFC.php?uid=37860&version=4.0.12455&mode=iPhoneApp&locale=en_US HTTP/1.1" 200 16492 "-" "Tales2Go/3.2.0 CFNetwork/609 Darwin/13.0.0"
184.90.152.29 - - [06/Jan/2013:09:33:39 -0800] "GET /GetStationListFC.php?uid=37860&version=4.0.12455&mode=iPhoneApp&locale=en_US HTTP/1.1" 200 16492 "-" "Tales2Go/3.2.0 CFNetwork/609 Darwin/13.0.0"
184.90.152.29 - - [06/Jan/2013:09:34:11 -0800] "GET /GetStationPlayList.php?s=0&c=9&uid=37860&sid=4&endFeed=0&version=4.0.12455&mode=iPhoneApp&locale=en_US HTTP/1.1" 200 5882 "-" "Tales2Go/3.2.0 CFNetwork/609 Darwin/13.0.0"
184.90.152.29 - - [06/Jan/2013:09:34:14 -0800] "GET /FeedDisplay.php?archived&mode=iPhoneApp&fid=1527&episode_id=4053&nfid=1644&uid=37860&version=3.2.0 HTTP/1.1" 200 8641 "-" "Mozilla/5.0 (iPhone; CPU iPhone OS 6_0_1 like Mac OS X) AppleWebKit/536.26 (KHTML, like Gecko) Mobile/10A523"
184.90.152.29 - - [06/Jan/2013:09:34:14 -0800] "GET /images/t2g_ratings_color_active.png HTTP/1.1" 200 985 "http://t2g.stitcher.com/FeedDisplay.php?archived&mode=iPhoneApp&fid=1527&episode_id=4053&nfid=1644&uid=37860&version=3.2.0" "Mozilla/5.0 (iPhone; CPU iPhone OS 6_0_1 like Mac OS X) AppleWebKit/536.26 (KHTML, like Gecko) Mobile/10A523"
184.90.152.29 - - [06/Jan/2013:09:34:14 -0800] "GET /images/t2g_ratings_gray_active.png HTTP/1.1" 200 1196 "http://t2g.stitcher.com/FeedDisplay.php?archived&mode=iPhoneApp&fid=1527&episode_id=4053&nfid=1644&uid=37860&version=3.2.0" "Mozilla/5.0 (iPhone; CPU iPhone OS 6_0_1 like Mac OS X) AppleWebKit/536.26 (KHTML, like Gecko) Mobile/10A523"
184.90.152.29 - - [06/Jan/2013:09:34:14 -0800] "GET /images/t2g_ratings_gray.png HTTP/1.1" 200 1215 "http://t2g.stitcher.com/FeedDisplay.php?archived&mode=iPhoneApp&fid=1527&episode_id=4053&nfid=1644&uid=37860&version=3.2.0" "Mozilla/5.0 (iPhone; CPU iPhone OS 6_0_1 like Mac OS X) AppleWebKit/536.26 (KHTML, like Gecko) Mobile/10A523"
184.90.152.29 - - [06/Jan/2013:09:34:14 -0800] "GET /images/t2g_ratings_color.png HTTP/1.1" 200 997 "http://t2g.stitcher.com/FeedDisplay.php?archived&mode=iPhoneApp&fid=1527&episode_id=4053&nfid=1644&uid=37860&version=3.2.0" "Mozilla/5.0 (iPhone; CPU iPhone OS 6_0_1 like Mac OS X) AppleWebKit/536.26 (KHTML, like Gecko) Mobile/10A523"
184.90.152.29 - - [06/Jan/2013:09:34:14 -0800] "GET /images/ajax-loader.gif HTTP/1.1" 200 1849 "http://t2g.stitcher.com/FeedDisplay.php?archived&mode=iPhoneApp&fid=1527&episode_id=4053&nfid=1644&uid=37860&version=3.2.0" "Mozilla/5.0 (iPhone; CPU iPhone OS 6_0_1 like Mac OS X) AppleWebKit/536.26 (KHTML, like Gecko) Mobile/10A523"
24.255.254.112 - - [06/Jan/2013:09:34:31 -0800] "GET /Search.php?uid=37859&term=I%20new%20you%20were%20trouble%20when%20you%20walked%20in&s=0&c=20&version=4.0.12455&mode=iPhoneApp&locale=en_US HTTP/1.1" 200 15892 "-" "Tales2Go/3.2.0 CFNetwork/609 Darwin/13.0.0"
184.90.152.29 - - [06/Jan/2013:09:34:36 -0800] "GET /GetAd.php?sid=4&timeSinceLastAd=21&previousFeedId=1527&nextFeedId=1644&tlt=21&tlf=1&uid=37860&version=4.0.12455&mode=iPhoneApp&locale=en_US HTTP/1.1" 200 22 "-" "Tales2Go/3.2.0 CFNetwork/609 Darwin/13.0.0"
184.90.152.29 - - [06/Jan/2013:09:34:36 -0800] "GET /PostUsage.php?skipped&uid=37860&sid=4&fid=1527&eid=4053&completed=21344&timezone=+0000&tlt=21&version=4.0.12455&mode=iPhoneApp&locale=en_US HTTP/1.1" 200 - "-" "Tales2Go/3.2.0 CFNetwork/609 Darwin/13.0.0"
184.90.152.29 - - [06/Jan/2013:09:34:36 -0800] "GET /FeedDisplay.php?archived&mode=iPhoneApp&fid=1644&episode_id=3138&nfid=94&uid=37860&version=3.2.0 HTTP/1.1" 200 8527 "-" "Mozilla/5.0 (iPhone; CPU iPhone OS 6_0_1 like Mac OS X) AppleWebKit/536.26 (KHTML, like Gecko) Mobile/10A523"
24.116.83.187 - - [06/Jan/2013:09:34:39 -0800] "GET /StartupChecks.php?startup&uid=14928&version=4.0.12455&mode=iPhoneApp&locale=en_US HTTP/1.1" 200 289 "-" "Tales2Go%20-%20Old%20Version/2.2.12455 CFNetwork/609 Darwin/13.0.0"
24.116.83.187 - - [06/Jan/2013:09:34:40 -0800] "GET /LoadUserFromID.php?markStartup&id=14928&udid=0d5f81e4eea7e3d488e933c5337c48590ed08a50&version=4.0.12455&mode=iPhoneApp&locale=en_US HTTP/1.1" 200 252 "-" "Tales2Go%20-%20Old%20Version/2.2.12455 CFNetwork/609 Darwin/13.0.0"
24.116.83.187 - - [06/Jan/2013:09:34:40 -0800] "GET /GetContentStationList.php?uid=14928&version=4.0.12455&mode=iPhoneApp&locale=en_US HTTP/1.1" 200 6486 "-" "Tales2Go%20-%20Old%20Version/2.2.12455 CFNetwork/609 Darwin/13.0.0"
184.90.152.29 - - [06/Jan/2013:09:34:41 -0800] "GET /GetAd.php?sid=4&timeSinceLastAd=25&previousFeedId=1644&nextFeedId=94&tlt=25&tlf=2&uid=37860&version=4.0.12455&mode=iPhoneApp&locale=en_US HTTP/1.1" 200 22 "-" "Tales2Go/3.2.0 CFNetwork/609 Darwin/13.0.0"
24.116.83.187 - - [06/Jan/2013:09:34:40 -0800] "GET /GetStationList.php?uid=14928&version=4.0.12455&mode=iPhoneApp&locale=en_US HTTP/1.1" 200 16492 "-" "Tales2Go%20-%20Old%20Version/2.2.12455 CFNetwork/609 Darwin/13.0.0"
24.255.254.112 - - [06/Jan/2013:09:34:44 -0800] "GET /FeedDisplay.php?archived&mode=iPhoneApp&fid=457&episode_id=696&nfid=0&uid=37859&version=3.2.0 HTTP/1.1" 200 8461 "-" "Mozilla/5.0 (iPod; CPU iPhone OS 6_0_1 like Mac OS X) AppleWebKit/536.26 (KHTML, like Gecko) Mobile/10A523"
24.255.254.112 - - [06/Jan/2013:09:34:45 -0800] "GET /images/t2g_ratings_color_active.png HTTP/1.1" 200 985 "http://t2g.stitcher.com/FeedDisplay.php?archived&mode=iPhoneApp&fid=457&episode_id=696&nfid=0&uid=37859&version=3.2.0" "Mozilla/5.0 (iPod; CPU iPhone OS 6_0_1 like Mac OS X) AppleWebKit/536.26 (KHTML, like Gecko) Mobile/10A523"
24.255.254.112 - - [06/Jan/2013:09:34:45 -0800] "GET /images/t2g_ratings_gray_active.png HTTP/1.1" 200 1196 "http://t2g.stitcher.com/FeedDisplay.php?archived&mode=iPhoneApp&fid=457&episode_id=696&nfid=0&uid=37859&version=3.2.0" "Mozilla/5.0 (iPod; CPU iPhone OS 6_0_1 like Mac OS X) AppleWebKit/536.26 (KHTML, like Gecko) Mobile/10A523"
24.255.254.112 - - [06/Jan/2013:09:34:45 -0800] "GET /images/ajax-loader.gif HTTP/1.1" 200 1849 "http://t2g.stitcher.com/FeedDisplay.php?archived&mode=iPhoneApp&fid=457&episode_id=696&nfid=0&uid=37859&version=3.2.0" "Mozilla/5.0 (iPod; CPU iPhone OS 6_0_1 like Mac OS X) AppleWebKit/536.26 (KHTML, like Gecko) Mobile/10A523"
24.255.254.112 - - [06/Jan/2013:09:34:45 -0800] "GET /images/t2g_ratings_gray.png HTTP/1.1" 200 1215 "http://t2g.stitcher.com/FeedDisplay.php?archived&mode=iPhoneApp&fid=457&episode_id=696&nfid=0&uid=37859&version=3.2.0" "Mozilla/5.0 (iPod; CPU iPhone OS 6_0_1 like Mac OS X) AppleWebKit/536.26 (KHTML, like Gecko) Mobile/10A523"
24.255.254.112 - - [06/Jan/2013:09:34:45 -0800] "GET /images/t2g_ratings_color.png HTTP/1.1" 200 997 "http://t2g.stitcher.com/FeedDisplay.php?archived&mode=iPhoneApp&fid=457&episode_id=696&nfid=0&uid=37859&version=3.2.0" "Mozilla/5.0 (iPod; CPU iPhone OS 6_0_1 like Mac OS X) AppleWebKit/536.26 (KHTML, like Gecko) Mobile/10A523"
108.215.124.171 - - [06/Jan/2013:09:34:57 -0800] "GET /StartupChecks.php?startup&uid=36290&version=4.0.12455&mode=iPhoneApp&locale=en_US HTTP/1.1" 200 289 "-" "Tales2Go/3.2.0 CFNetwork/609 Darwin/13.0.0"
108.215.124.171 - - [06/Jan/2013:09:34:58 -0800] "GET /LoadUserFromID.php?markStartup&id=36290&udid=00:88:65:24:C4:CD&version=4.0.12455&mode=iPhoneApp&locale=en_US HTTP/1.1" 200 263 "-" "Tales2Go/3.2.0 CFNetwork/609 Darwin/13.0.0"
108.215.124.171 - - [06/Jan/2013:09:35:01 -0800] "GET /GetContentStationList.php?uid=36290&version=4.0.12455&mode=iPhoneApp&locale=en_US HTTP/1.1" 200 6486 "-" "Tales2Go/3.2.0 CFNetwork/609 Darwin/13.0.0"
108.215.124.171 - - [06/Jan/2013:09:35:01 -0800] "GET /GetStationListFC.php?uid=36290&version=4.0.12455&mode=iPhoneApp&locale=en_US HTTP/1.1" 200 16492 "-" "Tales2Go/3.2.0 CFNetwork/609 Darwin/13.0.0"
184.90.152.29 - - [06/Jan/2013:09:35:03 -0800] "GET /GetStationPlayList.php?s=9&c=9&uid=37860&sid=4&endFeed=0&version=4.0.12455&mode=iPhoneApp&locale=en_US HTTP/1.1" 200 5825 "-" "Tales2Go/3.2.0 CFNetwork/609 Darwin/13.0.0"
108.215.124.171 - - [06/Jan/2013:09:35:08 -0800] "GET /GetBookmarkList.php?uid=36290&version=4.0.12455&mode=iPhoneApp&locale=en_US HTTP/1.1" 200 17743 "-" "Tales2Go/3.2.0 CFNetwork/609 Darwin/13.0.0"
108.215.124.171 - - [06/Jan/2013:09:35:11 -0800] "GET /FeedDisplay.php?archived&mode=iPhoneApp&fid=1557&episode_id=2994&nfid=0&uid=36290&version=3.2.0 HTTP/1.1" 200 9476 "-" "Mozilla/5.0 (iPhone; CPU iPhone OS 6_0_1 like Mac OS X) AppleWebKit/536.26 (KHTML, like Gecko) Mobile/10A523"
184.90.152.29 - - [06/Jan/2013:09:35:12 -0800] "GET /GetStationPlayList.php?s=0&c=9&uid=37860&sid=5&endFeed=0&version=4.0.12455&mode=iPhoneApp&locale=en_US HTTP/1.1" 200 5837 "-" "Tales2Go/3.2.0 CFNetwork/609 Darwin/13.0.0"
184.90.152.29 - - [06/Jan/2013:09:35:17 -0800] "GET /GetAd.php?sid=5&timeSinceLastAd=61&previousFeedId=1644&nextFeedId=420&newStation&tlt=61&tlf=0&uid=37860&version=4.0.12455&mode=iPhoneApp&locale=en_US HTTP/1.1" 200 22 "-" "Tales2Go/3.2.0 CFNetwork/609 Darwin/13.0.0"
108.215.124.171 - - [06/Jan/2013:09:35:17 -0800] "GET /AddBookmark.php?uid=36290&eid=2994&offset=1959&version=4.0.12455&mode=iPhoneApp&locale=en_US HTTP/1.1" 200 47 "-" "Tales2Go/3.2.0 CFNetwork/609 Darwin/13.0.0"
184.90.152.29 - - [06/Jan/2013:09:35:17 -0800] "GET /PostUsage.php?uid=37860&sid=4&fid=1644&eid=3138&completed=40552&timezone=+0000&tlt=61&version=4.0.12455&mode=iPhoneApp&locale=en_US HTTP/1.1" 200 - "-" "Tales2Go/3.2.0 CFNetwork/609 Darwin/13.0.0"
184.90.152.29 - - [06/Jan/2013:09:35:17 -0800] "GET /FeedDisplay.php?archived&mode=iPhoneApp&fid=420&episode_id=833&nfid=134&uid=37860&version=3.2.0 HTTP/1.1" 200 8593 "-" "Mozilla/5.0 (iPhone; CPU iPhone OS 6_0_1 like Mac OS X) AppleWebKit/536.26 (KHTML, like Gecko) Mobile/10A523"
24.255.254.112 - - [06/Jan/2013:09:35:17 -0800] "GET /PostUsage.php?uid=37859&sid=0&fid=457&eid=696&completed=33880&timezone=+0000&tlt=0&version=4.0.12455&mode=iPhoneApp&locale=en_US HTTP/1.1" 200 - "-" "Tales2Go/3.2.0 CFNetwork/609 Darwin/13.0.0"
184.90.152.29 - - [06/Jan/2013:09:35:25 -0800] "GET /GetAd.php?sid=5&timeSinceLastAd=68&previousFeedId=420&nextFeedId=134&tlt=68&tlf=1&uid=37860&version=4.0.12455&mode=iPhoneApp&locale=en_US HTTP/1.1" 200 22 "-" "Tales2Go/3.2.0 CFNetwork/609 Darwin/13.0.0"
108.215.124.171 - - [06/Jan/2013:09:35:28 -0800] "GET /AddBookmark.php?uid=36290&eid=2994&offset=2537&version=4.0.12455&mode=iPhoneApp&locale=en_US HTTP/1.1" 200 47 "-" "Tales2Go/3.2.0 CFNetwork/609 Darwin/13.0.0"
184.90.152.29 - - [06/Jan/2013:09:35:43 -0800] "GET /GetStationPlayList.php?s=0&c=9&uid=37860&sid=3&endFeed=0&version=4.0.12455&mode=iPhoneApp&locale=en_US HTTP/1.1" 200 6206 "-" "Tales2Go/3.2.0 CFNetwork/609 Darwin/13.0.0"
184.90.152.29 - - [06/Jan/2013:09:35:45 -0800] "GET /GetAd.php?sid=3&timeSinceLastAd=88&previousFeedId=420&nextFeedId=2678&newStation&tlt=88&tlf=0&uid=37860&version=4.0.12455&mode=iPhoneApp&locale=en_US HTTP/1.1" 200 22 "-" "Tales2Go/3.2.0 CFNetwork/609 Darwin/13.0.0"
184.90.152.29 - - [06/Jan/2013:09:35:46 -0800] "GET /PostUsage.php?uid=37860&sid=5&fid=420&eid=833&completed=27972&timezone=+0000&tlt=88&version=4.0.12455&mode=iPhoneApp&locale=en_US HTTP/1.1" 200 - "-" "Tales2Go/3.2.0 CFNetwork/609 Darwin/13.0.0"
184.90.152.29 - - [06/Jan/2013:09:35:46 -0800] "GET /FeedDisplay.php?archived&mode=iPhoneApp&fid=2678&episode_id=4703&nfid=2755&uid=37860&version=3.2.0 HTTP/1.1" 200 8487 "-" "Mozilla/5.0 (iPhone; CPU iPhone OS 6_0_1 like Mac OS X) AppleWebKit/536.26 (KHTML, like Gecko) Mobile/10A523"
184.90.152.29 - - [06/Jan/2013:09:35:46 -0800] "GET /GetAd.php?sid=3&timeSinceLastAd=88&previousFeedId=2678&nextFeedId=2755&tlt=88&tlf=1&uid=37860&version=4.0.12455&mode=iPhoneApp&locale=en_US HTTP/1.1" 200 22 "-" "Tales2Go/3.2.0 CFNetwork/609 Darwin/13.0.0"
108.215.124.171 - - [06/Jan/2013:09:35:51 -0800] "GET /GetAd.php?sid=0&timeSinceLastAd=2561&previousFeedId=1557&nextFeedId=0&tlt=2561&tlf=1&uid=36290&version=4.0.12455&mode=iPhoneApp&locale=en_US HTTP/1.1" 200 22 "-" "Tales2Go/3.2.0 CFNetwork/609 Darwin/13.0.0"
184.90.152.29 - - [06/Jan/2013:09:36:02 -0800] "GET /GetAd.php?sid=3&timeSinceLastAd=104&previousFeedId=2678&nextFeedId=2678&newStation&tlt=104&tlf=0&uid=37860&version=4.0.12455&mode=iPhoneApp&locale=en_US HTTP/1.1" 200 22 "-" "Tales2Go/3.2.0 CFNetwork/609 Darwin/13.0.0"
184.90.152.29 - - [06/Jan/2013:09:36:11 -0800] "GET /GetAd.php?sid=3&timeSinceLastAd=129&previousFeedId=2678&nextFeedId=2755&tlt=129&tlf=1&uid=37860&version=4.0.12455&mode=iPhoneApp&locale=en_US HTTP/1.1" 200 22 "-" "Tales2Go/3.2.0 CFNetwork/609 Darwin/13.0.0"
184.90.152.29 - - [06/Jan/2013:09:36:12 -0800] "GET /PostUsage.php?uid=37860&sid=3&fid=2678&eid=4703&completed=25871&timezone=+0000&tlt=129&version=4.0.12455&mode=iPhoneApp&locale=en_US HTTP/1.1" 200 - "-" "Tales2Go/3.2.0 CFNetwork/609 Darwin/13.0.0"
184.90.152.29 - - [06/Jan/2013:09:36:12 -0800] "GET /FeedDisplay.php?archived&mode=iPhoneApp&fid=2755&episode_id=4797&nfid=9&uid=37860&version=3.2.0 HTTP/1.1" 200 8474 "-" "Mozilla/5.0 (iPhone; CPU iPhone OS 6_0_1 like Mac OS X) AppleWebKit/536.26 (KHTML, like Gecko) Mobile/10A523"
184.90.152.29 - - [06/Jan/2013:09:36:18 -0800] "GET /GetAd.php?sid=3&timeSinceLastAd=134&previousFeedId=2755&nextFeedId=599&tlt=134&tlf=2&uid=37860&version=4.0.12455&mode=iPhoneApp&locale=en_US HTTP/1.1" 200 22 "-" "Tales2Go/3.2.0 CFNetwork/609 Darwin/13.0.0"
184.90.152.29 - - [06/Jan/2013:09:36:18 -0800] "GET /PostUsage.php?uid=37860&sid=3&fid=2755&eid=4797&completed=6089&timezone=+0000&tlt=134&version=4.0.12455&mode=iPhoneApp&locale=en_US HTTP/1.1" 200 - "-" "Tales2Go/3.2.0 CFNetwork/609 Darwin/13.0.0"
184.90.152.29 - - [06/Jan/2013:09:36:19 -0800] "GET /FeedDisplay.php?archived&mode=iPhoneApp&fid=599&episode_id=1316&nfid=2710&uid=37860&version=3.2.0 HTTP/1.1" 200 8771 "-" "Mozilla/5.0 (iPhone; CPU iPhone OS 6_0_1 like Mac OS X) AppleWebKit/536.26 (KHTML, like Gecko) Mobile/10A523"
184.90.152.29 - - [06/Jan/2013:09:36:22 -0800] "GET /GetAd.php?sid=3&timeSinceLastAd=136&previousFeedId=599&nextFeedId=2710&tlt=136&tlf=3&uid=37860&version=4.0.12455&mode=iPhoneApp&locale=en_US HTTP/1.1" 200 22 "-" "Tales2Go/3.2.0 CFNetwork/609 Darwin/13.0.0"
75.191.205.131 - - [06/Jan/2013:09:36:28 -0800] "GET /GetAd.php?sid=3&timeSinceLastAd=3356&previousFeedId=622&nextFeedId=2509&tlt=3356&tlf=6&uid=31728&version=4.0.12455&mode=iPhoneApp&locale=en_US HTTP/1.1" 200 22 "-" "Tales2Go/3.2.0 CFNetwork/548.1.4 Darwin/11.0.0"
75.191.205.131 - - [06/Jan/2013:09:36:28 -0800] "GET /PostUsage.php?uid=31728&sid=3&fid=622&eid=1329&completed=328000&timezone=+0000&tlt=3356&version=4.0.12455&mode=iPhoneApp&locale=en_US HTTP/1.1" 200 - "-" "Tales2Go/3.2.0 CFNetwork/548.1.4 Darwin/11.0.0"
75.191.205.131 - - [06/Jan/2013:09:36:29 -0800] "GET /FeedDisplay.php?archived&mode=iPhoneApp&fid=2509&episode_id=4090&nfid=1107&uid=31728&version=3.2.0 HTTP/1.1" 200 9140 "-" "Mozilla/5.0 (iPhone; CPU iPhone OS 5_1 like Mac OS X) AppleWebKit/534.46 (KHTML, like Gecko) Mobile/9B176"
75.191.205.131 - - [06/Jan/2013:09:36:30 -0800] "GET /GetAd.php?sid=3&timeSinceLastAd=3356&previousFeedId=2509&nextFeedId=1107&tlt=3356&tlf=7&uid=31728&version=4.0.12455&mode=iPhoneApp&locale=en_US HTTP/1.1" 200 22 "-" "Tales2Go/3.2.0 CFNetwork/548.1.4 Darwin/11.0.0"
75.191.205.131 - - [06/Jan/2013:09:36:33 -0800] "GET /PostUsage.php?skipped&uid=31728&sid=3&fid=2509&eid=4090&completed=3551&timezone=+0000&tlt=3356&version=4.0.12455&mode=iPhoneApp&locale=en_US HTTP/1.1" 200 - "-" "Tales2Go/3.2.0 CFNetwork/548.1.4 Darwin/11.0.0"
75.191.205.131 - - [06/Jan/2013:09:36:33 -0800] "GET /GetStationPlayList.php?s=9&c=9&uid=31728&sid=3&endFeed=0&version=4.0.12455&mode=iPhoneApp&locale=en_US HTTP/1.1" 200 5489 "-" "Tales2Go/3.2.0 CFNetwork/548.1.4 Darwin/11.0.0"
75.191.205.131 - - [06/Jan/2013:09:36:35 -0800] "GET /GetAd.php?sid=3&timeSinceLastAd=3359&previousFeedId=2509&nextFeedId=1107&tlt=3359&tlf=7&uid=31728&version=4.0.12455&mode=iPhoneApp&locale=en_US HTTP/1.1" 200 22 "-" "Tales2Go/3.2.0 CFNetwork/548.1.4 Darwin/11.0.0"
75.191.205.131 - - [06/Jan/2013:09:36:35 -0800] "GET /FeedDisplay.php?archived&mode=iPhoneApp&fid=1107&episode_id=1566&nfid=2768&uid=31728&version=3.2.0 HTTP/1.1" 200 8554 "-" "Mozilla/5.0 (iPhone; CPU iPhone OS 5_1 like Mac OS X) AppleWebKit/534.46 (KHTML, like Gecko) Mobile/9B176"
75.191.205.131 - - [06/Jan/2013:09:36:39 -0800] "GET /GetAd.php?sid=3&timeSinceLastAd=3361&previousFeedId=1107&nextFeedId=2768&tlt=3361&tlf=8&uid=31728&version=4.0.12455&mode=iPhoneApp&locale=en_US HTTP/1.1" 200 22 "-" "Tales2Go/3.2.0 CFNetwork/548.1.4 Darwin/11.0.0"
184.90.152.29 - - [06/Jan/2013:09:36:41 -0800] "GET /AddBookmark.php?uid=37860&eid=1316&offset=21&version=4.0.12455&mode=iPhoneApp&locale=en_US HTTP/1.1" 200 47 "-" "Tales2Go/3.2.0 CFNetwork/609 Darwin/13.0.0"
184.90.152.29 - - [06/Jan/2013:09:36:51 -0800] "GET /PostUsage.php?skipped&uid=37860&sid=3&fid=599&eid=1316&completed=31445&timezone=+0000&tlt=134&version=4.0.12455&mode=iPhoneApp&locale=en_US HTTP/1.1" 200 - "-" "Tales2Go/3.2.0 CFNetwork/609 Darwin/13.0.0"
184.90.152.29 - - [06/Jan/2013:09:36:51 -0800] "GET /GetAd.php?sid=3&timeSinceLastAd=165&previousFeedId=599&nextFeedId=2710&tlt=165&tlf=3&uid=37860&version=4.0.12455&mode=iPhoneApp&locale=en_US HTTP/1.1" 200 22 "-" "Tales2Go/3.2.0 CFNetwork/609 Darwin/13.0.0"
184.90.152.29 - - [06/Jan/2013:09:36:51 -0800] "GET /FeedDisplay.php?archived&mode=iPhoneApp&fid=2710&episode_id=4735&nfid=629&uid=37860&version=3.2.0 HTTP/1.1" 200 8494 "-" "Mozilla/5.0 (iPhone; CPU iPhone OS 6_0_1 like Mac OS X) AppleWebKit/536.26 (KHTML, like Gecko) Mobile/10A523"
184.90.152.29 - - [06/Jan/2013:09:36:52 -0800] "GET /GetAd.php?sid=3&timeSinceLastAd=165&previousFeedId=2710&nextFeedId=629&tlt=165&tlf=4&uid=37860&version=4.0.12455&mode=iPhoneApp&locale=en_US HTTP/1.1" 200 22 "-" "Tales2Go/3.2.0 CFNetwork/609 Darwin/13.0.0"
208.58.72.95 - - [06/Jan/2013:09:37:58 -0800] "GET /AddBookmark.php?uid=20760&eid=3930&offset=606&version=4.0.12455&mode=iPhoneApp&locale=en_US HTTP/1.1" 200 47 "-" "Tales2Go/3.2.0 CFNetwork/609 Darwin/13.0.0"
108.215.124.171 - - [06/Jan/2013:09:38:17 -0800] "GET /AddBookmark.php?uid=36290&eid=2994&offset=2878&version=4.0.12455&mode=iPhoneApp&locale=en_US HTTP/1.1" 200 47 "-" "Tales2Go/3.2.0 CFNetwork/609 Darwin/13.0.0"
198.228.201.158 - - [06/Jan/2013:09:38:32 -0800] "GET /StartupChecks.php?startup&uid=15903&version=4.0.12455&mode=iPhoneApp&locale=en_US HTTP/1.1" 200 289 "-" "Tales2Go%20-%20Old%20Version/2.2.12455 CFNetwork/609 Darwin/13.0.0"
198.228.201.158 - - [06/Jan/2013:09:38:32 -0800] "GET /LoadUserFromID.php?markStartup&id=15903&udid=2d2a4cdb9e6519aecc9ad25e3ee34ad2d6212cb0&version=4.0.12455&mode=iPhoneApp&locale=en_US HTTP/1.1" 200 252 "-" "Tales2Go%20-%20Old%20Version/2.2.12455 CFNetwork/609 Darwin/13.0.0"
198.228.201.158 - - [06/Jan/2013:09:38:33 -0800] "GET /GetContentStationList.php?uid=15903&version=4.0.12455&mode=iPhoneApp&locale=en_US HTTP/1.1" 200 6486 "-" "Tales2Go%20-%20Old%20Version/2.2.12455 CFNetwork/609 Darwin/13.0.0"
198.228.201.158 - - [06/Jan/2013:09:38:33 -0800] "GET /GetStationList.php?uid=15903&version=4.0.12455&mode=iPhoneApp&locale=en_US HTTP/1.1" 200 16492 "-" "Tales2Go%20-%20Old%20Version/2.2.12455 CFNetwork/609 Darwin/13.0.0"
208.113.232.130 - - [06/Jan/2013:09:38:41 -0800] "GET /GetNewSerialNum.php HTTP/1.0" 200 63 "-" "-"
208.113.232.130 - - [06/Jan/2013:09:38:41 -0800] "GET /LoadUserFromUDID.php?markStartup&udid=sn_1005079&version=4.0.12455&mode=desktop&override&locale=en_US HTTP/1.0" 200 58 "-" "-"
208.58.72.95 - - [06/Jan/2013:09:38:46 -0800] "GET /AddBookmark.php?uid=20760&eid=3930&offset=654&version=4.0.12455&mode=iPhoneApp&locale=en_US HTTP/1.1" 200 47 "-" "Tales2Go/3.2.0 CFNetwork/609 Darwin/13.0.0"
198.228.201.158 - - [06/Jan/2013:09:39:00 -0800] "GET /GetStationPlayList.php?s=0&c=9&uid=15903&sid=34&endFeed=0&version=4.0.12455&mode=iPhoneApp&locale=en_US HTTP/1.1" 200 8440 "-" "Tales2Go%20-%20Old%20Version/2.2.12455 CFNetwork/609 Darwin/13.0.0"
71.68.125.164 - - [06/Jan/2013:09:39:24 -0800] "GET /StartupChecks.php?startup&uid=37808&version=4.0.12455&mode=iPhoneApp&locale=en_US HTTP/1.1" 200 289 "-" "Tales2Go/3.2.0 CFNetwork/609 Darwin/13.0.0"
71.68.125.164 - - [06/Jan/2013:09:39:24 -0800] "GET /LoadUserFromID.php?markStartup&id=37808&udid=14:10:9F:3B:B3:95&version=4.0.12455&mode=iPhoneApp&locale=en_US HTTP/1.1" 200 263 "-" "Tales2Go/3.2.0 CFNetwork/609 Darwin/13.0.0"
71.68.125.164 - - [06/Jan/2013:09:39:25 -0800] "GET /GetContentStationList.php?uid=37808&version=4.0.12455&mode=iPhoneApp&locale=en_US HTTP/1.1" 200 6486 "-" "Tales2Go/3.2.0 CFNetwork/609 Darwin/13.0.0"
71.68.125.164 - - [06/Jan/2013:09:39:25 -0800] "GET /GetStationListFC.php?uid=37808&version=4.0.12455&mode=iPhoneApp&locale=en_US HTTP/1.1" 200 16492 "-" "Tales2Go/3.2.0 CFNetwork/609 Darwin/13.0.0"
174.255.36.216 - - [06/Jan/2013:09:39:48 -0800] "GET /AddFavorite.php?uid=37245&fid=966&version=4.0.12455&mode=iPhoneApp&locale=en_US HTTP/1.1" 200 55 "-" "Tales2Go/3.2.0 CFNetwork/609 Darwin/13.0.0"
174.255.36.216 - - [06/Jan/2013:09:39:51 -0800] "GET /RemoveFavorite.php?uid=37245&fid=966&version=4.0.12455&mode=iPhoneApp&locale=en_US HTTP/1.1" 200 57 "-" "Tales2Go/3.2.0 CFNetwork/609 Darwin/13.0.0"
174.255.36.216 - - [06/Jan/2013:09:39:52 -0800] "GET /AddFavorite.php?uid=37245&fid=966&version=4.0.12455&mode=iPhoneApp&locale=en_US HTTP/1.1" 200 55 "-" "Tales2Go/3.2.0 CFNetwork/609 Darwin/13.0.0"
174.252.45.56 - - [06/Jan/2013:09:40:01 -0800] "GET /GetBookmarkList.php?uid=30660&version=4.0.12455&mode=iPhoneApp&locale=en_US HTTP/1.1" 200 11253 "-" "Tales2Go/3.2.0 CFNetwork/548.1.4 Darwin/11.0.0"
198.228.201.158 - - [06/Jan/2013:09:40:12 -0800] "GET /FeedDisplay.php?archived&mode=iPhoneApp&fid=908&episode_id=1236&nfid=973&uid=15903&version=2.2.12455 HTTP/1.1" 200 9176 "-" "Mozilla/5.0 (iPhone; CPU iPhone OS 6_0_2 like Mac OS X) AppleWebKit/536.26 (KHTML, like Gecko) Mobile/10A551"
208.58.72.95 - - [06/Jan/2013:09:40:18 -0800] "GET /AddBookmark.php?uid=20760&eid=3930&offset=746&version=4.0.12455&mode=iPhoneApp&locale=en_US HTTP/1.1" 200 47 "-" "Tales2Go/3.2.0 CFNetwork/609 Darwin/13.0.0"
174.255.36.216 - - [06/Jan/2013:09:40:20 -0800] "GET /RemoveFavorite.php?uid=37245&fid=966&version=4.0.12455&mode=iPhoneApp&locale=en_US HTTP/1.1" 200 57 "-" "Tales2Go/3.2.0 CFNetwork/609 Darwin/13.0.0"
174.255.36.216 - - [06/Jan/2013:09:40:20 -0800] "GET /AddFavorite.php?uid=37245&fid=966&version=4.0.12455&mode=iPhoneApp&locale=en_US HTTP/1.1" 200 55 "-" "Tales2Go/3.2.0 CFNetwork/609 Darwin/13.0.0"
174.255.36.216 - - [06/Jan/2013:09:40:21 -0800] "GET /RemoveFavorite.php?uid=37245&fid=966&version=4.0.12455&mode=iPhoneApp&locale=en_US HTTP/1.1" 200 57 "-" "Tales2Go/3.2.0 CFNetwork/609 Darwin/13.0.0"
174.255.36.216 - - [06/Jan/2013:09:40:22 -0800] "GET /AddFavorite.php?uid=37245&fid=966&version=4.0.12455&mode=iPhoneApp&locale=en_US HTTP/1.1" 200 55 "-" "Tales2Go/3.2.0 CFNetwork/609 Darwin/13.0.0"
198.228.201.158 - - [06/Jan/2013:09:40:27 -0800] "GET /images/multipart_arrow_right.gif HTTP/1.1" 200 267 "http://t2g.stitcher.com/FeedDisplay.php?archived&mode=iPhoneApp&fid=908&episode_id=1236&nfid=973&uid=15903&version=2.2.12455" "Mozilla/5.0 (iPhone; CPU iPhone OS 6_0_2 like Mac OS X) AppleWebKit/536.26 (KHTML, like Gecko) Mobile/10A551"
198.228.201.158 - - [06/Jan/2013:09:40:28 -0800] "GET /images/multipart_arrow_left_disabled.gif HTTP/1.1" 200 275 "http://t2g.stitcher.com/FeedDisplay.php?archived&mode=iPhoneApp&fid=908&episode_id=1236&nfid=973&uid=15903&version=2.2.12455" "Mozilla/5.0 (iPhone; CPU iPhone OS 6_0_2 like Mac OS X) AppleWebKit/536.26 (KHTML, like Gecko) Mobile/10A551"
198.228.201.158 - - [06/Jan/2013:09:40:28 -0800] "GET /images/t2g_ratings_color_active.png HTTP/1.1" 200 985 "http://t2g.stitcher.com/FeedDisplay.php?archived&mode=iPhoneApp&fid=908&episode_id=1236&nfid=973&uid=15903&version=2.2.12455" "Mozilla/5.0 (iPhone; CPU iPhone OS 6_0_2 like Mac OS X) AppleWebKit/536.26 (KHTML, like Gecko) Mobile/10A551"
198.228.201.158 - - [06/Jan/2013:09:40:28 -0800] "GET /images/t2g_ratings_gray_active.png HTTP/1.1" 200 1196 "http://t2g.stitcher.com/FeedDisplay.php?archived&mode=iPhoneApp&fid=908&episode_id=1236&nfid=973&uid=15903&version=2.2.12455" "Mozilla/5.0 (iPhone; CPU iPhone OS 6_0_2 like Mac OS X) AppleWebKit/536.26 (KHTML, like Gecko) Mobile/10A551"
198.228.201.158 - - [06/Jan/2013:09:40:29 -0800] "GET /images/ajax-loader.gif HTTP/1.1" 200 1849 "http://t2g.stitcher.com/FeedDisplay.php?archived&mode=iPhoneApp&fid=908&episode_id=1236&nfid=973&uid=15903&version=2.2.12455" "Mozilla/5.0 (iPhone; CPU iPhone OS 6_0_2 like Mac OS X) AppleWebKit/536.26 (KHTML, like Gecko) Mobile/10A551"
71.68.125.164 - - [06/Jan/2013:09:40:33 -0800] "GET /GetStationPlayList.php?uid=37808&sid=favorites&version=4.0.12455&mode=iPhoneApp&locale=en_US HTTP/1.1" 200 141 "-" "Tales2Go/3.2.0 CFNetwork/609 Darwin/13.0.0"
69.73.22.24 - - [06/Jan/2013:09:40:36 -0800] "GET /AddBookmark.php?uid=8482&eid=2975&offset=3025&version=4.0.12455&mode=iPhoneApp&locale=en_US HTTP/1.1" 200 47 "-" "Tales2Go/3.2.0 CFNetwork/485.12.7 Darwin/10.4.0"
71.68.125.164 - - [06/Jan/2013:09:40:36 -0800] "GET /GetBookmarkList.php?uid=37808&version=4.0.12455&mode=iPhoneApp&locale=en_US HTTP/1.1" 200 1102 "-" "Tales2Go/3.2.0 CFNetwork/609 Darwin/13.0.0"
174.255.36.216 - - [06/Jan/2013:09:40:45 -0800] "GET /PostUsage.php?uid=37245&sid=0&fid=966&eid=1459&completed=5315681&timezone=+0000&tlt=0&version=4.0.12455&mode=iPhoneApp&locale=en_US HTTP/1.1" 200 - "-" "Tales2Go/3.2.0 CFNetwork/609 Darwin/13.0.0"
174.255.36.216 - - [06/Jan/2013:09:40:45 -0800] "GET /FeedDisplay.php?archived&mode=iPhoneApp&fid=2742&episode_id=4781&nfid=0&uid=37245&version=3.2.0 HTTP/1.1" 200 9367 "-" "Mozilla/5.0 (iPhone; CPU iPhone OS 6_0_1 like Mac OS X) AppleWebKit/536.26 (KHTML, like Gecko) Mobile/10A523"
