198.228.200.151 - - [06/Jan/2013:12:31:42 -0800] "GET /FeedDisplay.php?archived&mode=iPhoneApp&fid=1141&episode_id=1569&nfid=1140&uid=22430&version=3.0.0 HTTP/1.1" 200 9091 "-" "Mozilla/5.0 (iPhone; CPU iPhone OS 5_1_1 like Mac OS X) AppleWebKit/534.46 (KHTML, like Gecko) Mobile/9B206"
68.228.150.115 - - [06/Jan/2013:12:31:56 -0800] "GET /GetAd.php?sid=364&timeSinceLastAd=10135&previousFeedId=1432&nextFeedId=1431&tlt=10135&tlf=1&uid=24996&version=4.0.12455&mode=iPhoneApp&locale=en_US HTTP/1.1" 200 22 "-" "Tales2Go/3.2.0 CFNetwork/548.1.4 Darwin/11.0.0"
68.228.150.115 - - [06/Jan/2013:12:31:57 -0800] "GET /PostUsage.php?uid=24996&sid=364&fid=1432&eid=2374&completed=4796573&timezone=+0000&tlt=10135&version=4.0.12455&mode=iPhoneApp&locale=en_US HTTP/1.1" 200 - "-" "Tales2Go/3.2.0 CFNetwork/548.1.4 Darwin/11.0.0"
68.228.150.115 - - [06/Jan/2013:12:31:58 -0800] "GET /FeedDisplay.php?archived&mode=iPhoneApp&fid=1431&episode_id=2373&nfid=1421&uid=24996&version=3.2.0 HTTP/1.1" 200 8572 "-" "Mozilla/5.0 (iPhone; CPU iPhone OS 5_1_1 like Mac OS X) AppleWebKit/534.46 (KHTML, like Gecko) Mobile/9B206"
198.228.200.151 - - [06/Jan/2013:12:32:05 -0800] "GET /GetAd.php?sid=1&timeSinceLastAd=947&previousFeedId=1141&nextFeedId=1140&tlt=947&tlf=1&uid=22430&version=4.0.12455&mode=iPhoneApp&locale=en_US HTTP/1.1" 200 22 "-" "Tales2Go/3.0.0 CFNetwork/548.1.4 Darwin/11.0.0"
208.113.232.130 - - [06/Jan/2013:12:32:12 -0800] "GET /GetNewSerialNum.php HTTP/1.0" 200 63 "-" "-"
208.113.232.130 - - [06/Jan/2013:12:32:12 -0800] "GET /LoadUserFromUDID.php?markStartup&udid=sn_1005107&version=4.0.12455&mode=desktop&override&locale=en_US HTTP/1.0" 200 58 "-" "-"
75.191.205.131 - - [06/Jan/2013:12:32:12 -0800] "GET /PostUsage.php?skipped&uid=31728&sid=162&fid=2782&eid=4694&completed=165135&timezone=+0000&tlt=4017&version=4.0.12455&mode=iPhoneApp&locale=en_US HTTP/1.1" 200 - "-" "Tales2Go/3.2.0 CFNetwork/548.1.4 Darwin/11.0.0"
75.191.205.131 - - [06/Jan/2013:12:32:12 -0800] "GET /GetAd.php?sid=162&timeSinceLastAd=4182&previousFeedId=2782&nextFeedId=1942&tlt=4182&tlf=1&uid=31728&version=4.0.12455&mode=iPhoneApp&locale=en_US HTTP/1.1" 200 22 "-" "Tales2Go/3.2.0 CFNetwork/548.1.4 Darwin/11.0.0"
75.191.205.131 - - [06/Jan/2013:12:32:13 -0800] "GET /FeedDisplay.php?archived&mode=iPhoneApp&fid=1942&episode_id=3793&nfid=1932&uid=31728&version=3.2.0 HTTP/1.1" 200 9720 "-" "Mozilla/5.0 (iPhone; CPU iPhone OS 5_1 like Mac OS X) AppleWebKit/534.46 (KHTML, like Gecko) Mobile/9B176"
75.191.205.131 - - [06/Jan/2013:12:32:17 -0800] "GET /PostUsage.php?skipped&uid=31728&sid=162&fid=1942&eid=3793&completed=3350&timezone=+0000&tlt=4182&version=4.0.12455&mode=iPhoneApp&locale=en_US HTTP/1.1" 200 - "-" "Tales2Go/3.2.0 CFNetwork/548.1.4 Darwin/11.0.0"
75.191.205.131 - - [06/Jan/2013:12:32:17 -0800] "GET /GetAd.php?sid=162&timeSinceLastAd=4185&previousFeedId=1942&nextFeedId=1932&tlt=4185&tlf=2&uid=31728&version=4.0.12455&mode=iPhoneApp&locale=en_US HTTP/1.1" 200 22 "-" "Tales2Go/3.2.0 CFNetwork/548.1.4 Darwin/11.0.0"
208.113.232.130 - - [06/Jan/2013:12:32:18 -0800] "GET /GetNewSerialNum.php HTTP/1.0" 200 63 "-" "-"
75.191.205.131 - - [06/Jan/2013:12:32:18 -0800] "GET /FeedDisplay.php?archived&mode=iPhoneApp&fid=1932&episode_id=3705&nfid=1931&uid=31728&version=3.2.0 HTTP/1.1" 200 9863 "-" "Mozilla/5.0 (iPhone; CPU iPhone OS 5_1 like Mac OS X) AppleWebKit/534.46 (KHTML, like Gecko) Mobile/9B176"
208.113.232.130 - - [06/Jan/2013:12:32:18 -0800] "GET /LoadUserFromUDID.php?markStartup&udid=sn_1005108&version=4.0.12455&mode=desktop&override&locale=en_US HTTP/1.0" 200 58 "-" "-"
208.113.232.130 - - [06/Jan/2013:12:32:19 -0800] "GET /LoadUserFromUDID.php?markStartup&udid=sn_1005108&version=4.0.12455&mode=desktop&override&locale=en_US HTTP/1.0" 200 58 "-" "-"
68.228.150.115 - - [06/Jan/2013:12:32:23 -0800] "GET /GetAd.php?sid=364&timeSinceLastAd=10159&previousFeedId=1431&nextFeedId=1421&tlt=10159&tlf=2&uid=24996&version=4.0.12455&mode=iPhoneApp&locale=en_US HTTP/1.1" 200 22 "-" "Tales2Go/3.2.0 CFNetwork/548.1.4 Darwin/11.0.0"
75.191.205.131 - - [06/Jan/2013:12:32:24 -0800] "GET /GetAd.php?sid=162&timeSinceLastAd=4190&previousFeedId=1932&nextFeedId=1931&tlt=4190&tlf=3&uid=31728&version=4.0.12455&mode=iPhoneApp&locale=en_US HTTP/1.1" 200 22 "-" "Tales2Go/3.2.0 CFNetwork/548.1.4 Darwin/11.0.0"
75.191.205.131 - - [06/Jan/2013:12:32:25 -0800] "GET /PostUsage.php?skipped&uid=31728&sid=162&fid=1932&eid=3705&completed=6523&timezone=+0000&tlt=4185&version=4.0.12455&mode=iPhoneApp&locale=en_US HTTP/1.1" 200 - "-" "Tales2Go/3.2.0 CFNetwork/548.1.4 Darwin/11.0.0"
75.191.205.131 - - [06/Jan/2013:12:32:25 -0800] "GET /GetAd.php?sid=162&timeSinceLastAd=4191&previousFeedId=1932&nextFeedId=1931&tlt=4191&tlf=3&uid=31728&version=4.0.12455&mode=iPhoneApp&locale=en_US HTTP/1.1" 200 22 "-" "Tales2Go/3.2.0 CFNetwork/548.1.4 Darwin/11.0.0"
75.191.205.131 - - [06/Jan/2013:12:32:26 -0800] "GET /FeedDisplay.php?archived&mode=iPhoneApp&fid=1931&episode_id=3641&nfid=1814&uid=31728&version=3.2.0 HTTP/1.1" 200 9461 "-" "Mozilla/5.0 (iPhone; CPU iPhone OS 5_1 like Mac OS X) AppleWebKit/534.46 (KHTML, like Gecko) Mobile/9B176"
208.113.232.130 - - [06/Jan/2013:12:32:29 -0800] "GET /GetNewSerialNum.php HTTP/1.0" 200 63 "-" "-"
208.113.232.130 - - [06/Jan/2013:12:32:29 -0800] "GET /LoadUserFromUDID.php?markStartup&udid=sn_1005109&version=4.0.12455&mode=desktop&override&locale=en_US HTTP/1.0" 200 58 "-" "-"
208.113.232.130 - - [06/Jan/2013:12:32:30 -0800] "GET /LoadUserFromUDID.php?markStartup&udid=sn_1005109&version=4.0.12455&mode=desktop&override&locale=en_US HTTP/1.0" 200 58 "-" "-"
75.191.205.131 - - [06/Jan/2013:12:32:35 -0800] "GET /GetAd.php?sid=162&timeSinceLastAd=4199&previousFeedId=1931&nextFeedId=1814&tlt=4199&tlf=4&uid=31728&version=4.0.12455&mode=iPhoneApp&locale=en_US HTTP/1.1" 200 22 "-" "Tales2Go/3.2.0 CFNetwork/548.1.4 Darwin/11.0.0"
75.191.205.131 - - [06/Jan/2013:12:32:36 -0800] "GET /PostUsage.php?skipped&uid=31728&sid=162&fid=1931&eid=3641&completed=9231&timezone=+0000&tlt=4191&version=4.0.12455&mode=iPhoneApp&locale=en_US HTTP/1.1" 200 - "-" "Tales2Go/3.2.0 CFNetwork/548.1.4 Darwin/11.0.0"
75.191.205.131 - - [06/Jan/2013:12:32:36 -0800] "GET /GetAd.php?sid=162&timeSinceLastAd=4200&previousFeedId=1931&nextFeedId=1814&tlt=4200&tlf=4&uid=31728&version=4.0.12455&mode=iPhoneApp&locale=en_US HTTP/1.1" 200 22 "-" "Tales2Go/3.2.0 CFNetwork/548.1.4 Darwin/11.0.0"
75.191.205.131 - - [06/Jan/2013:12:32:37 -0800] "GET /FeedDisplay.php?archived&mode=iPhoneApp&fid=1814&episode_id=3579&nfid=1813&uid=31728&version=3.2.0 HTTP/1.1" 200 9341 "-" "Mozilla/5.0 (iPhone; CPU iPhone OS 5_1 like Mac OS X) AppleWebKit/534.46 (KHTML, like Gecko) Mobile/9B176"
208.113.232.130 - - [06/Jan/2013:12:32:41 -0800] "GET /GetNewSerialNum.php HTTP/1.0" 200 63 "-" "-"
75.191.205.131 - - [06/Jan/2013:12:32:41 -0800] "GET /GetAd.php?sid=162&timeSinceLastAd=4203&previousFeedId=1814&nextFeedId=1813&tlt=4203&tlf=5&uid=31728&version=4.0.12455&mode=iPhoneApp&locale=en_US HTTP/1.1" 200 22 "-" "Tales2Go/3.2.0 CFNetwork/548.1.4 Darwin/11.0.0"
208.113.232.130 - - [06/Jan/2013:12:32:41 -0800] "GET /LoadUserFromUDID.php?markStartup&udid=sn_1005110&version=4.0.12455&mode=desktop&override&locale=en_US HTTP/1.0" 200 58 "-" "-"
75.191.205.131 - - [06/Jan/2013:12:32:43 -0800] "GET /PostUsage.php?skipped&uid=31728&sid=162&fid=1814&eid=3579&completed=6054&timezone=+0000&tlt=4200&version=4.0.12455&mode=iPhoneApp&locale=en_US HTTP/1.1" 200 - "-" "Tales2Go/3.2.0 CFNetwork/548.1.4 Darwin/11.0.0"
75.191.205.131 - - [06/Jan/2013:12:32:43 -0800] "GET /GetAd.php?sid=162&timeSinceLastAd=4206&previousFeedId=1814&nextFeedId=1813&tlt=4206&tlf=5&uid=31728&version=4.0.12455&mode=iPhoneApp&locale=en_US HTTP/1.1" 200 22 "-" "Tales2Go/3.2.0 CFNetwork/548.1.4 Darwin/11.0.0"
75.191.205.131 - - [06/Jan/2013:12:32:44 -0800] "GET /FeedDisplay.php?archived&mode=iPhoneApp&fid=1813&episode_id=3578&nfid=2391&uid=31728&version=3.2.0 HTTP/1.1" 200 8886 "-" "Mozilla/5.0 (iPhone; CPU iPhone OS 5_1 like Mac OS X) AppleWebKit/534.46 (KHTML, like Gecko) Mobile/9B176"
208.113.232.130 - - [06/Jan/2013:12:32:47 -0800] "GET /GetNewSerialNum.php HTTP/1.0" 200 63 "-" "-"
75.191.205.131 - - [06/Jan/2013:12:32:47 -0800] "GET /GetAd.php?sid=162&timeSinceLastAd=4208&previousFeedId=1813&nextFeedId=2391&tlt=4208&tlf=6&uid=31728&version=4.0.12455&mode=iPhoneApp&locale=en_US HTTP/1.1" 200 22 "-" "Tales2Go/3.2.0 CFNetwork/548.1.4 Darwin/11.0.0"
208.113.232.130 - - [06/Jan/2013:12:32:47 -0800] "GET /LoadUserFromUDID.php?markStartup&udid=sn_1005111&version=4.0.12455&mode=desktop&override&locale=en_US HTTP/1.0" 200 58 "-" "-"
98.214.219.88 - - [06/Jan/2013:12:32:49 -0800] "GET /StartupChecks.php?startup&version=4.0.12455&mode=iPhoneApp&locale=en_US HTTP/1.1" 200 246 "-" "Tales2Go/3.2.0 CFNetwork/609 Darwin/13.0.0"
98.214.219.88 - - [06/Jan/2013:12:32:50 -0800] "GET /TransitionUDIDToMACAddr.php?udid=69f142aed7998402ce5e63564c324b6792e5e6ca&mac=D8:D1:CB:4A:C5:0C&version=4.0.12455&mode=iPhoneApp&locale=en_US HTTP/1.1" 200 121 "-" "Tales2Go/3.2.0 CFNetwork/609 Darwin/13.0.0"
98.214.219.88 - - [06/Jan/2013:12:32:50 -0800] "GET /LoadUserFromUDID.php?markStartup&udid=D8:D1:CB:4A:C5:0C&version=4.0.12455&mode=iPhoneApp&locale=en_US HTTP/1.1" 200 58 "-" "Tales2Go/3.2.0 CFNetwork/609 Darwin/13.0.0"
98.214.219.88 - - [06/Jan/2013:12:32:50 -0800] "GET /CreateUser.php?markStartup&mode=iPhoneApp&udid=D8:D1:CB:4A:C5:0C&version=4.0.12455&mode=iPhoneApp&locale=en_US HTTP/1.1" 200 228 "-" "Tales2Go/3.2.0 CFNetwork/609 Darwin/13.0.0"
208.113.232.130 - - [06/Jan/2013:12:32:51 -0800] "GET /LoadUserFromUDID.php?markStartup&udid=sn_1005110&version=4.0.12455&mode=desktop&override&locale=en_US HTTP/1.0" 200 58 "-" "-"
98.214.219.88 - - [06/Jan/2013:12:32:51 -0800] "GET /SubmitSettings.php?currentId=37877&email=D8:D1:CB:4A:C5:0C@t2g.t2g&epx=KDAN3-KFA2HJJEA7KH&phone=&optin=0&explicit=1&alertOption=0&alertType=0&alertTimestamp=0.000000&udid=D8:D1:CB:4A:C5:0C&version=4.0.12455&mode=iPhoneApp&locale=en_US HTTP/1.1" 200 238 "-" "Tales2Go/3.2.0 CFNetwork/609 Darwin/13.0.0"
98.214.219.88 - - [06/Jan/2013:12:32:52 -0800] "GET /GetContentStationList.php?uid=37877&version=4.0.12455&mode=iPhoneApp&locale=en_US HTTP/1.1" 200 6486 "-" "Tales2Go/3.2.0 CFNetwork/609 Darwin/13.0.0"
98.214.219.88 - - [06/Jan/2013:12:32:52 -0800] "GET /LoadUserFromID.php?markStartup&id=37877&udid=D8:D1:CB:4A:C5:0C&version=4.0.12455&mode=iPhoneApp&locale=en_US HTTP/1.1" 200 263 "-" "Tales2Go/3.2.0 CFNetwork/609 Darwin/13.0.0"
98.214.219.88 - - [06/Jan/2013:12:32:53 -0800] "GET /GetContentStationList.php?uid=37877&version=4.0.12455&mode=iPhoneApp&locale=en_US HTTP/1.1" 200 6486 "-" "Tales2Go/3.2.0 CFNetwork/609 Darwin/13.0.0"
98.214.219.88 - - [06/Jan/2013:12:32:52 -0800] "GET /GetStationListFC.php?uid=37877&version=4.0.12455&mode=iPhoneApp&locale=en_US HTTP/1.1" 200 16492 "-" "Tales2Go/3.2.0 CFNetwork/609 Darwin/13.0.0"
98.214.219.88 - - [06/Jan/2013:12:32:54 -0800] "GET /GetStationListFC.php?uid=37877&version=4.0.12455&mode=iPhoneApp&locale=en_US HTTP/1.1" 200 16492 "-" "Tales2Go/3.2.0 CFNetwork/609 Darwin/13.0.0"
198.228.201.151 - - [06/Jan/2013:12:33:01 -0800] "GET /StartupChecks.php?startup&uid=21814&version=4.0.12455&mode=iPhoneApp&locale=en_US HTTP/1.1" 200 289 "-" "Tales2Go/3.2.0 CFNetwork/609 Darwin/13.0.0"
198.228.201.151 - - [06/Jan/2013:12:33:02 -0800] "GET /LoadUserFromID.php?markStartup&id=21814&udid=CC:08:E0:F3:62:51&version=4.0.12455&mode=iPhoneApp&locale=en_US HTTP/1.1" 200 257 "-" "Tales2Go/3.2.0 CFNetwork/609 Darwin/13.0.0"
198.228.201.151 - - [06/Jan/2013:12:33:03 -0800] "GET /GetContentStationList.php?uid=21814&version=4.0.12455&mode=iPhoneApp&locale=en_US HTTP/1.1" 200 6486 "-" "Tales2Go/3.2.0 CFNetwork/609 Darwin/13.0.0"
198.228.201.151 - - [06/Jan/2013:12:33:03 -0800] "GET /GetStationListFC.php?uid=21814&version=4.0.12455&mode=iPhoneApp&locale=en_US HTTP/1.1" 200 256 "-" "Tales2Go/3.2.0 CFNetwork/609 Darwin/13.0.0"
198.228.201.151 - - [06/Jan/2013:12:33:07 -0800] "POST /ActivateLicense.php HTTP/1.1" 200 54 "-" "Tales2Go/3.2.0 CFNetwork/609 Darwin/13.0.0"
198.228.201.151 - - [06/Jan/2013:12:33:07 -0800] "POST /ActivateLicense.php HTTP/1.1" 200 54 "-" "Tales2Go/3.2.0 CFNetwork/609 Darwin/13.0.0"
198.228.201.151 - - [06/Jan/2013:12:33:07 -0800] "POST /ActivateLicense.php HTTP/1.1" 200 54 "-" "Tales2Go/3.2.0 CFNetwork/609 Darwin/13.0.0"
198.228.201.151 - - [06/Jan/2013:12:33:07 -0800] "POST /ActivateLicense.php HTTP/1.1" 200 54 "-" "Tales2Go/3.2.0 CFNetwork/609 Darwin/13.0.0"
198.228.201.151 - - [06/Jan/2013:12:33:07 -0800] "POST /ActivateLicense.php HTTP/1.1" 200 54 "-" "Tales2Go/3.2.0 CFNetwork/609 Darwin/13.0.0"
198.228.201.151 - - [06/Jan/2013:12:33:08 -0800] "GET /LoadUserFromID.php?markStartup&id=21814&udid=CC:08:E0:F3:62:51&version=4.0.12455&mode=iPhoneApp&locale=en_US HTTP/1.1" 200 257 "-" "Tales2Go/3.2.0 CFNetwork/609 Darwin/13.0.0"
198.228.201.151 - - [06/Jan/2013:12:33:08 -0800] "GET /LoadUserFromID.php?markStartup&id=21814&udid=CC:08:E0:F3:62:51&version=4.0.12455&mode=iPhoneApp&locale=en_US HTTP/1.1" 200 257 "-" "Tales2Go/3.2.0 CFNetwork/609 Darwin/13.0.0"
198.228.201.151 - - [06/Jan/2013:12:33:10 -0800] "GET /LoadUserFromID.php?markStartup&id=21814&udid=CC:08:E0:F3:62:51&version=4.0.12455&mode=iPhoneApp&locale=en_US HTTP/1.1" 200 257 "-" "Tales2Go/3.2.0 CFNetwork/609 Darwin/13.0.0"
198.228.201.151 - - [06/Jan/2013:12:33:10 -0800] "GET /LoadUserFromID.php?markStartup&id=21814&udid=CC:08:E0:F3:62:51&version=4.0.12455&mode=iPhoneApp&locale=en_US HTTP/1.1" 200 257 "-" "Tales2Go/3.2.0 CFNetwork/609 Darwin/13.0.0"
198.228.201.151 - - [06/Jan/2013:12:33:11 -0800] "GET /LoadUserFromID.php?markStartup&id=21814&udid=CC:08:E0:F3:62:51&version=4.0.12455&mode=iPhoneApp&locale=en_US HTTP/1.1" 200 257 "-" "Tales2Go/3.2.0 CFNetwork/609 Darwin/13.0.0"
98.214.219.88 - - [06/Jan/2013:12:33:21 -0800] "GET /Search.php?uid=37877&term=Arthur%20&s=0&c=20&version=4.0.12455&mode=iPhoneApp&locale=en_US HTTP/1.1" 200 15251 "-" "Tales2Go/3.2.0 CFNetwork/609 Darwin/13.0.0"
208.113.232.130 - - [06/Jan/2013:12:33:23 -0800] "GET /GetNewSerialNum.php HTTP/1.0" 200 63 "-" "-"
208.113.232.130 - - [06/Jan/2013:12:33:23 -0800] "GET /LoadUserFromUDID.php?markStartup&udid=sn_1005112&version=4.0.12455&mode=desktop&override&locale=en_US HTTP/1.0" 200 58 "-" "-"
75.191.205.131 - - [06/Jan/2013:12:33:24 -0800] "GET /GetAd.php?sid=162&timeSinceLastAd=4245&previousFeedId=1813&nextFeedId=2391&tlt=4245&tlf=6&uid=31728&version=4.0.12455&mode=iPhoneApp&locale=en_US HTTP/1.1" 200 22 "-" "Tales2Go/3.2.0 CFNetwork/548.1.4 Darwin/11.0.0"
75.191.205.131 - - [06/Jan/2013:12:33:25 -0800] "GET /FeedDisplay.php?archived&mode=iPhoneApp&fid=2391&episode_id=3881&nfid=1993&uid=31728&version=3.2.0 HTTP/1.1" 200 9669 "-" "Mozilla/5.0 (iPhone; CPU iPhone OS 5_1 like Mac OS X) AppleWebKit/534.46 (KHTML, like Gecko) Mobile/9B176"
75.191.205.131 - - [06/Jan/2013:12:33:25 -0800] "GET /PostUsage.php?skipped&uid=31728&sid=162&fid=1813&eid=3578&completed=39665&timezone=+0000&tlt=4206&version=4.0.12455&mode=iPhoneApp&locale=en_US HTTP/1.1" 200 - "-" "Tales2Go/3.2.0 CFNetwork/548.1.4 Darwin/11.0.0"
208.113.232.130 - - [06/Jan/2013:12:33:27 -0800] "GET /LoadUserFromUDID.php?markStartup&udid=sn_1005112&version=4.0.12455&mode=desktop&override&locale=en_US HTTP/1.0" 200 58 "-" "-"
75.191.205.131 - - [06/Jan/2013:12:33:33 -0800] "GET /GetAd.php?sid=162&timeSinceLastAd=4252&previousFeedId=2391&nextFeedId=1993&tlt=4252&tlf=7&uid=31728&version=4.0.12455&mode=iPhoneApp&locale=en_US HTTP/1.1" 200 22 "-" "Tales2Go/3.2.0 CFNetwork/548.1.4 Darwin/11.0.0"
75.191.205.131 - - [06/Jan/2013:12:33:36 -0800] "GET /GetAd.php?sid=162&timeSinceLastAd=4255&previousFeedId=2391&nextFeedId=1942&newStation&tlt=4255&tlf=0&uid=31728&version=4.0.12455&mode=iPhoneApp&locale=en_US HTTP/1.1" 200 22 "-" "Tales2Go/3.2.0 CFNetwork/548.1.4 Darwin/11.0.0"
75.191.205.131 - - [06/Jan/2013:12:33:36 -0800] "GET /PostUsage.php?uid=31728&sid=162&fid=2391&eid=3881&completed=10692&timezone=+0000&tlt=4255&version=4.0.12455&mode=iPhoneApp&locale=en_US HTTP/1.1" 200 - "-" "Tales2Go/3.2.0 CFNetwork/548.1.4 Darwin/11.0.0"
75.191.205.131 - - [06/Jan/2013:12:33:37 -0800] "GET /FeedDisplay.php?archived&mode=iPhoneApp&fid=1942&episode_id=3793&nfid=1932&uid=31728&version=3.2.0 HTTP/1.1" 200 9720 "-" "Mozilla/5.0 (iPhone; CPU iPhone OS 5_1 like Mac OS X) AppleWebKit/534.46 (KHTML, like Gecko) Mobile/9B176"
75.191.205.131 - - [06/Jan/2013:12:33:42 -0800] "GET /PostUsage.php?skipped&uid=31728&sid=162&fid=1942&eid=3793&completed=4630&timezone=+0000&tlt=4255&version=4.0.12455&mode=iPhoneApp&locale=en_US HTTP/1.1" 200 - "-" "Tales2Go/3.2.0 CFNetwork/548.1.4 Darwin/11.0.0"
75.191.205.131 - - [06/Jan/2013:12:33:42 -0800] "GET /GetAd.php?sid=162&timeSinceLastAd=4259&previousFeedId=1942&nextFeedId=1932&tlt=4259&tlf=1&uid=31728&version=4.0.12455&mode=iPhoneApp&locale=en_US HTTP/1.1" 200 22 "-" "Tales2Go/3.2.0 CFNetwork/548.1.4 Darwin/11.0.0"
75.191.205.131 - - [06/Jan/2013:12:33:43 -0800] "GET /FeedDisplay.php?archived&mode=iPhoneApp&fid=1932&episode_id=3705&nfid=1931&uid=31728&version=3.2.0 HTTP/1.1" 200 9863 "-" "Mozilla/5.0 (iPhone; CPU iPhone OS 5_1 like Mac OS X) AppleWebKit/534.46 (KHTML, like Gecko) Mobile/9B176"
75.191.205.131 - - [06/Jan/2013:12:33:45 -0800] "GET /PostUsage.php?skipped&uid=31728&sid=162&fid=1932&eid=3705&completed=1341&timezone=+0000&tlt=4259&version=4.0.12455&mode=iPhoneApp&locale=en_US HTTP/1.1" 200 - "-" "Tales2Go/3.2.0 CFNetwork/548.1.4 Darwin/11.0.0"
75.191.205.131 - - [06/Jan/2013:12:33:45 -0800] "GET /GetAd.php?sid=162&timeSinceLastAd=4260&previousFeedId=1932&nextFeedId=1931&tlt=4260&tlf=2&uid=31728&version=4.0.12455&mode=iPhoneApp&locale=en_US HTTP/1.1" 200 22 "-" "Tales2Go/3.2.0 CFNetwork/548.1.4 Darwin/11.0.0"
75.191.205.131 - - [06/Jan/2013:12:33:46 -0800] "GET /FeedDisplay.php?archived&mode=iPhoneApp&fid=1931&episode_id=3641&nfid=1814&uid=31728&version=3.2.0 HTTP/1.1" 200 9461 "-" "Mozilla/5.0 (iPhone; CPU iPhone OS 5_1 like Mac OS X) AppleWebKit/534.46 (KHTML, like Gecko) Mobile/9B176"
98.214.219.88 - - [06/Jan/2013:12:33:45 -0800] "GET /GetStationPlayList.php?uid=37877&sid=favorites&version=4.0.12455&mode=iPhoneApp&locale=en_US HTTP/1.1" 200 141 "-" "Tales2Go/3.2.0 CFNetwork/609 Darwin/13.0.0"
75.191.205.131 - - [06/Jan/2013:12:33:53 -0800] "GET /GetAd.php?sid=162&timeSinceLastAd=4266&previousFeedId=1931&nextFeedId=2782&newStation&tlt=4266&tlf=0&uid=31728&version=4.0.12455&mode=iPhoneApp&locale=en_US HTTP/1.1" 200 22 "-" "Tales2Go/3.2.0 CFNetwork/548.1.4 Darwin/11.0.0"
75.191.205.131 - - [06/Jan/2013:12:33:53 -0800] "GET /PostUsage.php?uid=31728&sid=162&fid=1931&eid=3641&completed=6976&timezone=+0000&tlt=4266&version=4.0.12455&mode=iPhoneApp&locale=en_US HTTP/1.1" 200 - "-" "Tales2Go/3.2.0 CFNetwork/548.1.4 Darwin/11.0.0"
198.228.201.151 - - [06/Jan/2013:12:33:53 -0800] "GET /GetStationPlayList.php?s=0&c=9&uid=21814&sid=498&endFeed=0&version=4.0.12455&mode=iPhoneApp&locale=en_US HTTP/1.1" 200 6016 "-" "Tales2Go/3.2.0 CFNetwork/609 Darwin/13.0.0"
75.191.205.131 - - [06/Jan/2013:12:33:54 -0800] "GET /FeedDisplay.php?archived&mode=iPhoneApp&fid=2782&episode_id=4694&nfid=1942&uid=31728&version=3.2.0 HTTP/1.1" 200 8808 "-" "Mozilla/5.0 (iPhone; CPU iPhone OS 5_1 like Mac OS X) AppleWebKit/534.46 (KHTML, like Gecko) Mobile/9B176"
98.214.219.88 - - [06/Jan/2013:12:33:53 -0800] "GET /GetStationPlayList.php?s=0&c=9&uid=37877&sid=6&endFeed=0&version=4.0.12455&mode=iPhoneApp&locale=en_US HTTP/1.1" 200 8243 "-" "Tales2Go/3.2.0 CFNetwork/609 Darwin/13.0.0"
75.191.205.131 - - [06/Jan/2013:12:34:02 -0800] "GET /GetStationPlayList.php?s=0&c=9&uid=31728&sid=164&endFeed=0&version=4.0.12455&mode=iPhoneApp&locale=en_US HTTP/1.1" 200 9599 "-" "Tales2Go/3.2.0 CFNetwork/548.1.4 Darwin/11.0.0"
75.191.205.131 - - [06/Jan/2013:12:34:03 -0800] "GET /GetAd.php?sid=162&timeSinceLastAd=4274&previousFeedId=2782&nextFeedId=1942&tlt=4274&tlf=1&uid=31728&version=4.0.12455&mode=iPhoneApp&locale=en_US HTTP/1.1" 200 22 "-" "Tales2Go/3.2.0 CFNetwork/548.1.4 Darwin/11.0.0"
98.214.219.88 - - [06/Jan/2013:12:34:03 -0800] "GET /GetStationPlayList.php?s=9&c=9&uid=37877&sid=6&endFeed=0&version=4.0.12455&mode=iPhoneApp&locale=en_US HTTP/1.1" 200 8164 "-" "Tales2Go/3.2.0 CFNetwork/609 Darwin/13.0.0"
75.191.205.131 - - [06/Jan/2013:12:34:08 -0800] "GET /GetAd.php?sid=164&timeSinceLastAd=4279&previousFeedId=2782&nextFeedId=1142&newStation&tlt=4279&tlf=0&uid=31728&version=4.0.12455&mode=iPhoneApp&locale=en_US HTTP/1.1" 200 22 "-" "Tales2Go/3.2.0 CFNetwork/548.1.4 Darwin/11.0.0"
75.191.205.131 - - [06/Jan/2013:12:34:09 -0800] "GET /PostUsage.php?uid=31728&sid=162&fid=2782&eid=4694&completed=14097&timezone=+0000&tlt=4279&version=4.0.12455&mode=iPhoneApp&locale=en_US HTTP/1.1" 200 - "-" "Tales2Go/3.2.0 CFNetwork/548.1.4 Darwin/11.0.0"
75.191.205.131 - - [06/Jan/2013:12:34:09 -0800] "GET /FeedDisplay.php?archived&mode=iPhoneApp&fid=1142&episode_id=1533&nfid=160&uid=31728&version=3.2.0 HTTP/1.1" 200 9273 "-" "Mozilla/5.0 (iPhone; CPU iPhone OS 5_1 like Mac OS X) AppleWebKit/534.46 (KHTML, like Gecko) Mobile/9B176"
98.214.219.88 - - [06/Jan/2013:12:34:10 -0800] "GET /GetStationPlayList.php?s=18&c=9&uid=37877&sid=6&endFeed=0&version=4.0.12455&mode=iPhoneApp&locale=en_US HTTP/1.1" 200 9636 "-" "Tales2Go/3.2.0 CFNetwork/609 Darwin/13.0.0"
75.191.205.131 - - [06/Jan/2013:12:34:12 -0800] "GET /PostUsage.php?skipped&uid=31728&sid=164&fid=1142&eid=1533&completed=3037&timezone=+0000&tlt=4279&version=4.0.12455&mode=iPhoneApp&locale=en_US HTTP/1.1" 200 - "-" "Tales2Go/3.2.0 CFNetwork/548.1.4 Darwin/11.0.0"
75.191.205.131 - - [06/Jan/2013:12:34:13 -0800] "GET /GetAd.php?sid=164&timeSinceLastAd=4282&previousFeedId=1142&nextFeedId=160&tlt=4282&tlf=1&uid=31728&version=4.0.12455&mode=iPhoneApp&locale=en_US HTTP/1.1" 200 22 "-" "Tales2Go/3.2.0 CFNetwork/548.1.4 Darwin/11.0.0"
75.191.205.131 - - [06/Jan/2013:12:34:13 -0800] "GET /FeedDisplay.php?archived&mode=iPhoneApp&fid=160&episode_id=217&nfid=713&uid=31728&version=3.2.0 HTTP/1.1" 200 8606 "-" "Mozilla/5.0 (iPhone; CPU iPhone OS 5_1 like Mac OS X) AppleWebKit/534.46 (KHTML, like Gecko) Mobile/9B176"
98.214.219.88 - - [06/Jan/2013:12:34:20 -0800] "GET /GetStationPlayList.php?s=27&c=9&uid=37877&sid=6&endFeed=0&version=4.0.12455&mode=iPhoneApp&locale=en_US HTTP/1.1" 200 6714 "-" "Tales2Go/3.2.0 CFNetwork/609 Darwin/13.0.0"
75.191.205.131 - - [06/Jan/2013:12:34:21 -0800] "GET /GetAd.php?sid=164&timeSinceLastAd=4288&previousFeedId=160&nextFeedId=713&tlt=4288&tlf=2&uid=31728&version=4.0.12455&mode=iPhoneApp&locale=en_US HTTP/1.1" 200 22 "-" "Tales2Go/3.2.0 CFNetwork/548.1.4 Darwin/11.0.0"
75.191.205.131 - - [06/Jan/2013:12:34:21 -0800] "GET /PostUsage.php?skipped&uid=31728&sid=164&fid=160&eid=217&completed=6817&timezone=+0000&tlt=4282&version=4.0.12455&mode=iPhoneApp&locale=en_US HTTP/1.1" 200 - "-" "Tales2Go/3.2.0 CFNetwork/548.1.4 Darwin/11.0.0"
75.191.205.131 - - [06/Jan/2013:12:34:21 -0800] "GET /FeedDisplay.php?archived&mode=iPhoneApp&fid=713&episode_id=1042&nfid=0&uid=31728&version=3.2.0 HTTP/1.1" 200 9154 "-" "Mozilla/5.0 (iPhone; CPU iPhone OS 5_1 like Mac OS X) AppleWebKit/534.46 (KHTML, like Gecko) Mobile/9B176"
198.228.201.151 - - [06/Jan/2013:12:34:26 -0800] "GET /StartupChecks.php?startup&uid=21814&version=4.0.12455&mode=iPhoneApp&locale=en_US HTTP/1.1" 200 289 "-" "Tales2Go/3.2.0 CFNetwork/609 Darwin/13.0.0"
98.214.219.88 - - [06/Jan/2013:12:34:26 -0800] "GET /GetStationPlayList.php?s=36&c=9&uid=37877&sid=6&endFeed=0&version=4.0.12455&mode=iPhoneApp&locale=en_US HTTP/1.1" 200 6842 "-" "Tales2Go/3.2.0 CFNetwork/609 Darwin/13.0.0"
75.191.205.131 - - [06/Jan/2013:12:34:28 -0800] "GET /GetAd.php?sid=164&timeSinceLastAd=4293&previousFeedId=713&nextFeedId=0&tlt=4293&tlf=3&uid=31728&version=4.0.12455&mode=iPhoneApp&locale=en_US HTTP/1.1" 200 22 "-" "Tales2Go/3.2.0 CFNetwork/548.1.4 Darwin/11.0.0"
198.228.201.151 - - [06/Jan/2013:12:34:29 -0800] "GET /LoadUserFromID.php?markStartup&id=21814&udid=CC:08:E0:F3:62:51&version=4.0.12455&mode=iPhoneApp&locale=en_US HTTP/1.1" 200 257 "-" "Tales2Go/3.2.0 CFNetwork/609 Darwin/13.0.0"
198.228.201.151 - - [06/Jan/2013:12:34:30 -0800] "GET /GetContentStationList.php?uid=21814&version=4.0.12455&mode=iPhoneApp&locale=en_US HTTP/1.1" 200 6486 "-" "Tales2Go/3.2.0 CFNetwork/609 Darwin/13.0.0"
198.228.201.151 - - [06/Jan/2013:12:34:30 -0800] "GET /GetStationListFC.php?uid=21814&version=4.0.12455&mode=iPhoneApp&locale=en_US HTTP/1.1" 200 16492 "-" "Tales2Go/3.2.0 CFNetwork/609 Darwin/13.0.0"
75.191.205.131 - - [06/Jan/2013:12:34:32 -0800] "GET /PostUsage.php?skipped&uid=31728&sid=164&fid=713&eid=1042&completed=10041&timezone=+0000&tlt=4288&version=4.0.12455&mode=iPhoneApp&locale=en_US HTTP/1.1" 200 - "-" "Tales2Go/3.2.0 CFNetwork/548.1.4 Darwin/11.0.0"
75.191.205.131 - - [06/Jan/2013:12:34:34 -0800] "GET /AddFavorite.php?uid=31728&fid=926&version=4.0.12455&mode=iPhoneApp&locale=en_US HTTP/1.1" 200 55 "-" "Tales2Go/3.2.0 CFNetwork/548.1.4 Darwin/11.0.0"
198.228.201.151 - - [06/Jan/2013:12:34:35 -0800] "GET /GetStationPlayList.php?s=0&c=9&uid=21814&sid=35&endFeed=0&version=4.0.12455&mode=iPhoneApp&locale=en_US HTTP/1.1" 200 10517 "-" "Tales2Go/3.2.0 CFNetwork/609 Darwin/13.0.0"
75.191.205.131 - - [06/Jan/2013:12:34:37 -0800] "GET /GetAd.php?sid=164&timeSinceLastAd=4288&previousFeedId=0&nextFeedId=926&newStation&tlt=4288&tlf=0&uid=31728&version=4.0.12455&mode=iPhoneApp&locale=en_US HTTP/1.1" 200 22 "-" "Tales2Go/3.2.0 CFNetwork/548.1.4 Darwin/11.0.0"
75.191.205.131 - - [06/Jan/2013:12:34:37 -0800] "GET /FeedDisplay.php?archived&mode=iPhoneApp&fid=926&episode_id=1227&nfid=924&uid=31728&version=3.2.0 HTTP/1.1" 200 9085 "-" "Mozilla/5.0 (iPhone; CPU iPhone OS 5_1 like Mac OS X) AppleWebKit/534.46 (KHTML, like Gecko) Mobile/9B176"
98.214.219.88 - - [06/Jan/2013:12:34:38 -0800] "GET /GetStationPlayList.php?s=45&c=9&uid=37877&sid=6&endFeed=0&version=4.0.12455&mode=iPhoneApp&locale=en_US HTTP/1.1" 200 11757 "-" "Tales2Go/3.2.0 CFNetwork/609 Darwin/13.0.0"
75.191.205.131 - - [06/Jan/2013:12:34:41 -0800] "GET /PostUsage.php?skipped&uid=31728&sid=164&fid=926&eid=1227&completed=2404&timezone=+0000&tlt=4288&version=4.0.12455&mode=iPhoneApp&locale=en_US HTTP/1.1" 200 - "-" "Tales2Go/3.2.0 CFNetwork/548.1.4 Darwin/11.0.0"
75.191.205.131 - - [06/Jan/2013:12:34:41 -0800] "GET /GetAd.php?sid=164&timeSinceLastAd=4290&previousFeedId=926&nextFeedId=924&tlt=4290&tlf=1&uid=31728&version=4.0.12455&mode=iPhoneApp&locale=en_US HTTP/1.1" 200 22 "-" "Tales2Go/3.2.0 CFNetwork/548.1.4 Darwin/11.0.0"
75.191.205.131 - - [06/Jan/2013:12:34:42 -0800] "GET /FeedDisplay.php?archived&mode=iPhoneApp&fid=924&episode_id=1223&nfid=1142&uid=31728&version=3.2.0 HTTP/1.1" 200 9130 "-" "Mozilla/5.0 (iPhone; CPU iPhone OS 5_1 like Mac OS X) AppleWebKit/534.46 (KHTML, like Gecko) Mobile/9B176"
198.228.201.151 - - [06/Jan/2013:12:34:42 -0800] "GET /GetStationPlayList.php?s=9&c=9&uid=21814&sid=35&endFeed=0&version=4.0.12455&mode=iPhoneApp&locale=en_US HTTP/1.1" 200 7697 "-" "Tales2Go/3.2.0 CFNetwork/609 Darwin/13.0.0"
198.228.201.151 - - [06/Jan/2013:12:34:48 -0800] "GET /GetStationPlayList.php?s=18&c=9&uid=21814&sid=35&endFeed=0&version=4.0.12455&mode=iPhoneApp&locale=en_US HTTP/1.1" 200 7397 "-" "Tales2Go/3.2.0 CFNetwork/609 Darwin/13.0.0"
75.191.205.131 - - [06/Jan/2013:12:34:50 -0800] "GET /PostUsage.php?uid=31728&sid=164&fid=924&eid=1223&completed=3631000&timezone=+0000&tlt=4290&version=4.0.12455&mode=iPhoneApp&locale=en_US HTTP/1.1" 200 - "-" "Tales2Go/3.2.0 CFNetwork/548.1.4 Darwin/11.0.0"
75.191.205.131 - - [06/Jan/2013:12:34:50 -0800] "GET /FeedDisplay.php?archived&mode=iPhoneApp&fid=924&episode_id=1224&nfid=1142&uid=31728&version=3.2.0 HTTP/1.1" 200 9130 "-" "Mozilla/5.0 (iPhone; CPU iPhone OS 5_1 like Mac OS X) AppleWebKit/534.46 (KHTML, like Gecko) Mobile/9B176"
98.214.219.88 - - [06/Jan/2013:12:34:51 -0800] "GET /GetStationPlayList.php?s=54&c=9&uid=37877&sid=6&endFeed=0&version=4.0.12455&mode=iPhoneApp&locale=en_US HTTP/1.1" 200 8650 "-" "Tales2Go/3.2.0 CFNetwork/609 Darwin/13.0.0"
75.191.205.131 - - [06/Jan/2013:12:34:59 -0800] "GET /PostUsage.php?skipped&uid=31728&sid=164&fid=924&eid=1224&completed=2874794&timezone=+0000&tlt=7779&version=4.0.12455&mode=iPhoneApp&locale=en_US HTTP/1.1" 200 - "-" "Tales2Go/3.2.0 CFNetwork/548.1.4 Darwin/11.0.0"
75.191.205.131 - - [06/Jan/2013:12:35:00 -0800] "GET /GetAd.php?sid=164&timeSinceLastAd=10653&previousFeedId=924&nextFeedId=1142&tlt=10653&tlf=3&uid=31728&version=4.0.12455&mode=iPhoneApp&locale=en_US HTTP/1.1" 200 22 "-" "Tales2Go/3.2.0 CFNetwork/548.1.4 Darwin/11.0.0"
198.228.201.151 - - [06/Jan/2013:12:35:00 -0800] "GET /GetBookmarkList.php?uid=21814&version=4.0.12455&mode=iPhoneApp&locale=en_US HTTP/1.1" 200 2722 "-" "Tales2Go/3.2.0 CFNetwork/609 Darwin/13.0.0"
75.191.205.131 - - [06/Jan/2013:12:35:00 -0800] "GET /FeedDisplay.php?archived&mode=iPhoneApp&fid=1142&episode_id=1533&nfid=160&uid=31728&version=3.2.0 HTTP/1.1" 200 9273 "-" "Mozilla/5.0 (iPhone; CPU iPhone OS 5_1 like Mac OS X) AppleWebKit/534.46 (KHTML, like Gecko) Mobile/9B176"
75.191.205.131 - - [06/Jan/2013:12:35:02 -0800] "GET /PostUsage.php?skipped&uid=31728&sid=164&fid=1142&eid=1533&completed=1315&timezone=+0000&tlt=10653&version=4.0.12455&mode=iPhoneApp&locale=en_US HTTP/1.1" 200 - "-" "Tales2Go/3.2.0 CFNetwork/548.1.4 Darwin/11.0.0"
75.191.205.131 - - [06/Jan/2013:12:35:02 -0800] "GET /GetAd.php?sid=164&timeSinceLastAd=10654&previousFeedId=1142&nextFeedId=160&tlt=10654&tlf=4&uid=31728&version=4.0.12455&mode=iPhoneApp&locale=en_US HTTP/1.1" 200 22 "-" "Tales2Go/3.2.0 CFNetwork/548.1.4 Darwin/11.0.0"
75.191.205.131 - - [06/Jan/2013:12:35:03 -0800] "GET /FeedDisplay.php?archived&mode=iPhoneApp&fid=160&episode_id=217&nfid=713&uid=31728&version=3.2.0 HTTP/1.1" 200 8606 "-" "Mozilla/5.0 (iPhone; CPU iPhone OS 5_1 like Mac OS X) AppleWebKit/534.46 (KHTML, like Gecko) Mobile/9B176"
98.214.219.88 - - [06/Jan/2013:12:35:02 -0800] "GET /GetStationPlayList.php?s=0&c=9&uid=37877&sid=4&endFeed=0&version=4.0.12455&mode=iPhoneApp&locale=en_US HTTP/1.1" 200 6675 "-" "Tales2Go/3.2.0 CFNetwork/609 Darwin/13.0.0"
75.191.205.131 - - [06/Jan/2013:12:35:05 -0800] "GET /PostUsage.php?skipped&uid=31728&sid=164&fid=160&eid=217&completed=1541&timezone=+0000&tlt=10654&version=4.0.12455&mode=iPhoneApp&locale=en_US HTTP/1.1" 200 - "-" "Tales2Go/3.2.0 CFNetwork/548.1.4 Darwin/11.0.0"
75.191.205.131 - - [06/Jan/2013:12:35:05 -0800] "GET /GetAd.php?sid=164&timeSinceLastAd=10655&previousFeedId=160&nextFeedId=713&tlt=10655&tlf=5&uid=31728&version=4.0.12455&mode=iPhoneApp&locale=en_US HTTP/1.1" 200 22 "-" "Tales2Go/3.2.0 CFNetwork/548.1.4 Darwin/11.0.0"
75.191.205.131 - - [06/Jan/2013:12:35:06 -0800] "GET /FeedDisplay.php?archived&mode=iPhoneApp&fid=713&episode_id=1042&nfid=0&uid=31728&version=3.2.0 HTTP/1.1" 200 9154 "-" "Mozilla/5.0 (iPhone; CPU iPhone OS 5_1 like Mac OS X) AppleWebKit/534.46 (KHTML, like Gecko) Mobile/9B176"
75.191.205.131 - - [06/Jan/2013:12:35:08 -0800] "GET /PostUsage.php?skipped&uid=31728&sid=164&fid=713&eid=1042&completed=1354&timezone=+0000&tlt=10655&version=4.0.12455&mode=iPhoneApp&locale=en_US HTTP/1.1" 200 - "-" "Tales2Go/3.2.0 CFNetwork/548.1.4 Darwin/11.0.0"
75.191.205.131 - - [06/Jan/2013:12:35:11 -0800] "GET /GetAd.php?sid=164&timeSinceLastAd=10655&previousFeedId=0&nextFeedId=713&newStation&tlt=10655&tlf=0&uid=31728&version=4.0.12455&mode=iPhoneApp&locale=en_US HTTP/1.1" 200 22 "-" "Tales2Go/3.2.0 CFNetwork/548.1.4 Darwin/11.0.0"
75.191.205.131 - - [06/Jan/2013:12:35:12 -0800] "GET /FeedDisplay.php?archived&mode=iPhoneApp&fid=713&episode_id=1042&nfid=0&uid=31728&version=3.2.0 HTTP/1.1" 200 9154 "-" "Mozilla/5.0 (iPhone; CPU iPhone OS 5_1 like Mac OS X) AppleWebKit/534.46 (KHTML, like Gecko) Mobile/9B176"
75.191.205.131 - - [06/Jan/2013:12:35:16 -0800] "GET /PostUsage.php?uid=31728&sid=164&fid=713&eid=1042&completed=3333000&timezone=+0000&tlt=10655&version=4.0.12455&mode=iPhoneApp&locale=en_US HTTP/1.1" 200 - "-" "Tales2Go/3.2.0 CFNetwork/548.1.4 Darwin/11.0.0"
75.191.205.131 - - [06/Jan/2013:12:35:17 -0800] "GET /FeedDisplay.php?archived&mode=iPhoneApp&fid=713&episode_id=1043&nfid=0&uid=31728&version=3.2.0 HTTP/1.1" 200 9176 "-" "Mozilla/5.0 (iPhone; CPU iPhone OS 5_1 like Mac OS X) AppleWebKit/534.46 (KHTML, like Gecko) Mobile/9B176"
198.228.201.151 - - [06/Jan/2013:12:35:17 -0800] "GET /GetStationPlayList.php?s=0&c=9&uid=21814&sid=16&endFeed=0&version=4.0.12455&mode=iPhoneApp&locale=en_US HTTP/1.1" 200 7967 "-" "Tales2Go/3.2.0 CFNetwork/609 Darwin/13.0.0"
174.20.63.253 - - [06/Jan/2013:12:35:19 -0800] "GET /StartupChecks.php?startup&version=4.0.12455&mode=iPhoneApp&locale=en_US HTTP/1.1" 200 246 "-" "Tales2Go/3.2.0 CFNetwork/609 Darwin/13.0.0"
98.214.219.88 - - [06/Jan/2013:12:35:17 -0800] "GET /GetStationPlayList.php?s=0&c=9&uid=37877&sid=17&endFeed=0&version=4.0.12455&mode=iPhoneApp&locale=en_US HTTP/1.1" 200 9215 "-" "Tales2Go/3.2.0 CFNetwork/609 Darwin/13.0.0"
174.20.63.253 - - [06/Jan/2013:12:35:19 -0800] "GET /TransitionUDIDToMACAddr.php?udid=639940990296f227a5f7b3cafb05162ef9c4d64d&mac=14:10:9F:31:C6:71&version=4.0.12455&mode=iPhoneApp&locale=en_US HTTP/1.1" 200 121 "-" "Tales2Go/3.2.0 CFNetwork/609 Darwin/13.0.0"
174.20.63.253 - - [06/Jan/2013:12:35:20 -0800] "GET /LoadUserFromUDID.php?markStartup&udid=14:10:9F:31:C6:71&version=4.0.12455&mode=iPhoneApp&locale=en_US HTTP/1.1" 200 58 "-" "Tales2Go/3.2.0 CFNetwork/609 Darwin/13.0.0"
174.20.63.253 - - [06/Jan/2013:12:35:20 -0800] "GET /CreateUser.php?markStartup&mode=iPhoneApp&udid=14:10:9F:31:C6:71&version=4.0.12455&mode=iPhoneApp&locale=en_US HTTP/1.1" 200 228 "-" "Tales2Go/3.2.0 CFNetwork/609 Darwin/13.0.0"
174.20.63.253 - - [06/Jan/2013:12:35:21 -0800] "GET /SubmitSettings.php?currentId=37878&email=14:10:9F:31:C6:71@t2g.t2g&epx=3_A62-AJA13JJFAC40&phone=&optin=0&explicit=1&alertOption=0&alertType=0&alertTimestamp=0.000000&udid=14:10:9F:31:C6:71&version=4.0.12455&mode=iPhoneApp&locale=en_US HTTP/1.1" 200 238 "-" "Tales2Go/3.2.0 CFNetwork/609 Darwin/13.0.0"
174.20.63.253 - - [06/Jan/2013:12:35:22 -0800] "GET /GetContentStationList.php?uid=37878&version=4.0.12455&mode=iPhoneApp&locale=en_US HTTP/1.1" 200 6486 "-" "Tales2Go/3.2.0 CFNetwork/609 Darwin/13.0.0"
174.20.63.253 - - [06/Jan/2013:12:35:22 -0800] "GET /LoadUserFromID.php?markStartup&id=37878&udid=14:10:9F:31:C6:71&version=4.0.12455&mode=iPhoneApp&locale=en_US HTTP/1.1" 200 263 "-" "Tales2Go/3.2.0 CFNetwork/609 Darwin/13.0.0"
174.20.63.253 - - [06/Jan/2013:12:35:23 -0800] "GET /GetContentStationList.php?uid=37878&version=4.0.12455&mode=iPhoneApp&locale=en_US HTTP/1.1" 200 6486 "-" "Tales2Go/3.2.0 CFNetwork/609 Darwin/13.0.0"
174.20.63.253 - - [06/Jan/2013:12:35:22 -0800] "GET /GetStationListFC.php?uid=37878&version=4.0.12455&mode=iPhoneApp&locale=en_US HTTP/1.1" 200 16492 "-" "Tales2Go/3.2.0 CFNetwork/609 Darwin/13.0.0"
75.191.205.131 - - [06/Jan/2013:12:35:24 -0800] "GET /GetAd.php?sid=130&timeSinceLastAd=14438&previousFeedId=713&nextFeedId=2887&newStation&tlt=14438&tlf=0&uid=31728&version=4.0.12455&mode=iPhoneApp&locale=en_US HTTP/1.1" 200 22 "-" "Tales2Go/3.2.0 CFNetwork/548.1.4 Darwin/11.0.0"
174.20.63.253 - - [06/Jan/2013:12:35:24 -0800] "GET /GetStationListFC.php?uid=37878&version=4.0.12455&mode=iPhoneApp&locale=en_US HTTP/1.1" 200 16492 "-" "Tales2Go/3.2.0 CFNetwork/609 Darwin/13.0.0"
75.191.205.131 - - [06/Jan/2013:12:35:25 -0800] "GET /PostUsage.php?uid=31728&sid=164&fid=713&eid=1043&completed=7332&timezone=+0000&tlt=14438&version=4.0.12455&mode=iPhoneApp&locale=en_US HTTP/1.1" 200 - "-" "Tales2Go/3.2.0 CFNetwork/548.1.4 Darwin/11.0.0"
75.191.205.131 - - [06/Jan/2013:12:35:26 -0800] "GET /FeedDisplay.php?archived&mode=iPhoneApp&fid=2887&episode_id=5636&nfid=2886&uid=31728&version=3.2.0 HTTP/1.1" 200 8528 "-" "Mozilla/5.0 (iPhone; CPU iPhone OS 5_1 like Mac OS X) AppleWebKit/534.46 (KHTML, like Gecko) Mobile/9B176"
75.191.205.131 - - [06/Jan/2013:12:35:29 -0800] "GET /GetAd.php?sid=130&timeSinceLastAd=14440&previousFeedId=2887&nextFeedId=2886&tlt=14440&tlf=1&uid=31728&version=4.0.12455&mode=iPhoneApp&locale=en_US HTTP/1.1" 200 22 "-" "Tales2Go/3.2.0 CFNetwork/548.1.4 Darwin/11.0.0"
198.228.201.151 - - [06/Jan/2013:12:35:35 -0800] "GET /GetStationPlayList.php?s=9&c=9&uid=21814&sid=16&endFeed=0&version=4.0.12455&mode=iPhoneApp&locale=en_US HTTP/1.1" 200 7514 "-" "Tales2Go/3.2.0 CFNetwork/609 Darwin/13.0.0"
198.228.201.151 - - [06/Jan/2013:12:35:44 -0800] "GET /FeedDisplay.php?archived&mode=iPhoneApp&fid=2531&episode_id=4112&nfid=2110&uid=21814&version=3.2.0 HTTP/1.1" 200 9045 "-" "Mozilla/5.0 (iPhone; CPU iPhone OS 6_0_1 like Mac OS X) AppleWebKit/536.26 (KHTML, like Gecko) Mobile/10A523"
198.228.201.151 - - [06/Jan/2013:12:35:46 -0800] "GET /images/t2g_ratings_color_active.png HTTP/1.1" 200 985 "http://t2g.stitcher.com/FeedDisplay.php?archived&mode=iPhoneApp&fid=2531&episode_id=4112&nfid=2110&uid=21814&version=3.2.0" "Mozilla/5.0 (iPhone; CPU iPhone OS 6_0_1 like Mac OS X) AppleWebKit/536.26 (KHTML, like Gecko) Mobile/10A523"
198.228.201.151 - - [06/Jan/2013:12:35:47 -0800] "GET /images/t2g_ratings_gray_active.png HTTP/1.1" 200 1196 "http://t2g.stitcher.com/FeedDisplay.php?archived&mode=iPhoneApp&fid=2531&episode_id=4112&nfid=2110&uid=21814&version=3.2.0" "Mozilla/5.0 (iPhone; CPU iPhone OS 6_0_1 like Mac OS X) AppleWebKit/536.26 (KHTML, like Gecko) Mobile/10A523"
198.228.201.151 - - [06/Jan/2013:12:35:47 -0800] "GET /images/ajax-loader.gif HTTP/1.1" 200 1849 "http://t2g.stitcher.com/FeedDisplay.php?archived&mode=iPhoneApp&fid=2531&episode_id=4112&nfid=2110&uid=21814&version=3.2.0" "Mozilla/5.0 (iPhone; CPU iPhone OS 6_0_1 like Mac OS X) AppleWebKit/536.26 (KHTML, like Gecko) Mobile/10A523"
198.228.201.151 - - [06/Jan/2013:12:35:48 -0800] "GET /GetAd.php?sid=16&timeSinceLastAd=2&previousFeedId=2531&nextFeedId=2110&tlt=2&tlf=1&uid=21814&version=4.0.12455&mode=iPhoneApp&locale=en_US HTTP/1.1" 200 22 "-" "Tales2Go/3.2.0 CFNetwork/609 Darwin/13.0.0"
198.228.201.151 - - [06/Jan/2013:12:35:48 -0800] "GET /images/t2g_ratings_gray.png HTTP/1.1" 200 1215 "http://t2g.stitcher.com/FeedDisplay.php?archived&mode=iPhoneApp&fid=2531&episode_id=4112&nfid=2110&uid=21814&version=3.2.0" "Mozilla/5.0 (iPhone; CPU iPhone OS 6_0_1 like Mac OS X) AppleWebKit/536.26 (KHTML, like Gecko) Mobile/10A523"
198.228.201.151 - - [06/Jan/2013:12:35:48 -0800] "GET /images/t2g_ratings_color.png HTTP/1.1" 200 997 "http://t2g.stitcher.com/FeedDisplay.php?archived&mode=iPhoneApp&fid=2531&episode_id=4112&nfid=2110&uid=21814&version=3.2.0" "Mozilla/5.0 (iPhone; CPU iPhone OS 6_0_1 like Mac OS X) AppleWebKit/536.26 (KHTML, like Gecko) Mobile/10A523"
127.0.0.1 - - [06/Jan/2013:12:36:06 -0800] "GET /PostUsageScript.php?uid=36491&sid=0&fid=16&eid=34&completed=508&timezone=+0000&tlt=0&version=4.0.12455&mode=desktop&override&locale=en_US HTTP/1.0" 200 59 "-" "Wget/1.11.4 Red Hat modified"
208.113.232.130 - - [06/Jan/2013:12:36:06 -0800] "GET /PostUsage.php?uid=36491&sid=0&fid=16&eid=34&completed=508&timezone=+0000&tlt=0&version=4.0.12455&mode=desktop&override&locale=en_US HTTP/1.0" 200 - "-" "-"
127.0.0.1 - - [06/Jan/2013:12:36:06 -0800] "GET /PostUsageScript.php?uid=36491&sid=0&fid=16&eid=34&completed=0&timezone=+0000&tlt=0&version=4.0.12455&mode=desktop&override&locale=en_US HTTP/1.0" 200 59 "-" "Wget/1.11.4 Red Hat modified"
208.113.232.130 - - [06/Jan/2013:12:36:06 -0800] "GET /PostUsage.php?uid=36491&sid=0&fid=16&eid=34&completed=0&timezone=+0000&tlt=0&version=4.0.12455&mode=desktop&override&locale=en_US HTTP/1.0" 200 - "-" "-"
174.20.63.253 - - [06/Jan/2013:12:37:08 -0800] "GET /GetStationPlayList.php?s=0&c=9&uid=37878&sid=48&endFeed=0&version=4.0.12455&mode=iPhoneApp&locale=en_US HTTP/1.1" 200 6410 "-" "Tales2Go/3.2.0 CFNetwork/609 Darwin/13.0.0"
98.207.237.169 - - [06/Jan/2013:12:37:40 -0800] "GET /StartupChecks.php?startup&uid=21368&version=4.0.12455&mode=iPhoneApp&locale=en_US HTTP/1.1" 200 289 "-" "Tales2Go/3.2.0 CFNetwork/548.1.4 Darwin/11.0.0"
98.207.237.169 - - [06/Jan/2013:12:37:41 -0800] "GET /LoadUserFromID.php?markStartup&id=21368&udid=24:AB:81:5C:E5:ED&version=4.0.12455&mode=iPhoneApp&locale=en_US HTTP/1.1" 200 263 "-" "Tales2Go/3.2.0 CFNetwork/548.1.4 Darwin/11.0.0"
98.207.237.169 - - [06/Jan/2013:12:37:41 -0800] "GET /GetContentStationList.php?uid=21368&version=4.0.12455&mode=iPhoneApp&locale=en_US HTTP/1.1" 200 6486 "-" "Tales2Go/3.2.0 CFNetwork/548.1.4 Darwin/11.0.0"
98.207.237.169 - - [06/Jan/2013:12:37:41 -0800] "GET /GetStationListFC.php?uid=21368&version=4.0.12455&mode=iPhoneApp&locale=en_US HTTP/1.1" 200 256 "-" "Tales2Go/3.2.0 CFNetwork/548.1.4 Darwin/11.0.0"
174.20.63.253 - - [06/Jan/2013:12:37:43 -0800] "GET /GetStationPlayList.php?uid=37878&sid=favorites&version=4.0.12455&mode=iPhoneApp&locale=en_US HTTP/1.1" 200 141 "-" "Tales2Go/3.2.0 CFNetwork/609 Darwin/13.0.0"
174.20.63.253 - - [06/Jan/2013:12:37:48 -0800] "GET /GetBookmarkList.php?uid=37878&version=4.0.12455&mode=iPhoneApp&locale=en_US HTTP/1.1" 200 55 "-" "Tales2Go/3.2.0 CFNetwork/609 Darwin/13.0.0"
174.20.63.253 - - [06/Jan/2013:12:39:24 -0800] "GET /GetStationPlayList.php?s=0&c=9&uid=37878&sid=375&endFeed=0&version=4.0.12455&mode=iPhoneApp&locale=en_US HTTP/1.1" 200 8578 "-" "Tales2Go/3.2.0 CFNetwork/609 Darwin/13.0.0"
174.20.63.253 - - [06/Jan/2013:12:39:33 -0800] "GET /GetStationPlayList.php?s=9&c=9&uid=37878&sid=375&endFeed=0&version=4.0.12455&mode=iPhoneApp&locale=en_US HTTP/1.1" 200 8098 "-" "Tales2Go/3.2.0 CFNetwork/609 Darwin/13.0.0"
173.240.131.158 - - [06/Jan/2013:12:39:46 -0800] "GET /StartupChecks.php?startup&uid=37800&version=4.0.12455&mode=iPhoneApp&locale=en_US HTTP/1.1" 200 289 "-" "Tales2Go/3.2.0 CFNetwork/609 Darwin/13.0.0"
173.240.131.158 - - [06/Jan/2013:12:39:47 -0800] "GET /LoadUserFromID.php?markStartup&id=37800&udid=14:10:9F:33:EE:56&version=4.0.12455&mode=iPhoneApp&locale=en_US HTTP/1.1" 200 263 "-" "Tales2Go/3.2.0 CFNetwork/609 Darwin/13.0.0"
173.240.131.158 - - [06/Jan/2013:12:39:48 -0800] "GET /GetContentStationList.php?uid=37800&version=4.0.12455&mode=iPhoneApp&locale=en_US HTTP/1.1" 200 6486 "-" "Tales2Go/3.2.0 CFNetwork/609 Darwin/13.0.0"
173.240.131.158 - - [06/Jan/2013:12:39:48 -0800] "GET /GetStationListFC.php?uid=37800&version=4.0.12455&mode=iPhoneApp&locale=en_US HTTP/1.1" 200 16492 "-" "Tales2Go/3.2.0 CFNetwork/609 Darwin/13.0.0"
173.240.131.158 - - [06/Jan/2013:12:40:06 -0800] "GET /GetStationPlayList.php?s=0&c=9&uid=37800&sid=200&endFeed=0&version=4.0.12455&mode=iPhoneApp&locale=en_US HTTP/1.1" 200 13525 "-" "Tales2Go/3.2.0 CFNetwork/609 Darwin/13.0.0"
173.240.131.158 - - [06/Jan/2013:12:40:19 -0800] "GET /FeedDisplay.php?archived&mode=iPhoneApp&fid=1534&episode_id=2918&nfid=72&uid=37800&version=3.2.0 HTTP/1.1" 200 9448 "-" "Mozilla/5.0 (iPod; CPU iPhone OS 6_0 like Mac OS X) AppleWebKit/536.26 (KHTML, like Gecko) Mobile/10A403"
173.240.131.158 - - [06/Jan/2013:12:40:20 -0800] "GET /images/multipart_arrow_left_disabled.gif HTTP/1.1" 200 275 "http://t2g.stitcher.com/FeedDisplay.php?archived&mode=iPhoneApp&fid=1534&episode_id=2918&nfid=72&uid=37800&version=3.2.0" "Mozilla/5.0 (iPod; CPU iPhone OS 6_0 like Mac OS X) AppleWebKit/536.26 (KHTML, like Gecko) Mobile/10A403"
173.240.131.158 - - [06/Jan/2013:12:40:20 -0800] "GET /images/multipart_arrow_right.gif HTTP/1.1" 200 267 "http://t2g.stitcher.com/FeedDisplay.php?archived&mode=iPhoneApp&fid=1534&episode_id=2918&nfid=72&uid=37800&version=3.2.0" "Mozilla/5.0 (iPod; CPU iPhone OS 6_0 like Mac OS X) AppleWebKit/536.26 (KHTML, like Gecko) Mobile/10A403"
173.240.131.158 - - [06/Jan/2013:12:40:20 -0800] "GET /images/ajax-loader.gif HTTP/1.1" 200 1849 "http://t2g.stitcher.com/FeedDisplay.php?archived&mode=iPhoneApp&fid=1534&episode_id=2918&nfid=72&uid=37800&version=3.2.0" "Mozilla/5.0 (iPod; CPU iPhone OS 6_0 like Mac OS X) AppleWebKit/536.26 (KHTML, like Gecko) Mobile/10A403"
173.240.131.158 - - [06/Jan/2013:12:40:21 -0800] "GET /images/t2g_ratings_color_active.png HTTP/1.1" 200 985 "http://t2g.stitcher.com/FeedDisplay.php?archived&mode=iPhoneApp&fid=1534&episode_id=2918&nfid=72&uid=37800&version=3.2.0" "Mozilla/5.0 (iPod; CPU iPhone OS 6_0 like Mac OS X) AppleWebKit/536.26 (KHTML, like Gecko) Mobile/10A403"
173.240.131.158 - - [06/Jan/2013:12:40:21 -0800] "GET /images/t2g_ratings_gray_active.png HTTP/1.1" 200 1196 "http://t2g.stitcher.com/FeedDisplay.php?archived&mode=iPhoneApp&fid=1534&episode_id=2918&nfid=72&uid=37800&version=3.2.0" "Mozilla/5.0 (iPod; CPU iPhone OS 6_0 like Mac OS X) AppleWebKit/536.26 (KHTML, like Gecko) Mobile/10A403"
173.240.131.158 - - [06/Jan/2013:12:40:22 -0800] "GET /images/t2g_ratings_gray.png HTTP/1.1" 200 1215 "http://t2g.stitcher.com/FeedDisplay.php?archived&mode=iPhoneApp&fid=1534&episode_id=2918&nfid=72&uid=37800&version=3.2.0" "Mozilla/5.0 (iPod; CPU iPhone OS 6_0 like Mac OS X) AppleWebKit/536.26 (KHTML, like Gecko) Mobile/10A403"
173.240.131.158 - - [06/Jan/2013:12:40:22 -0800] "GET /images/t2g_ratings_color.png HTTP/1.1" 200 997 "http://t2g.stitcher.com/FeedDisplay.php?archived&mode=iPhoneApp&fid=1534&episode_id=2918&nfid=72&uid=37800&version=3.2.0" "Mozilla/5.0 (iPod; CPU iPhone OS 6_0 like Mac OS X) AppleWebKit/536.26 (KHTML, like Gecko) Mobile/10A403"
174.20.63.253 - - [06/Jan/2013:12:40:22 -0800] "GET /GetStationPlayList.php?s=0&c=9&uid=37878&sid=5&endFeed=0&version=4.0.12455&mode=iPhoneApp&locale=en_US HTTP/1.1" 200 6414 "-" "Tales2Go/3.2.0 CFNetwork/609 Darwin/13.0.0"
173.240.131.158 - - [06/Jan/2013:12:40:25 -0800] "GET /PostUsage.php?uid=37800&sid=200&fid=1534&eid=2918&completed=5332&timezone=+0000&tlt=0&version=4.0.12455&mode=iPhoneApp&locale=en_US HTTP/1.1" 200 - "-" "Tales2Go/3.2.0 CFNetwork/609 Darwin/13.0.0"
173.240.131.158 - - [06/Jan/2013:12:40:26 -0800] "GET /FeedDisplay.php?archived&mode=iPhoneApp&fid=1534&episode_id=2919&nfid=72&uid=37800&version=3.2.0 HTTP/1.1" 200 9470 "-" "Mozilla/5.0 (iPod; CPU iPhone OS 6_0 like Mac OS X) AppleWebKit/536.26 (KHTML, like Gecko) Mobile/10A403"
173.240.131.158 - - [06/Jan/2013:12:40:26 -0800] "GET /PostUsage.php?uid=37800&sid=200&fid=1534&eid=2919&completed=0&timezone=+0000&tlt=0&version=4.0.12455&mode=iPhoneApp&locale=en_US HTTP/1.1" 200 - "-" "Tales2Go/3.2.0 CFNetwork/609 Darwin/13.0.0"
173.240.131.158 - - [06/Jan/2013:12:40:27 -0800] "GET /images/multipart_arrow_left.gif HTTP/1.1" 200 273 "http://t2g.stitcher.com/FeedDisplay.php?archived&mode=iPhoneApp&fid=1534&episode_id=2919&nfid=72&uid=37800&version=3.2.0" "Mozilla/5.0 (iPod; CPU iPhone OS 6_0 like Mac OS X) AppleWebKit/536.26 (KHTML, like Gecko) Mobile/10A403"
173.240.131.158 - - [06/Jan/2013:12:40:26 -0800] "GET /FeedDisplay.php?archived&mode=iPhoneApp&fid=1534&episode_id=2919&nfid=72&uid=37800&version=3.2.0 HTTP/1.1" 200 9470 "-" "Mozilla/5.0 (iPod; CPU iPhone OS 6_0 like Mac OS X) AppleWebKit/536.26 (KHTML, like Gecko) Mobile/10A403"
173.240.131.158 - - [06/Jan/2013:12:40:27 -0800] "GET /images/multipart_arrow_left.gif HTTP/1.1" 200 273 "http://t2g.stitcher.com/FeedDisplay.php?archived&mode=iPhoneApp&fid=1534&episode_id=2919&nfid=72&uid=37800&version=3.2.0" "Mozilla/5.0 (iPod; CPU iPhone OS 6_0 like Mac OS X) AppleWebKit/536.26 (KHTML, like Gecko) Mobile/10A403"
174.20.63.253 - - [06/Jan/2013:12:40:35 -0800] "GET /GetStationPlayList.php?s=9&c=9&uid=37878&sid=5&endFeed=0&version=4.0.12455&mode=iPhoneApp&locale=en_US HTTP/1.1" 200 7648 "-" "Tales2Go/3.2.0 CFNetwork/609 Darwin/13.0.0"
173.240.131.158 - - [06/Jan/2013:12:40:38 -0800] "GET /PostUsage.php?uid=37800&sid=200&fid=1534&eid=2919&completed=10467&timezone=+0000&tlt=0&version=4.0.12455&mode=iPhoneApp&locale=en_US HTTP/1.1" 200 - "-" "Tales2Go/3.2.0 CFNetwork/609 Darwin/13.0.0"
173.240.131.158 - - [06/Jan/2013:12:40:39 -0800] "GET /PostUsage.php?uid=37800&sid=200&fid=1534&eid=2920&completed=0&timezone=+0000&tlt=0&version=4.0.12455&mode=iPhoneApp&locale=en_US HTTP/1.1" 200 - "-" "Tales2Go/3.2.0 CFNetwork/609 Darwin/13.0.0"
173.240.131.158 - - [06/Jan/2013:12:40:39 -0800] "GET /FeedDisplay.php?archived&mode=iPhoneApp&fid=1534&episode_id=2920&nfid=72&uid=37800&version=3.2.0 HTTP/1.1" 200 9470 "-" "Mozilla/5.0 (iPod; CPU iPhone OS 6_0 like Mac OS X) AppleWebKit/536.26 (KHTML, like Gecko) Mobile/10A403"
173.240.131.158 - - [06/Jan/2013:12:40:46 -0800] "GET /PostUsage.php?uid=37800&sid=200&fid=1534&eid=2920&completed=5714&timezone=+0000&tlt=0&version=4.0.12455&mode=iPhoneApp&locale=en_US HTTP/1.1" 200 - "-" "Tales2Go/3.2.0 CFNetwork/609 Darwin/13.0.0"
173.240.131.158 - - [06/Jan/2013:12:40:46 -0800] "GET /PostUsage.php?uid=37800&sid=200&fid=1534&eid=2921&completed=0&timezone=+0000&tlt=0&version=4.0.12455&mode=iPhoneApp&locale=en_US HTTP/1.1" 200 - "-" "Tales2Go/3.2.0 CFNetwork/609 Darwin/13.0.0"
173.240.131.158 - - [06/Jan/2013:12:40:47 -0800] "GET /FeedDisplay.php?archived&mode=iPhoneApp&fid=1534&episode_id=2921&nfid=72&uid=37800&version=3.2.0 HTTP/1.1" 200 9448 "-" "Mozilla/5.0 (iPod; CPU iPhone OS 6_0 like Mac OS X) AppleWebKit/536.26 (KHTML, like Gecko) Mobile/10A403"
173.240.131.158 - - [06/Jan/2013:12:40:47 -0800] "GET /FeedDisplay.php?archived&mode=iPhoneApp&fid=1534&episode_id=2921&nfid=72&uid=37800&version=3.2.0 HTTP/1.1" 200 9448 "-" "Mozilla/5.0 (iPod; CPU iPhone OS 6_0 like Mac OS X) AppleWebKit/536.26 (KHTML, like Gecko) Mobile/10A403"
173.240.131.158 - - [06/Jan/2013:12:40:48 -0800] "GET /images/multipart_arrow_right_disabled.gif HTTP/1.1" 200 278 "http://t2g.stitcher.com/FeedDisplay.php?archived&mode=iPhoneApp&fid=1534&episode_id=2921&nfid=72&uid=37800&version=3.2.0" "Mozilla/5.0 (iPod; CPU iPhone OS 6_0 like Mac OS X) AppleWebKit/536.26 (KHTML, like Gecko) Mobile/10A403"
173.240.131.158 - - [06/Jan/2013:12:40:56 -0800] "GET /GetAd.php?sid=200&timeSinceLastAd=8&previousFeedId=1534&nextFeedId=713&newStation&tlt=8&tlf=0&uid=37800&version=4.0.12455&mode=iPhoneApp&locale=en_US HTTP/1.1" 200 22 "-" "Tales2Go/3.2.0 CFNetwork/609 Darwin/13.0.0"
173.240.131.158 - - [06/Jan/2013:12:40:57 -0800] "GET /PostUsage.php?uid=37800&sid=200&fid=1534&eid=2921&completed=9452&timezone=+0000&tlt=8&version=4.0.12455&mode=iPhoneApp&locale=en_US HTTP/1.1" 200 - "-" "Tales2Go/3.2.0 CFNetwork/609 Darwin/13.0.0"
