208.58.72.95 - - [06/Jan/2013:06:28:16 -0800] "GET /images/t2g_ratings_color.png HTTP/1.1" 200 997 "http://t2g.stitcher.com/FeedDisplay.php?archived&mode=iPhoneApp&fid=959&episode_id=1435&nfid=0&uid=20760&version=3.2.0" "Mozilla/5.0 (iPhone; CPU iPhone OS 6_0_1 like Mac OS X) AppleWebKit/536.26 (KHTML, like Gecko) Mobile/10A523"
208.58.72.95 - - [06/Jan/2013:06:28:21 -0800] "GET /GetAd.php?sid=0&timeSinceLastAd=9&previousFeedId=959&nextFeedId=0&tlt=9&tlf=1&uid=20760&version=4.0.12455&mode=iPhoneApp&locale=en_US HTTP/1.1" 200 22 "-" "Tales2Go/3.2.0 CFNetwork/609 Darwin/13.0.0"
24.19.246.159 - - [06/Jan/2013:06:28:22 -0800] "GET /GetAd.php?sid=102&timeSinceLastAd=2941&previousFeedId=697&nextFeedId=677&tlt=2941&tlf=1&uid=4405&version=4.0.12455&mode=iPhoneApp&locale=en_US HTTP/1.1" 200 22 "-" "Tales2Go/3.2.0 CFNetwork/548.1.4 Darwin/11.0.0"
24.19.246.159 - - [06/Jan/2013:06:28:22 -0800] "GET /PostUsage.php?uid=4405&sid=102&fid=697&eid=931&completed=344110&timezone=+0000&tlt=2941&version=4.0.12455&mode=iPhoneApp&locale=en_US HTTP/1.1" 200 - "-" "Tales2Go/3.2.0 CFNetwork/548.1.4 Darwin/11.0.0"
24.19.246.159 - - [06/Jan/2013:06:28:22 -0800] "GET /FeedDisplay.php?archived&mode=iPhoneApp&fid=677&episode_id=911&nfid=684&uid=4405&version=3.2.0 HTTP/1.1" 200 8460 "-" "Mozilla/5.0 (iPhone; CPU iPhone OS 5_1_1 like Mac OS X) AppleWebKit/534.46 (KHTML, like Gecko) Mobile/9B206"
24.19.246.159 - - [06/Jan/2013:06:28:24 -0800] "GET /GetAd.php?sid=102&timeSinceLastAd=2941&previousFeedId=677&nextFeedId=684&tlt=2941&tlf=2&uid=4405&version=4.0.12455&mode=iPhoneApp&locale=en_US HTTP/1.1" 200 22 "-" "Tales2Go/3.2.0 CFNetwork/548.1.4 Darwin/11.0.0"
98.163.103.68 - - [06/Jan/2013:06:28:41 -0800] "GET /StartupChecks.php?startup&uid=37849&version=4.0.12455&mode=iPhoneApp&locale=en_US HTTP/1.1" 200 289 "-" "Tales2Go/3.2.0 CFNetwork/609 Darwin/13.0.0"
24.19.246.159 - - [06/Jan/2013:06:28:41 -0800] "GET /GetAd.php?sid=102&timeSinceLastAd=2958&previousFeedId=677&nextFeedId=683&newStation&tlt=2958&tlf=0&uid=4405&version=4.0.12455&mode=iPhoneApp&locale=en_US HTTP/1.1" 200 22 "-" "Tales2Go/3.2.0 CFNetwork/548.1.4 Darwin/11.0.0"
98.163.103.68 - - [06/Jan/2013:06:28:41 -0800] "GET /LoadUserFromID.php?markStartup&id=37849&udid=9C:04:EB:C3:9B:83&version=4.0.12455&mode=iPhoneApp&locale=en_US HTTP/1.1" 200 263 "-" "Tales2Go/3.2.0 CFNetwork/609 Darwin/13.0.0"
24.19.246.159 - - [06/Jan/2013:06:28:42 -0800] "GET /PostUsage.php?uid=4405&sid=102&fid=677&eid=911&completed=17970&timezone=+0000&tlt=2958&version=4.0.12455&mode=iPhoneApp&locale=en_US HTTP/1.1" 200 - "-" "Tales2Go/3.2.0 CFNetwork/548.1.4 Darwin/11.0.0"
24.19.246.159 - - [06/Jan/2013:06:28:42 -0800] "GET /FeedDisplay.php?archived&mode=iPhoneApp&fid=683&episode_id=917&nfid=698&uid=4405&version=3.2.0 HTTP/1.1" 200 8648 "-" "Mozilla/5.0 (iPhone; CPU iPhone OS 5_1_1 like Mac OS X) AppleWebKit/534.46 (KHTML, like Gecko) Mobile/9B206"
24.19.246.159 - - [06/Jan/2013:06:28:42 -0800] "GET /GetAd.php?sid=102&timeSinceLastAd=2958&previousFeedId=683&nextFeedId=698&tlt=2958&tlf=1&uid=4405&version=4.0.12455&mode=iPhoneApp&locale=en_US HTTP/1.1" 200 22 "-" "Tales2Go/3.2.0 CFNetwork/548.1.4 Darwin/11.0.0"
98.163.103.68 - - [06/Jan/2013:06:28:42 -0800] "GET /GetContentStationList.php?uid=37849&version=4.0.12455&mode=iPhoneApp&locale=en_US HTTP/1.1" 200 6486 "-" "Tales2Go/3.2.0 CFNetwork/609 Darwin/13.0.0"
98.163.103.68 - - [06/Jan/2013:06:28:42 -0800] "GET /GetStationListFC.php?uid=37849&version=4.0.12455&mode=iPhoneApp&locale=en_US HTTP/1.1" 200 16492 "-" "Tales2Go/3.2.0 CFNetwork/609 Darwin/13.0.0"
208.58.72.95 - - [06/Jan/2013:06:28:57 -0800] "GET /PostUsage.php?uid=20760&sid=0&fid=959&eid=1435&completed=23584&timezone=+0000&tlt=0&version=4.0.12455&mode=iPhoneApp&locale=en_US HTTP/1.1" 200 - "-" "Tales2Go/3.2.0 CFNetwork/609 Darwin/13.0.0"
208.58.72.95 - - [06/Jan/2013:06:28:57 -0800] "GET /FeedDisplay.php?archived&mode=iPhoneApp&fid=960&episode_id=1436&nfid=0&uid=20760&version=3.2.0 HTTP/1.1" 200 8634 "-" "Mozilla/5.0 (iPhone; CPU iPhone OS 6_0_1 like Mac OS X) AppleWebKit/536.26 (KHTML, like Gecko) Mobile/10A523"
208.58.72.95 - - [06/Jan/2013:06:29:11 -0800] "GET /GetAd.php?sid=0&timeSinceLastAd=3&previousFeedId=960&nextFeedId=0&tlt=3&tlf=1&uid=20760&version=4.0.12455&mode=iPhoneApp&locale=en_US HTTP/1.1" 200 22 "-" "Tales2Go/3.2.0 CFNetwork/609 Darwin/13.0.0"
208.58.72.95 - - [06/Jan/2013:06:29:34 -0800] "GET /Search.php?uid=20760&term=the%20hobbit&s=0&c=20&version=4.0.12455&mode=iPhoneApp&locale=en_US HTTP/1.1" 200 79 "-" "Tales2Go/3.2.0 CFNetwork/609 Darwin/13.0.0"
208.58.72.95 - - [06/Jan/2013:06:30:05 -0800] "GET /Search.php?uid=20760&term=The%20Hobbit&s=0&c=20&version=4.0.12455&mode=iPhoneApp&locale=en_US HTTP/1.1" 200 79 "-" "Tales2Go/3.2.0 CFNetwork/609 Darwin/13.0.0"
67.168.68.101 - - [06/Jan/2013:06:32:56 -0800] "GET /GetAd.php?sid=14&timeSinceLastAd=28343&previousFeedId=614&nextFeedId=1544&tlt=28343&tlf=4&uid=36851&version=4.0.12455&mode=iPhoneApp&locale=en_US HTTP/1.1" 200 22 "-" "Tales2Go/3.2.0 CFNetwork/609 Darwin/13.0.0"
67.168.68.101 - - [06/Jan/2013:06:32:57 -0800] "GET /PostUsage.php?uid=36851&sid=14&fid=614&eid=1389&completed=4679658&timezone=+0000&tlt=28343&version=4.0.12455&mode=iPhoneApp&locale=en_US HTTP/1.1" 200 - "-" "Tales2Go/3.2.0 CFNetwork/609 Darwin/13.0.0"
67.168.68.101 - - [06/Jan/2013:06:32:57 -0800] "GET /FeedDisplay.php?archived&mode=iPhoneApp&fid=1544&episode_id=2999&nfid=920&uid=36851&version=3.2.0 HTTP/1.1" 200 10192 "-" "Mozilla/5.0 (iPhone; CPU iPhone OS 6_0 like Mac OS X) AppleWebKit/536.26 (KHTML, like Gecko) Mobile/10A403"
24.19.246.159 - - [06/Jan/2013:06:33:01 -0800] "GET /GetAd.php?sid=102&timeSinceLastAd=3215&previousFeedId=683&nextFeedId=698&tlt=3215&tlf=1&uid=4405&version=4.0.12455&mode=iPhoneApp&locale=en_US HTTP/1.1" 200 22 "-" "Tales2Go/3.2.0 CFNetwork/548.1.4 Darwin/11.0.0"
24.19.246.159 - - [06/Jan/2013:06:33:01 -0800] "GET /PostUsage.php?uid=4405&sid=102&fid=683&eid=917&completed=257765&timezone=+0000&tlt=3215&version=4.0.12455&mode=iPhoneApp&locale=en_US HTTP/1.1" 200 - "-" "Tales2Go/3.2.0 CFNetwork/548.1.4 Darwin/11.0.0"
24.19.246.159 - - [06/Jan/2013:06:33:02 -0800] "GET /FeedDisplay.php?archived&mode=iPhoneApp&fid=698&episode_id=932&nfid=685&uid=4405&version=3.2.0 HTTP/1.1" 200 8464 "-" "Mozilla/5.0 (iPhone; CPU iPhone OS 5_1_1 like Mac OS X) AppleWebKit/534.46 (KHTML, like Gecko) Mobile/9B206"
24.19.246.159 - - [06/Jan/2013:06:33:04 -0800] "GET /GetAd.php?sid=102&timeSinceLastAd=3216&previousFeedId=698&nextFeedId=685&tlt=3216&tlf=2&uid=4405&version=4.0.12455&mode=iPhoneApp&locale=en_US HTTP/1.1" 200 22 "-" "Tales2Go/3.2.0 CFNetwork/548.1.4 Darwin/11.0.0"
67.168.68.101 - - [06/Jan/2013:06:33:04 -0800] "GET /GetAd.php?sid=14&timeSinceLastAd=28349&previousFeedId=1544&nextFeedId=920&tlt=28349&tlf=5&uid=36851&version=4.0.12455&mode=iPhoneApp&locale=en_US HTTP/1.1" 200 22 "-" "Tales2Go/3.2.0 CFNetwork/609 Darwin/13.0.0"
24.19.246.159 - - [06/Jan/2013:06:33:08 -0800] "GET /GetAd.php?sid=102&timeSinceLastAd=3219&previousFeedId=698&nextFeedId=678&newStation&tlt=3219&tlf=0&uid=4405&version=4.0.12455&mode=iPhoneApp&locale=en_US HTTP/1.1" 200 22 "-" "Tales2Go/3.2.0 CFNetwork/548.1.4 Darwin/11.0.0"
24.19.246.159 - - [06/Jan/2013:06:33:08 -0800] "GET /PostUsage.php?uid=4405&sid=102&fid=698&eid=932&completed=5142&timezone=+0000&tlt=3219&version=4.0.12455&mode=iPhoneApp&locale=en_US HTTP/1.1" 200 - "-" "Tales2Go/3.2.0 CFNetwork/548.1.4 Darwin/11.0.0"
24.19.246.159 - - [06/Jan/2013:06:33:08 -0800] "GET /FeedDisplay.php?archived&mode=iPhoneApp&fid=678&episode_id=912&nfid=693&uid=4405&version=3.2.0 HTTP/1.1" 200 8751 "-" "Mozilla/5.0 (iPhone; CPU iPhone OS 5_1_1 like Mac OS X) AppleWebKit/534.46 (KHTML, like Gecko) Mobile/9B206"
24.19.246.159 - - [06/Jan/2013:06:33:10 -0800] "GET /GetAd.php?sid=102&timeSinceLastAd=3220&previousFeedId=678&nextFeedId=693&tlt=3220&tlf=1&uid=4405&version=4.0.12455&mode=iPhoneApp&locale=en_US HTTP/1.1" 200 22 "-" "Tales2Go/3.2.0 CFNetwork/548.1.4 Darwin/11.0.0"
108.39.72.79 - - [06/Jan/2013:06:34:13 -0800] "GET /StartupChecks.php?startup&version=4.0.12455&mode=iPhoneApp&locale=en_US HTTP/1.1" 200 246 "-" "Tales2Go%20-%20Old%20Version/2.2.12455 CFNetwork/609 Darwin/13.0.0"
174.97.232.228 - - [06/Jan/2013:06:34:17 -0800] "GET /PostUsage.php?uid=22833&sid=0&fid=1557&eid=2993&completed=4218116&timezone=+0000&tlt=21300&version=4.0.12455&mode=iPhoneApp&locale=en_US HTTP/1.1" 200 - "-" "Tales2Go/3.2.0 CFNetwork/609 Darwin/13.0.0"
174.97.232.228 - - [06/Jan/2013:06:34:17 -0800] "GET /FeedDisplay.php?archived&mode=iPhoneApp&fid=1557&episode_id=2994&nfid=0&uid=22833&version=3.2.0 HTTP/1.1" 200 9348 "-" "Mozilla/5.0 (iPod; CPU iPhone OS 6_0_1 like Mac OS X) AppleWebKit/536.26 (KHTML, like Gecko) Mobile/10A523"
108.39.72.79 - - [06/Jan/2013:06:34:44 -0800] "GET /CheckAuthentication.php?markStartup&&email=jbstrack01@gmail.com&epx=7knuqD-3_43w45pprq9-l0&udid=4aaed685971e20bedf65b2f447892ec8ad90f56b&version=4.0.12455&mode=iPhoneApp&locale=en_US HTTP/1.1" 200 54 "-" "Tales2Go%20-%20Old%20Version/2.2.12455 CFNetwork/609 Darwin/13.0.0"
174.97.232.228 - - [06/Jan/2013:06:35:01 -0800] "GET /GetAd.php?sid=0&timeSinceLastAd=25561&previousFeedId=1557&nextFeedId=0&tlt=25561&tlf=7&uid=22833&version=4.0.12455&mode=iPhoneApp&locale=en_US HTTP/1.1" 200 22 "-" "Tales2Go/3.2.0 CFNetwork/609 Darwin/13.0.0"
24.19.246.159 - - [06/Jan/2013:06:39:31 -0800] "GET /GetAd.php?sid=102&timeSinceLastAd=3600&previousFeedId=678&nextFeedId=693&tlt=3600&tlf=1&uid=4405&version=4.0.12455&mode=iPhoneApp&locale=en_US HTTP/1.1" 200 22 "-" "Tales2Go/3.2.0 CFNetwork/548.1.4 Darwin/11.0.0"
24.19.246.159 - - [06/Jan/2013:06:39:31 -0800] "GET /FeedDisplay.php?archived&mode=iPhoneApp&fid=693&episode_id=927&nfid=688&uid=4405&version=3.2.0 HTTP/1.1" 200 8466 "-" "Mozilla/5.0 (iPhone; CPU iPhone OS 5_1_1 like Mac OS X) AppleWebKit/534.46 (KHTML, like Gecko) Mobile/9B206"
24.19.246.159 - - [06/Jan/2013:06:39:31 -0800] "GET /PostUsage.php?uid=4405&sid=102&fid=678&eid=912&completed=381328&timezone=+0000&tlt=3600&version=4.0.12455&mode=iPhoneApp&locale=en_US HTTP/1.1" 200 - "-" "Tales2Go/3.2.0 CFNetwork/548.1.4 Darwin/11.0.0"
24.19.246.159 - - [06/Jan/2013:06:39:33 -0800] "GET /GetAd.php?sid=102&timeSinceLastAd=3600&previousFeedId=693&nextFeedId=688&tlt=3600&tlf=2&uid=4405&version=4.0.12455&mode=iPhoneApp&locale=en_US HTTP/1.1" 200 22 "-" "Tales2Go/3.2.0 CFNetwork/548.1.4 Darwin/11.0.0"
108.18.157.141 - - [06/Jan/2013:06:40:28 -0800] "GET /LoadUserFromID.php?markStartup&id=19451&udid=(null)&version=4.0.12455&mode=iPhoneApp&locale=en_US HTTP/1.1" 200 525 "-" "Tales2GoHoliday/3.0.0 CFNetwork/609 Darwin/13.0.0"
108.18.157.141 - - [06/Jan/2013:06:40:29 -0800] "GET /StartupChecks.php?startup&uid=19451&version=4.0.12455&mode=iPhoneApp&locale=en_US HTTP/1.1" 200 289 "-" "Tales2GoHoliday/3.0.0 CFNetwork/609 Darwin/13.0.0"
108.18.157.141 - - [06/Jan/2013:06:40:30 -0800] "GET /TransitionUDIDToSerialNum.php?udid=fa0bed026e7fd5c75e7b1b7a5c91422975ee7aae&version=4.0.12455&mode=iPhoneApp&locale=en_US HTTP/1.1" 200 121 "-" "Tales2GoHoliday/3.0.0 CFNetwork/609 Darwin/13.0.0"
108.18.157.141 - - [06/Jan/2013:06:40:31 -0800] "GET /LoadUserFromID.php?markStartup&id=19451&udid=fa0bed026e7fd5c75e7b1b7a5c91422975ee7aae&version=4.0.12455&mode=iPhoneApp&locale=en_US HTTP/1.1" 200 525 "-" "Tales2GoHoliday/3.0.0 CFNetwork/609 Darwin/13.0.0"
108.18.157.141 - - [06/Jan/2013:06:40:32 -0800] "GET /GetContentStationList.php?uid=19451&version=4.0.12455&mode=iPhoneApp&locale=en_US HTTP/1.1" 200 6486 "-" "Tales2GoHoliday/3.0.0 CFNetwork/609 Darwin/13.0.0"
108.18.157.141 - - [06/Jan/2013:06:40:32 -0800] "GET /GetStationListFC.php?uid=19451&version=4.0.12455&mode=iPhoneApp&locale=en_US HTTP/1.1" 200 367 "-" "Tales2GoHoliday/3.0.0 CFNetwork/609 Darwin/13.0.0"
96.255.241.191 - - [06/Jan/2013:06:40:33 -0800] "GET /AddBookmark.php?uid=411&eid=3461&offset=2822&version=4.0.12455&mode=iPhoneApp&override&locale=en_US HTTP/1.1" 200 47 "-" "Tales2Go/3.2.0 CFNetwork/609 Darwin/13.0.0"
24.19.246.159 - - [06/Jan/2013:06:40:59 -0800] "GET /GetStationPlayList.php?s=0&c=9&uid=4405&sid=96&endFeed=0&version=4.0.12455&mode=iPhoneApp&locale=en_US HTTP/1.1" 200 2286 "-" "Tales2Go/3.2.0 CFNetwork/548.1.4 Darwin/11.0.0"
24.19.246.159 - - [06/Jan/2013:06:41:04 -0800] "GET /GetAd.php?sid=96&timeSinceLastAd=3632&previousFeedId=693&nextFeedId=898&newStation&tlt=3632&tlf=0&uid=4405&version=4.0.12455&mode=iPhoneApp&locale=en_US HTTP/1.1" 200 22 "-" "Tales2Go/3.2.0 CFNetwork/548.1.4 Darwin/11.0.0"
24.19.246.159 - - [06/Jan/2013:06:41:05 -0800] "GET /PostUsage.php?uid=4405&sid=102&fid=693&eid=927&completed=32017&timezone=+0000&tlt=3632&version=4.0.12455&mode=iPhoneApp&locale=en_US HTTP/1.1" 200 - "-" "Tales2Go/3.2.0 CFNetwork/548.1.4 Darwin/11.0.0"
24.19.246.159 - - [06/Jan/2013:06:41:05 -0800] "GET /FeedDisplay.php?archived&mode=iPhoneApp&fid=898&episode_id=1167&nfid=899&uid=4405&version=3.2.0 HTTP/1.1" 200 8446 "-" "Mozilla/5.0 (iPhone; CPU iPhone OS 5_1_1 like Mac OS X) AppleWebKit/534.46 (KHTML, like Gecko) Mobile/9B206"
24.19.246.159 - - [06/Jan/2013:06:41:13 -0800] "GET /GetAd.php?sid=96&timeSinceLastAd=3638&previousFeedId=898&nextFeedId=899&tlt=3638&tlf=1&uid=4405&version=4.0.12455&mode=iPhoneApp&locale=en_US HTTP/1.1" 200 22 "-" "Tales2Go/3.2.0 CFNetwork/548.1.4 Darwin/11.0.0"
208.58.72.95 - - [06/Jan/2013:06:41:26 -0800] "GET /Search.php?uid=20760&term=The%20Hobbit&s=0&c=20&version=4.0.12455&mode=iPhoneApp&locale=en_US HTTP/1.1" 200 79 "-" "Tales2Go/3.2.0 CFNetwork/609 Darwin/13.0.0"
208.58.72.95 - - [06/Jan/2013:06:42:42 -0800] "GET /Search.php?uid=20760&term=the%20oz%20books&s=0&c=20&version=4.0.12455&mode=iPhoneApp&locale=en_US HTTP/1.1" 200 21295 "-" "Tales2Go/3.2.0 CFNetwork/609 Darwin/13.0.0"
208.58.72.95 - - [06/Jan/2013:06:43:07 -0800] "GET /PostUsage.php?uid=20760&sid=0&fid=960&eid=1436&completed=3417&timezone=+0000&tlt=0&version=4.0.12455&mode=iPhoneApp&locale=en_US HTTP/1.1" 200 - "-" "Tales2Go/3.2.0 CFNetwork/609 Darwin/13.0.0"
208.58.72.95 - - [06/Jan/2013:06:43:08 -0800] "GET /FeedDisplay.php?archived&mode=iPhoneApp&fid=2411&episode_id=3929&nfid=0&uid=20760&version=3.2.0 HTTP/1.1" 200 9895 "-" "Mozilla/5.0 (iPhone; CPU iPhone OS 6_0_1 like Mac OS X) AppleWebKit/536.26 (KHTML, like Gecko) Mobile/10A523"
208.58.72.95 - - [06/Jan/2013:06:43:09 -0800] "GET /images/multipart_arrow_left_disabled.gif HTTP/1.1" 200 275 "http://t2g.stitcher.com/FeedDisplay.php?archived&mode=iPhoneApp&fid=2411&episode_id=3929&nfid=0&uid=20760&version=3.2.0" "Mozilla/5.0 (iPhone; CPU iPhone OS 6_0_1 like Mac OS X) AppleWebKit/536.26 (KHTML, like Gecko) Mobile/10A523"
208.58.72.95 - - [06/Jan/2013:06:43:09 -0800] "GET /images/multipart_arrow_right.gif HTTP/1.1" 200 267 "http://t2g.stitcher.com/FeedDisplay.php?archived&mode=iPhoneApp&fid=2411&episode_id=3929&nfid=0&uid=20760&version=3.2.0" "Mozilla/5.0 (iPhone; CPU iPhone OS 6_0_1 like Mac OS X) AppleWebKit/536.26 (KHTML, like Gecko) Mobile/10A523"
72.225.162.75 - - [06/Jan/2013:06:43:13 -0800] "GET /StartupChecks.php?startup&uid=29372&version=4.0.12455&mode=iPhoneApp&locale=en_US HTTP/1.1" 200 289 "-" "Tales2Go/3.2.0 CFNetwork/548.1.4 Darwin/11.0.0"
208.58.72.95 - - [06/Jan/2013:06:43:14 -0800] "GET /GetAd.php?sid=0&timeSinceLastAd=5&previousFeedId=2411&nextFeedId=0&tlt=5&tlf=1&uid=20760&version=4.0.12455&mode=iPhoneApp&locale=en_US HTTP/1.1" 200 22 "-" "Tales2Go/3.2.0 CFNetwork/609 Darwin/13.0.0"
72.225.162.75 - - [06/Jan/2013:06:43:14 -0800] "GET /LoadUserFromID.php?markStartup&id=29372&udid=60:FA:CD:95:C7:E4&version=4.0.12455&mode=iPhoneApp&locale=en_US HTTP/1.1" 200 253 "-" "Tales2Go/3.2.0 CFNetwork/548.1.4 Darwin/11.0.0"
72.225.162.75 - - [06/Jan/2013:06:43:15 -0800] "GET /GetContentStationList.php?uid=29372&version=4.0.12455&mode=iPhoneApp&locale=en_US HTTP/1.1" 200 6486 "-" "Tales2Go/3.2.0 CFNetwork/548.1.4 Darwin/11.0.0"
72.225.162.75 - - [06/Jan/2013:06:43:15 -0800] "GET /GetStationListFC.php?uid=29372&version=4.0.12455&mode=iPhoneApp&locale=en_US HTTP/1.1" 200 256 "-" "Tales2Go/3.2.0 CFNetwork/548.1.4 Darwin/11.0.0"
208.58.72.95 - - [06/Jan/2013:06:43:20 -0800] "GET /AddFavorite.php?uid=20760&fid=2411&version=4.0.12455&mode=iPhoneApp&locale=en_US HTTP/1.1" 200 56 "-" "Tales2Go/3.2.0 CFNetwork/609 Darwin/13.0.0"
108.41.13.14 - - [06/Jan/2013:06:47:23 -0800] "GET /PostUsage.php?uid=7519&sid=103&fid=941&eid=1461&completed=2141029&timezone=+0000&tlt=121007&version=4.0.12455&mode=iPhoneApp&locale=en_US HTTP/1.1" 200 - "-" "Tales2Go/3.2.0 CFNetwork/609 Darwin/13.0.0"
108.41.13.14 - - [06/Jan/2013:06:47:23 -0800] "GET /FeedDisplay.php?archived&mode=iPhoneApp&fid=941&episode_id=1462&nfid=0&uid=7519&version=3.2.0 HTTP/1.1" 200 8784 "-" "Mozilla/5.0 (iPod; CPU iPhone OS 6_0_1 like Mac OS X) AppleWebKit/536.26 (KHTML, like Gecko) Mobile/10A523"
108.41.13.14 - - [06/Jan/2013:06:47:29 -0800] "GET /GetAd.php?sid=0&timeSinceLastAd=123152&previousFeedId=941&nextFeedId=0&tlt=123152&tlf=29&uid=7519&version=4.0.12455&mode=iPhoneApp&locale=en_US HTTP/1.1" 200 22 "-" "Tales2Go/3.2.0 CFNetwork/609 Darwin/13.0.0"
174.50.221.167 - - [06/Jan/2013:06:48:40 -0800] "GET /StartupChecks.php?startup&uid=19180&version=4.0.12455&mode=iPhoneApp&locale=en_US HTTP/1.1" 200 289 "-" "Tales2Go/3.2.0 CFNetwork/609 Darwin/13.0.0"
174.50.221.167 - - [06/Jan/2013:06:48:40 -0800] "GET /LoadUserFromID.php?markStartup&id=19180&udid=18:E7:F4:44:A8:C3&version=4.0.12455&mode=iPhoneApp&locale=en_US HTTP/1.1" 200 258 "-" "Tales2Go/3.2.0 CFNetwork/609 Darwin/13.0.0"
174.50.221.167 - - [06/Jan/2013:06:48:41 -0800] "GET /GetContentStationList.php?uid=19180&version=4.0.12455&mode=iPhoneApp&locale=en_US HTTP/1.1" 200 6486 "-" "Tales2Go/3.2.0 CFNetwork/609 Darwin/13.0.0"
174.50.221.167 - - [06/Jan/2013:06:48:41 -0800] "GET /GetStationListFC.php?uid=19180&version=4.0.12455&mode=iPhoneApp&locale=en_US HTTP/1.1" 200 16492 "-" "Tales2Go/3.2.0 CFNetwork/609 Darwin/13.0.0"
174.50.221.167 - - [06/Jan/2013:06:48:52 -0800] "GET /GetStationPlayList.php?s=0&c=9&uid=19180&sid=142&endFeed=0&version=4.0.12455&mode=iPhoneApp&locale=en_US HTTP/1.1" 200 6355 "-" "Tales2Go/3.2.0 CFNetwork/609 Darwin/13.0.0"
174.50.221.167 - - [06/Jan/2013:06:48:55 -0800] "GET /FeedDisplay.php?archived&mode=iPhoneApp&fid=1074&episode_id=1504&nfid=1079&uid=19180&version=3.2.0 HTTP/1.1" 200 8599 "-" "Mozilla/5.0 (iPod; CPU iPhone OS 6_0_1 like Mac OS X) AppleWebKit/536.26 (KHTML, like Gecko) Mobile/10A523"
174.50.221.167 - - [06/Jan/2013:06:49:03 -0800] "GET /GetStationPlayList.php?s=0&c=9&uid=19180&sid=46&endFeed=0&version=4.0.12455&mode=iPhoneApp&locale=en_US HTTP/1.1" 200 7110 "-" "Tales2Go/3.2.0 CFNetwork/609 Darwin/13.0.0"
174.50.221.167 - - [06/Jan/2013:06:49:10 -0800] "GET /GetStationPlayList.php?s=9&c=9&uid=19180&sid=46&endFeed=0&version=4.0.12455&mode=iPhoneApp&locale=en_US HTTP/1.1" 200 1995 "-" "Tales2Go/3.2.0 CFNetwork/609 Darwin/13.0.0"
174.50.221.167 - - [06/Jan/2013:06:49:12 -0800] "GET /GetAd.php?sid=46&timeSinceLastAd=17&previousFeedId=1074&nextFeedId=1403&newStation&tlt=17&tlf=0&uid=19180&version=4.0.12455&mode=iPhoneApp&locale=en_US HTTP/1.1" 200 22 "-" "Tales2Go/3.2.0 CFNetwork/609 Darwin/13.0.0"
174.50.221.167 - - [06/Jan/2013:06:49:13 -0800] "GET /PostUsage.php?uid=19180&sid=142&fid=1074&eid=1504&completed=17424&timezone=+0000&tlt=17&version=4.0.12455&mode=iPhoneApp&locale=en_US HTTP/1.1" 200 - "-" "Tales2Go/3.2.0 CFNetwork/609 Darwin/13.0.0"
174.50.221.167 - - [06/Jan/2013:06:49:13 -0800] "GET /FeedDisplay.php?archived&mode=iPhoneApp&fid=1403&episode_id=2313&nfid=2834&uid=19180&version=3.2.0 HTTP/1.1" 200 8384 "-" "Mozilla/5.0 (iPod; CPU iPhone OS 6_0_1 like Mac OS X) AppleWebKit/536.26 (KHTML, like Gecko) Mobile/10A523"
174.50.221.167 - - [06/Jan/2013:06:49:20 -0800] "GET /GetAd.php?sid=46&timeSinceLastAd=2694&previousFeedId=1403&nextFeedId=2834&tlt=2694&tlf=1&uid=19180&version=4.0.12455&mode=iPhoneApp&locale=en_US HTTP/1.1" 200 22 "-" "Tales2Go/3.2.0 CFNetwork/609 Darwin/13.0.0"
208.113.232.130 - - [06/Jan/2013:06:51:09 -0800] "GET /GetNewSerialNum.php HTTP/1.0" 200 63 "-" "-"
208.113.232.130 - - [06/Jan/2013:06:51:09 -0800] "GET /LoadUserFromUDID.php?markStartup&udid=sn_1005047&version=4.0.12455&mode=desktop&override&locale=en_US HTTP/1.0" 200 58 "-" "-"
208.113.232.130 - - [06/Jan/2013:06:51:11 -0800] "GET /GetNewSerialNum.php HTTP/1.0" 200 63 "-" "-"
208.113.232.130 - - [06/Jan/2013:06:51:11 -0800] "GET /LoadUserFromUDID.php?markStartup&udid=sn_1005048&version=4.0.12455&mode=desktop&override&locale=en_US HTTP/1.0" 200 58 "-" "-"
208.113.232.130 - - [06/Jan/2013:06:51:52 -0800] "GET /GetNewSerialNum.php HTTP/1.0" 200 63 "-" "-"
208.113.232.130 - - [06/Jan/2013:06:51:52 -0800] "GET /LoadUserFromUDID.php?markStartup&udid=sn_1005049&version=4.0.12455&mode=desktop&override&locale=en_US HTTP/1.0" 200 58 "-" "-"
71.80.46.84 - - [06/Jan/2013:06:52:07 -0800] "GET /GetAd.php?sid=1&timeSinceLastAd=24882&previousFeedId=1564&nextFeedId=1569&tlt=24882&tlf=7&uid=24682&version=4.0.12455&mode=iPhoneApp&locale=en_US HTTP/1.1" 200 22 "-" "Tales2Go/3.2.0 CFNetwork/609 Darwin/13.0.0"
71.80.46.84 - - [06/Jan/2013:06:52:07 -0800] "GET /PostUsage.php?uid=24682&sid=1&fid=1564&eid=2878&completed=2784764&timezone=+0000&tlt=24882&version=4.0.12455&mode=iPhoneApp&locale=en_US HTTP/1.1" 200 - "-" "Tales2Go/3.2.0 CFNetwork/609 Darwin/13.0.0"
71.80.46.84 - - [06/Jan/2013:06:52:07 -0800] "GET /FeedDisplay.php?archived&mode=iPhoneApp&fid=1569&episode_id=2882&nfid=1562&uid=24682&version=3.2.0 HTTP/1.1" 200 8969 "-" "Mozilla/5.0 (iPhone; CPU iPhone OS 6_0_1 like Mac OS X) AppleWebKit/536.26 (KHTML, like Gecko) Mobile/10A523"
71.80.46.84 - - [06/Jan/2013:06:52:29 -0800] "GET /GetAd.php?sid=1&timeSinceLastAd=24902&previousFeedId=1569&nextFeedId=1562&tlt=24902&tlf=8&uid=24682&version=4.0.12455&mode=iPhoneApp&locale=en_US HTTP/1.1" 200 22 "-" "Tales2Go/3.2.0 CFNetwork/609 Darwin/13.0.0"
69.73.22.24 - - [06/Jan/2013:06:54:17 -0800] "GET /PostUsage.php?uid=8482&sid=463&fid=1549&eid=2965&completed=2232870&timezone=+0000&tlt=1280&version=4.0.12455&mode=iPhoneApp&locale=en_US HTTP/1.1" 200 - "-" "Tales2Go/3.2.0 CFNetwork/485.12.7 Darwin/10.4.0"
69.73.22.24 - - [06/Jan/2013:06:54:18 -0800] "GET /FeedDisplay.php?archived&mode=iPhoneApp&fid=1549&episode_id=2966&nfid=1548&uid=8482&version=3.2.0 HTTP/1.1" 200 8960 "-" "Mozilla/5.0 (iPod; U; CPU iPhone OS 4_2_1 like Mac OS X; en-us) AppleWebKit/533.17.9 (KHTML, like Gecko) Mobile/8C148"
107.10.9.67 - - [06/Jan/2013:06:54:26 -0800] "GET /GetAd.php?sid=1&timeSinceLastAd=21956&previousFeedId=985&nextFeedId=1529&tlt=21956&tlf=6&uid=27744&version=4.0.12455&mode=iPhoneApp&locale=en_US HTTP/1.1" 200 22 "-" "Tales2Go/3.2.0 CFNetwork/485.13.9 Darwin/11.0.0"
107.10.9.67 - - [06/Jan/2013:06:54:26 -0800] "GET /PostUsage.php?uid=27744&sid=1&fid=985&eid=1351&completed=4610674&timezone=+0000&tlt=21956&version=4.0.12455&mode=iPhoneApp&locale=en_US HTTP/1.1" 200 - "-" "Tales2Go/3.2.0 CFNetwork/485.13.9 Darwin/11.0.0"
107.10.9.67 - - [06/Jan/2013:06:54:26 -0800] "GET /FeedDisplay.php?archived&mode=iPhoneApp&fid=1529&episode_id=2933&nfid=1523&uid=27744&version=3.2.0 HTTP/1.1" 200 8683 "-" "Mozilla/5.0 (iPod; U; CPU iPhone OS 4_3_5 like Mac OS X; en-us) AppleWebKit/533.17.9 (KHTML, like Gecko) Mobile/8L1"
69.73.22.24 - - [06/Jan/2013:06:54:32 -0800] "GET /PostUsage.php?uid=8482&sid=463&fid=1549&eid=2966&completed=3051&timezone=+0000&tlt=3512&version=4.0.12455&mode=iPhoneApp&locale=en_US HTTP/1.1" 200 - "-" "Tales2Go/3.2.0 CFNetwork/485.12.7 Darwin/10.4.0"
69.73.22.24 - - [06/Jan/2013:06:54:33 -0800] "GET /FeedDisplay.php?archived&mode=iPhoneApp&fid=1549&episode_id=2965&nfid=1548&uid=8482&version=3.2.0 HTTP/1.1" 200 8960 "-" "Mozilla/5.0 (iPod; U; CPU iPhone OS 4_2_1 like Mac OS X; en-us) AppleWebKit/533.17.9 (KHTML, like Gecko) Mobile/8C148"
69.73.22.24 - - [06/Jan/2013:06:54:51 -0800] "GET /GetAd.php?sid=463&timeSinceLastAd=6426&previousFeedId=1549&nextFeedId=1548&tlt=6426&tlf=2&uid=8482&version=4.0.12455&mode=iPhoneApp&locale=en_US HTTP/1.1" 200 22 "-" "Tales2Go/3.2.0 CFNetwork/485.12.7 Darwin/10.4.0"
107.10.9.67 - - [06/Jan/2013:06:55:02 -0800] "GET /GetAd.php?sid=1&timeSinceLastAd=21991&previousFeedId=1529&nextFeedId=1523&tlt=21991&tlf=7&uid=27744&version=4.0.12455&mode=iPhoneApp&locale=en_US HTTP/1.1" 200 22 "-" "Tales2Go/3.2.0 CFNetwork/485.13.9 Darwin/11.0.0"
208.113.232.130 - - [06/Jan/2013:06:56:51 -0800] "GET /GetNewSerialNum.php HTTP/1.0" 200 63 "-" "-"
208.113.232.130 - - [06/Jan/2013:06:56:51 -0800] "GET /LoadUserFromUDID.php?markStartup&udid=sn_1005050&version=4.0.12455&mode=desktop&override&locale=en_US HTTP/1.0" 200 58 "-" "-"
208.113.232.130 - - [06/Jan/2013:06:58:38 -0800] "GET /GetNewSerialNum.php HTTP/1.0" 200 63 "-" "-"
208.113.232.130 - - [06/Jan/2013:06:58:38 -0800] "GET /LoadUserFromUDID.php?markStartup&udid=sn_1005051&version=4.0.12455&mode=desktop&override&locale=en_US HTTP/1.0" 200 58 "-" "-"
198.228.217.155 - - [06/Jan/2013:06:59:32 -0800] "GET /GetStationPlayList.php?s=0&c=9&uid=35073&sid=200&endFeed=0&version=4.0.12455&mode=iPhoneApp&locale=en_US HTTP/1.1" 200 14253 "-" "Tales2Go/3.2.0 CFNetwork/548.1.4 Darwin/11.0.0"
198.228.217.155 - - [06/Jan/2013:06:59:36 -0800] "GET /FeedDisplay.php?archived&mode=iPhoneApp&fid=1799&episode_id=3377&nfid=162&uid=35073&version=3.2.0 HTTP/1.1" 200 9453 "-" "Mozilla/5.0 (iPhone; CPU iPhone OS 5_1_1 like Mac OS X) AppleWebKit/534.46 (KHTML, like Gecko) Mobile/9B206"
198.228.217.155 - - [06/Jan/2013:06:59:37 -0800] "GET /images/multipart_arrow_left_disabled.gif HTTP/1.1" 200 275 "http://t2g.stitcher.com/FeedDisplay.php?archived&mode=iPhoneApp&fid=1799&episode_id=3377&nfid=162&uid=35073&version=3.2.0" "Mozilla/5.0 (iPhone; CPU iPhone OS 5_1_1 like Mac OS X) AppleWebKit/534.46 (KHTML, like Gecko) Mobile/9B206"
198.228.217.155 - - [06/Jan/2013:06:59:38 -0800] "GET /images/multipart_arrow_right.gif HTTP/1.1" 200 267 "http://t2g.stitcher.com/FeedDisplay.php?archived&mode=iPhoneApp&fid=1799&episode_id=3377&nfid=162&uid=35073&version=3.2.0" "Mozilla/5.0 (iPhone; CPU iPhone OS 5_1_1 like Mac OS X) AppleWebKit/534.46 (KHTML, like Gecko) Mobile/9B206"
198.228.217.155 - - [06/Jan/2013:06:59:38 -0800] "GET /images/ajax-loader.gif HTTP/1.1" 200 1849 "http://t2g.stitcher.com/FeedDisplay.php?archived&mode=iPhoneApp&fid=1799&episode_id=3377&nfid=162&uid=35073&version=3.2.0" "Mozilla/5.0 (iPhone; CPU iPhone OS 5_1_1 like Mac OS X) AppleWebKit/534.46 (KHTML, like Gecko) Mobile/9B206"
198.228.217.155 - - [06/Jan/2013:06:59:38 -0800] "GET /images/t2g_ratings_color_active.png HTTP/1.1" 200 985 "http://t2g.stitcher.com/FeedDisplay.php?archived&mode=iPhoneApp&fid=1799&episode_id=3377&nfid=162&uid=35073&version=3.2.0" "Mozilla/5.0 (iPhone; CPU iPhone OS 5_1_1 like Mac OS X) AppleWebKit/534.46 (KHTML, like Gecko) Mobile/9B206"
198.228.217.155 - - [06/Jan/2013:06:59:38 -0800] "GET /images/t2g_ratings_gray_active.png HTTP/1.1" 200 1196 "http://t2g.stitcher.com/FeedDisplay.php?archived&mode=iPhoneApp&fid=1799&episode_id=3377&nfid=162&uid=35073&version=3.2.0" "Mozilla/5.0 (iPhone; CPU iPhone OS 5_1_1 like Mac OS X) AppleWebKit/534.46 (KHTML, like Gecko) Mobile/9B206"
198.228.217.155 - - [06/Jan/2013:06:59:39 -0800] "GET /images/t2g_ratings_gray.png HTTP/1.1" 200 1215 "http://t2g.stitcher.com/FeedDisplay.php?archived&mode=iPhoneApp&fid=1799&episode_id=3377&nfid=162&uid=35073&version=3.2.0" "Mozilla/5.0 (iPhone; CPU iPhone OS 5_1_1 like Mac OS X) AppleWebKit/534.46 (KHTML, like Gecko) Mobile/9B206"
198.228.217.155 - - [06/Jan/2013:06:59:39 -0800] "GET /images/t2g_ratings_color.png HTTP/1.1" 200 997 "http://t2g.stitcher.com/FeedDisplay.php?archived&mode=iPhoneApp&fid=1799&episode_id=3377&nfid=162&uid=35073&version=3.2.0" "Mozilla/5.0 (iPhone; CPU iPhone OS 5_1_1 like Mac OS X) AppleWebKit/534.46 (KHTML, like Gecko) Mobile/9B206"
198.228.217.155 - - [06/Jan/2013:06:59:55 -0800] "GET /GetAd.php?sid=200&timeSinceLastAd=18&previousFeedId=1799&nextFeedId=162&tlt=18&tlf=1&uid=35073&version=4.0.12455&mode=iPhoneApp&locale=en_US HTTP/1.1" 200 22 "-" "Tales2Go/3.2.0 CFNetwork/548.1.4 Darwin/11.0.0"
198.228.217.155 - - [06/Jan/2013:07:00:18 -0800] "GET /GetAd.php?sid=200&timeSinceLastAd=39&previousFeedId=1799&nextFeedId=1279&newStation&tlt=39&tlf=0&uid=35073&version=4.0.12455&mode=iPhoneApp&locale=en_US HTTP/1.1" 200 22 "-" "Tales2Go/3.2.0 CFNetwork/548.1.4 Darwin/11.0.0"
198.228.217.155 - - [06/Jan/2013:07:00:19 -0800] "GET /PostUsage.php?uid=35073&sid=200&fid=1799&eid=3377&completed=41527&timezone=+0000&tlt=39&version=4.0.12455&mode=iPhoneApp&locale=en_US HTTP/1.1" 200 - "-" "Tales2Go/3.2.0 CFNetwork/548.1.4 Darwin/11.0.0"
198.228.217.155 - - [06/Jan/2013:07:00:19 -0800] "GET /FeedDisplay.php?archived&mode=iPhoneApp&fid=1279&episode_id=2194&nfid=1799&uid=35073&version=3.2.0 HTTP/1.1" 200 9243 "-" "Mozilla/5.0 (iPhone; CPU iPhone OS 5_1_1 like Mac OS X) AppleWebKit/534.46 (KHTML, like Gecko) Mobile/9B206"
198.228.217.155 - - [06/Jan/2013:07:00:23 -0800] "GET /GetAd.php?sid=200&timeSinceLastAd=41&previousFeedId=1279&nextFeedId=1279&newStation&tlt=41&tlf=0&uid=35073&version=4.0.12455&mode=iPhoneApp&locale=en_US HTTP/1.1" 200 22 "-" "Tales2Go/3.2.0 CFNetwork/548.1.4 Darwin/11.0.0"
198.228.217.155 - - [06/Jan/2013:07:00:45 -0800] "GET /Search.php?uid=35073&term=gulliver's%20travel&s=0&c=20&version=4.0.12455&mode=iPhoneApp&locale=en_US HTTP/1.1" 200 20645 "-" "Tales2Go/3.2.0 CFNetwork/548.1.4 Darwin/11.0.0"
198.228.217.155 - - [06/Jan/2013:07:01:04 -0800] "GET /PostUsage.php?uid=35073&sid=200&fid=1279&eid=2194&completed=43532&timezone=+0000&tlt=41&version=4.0.12455&mode=iPhoneApp&locale=en_US HTTP/1.1" 200 - "-" "Tales2Go/3.2.0 CFNetwork/548.1.4 Darwin/11.0.0"
198.228.217.155 - - [06/Jan/2013:07:01:06 -0800] "GET /FeedDisplay.php?archived&mode=iPhoneApp&fid=1799&episode_id=3377&nfid=0&uid=35073&version=3.2.0 HTTP/1.1" 200 9453 "-" "Mozilla/5.0 (iPhone; CPU iPhone OS 5_1_1 like Mac OS X) AppleWebKit/534.46 (KHTML, like Gecko) Mobile/9B206"
198.228.217.155 - - [06/Jan/2013:07:01:09 -0800] "GET /PostUsage.php?uid=35073&sid=200&fid=1799&eid=3377&completed=2047&timezone=+0000&tlt=41&version=4.0.12455&mode=iPhoneApp&locale=en_US HTTP/1.1" 200 - "-" "Tales2Go/3.2.0 CFNetwork/548.1.4 Darwin/11.0.0"
198.228.217.155 - - [06/Jan/2013:07:01:10 -0800] "GET /FeedDisplay.php?archived&mode=iPhoneApp&fid=1276&episode_id=1954&nfid=0&uid=35073&version=3.2.0 HTTP/1.1" 200 9377 "-" "Mozilla/5.0 (iPhone; CPU iPhone OS 5_1_1 like Mac OS X) AppleWebKit/534.46 (KHTML, like Gecko) Mobile/9B206"
198.228.217.155 - - [06/Jan/2013:07:01:14 -0800] "GET /PostUsage.php?uid=35073&sid=0&fid=1276&eid=1954&completed=2162&timezone=+0000&tlt=41&version=4.0.12455&mode=iPhoneApp&locale=en_US HTTP/1.1" 200 - "-" "Tales2Go/3.2.0 CFNetwork/548.1.4 Darwin/11.0.0"
198.228.217.155 - - [06/Jan/2013:07:01:15 -0800] "GET /FeedDisplay.php?archived&mode=iPhoneApp&fid=1276&episode_id=1955&nfid=0&uid=35073&version=3.2.0 HTTP/1.1" 200 9399 "-" "Mozilla/5.0 (iPhone; CPU iPhone OS 5_1_1 like Mac OS X) AppleWebKit/534.46 (KHTML, like Gecko) Mobile/9B206"
198.228.217.155 - - [06/Jan/2013:07:01:15 -0800] "GET /images/multipart_arrow_left.gif HTTP/1.1" 200 273 "http://t2g.stitcher.com/FeedDisplay.php?archived&mode=iPhoneApp&fid=1276&episode_id=1955&nfid=0&uid=35073&version=3.2.0" "Mozilla/5.0 (iPhone; CPU iPhone OS 5_1_1 like Mac OS X) AppleWebKit/534.46 (KHTML, like Gecko) Mobile/9B206"
166.137.100.41 - - [06/Jan/2013:07:01:47 -0800] "GET /StartupChecks.php?startup&uid=34325&version=4.0.12455&mode=iPhoneApp&locale=en_US HTTP/1.1" 200 289 "-" "Tales2Go/3.2.0 CFNetwork/609 Darwin/13.0.0"
166.137.100.41 - - [06/Jan/2013:07:01:48 -0800] "GET /LoadUserFromID.php?markStartup&id=34325&udid=4C:B1:99:ED:41:55&version=4.0.12455&mode=iPhoneApp&locale=en_US HTTP/1.1" 200 263 "-" "Tales2Go/3.2.0 CFNetwork/609 Darwin/13.0.0"
166.137.100.41 - - [06/Jan/2013:07:01:50 -0800] "GET /GetStationListFC.php?uid=34325&version=4.0.12455&mode=iPhoneApp&locale=en_US HTTP/1.1" 200 256 "-" "Tales2Go/3.2.0 CFNetwork/609 Darwin/13.0.0"
68.149.180.80 - - [06/Jan/2013:07:01:59 -0800] "GET /StartupChecks.php?startup&uid=6585&version=4.0.12455&mode=iPhoneApp&locale=en_CA HTTP/1.1" 200 289 "-" "Tales2Go%20-%20Old%20Version/2.2.12455 CFNetwork/548.1.4 Darwin/11.0.0"
68.149.180.80 - - [06/Jan/2013:07:01:59 -0800] "GET /LoadUserFromID.php?markStartup&id=6585&udid=8cfd7712c7c2099c7c64d79168e1c3cafe7042f2&version=4.0.12455&mode=iPhoneApp&locale=en_CA HTTP/1.1" 200 253 "-" "Tales2Go%20-%20Old%20Version/2.2.12455 CFNetwork/548.1.4 Darwin/11.0.0"
68.149.180.80 - - [06/Jan/2013:07:02:00 -0800] "GET /GetStationPlayList.php?s=0&c=9&uid=6585&sid=107&endFeed=720&version=4.0.12455&mode=iPhoneApp&locale=en_CA HTTP/1.1" 200 5567 "-" "Tales2Go%20-%20Old%20Version/2.2.12455 CFNetwork/548.1.4 Darwin/11.0.0"
68.149.180.80 - - [06/Jan/2013:07:02:03 -0800] "GET /FeedDisplay.php?archived&mode=iPhoneApp&fid=720&episode_id=1013&nfid=719&uid=6585&version=2.2.12455 HTTP/1.1" 200 8610 "-" "Mozilla/5.0 (iPhone; CPU iPhone OS 5_1_1 like Mac OS X) AppleWebKit/534.46 (KHTML, like Gecko) Mobile/9B206"
208.113.232.130 - - [06/Jan/2013:07:02:07 -0800] "GET /GetNewSerialNum.php HTTP/1.0" 200 63 "-" "-"
208.113.232.130 - - [06/Jan/2013:07:02:07 -0800] "GET /LoadUserFromUDID.php?markStartup&udid=sn_1005052&version=4.0.12455&mode=desktop&override&locale=en_US HTTP/1.0" 200 58 "-" "-"
68.149.180.80 - - [06/Jan/2013:07:02:11 -0800] "GET /GetAd.php?sid=107&timeSinceLastAd=1143&previousFeedId=720&nextFeedId=719&tlt=1143&tlf=1&uid=6585&version=4.0.12455&mode=iPhoneApp&locale=en_CA HTTP/1.1" 200 22 "-" "Tales2Go%20-%20Old%20Version/2.2.12455 CFNetwork/548.1.4 Darwin/11.0.0"
208.113.232.130 - - [06/Jan/2013:07:02:12 -0800] "GET /LoadUserFromUDID.php?markStartup&udid=sn_1005052&version=4.0.12455&mode=desktop&override&locale=en_US HTTP/1.0" 200 58 "-" "-"
198.228.217.155 - - [06/Jan/2013:07:02:14 -0800] "GET /GetAd.php?sid=0&timeSinceLastAd=555&previousFeedId=1276&nextFeedId=0&tlt=555&tlf=1&uid=35073&version=4.0.12455&mode=iPhoneApp&locale=en_US HTTP/1.1" 200 22 "-" "Tales2Go/3.2.0 CFNetwork/548.1.4 Darwin/11.0.0"
198.228.200.157 - - [06/Jan/2013:07:02:27 -0800] "GET /AddBookmark.php?uid=411&eid=3461&offset=3167&version=4.0.12455&mode=iPhoneApp&override&locale=en_US HTTP/1.1" 200 47 "-" "Tales2Go/3.2.0 CFNetwork/609 Darwin/13.0.0"
173.69.164.75 - - [06/Jan/2013:07:03:02 -0800] "GET /AddBookmark.php?uid=34929&eid=5119&offset=4133&version=4.0.12455&mode=iPhoneApp&locale=en_US HTTP/1.1" 200 47 "-" "Tales2Go/3.2.0 CFNetwork/548.0.4 Darwin/11.0.0"
76.179.220.204 - - [06/Jan/2013:07:03:12 -0800] "GET /StartupChecks.php?startup&version=4.0.12455&mode=iPhoneApp&locale=en_US HTTP/1.1" 200 246 "-" "Tales2Go/3.2.0 CFNetwork/609 Darwin/13.0.0"
76.179.220.204 - - [06/Jan/2013:07:03:12 -0800] "GET /TransitionUDIDToMACAddr.php?udid=c75cb57a2af311c0543ce489434367ac275aa72e&mac=F4:1B:A1:2E:95:7C&version=4.0.12455&mode=iPhoneApp&locale=en_US HTTP/1.1" 200 121 "-" "Tales2Go/3.2.0 CFNetwork/609 Darwin/13.0.0"
76.179.220.204 - - [06/Jan/2013:07:03:13 -0800] "GET /LoadUserFromUDID.php?markStartup&udid=F4:1B:A1:2E:95:7C&version=4.0.12455&mode=iPhoneApp&locale=en_US HTTP/1.1" 200 58 "-" "Tales2Go/3.2.0 CFNetwork/609 Darwin/13.0.0"
76.179.220.204 - - [06/Jan/2013:07:03:13 -0800] "GET /CreateUser.php?markStartup&mode=iPhoneApp&udid=F4:1B:A1:2E:95:7C&version=4.0.12455&mode=iPhoneApp&locale=en_US HTTP/1.1" 200 228 "-" "Tales2Go/3.2.0 CFNetwork/609 Darwin/13.0.0"
76.179.220.204 - - [06/Jan/2013:07:03:14 -0800] "GET /SubmitSettings.php?currentId=37852&email=F4:1B:A1:2E:95:7C@t2g.t2g&epx=M_A6I-I0A0LJ_EACKJ&phone=&optin=0&explicit=1&alertOption=0&alertType=0&alertTimestamp=0.000000&udid=F4:1B:A1:2E:95:7C&version=4.0.12455&mode=iPhoneApp&locale=en_US HTTP/1.1" 200 238 "-" "Tales2Go/3.2.0 CFNetwork/609 Darwin/13.0.0"
76.179.220.204 - - [06/Jan/2013:07:03:15 -0800] "GET /GetContentStationList.php?uid=37852&version=4.0.12455&mode=iPhoneApp&locale=en_US HTTP/1.1" 200 6486 "-" "Tales2Go/3.2.0 CFNetwork/609 Darwin/13.0.0"
76.179.220.204 - - [06/Jan/2013:07:03:15 -0800] "GET /LoadUserFromID.php?markStartup&id=37852&udid=F4:1B:A1:2E:95:7C&version=4.0.12455&mode=iPhoneApp&locale=en_US HTTP/1.1" 200 263 "-" "Tales2Go/3.2.0 CFNetwork/609 Darwin/13.0.0"
76.179.220.204 - - [06/Jan/2013:07:03:16 -0800] "GET /GetContentStationList.php?uid=37852&version=4.0.12455&mode=iPhoneApp&locale=en_US HTTP/1.1" 200 6486 "-" "Tales2Go/3.2.0 CFNetwork/609 Darwin/13.0.0"
76.179.220.204 - - [06/Jan/2013:07:03:15 -0800] "GET /GetStationListFC.php?uid=37852&version=4.0.12455&mode=iPhoneApp&locale=en_US HTTP/1.1" 200 16492 "-" "Tales2Go/3.2.0 CFNetwork/609 Darwin/13.0.0"
76.179.220.204 - - [06/Jan/2013:07:03:17 -0800] "GET /GetStationListFC.php?uid=37852&version=4.0.12455&mode=iPhoneApp&locale=en_US HTTP/1.1" 200 16492 "-" "Tales2Go/3.2.0 CFNetwork/609 Darwin/13.0.0"
76.179.220.204 - - [06/Jan/2013:07:03:30 -0800] "GET /GetStationPlayList.php?s=0&c=9&uid=37852&sid=14&endFeed=0&version=4.0.12455&mode=iPhoneApp&locale=en_US HTTP/1.1" 200 8627 "-" "Tales2Go/3.2.0 CFNetwork/609 Darwin/13.0.0"
76.179.220.204 - - [06/Jan/2013:07:03:45 -0800] "GET /GetStationPlayList.php?uid=37852&sid=favorites&version=4.0.12455&mode=iPhoneApp&locale=en_US HTTP/1.1" 200 141 "-" "Tales2Go/3.2.0 CFNetwork/609 Darwin/13.0.0"
76.179.220.204 - - [06/Jan/2013:07:03:58 -0800] "GET /GetStationPlayList.php?s=0&c=9&uid=37852&sid=498&endFeed=0&version=4.0.12455&mode=iPhoneApp&locale=en_US HTTP/1.1" 200 6354 "-" "Tales2Go/3.2.0 CFNetwork/609 Darwin/13.0.0"
208.113.232.130 - - [06/Jan/2013:07:05:52 -0800] "GET /GetNewSerialNum.php HTTP/1.0" 200 63 "-" "-"
208.113.232.130 - - [06/Jan/2013:07:05:52 -0800] "GET /LoadUserFromUDID.php?markStartup&udid=sn_1005053&version=4.0.12455&mode=desktop&override&locale=en_US HTTP/1.0" 200 58 "-" "-"
208.113.232.130 - - [06/Jan/2013:07:05:55 -0800] "GET /LoadUserFromUDID.php?markStartup&udid=sn_1005053&version=4.0.12455&mode=desktop&override&locale=en_US HTTP/1.0" 200 58 "-" "-"
76.4.90.123 - - [06/Jan/2013:07:08:02 -0800] "GET /StartupChecks.php?startup&uid=21120&version=4.0.12455&mode=iPhoneApp&locale=en_US HTTP/1.1" 200 289 "-" "Tales2Go%20-%20Old%20Version/2.2.12455 CFNetwork/609 Darwin/13.0.0"
76.4.90.123 - - [06/Jan/2013:07:08:03 -0800] "GET /LoadUserFromID.php?markStartup&id=21120&udid=16f0cb091daed9c94a970758564598c3652fcb21&version=4.0.12455&mode=iPhoneApp&locale=en_US HTTP/1.1" 200 253 "-" "Tales2Go%20-%20Old%20Version/2.2.12455 CFNetwork/609 Darwin/13.0.0"
76.4.90.123 - - [06/Jan/2013:07:08:06 -0800] "GET /GetStationPlayList.php?uid=21120&sid=favorites&version=4.0.12455&mode=iPhoneApp&locale=en_US HTTP/1.1" 200 25290 "-" "Tales2Go%20-%20Old%20Version/2.2.12455 CFNetwork/609 Darwin/13.0.0"
76.4.90.123 - - [06/Jan/2013:07:08:10 -0800] "GET /FeedDisplay.php?archived&mode=iPhoneApp&fid=787&episode_id=1036&nfid=4&uid=21120&version=2.2.12455 HTTP/1.1" 200 8590 "-" "Mozilla/5.0 (iPod; CPU iPhone OS 6_0_1 like Mac OS X) AppleWebKit/536.26 (KHTML, like Gecko) Mobile/10A523"
72.181.231.234 - - [06/Jan/2013:07:08:13 -0800] "GET /StartupChecks.php?startup&uid=37214&version=4.0.12455&mode=iPhoneApp&locale=en_US HTTP/1.1" 200 289 "-" "Tales2Go/3.2.0 CFNetwork/609 Darwin/13.0.0"
72.181.231.234 - - [06/Jan/2013:07:08:13 -0800] "GET /LoadUserFromID.php?markStartup&id=37214&udid=5C:96:9D:5D:F3:60&version=4.0.12455&mode=iPhoneApp&locale=en_US HTTP/1.1" 200 259 "-" "Tales2Go/3.2.0 CFNetwork/609 Darwin/13.0.0"
72.181.231.234 - - [06/Jan/2013:07:08:14 -0800] "GET /GetContentStationList.php?uid=37214&version=4.0.12455&mode=iPhoneApp&locale=en_US HTTP/1.1" 200 6486 "-" "Tales2Go/3.2.0 CFNetwork/609 Darwin/13.0.0"
72.181.231.234 - - [06/Jan/2013:07:08:14 -0800] "GET /GetStationListFC.php?uid=37214&version=4.0.12455&mode=iPhoneApp&locale=en_US HTTP/1.1" 200 16492 "-" "Tales2Go/3.2.0 CFNetwork/609 Darwin/13.0.0"
72.181.231.234 - - [06/Jan/2013:07:08:23 -0800] "GET /Search.php?uid=37214&term=magic&s=0&c=20&version=4.0.12455&mode=iPhoneApp&locale=en_US HTTP/1.1" 200 16977 "-" "Tales2Go/3.2.0 CFNetwork/609 Darwin/13.0.0"
72.181.231.234 - - [06/Jan/2013:07:08:40 -0800] "GET /Search.php?uid=37214&term=magic&s=20&c=20&version=4.0.12455&mode=iPhoneApp&locale=en_US HTTP/1.1" 200 15930 "-" "Tales2Go/3.2.0 CFNetwork/609 Darwin/13.0.0"
208.113.232.130 - - [06/Jan/2013:07:08:44 -0800] "GET /GetNewSerialNum.php HTTP/1.0" 200 63 "-" "-"
208.113.232.130 - - [06/Jan/2013:07:08:44 -0800] "GET /LoadUserFromUDID.php?markStartup&udid=sn_1005054&version=4.0.12455&mode=desktop&override&locale=en_US HTTP/1.0" 200 58 "-" "-"
72.181.231.234 - - [06/Jan/2013:07:08:48 -0800] "GET /Search.php?uid=37214&term=magic&s=40&c=20&version=4.0.12455&mode=iPhoneApp&locale=en_US HTTP/1.1" 200 23974 "-" "Tales2Go/3.2.0 CFNetwork/609 Darwin/13.0.0"
72.181.231.234 - - [06/Jan/2013:07:08:58 -0800] "GET /Search.php?uid=37214&term=magic&s=60&c=20&version=4.0.12455&mode=iPhoneApp&locale=en_US HTTP/1.1" 200 2147 "-" "Tales2Go/3.2.0 CFNetwork/609 Darwin/13.0.0"
208.113.232.130 - - [06/Jan/2013:07:09:01 -0800] "GET /LoadUserFromUDID.php?markStartup&udid=sn_1005054&version=4.0.12455&mode=desktop&override&locale=en_US HTTP/1.0" 200 58 "-" "-"
208.113.232.130 - - [06/Jan/2013:07:09:02 -0800] "GET /CreateUser.php?markStartup&udid=sn_1005054&version=4.0.12455&mode=desktop HTTP/1.0" 200 228 "-" "-"
208.113.232.130 - - [06/Jan/2013:07:09:02 -0800] "GET /SubmitSettings.php?currentId=37853&email=sn_1005054@t2g.t2g&password=kidsbooks&udid=sn_1005054 HTTP/1.0" 200 212 "-" "-"
208.113.232.130 - - [06/Jan/2013:07:09:02 -0800] "GET /SubmitSettings.php?currentId=37853&email=amyeisner@gmail.com&password=amytales&udid=sn_1005054 HTTP/1.0" 200 404 "-" "-"
208.113.232.130 - - [06/Jan/2013:07:09:02 -0800] "GET /UpdateT2GAccount.php?markStartup&email=amyeisner@gmail.com&password=amytales&udid=sn_1005054&version=4.0.12455&mode=desktop&override&locale=en_US HTTP/1.0" 200 175 "-" "-"
208.113.232.130 - - [06/Jan/2013:07:09:03 -0800] "GET /LoadUserFromID.php?markStartup&id=20760&udid=sn_1005054&version=4.0.12455&mode=desktop&override&locale=en_US HTTP/1.0" 200 256 "-" "-"
72.181.231.234 - - [06/Jan/2013:07:09:06 -0800] "GET /Search.php?uid=37214&term=knight&s=0&c=20&version=4.0.12455&mode=iPhoneApp&locale=en_US HTTP/1.1" 200 8145 "-" "Tales2Go/3.2.0 CFNetwork/609 Darwin/13.0.0"
208.113.232.130 - - [06/Jan/2013:07:09:09 -0800] "GET /GetStationListFC.php?uid=20760&version=4.0.12455&mode=desktop&override&locale=en_US HTTP/1.0" 200 17195 "-" "-"
72.181.231.234 - - [06/Jan/2013:07:09:17 -0800] "GET /GetStationPlayList.php?uid=37214&sid=favorites&version=4.0.12455&mode=iPhoneApp&locale=en_US HTTP/1.1" 200 732 "-" "Tales2Go/3.2.0 CFNetwork/609 Darwin/13.0.0"
72.181.231.234 - - [06/Jan/2013:07:09:20 -0800] "GET /GetBookmarkList.php?uid=37214&version=4.0.12455&mode=iPhoneApp&locale=en_US HTTP/1.1" 200 55 "-" "Tales2Go/3.2.0 CFNetwork/609 Darwin/13.0.0"
177.43.176.194 - - [06/Jan/2013:07:09:16 -0800] "GET /PostUsage.php?uid=36359&sid=35&fid=1142&eid=1533&completed=2265905&timezone=+0000&tlt=8&version=4.0.12455&mode=iPhoneApp&locale=en_US HTTP/1.1" 200 - "-" "Tales2Go/3.2.0 CFNetwork/609 Darwin/13.0.0"
177.43.176.194 - - [06/Jan/2013:07:09:23 -0800] "GET /PostUsage.php?uid=36359&sid=35&fid=1142&eid=1534&completed=0&timezone=+0000&tlt=2273&version=4.0.12455&mode=iPhoneApp&locale=en_US HTTP/1.1" 200 - "-" "Tales2Go/3.2.0 CFNetwork/609 Darwin/13.0.0"
177.43.176.194 - - [06/Jan/2013:07:09:23 -0800] "GET /FeedDisplay.php?archived&mode=iPhoneApp&fid=1142&episode_id=1534&nfid=0&uid=36359&version=3.2.0 HTTP/1.1" 200 9295 "-" "Mozilla/5.0 (iPhone; CPU iPhone OS 6_0_1 like Mac OS X) AppleWebKit/536.26 (KHTML, like Gecko) Mobile/10A523"
208.113.232.130 - - [06/Jan/2013:07:09:21 -0800] "GET /GetStationPlayList.php?uid=20760&sid=5&endFeed=0&version=4.0.12455&mode=desktop&override&locale=en_US HTTP/1.0" 200 429276 "-" "-"
72.181.231.234 - - [06/Jan/2013:07:09:25 -0800] "GET /GetRecentFeedList.php?uid=37214&version=4.0.12455&mode=iPhoneApp&locale=en_US HTTP/1.1" 200 61 "-" "Tales2Go/3.2.0 CFNetwork/609 Darwin/13.0.0"
173.20.206.20 - - [06/Jan/2013:07:09:30 -0800] "GET /LoadUserFromID.php?markStartup&id=19451&udid=(null)&version=4.0.12455&mode=iPhoneApp&locale=en_US HTTP/1.1" 200 525 "-" "Tales2GoHoliday/3.0.0 CFNetwork/609 Darwin/13.0.0"
173.20.206.20 - - [06/Jan/2013:07:09:31 -0800] "GET /StartupChecks.php?startup&uid=19451&version=4.0.12455&mode=iPhoneApp&locale=en_US HTTP/1.1" 200 289 "-" "Tales2GoHoliday/3.0.0 CFNetwork/609 Darwin/13.0.0"
173.20.206.20 - - [06/Jan/2013:07:09:31 -0800] "GET /LoadUserFromID.php?markStartup&id=19451&udid=sn_1000129&version=4.0.12455&mode=iPhoneApp&locale=en_US HTTP/1.1" 200 525 "-" "Tales2GoHoliday/3.0.0 CFNetwork/609 Darwin/13.0.0"
173.20.206.20 - - [06/Jan/2013:07:09:32 -0800] "GET /GetContentStationList.php?uid=19451&version=4.0.12455&mode=iPhoneApp&locale=en_US HTTP/1.1" 200 6486 "-" "Tales2GoHoliday/3.0.0 CFNetwork/609 Darwin/13.0.0"
173.20.206.20 - - [06/Jan/2013:07:09:32 -0800] "GET /GetStationListFC.php?uid=19451&version=4.0.12455&mode=iPhoneApp&locale=en_US HTTP/1.1" 200 367 "-" "Tales2GoHoliday/3.0.0 CFNetwork/609 Darwin/13.0.0"
208.58.72.95 - - [06/Jan/2013:07:10:03 -0800] "GET /AddBookmark.php?uid=20760&eid=3929&offset=1468&version=4.0.12455&mode=iPhoneApp&locale=en_US HTTP/1.1" 200 47 "-" "Tales2Go/3.2.0 CFNetwork/609 Darwin/13.0.0"
177.43.176.194 - - [06/Jan/2013:07:12:07 -0800] "GET /GetAd.php?sid=0&timeSinceLastAd=2435&previousFeedId=1142&nextFeedId=0&tlt=2435&tlf=2&uid=36359&version=4.0.12455&mode=iPhoneApp&locale=en_US HTTP/1.1" 200 22 "-" "Tales2Go/3.2.0 CFNetwork/609 Darwin/13.0.0"
208.113.232.130 - - [06/Jan/2013:07:12:18 -0800] "GET /GetNewSerialNum.php HTTP/1.0" 200 63 "-" "-"
208.113.232.130 - - [06/Jan/2013:07:12:18 -0800] "GET /LoadUserFromUDID.php?markStartup&udid=sn_1005055&version=4.0.12455&mode=desktop&override&locale=en_US HTTP/1.0" 200 58 "-" "-"
208.113.232.130 - - [06/Jan/2013:07:12:28 -0800] "GET /LoadUserFromUDID.php?markStartup&udid=sn_1005055&version=4.0.12455&mode=desktop&override&locale=en_US HTTP/1.0" 200 58 "-" "-"
208.113.232.130 - - [06/Jan/2013:07:12:28 -0800] "GET /CreateUser.php?markStartup&udid=sn_1005055&version=4.0.12455&mode=desktop HTTP/1.0" 200 228 "-" "-"
208.113.232.130 - - [06/Jan/2013:07:12:29 -0800] "GET /SubmitSettings.php?currentId=37854&email=sn_1005055@t2g.t2g&password=kidsbooks&udid=sn_1005055 HTTP/1.0" 200 212 "-" "-"
208.113.232.130 - - [06/Jan/2013:07:12:29 -0800] "GET /SubmitSettings.php?currentId=37854&email=amyeisner@gmail.com&password=amytales&udid=sn_1005055 HTTP/1.0" 200 404 "-" "-"
208.113.232.130 - - [06/Jan/2013:07:12:29 -0800] "GET /UpdateT2GAccount.php?markStartup&email=amyeisner@gmail.com&password=amytales&udid=sn_1005055&version=4.0.12455&mode=desktop&override&locale=en_US HTTP/1.0" 200 175 "-" "-"
208.113.232.130 - - [06/Jan/2013:07:12:29 -0800] "GET /LoadUserFromID.php?markStartup&id=20760&udid=sn_1005055&version=4.0.12455&mode=desktop&override&locale=en_US HTTP/1.0" 200 256 "-" "-"
209.169.95.199 - - [06/Jan/2013:07:12:33 -0800] "GET /StartupChecks.php?startup&uid=28030&version=4.0.12455&mode=iPhoneApp&locale=en HTTP/1.1" 200 289 "-" "Tales2Go/3.2.0 CFNetwork/609 Darwin/13.0.0"
209.169.95.199 - - [06/Jan/2013:07:12:33 -0800] "GET /LoadUserFromID.php?markStartup&id=28030&udid=E0:B9:BA:D1:CF:E4&version=4.0.12455&mode=iPhoneApp&locale=en HTTP/1.1" 200 256 "-" "Tales2Go/3.2.0 CFNetwork/609 Darwin/13.0.0"
209.169.95.199 - - [06/Jan/2013:07:12:34 -0800] "GET /GetContentStationList.php?uid=28030&version=4.0.12455&mode=iPhoneApp&locale=en HTTP/1.1" 200 6486 "-" "Tales2Go/3.2.0 CFNetwork/609 Darwin/13.0.0"
209.169.95.199 - - [06/Jan/2013:07:12:34 -0800] "GET /GetStationListFC.php?uid=28030&version=4.0.12455&mode=iPhoneApp&locale=en HTTP/1.1" 200 16492 "-" "Tales2Go/3.2.0 CFNetwork/609 Darwin/13.0.0"
209.169.95.199 - - [06/Jan/2013:07:12:38 -0800] "GET /GetBookmarkList.php?uid=28030&version=4.0.12455&mode=iPhoneApp&locale=en HTTP/1.1" 200 105549 "-" "Tales2Go/3.2.0 CFNetwork/609 Darwin/13.0.0"
209.169.95.199 - - [06/Jan/2013:07:12:42 -0800] "GET /FeedDisplay.php?archived&mode=iPhoneApp&fid=974&episode_id=1440&nfid=0&uid=28030&version=3.2.0 HTTP/1.1" 200 8998 "-" "Mozilla/5.0 (iPhone; CPU iPhone OS 6_0_1 like Mac OS X) AppleWebKit/536.26 (KHTML, like Gecko) Mobile/10A523"
208.113.232.130 - - [06/Jan/2013:07:12:44 -0800] "GET /LoadUserFromID.php?markStartup&id=20760&udid=sn_1005055&version=4.0.12455&mode=desktop&override&locale=en_US HTTP/1.0" 200 256 "-" "-"
209.169.95.199 - - [06/Jan/2013:07:12:55 -0800] "GET /GetAd.php?sid=0&timeSinceLastAd=3197&previousFeedId=974&nextFeedId=0&tlt=3197&tlf=1&uid=28030&version=4.0.12455&mode=iPhoneApp&locale=en HTTP/1.1" 200 22 "-" "Tales2Go/3.2.0 CFNetwork/609 Darwin/13.0.0"
70.127.27.35 - - [06/Jan/2013:07:12:55 -0800] "GET /PostUsage.php?skipped&uid=1272&sid=366&fid=1429&eid=2415&completed=615201&timezone=+0000&tlt=663&version=4.0.12455&mode=iPhoneApp&locale=en_US HTTP/1.1" 200 - "-" "Tales2Go%20-%20Old%20Version/2.2.12455 CFNetwork/548.1.4 Darwin/11.0.0"
70.127.27.35 - - [06/Jan/2013:07:12:55 -0800] "GET /GetAd.php?sid=366&timeSinceLastAd=1278&previousFeedId=1429&nextFeedId=1473&tlt=1278&tlf=2&uid=1272&version=4.0.12455&mode=iPhoneApp&locale=en_US HTTP/1.1" 200 22 "-" "Tales2Go%20-%20Old%20Version/2.2.12455 CFNetwork/548.1.4 Darwin/11.0.0"
70.127.27.35 - - [06/Jan/2013:07:12:56 -0800] "GET /FeedDisplay.php?archived&mode=iPhoneApp&fid=1473&episode_id=2692&nfid=1451&uid=1272&version=2.2.12455 HTTP/1.1" 200 9229 "-" "Mozilla/5.0 (iPhone; CPU iPhone OS 5_1 like Mac OS X) AppleWebKit/534.46 (KHTML, like Gecko) Mobile/9B176"
209.169.95.199 - - [06/Jan/2013:07:13:05 -0800] "GET /AddBookmark.php?uid=28030&eid=1440&offset=3764&version=4.0.12455&mode=iPhoneApp&locale=en HTTP/1.1" 200 47 "-" "Tales2Go/3.2.0 CFNetwork/609 Darwin/13.0.0"
70.127.27.35 - - [06/Jan/2013:07:13:06 -0800] "GET /GetAd.php?sid=366&timeSinceLastAd=1286&previousFeedId=1473&nextFeedId=1451&tlt=1286&tlf=3&uid=1272&version=4.0.12455&mode=iPhoneApp&locale=en_US HTTP/1.1" 200 22 "-" "Tales2Go%20-%20Old%20Version/2.2.12455 CFNetwork/548.1.4 Darwin/11.0.0"
