166.137.119.42 - - [06/Jan/2013:16:32:27 -0800] "GET /FeedDisplay.php?archived&mode=iPhoneApp&fid=1233&episode_id=1710&nfid=925&uid=37214&version=3.2.0 HTTP/1.1" 200 9111 "-" "Mozilla/5.0 (iPhone; CPU iPhone OS 6_0_1 like Mac OS X) AppleWebKit/536.26 (KHTML, like Gecko) Mobile/10A523"
166.137.119.42 - - [06/Jan/2013:16:32:28 -0800] "GET /images/multipart_arrow_right.gif HTTP/1.1" 200 267 "http://t2g.stitcher.com/FeedDisplay.php?archived&mode=iPhoneApp&fid=1233&episode_id=1710&nfid=925&uid=37214&version=3.2.0" "Mozilla/5.0 (iPhone; CPU iPhone OS 6_0_1 like Mac OS X) AppleWebKit/536.26 (KHTML, like Gecko) Mobile/10A523"
166.137.119.42 - - [06/Jan/2013:16:32:28 -0800] "GET /images/multipart_arrow_left_disabled.gif HTTP/1.1" 200 275 "http://t2g.stitcher.com/FeedDisplay.php?archived&mode=iPhoneApp&fid=1233&episode_id=1710&nfid=925&uid=37214&version=3.2.0" "Mozilla/5.0 (iPhone; CPU iPhone OS 6_0_1 like Mac OS X) AppleWebKit/536.26 (KHTML, like Gecko) Mobile/10A523"
98.31.21.39 - - [06/Jan/2013:16:32:33 -0800] "GET /Search.php?uid=18493&term=reddy%20Freddy&s=0&c=20&version=4.0.12455&mode=iPhoneApp&locale=en_US HTTP/1.1" 200 6197 "-" "Tales2Go/3.2.0 CFNetwork/609 Darwin/13.0.0"
98.31.21.39 - - [06/Jan/2013:16:32:35 -0800] "GET /PostUsage.php?uid=18493&sid=16&fid=3&eid=22&completed=4666&timezone=+0000&tlt=0&version=4.0.12455&mode=iPhoneApp&locale=en_US HTTP/1.1" 200 - "-" "Tales2Go/3.2.0 CFNetwork/609 Darwin/13.0.0"
98.31.21.39 - - [06/Jan/2013:16:32:36 -0800] "GET /FeedDisplay.php?archived&mode=iPhoneApp&fid=1562&episode_id=2894&nfid=0&uid=18493&version=3.2.0 HTTP/1.1" 200 8958 "-" "Mozilla/5.0 (iPhone; CPU iPhone OS 6_0_1 like Mac OS X) AppleWebKit/536.26 (KHTML, like Gecko) Mobile/10A523"
166.137.119.42 - - [06/Jan/2013:16:32:41 -0800] "GET /GetAd.php?sid=164&timeSinceLastAd=4&previousFeedId=1233&nextFeedId=925&tlt=4&tlf=1&uid=37214&version=4.0.12455&mode=iPhoneApp&locale=en_US HTTP/1.1" 200 22 "-" "Tales2Go/3.2.0 CFNetwork/609 Darwin/13.0.0"
184.38.128.59 - - [06/Jan/2013:16:32:56 -0800] "GET /StartupChecks.php?startup&uid=32482&version=4.0.12455&mode=iPhoneApp&locale=en_US HTTP/1.1" 200 289 "-" "Tales2Go/3.2.0 CFNetwork/609 Darwin/13.0.0"
184.38.128.59 - - [06/Jan/2013:16:32:56 -0800] "GET /LoadUserFromID.php?markStartup&id=32482&udid=0C:77:1A:35:EB:E4&version=4.0.12455&mode=iPhoneApp&locale=en_US HTTP/1.1" 200 263 "-" "Tales2Go/3.2.0 CFNetwork/609 Darwin/13.0.0"
66.87.64.109 - - [06/Jan/2013:16:32:57 -0800] "GET /GetAd.php?sid=3&timeSinceLastAd=600&previousFeedId=2559&nextFeedId=2759&tlt=600&tlf=5&uid=37909&version=4.0.12455&mode=iPhoneApp&locale=en_US HTTP/1.1" 200 22 "-" "Tales2Go/3.2.0 CFNetwork/548.1.4 Darwin/11.0.0"
71.191.232.70 - - [06/Jan/2013:16:34:26 -0800] "GET /PostUsage.php?uid=25002&sid=498&fid=59&eid=71&completed=684424&timezone=+0000&tlt=7575&version=4.0.12455&mode=iPhoneApp&locale=en_US HTTP/1.1" 200 - "-" "Tales2Go/3.2.0 CFNetwork/609 Darwin/13.0.0"
24.2.124.195 - - [06/Jan/2013:16:34:26 -0800] "GET /AddBookmark.php?uid=31930&eid=1527&offset=3324&version=4.0.12455&mode=iPhoneApp&locale=en_US HTTP/1.1" 200 47 "-" "Tales2Go/3.2.0 CFNetwork/548.1.4 Darwin/11.0.0"
71.191.232.70 - - [06/Jan/2013:16:34:26 -0800] "GET /GetContentStationList.php?uid=25002&version=4.0.12455&mode=iPhoneApp&locale=en_US HTTP/1.1" 200 6486 "-" "Tales2Go/3.2.0 CFNetwork/609 Darwin/13.0.0"
71.191.232.70 - - [06/Jan/2013:16:34:26 -0800] "GET /GetUserInfo.php?uid=25002&udid=B8:17:C2:36:4B:FD&version=4.0.12455&mode=iPhoneApp&locale=en_US HTTP/1.1" 200 194 "-" "Tales2Go/3.2.0 CFNetwork/609 Darwin/13.0.0"
71.191.232.70 - - [06/Jan/2013:16:34:26 -0800] "GET /GetStationListFC.php?uid=25002&version=4.0.12455&mode=iPhoneApp&locale=en_US HTTP/1.1" 200 256 "-" "Tales2Go/3.2.0 CFNetwork/609 Darwin/13.0.0"
24.2.124.195 - - [06/Jan/2013:16:34:27 -0800] "GET /AddBookmark.php?uid=31930&eid=1527&offset=3324&version=4.0.12455&mode=iPhoneApp&locale=en_US HTTP/1.1" 200 47 "-" "Tales2Go/3.2.0 CFNetwork/548.1.4 Darwin/11.0.0"
24.2.124.195 - - [06/Jan/2013:16:34:28 -0800] "GET /AddBookmark.php?uid=31930&eid=1527&offset=3324&version=4.0.12455&mode=iPhoneApp&locale=en_US HTTP/1.1" 200 47 "-" "Tales2Go/3.2.0 CFNetwork/548.1.4 Darwin/11.0.0"
98.31.21.39 - - [06/Jan/2013:16:34:31 -0800] "GET /StartupChecks.php?startup&uid=18493&version=4.0.12455&mode=iPhoneApp&locale=en_US HTTP/1.1" 200 289 "-" "Tales2Go/3.2.0 CFNetwork/609 Darwin/13.0.0"
98.31.21.39 - - [06/Jan/2013:16:34:31 -0800] "GET /LoadUserFromID.php?markStartup&id=18493&udid=74:E1:B6:4F:E0:C4&version=4.0.12455&mode=iPhoneApp&locale=en_US HTTP/1.1" 200 269 "-" "Tales2Go/3.2.0 CFNetwork/609 Darwin/13.0.0"
98.31.21.39 - - [06/Jan/2013:16:34:32 -0800] "GET /GetContentStationList.php?uid=18493&version=4.0.12455&mode=iPhoneApp&locale=en_US HTTP/1.1" 200 6486 "-" "Tales2Go/3.2.0 CFNetwork/609 Darwin/13.0.0"
98.31.21.39 - - [06/Jan/2013:16:34:34 -0800] "GET /GetStationListFC.php?uid=18493&version=4.0.12455&mode=iPhoneApp&locale=en_US HTTP/1.1" 200 16492 "-" "Tales2Go/3.2.0 CFNetwork/609 Darwin/13.0.0"
98.31.21.39 - - [06/Jan/2013:16:34:38 -0800] "GET /GetBookmarkList.php?uid=18493&version=4.0.12455&mode=iPhoneApp&locale=en_US HTTP/1.1" 200 2505 "-" "Tales2Go/3.2.0 CFNetwork/609 Darwin/13.0.0"
98.31.21.39 - - [06/Jan/2013:16:34:38 -0800] "GET /GetStationPlayList.php?uid=18493&sid=favorites&version=4.0.12455&mode=iPhoneApp&locale=en_US HTTP/1.1" 200 9043 "-" "Tales2Go/3.2.0 CFNetwork/609 Darwin/13.0.0"
98.31.21.39 - - [06/Jan/2013:16:34:44 -0800] "GET /FeedDisplay.php?archived&mode=iPhoneApp&fid=1553&episode_id=3119&nfid=924&uid=18493&version=3.2.0 HTTP/1.1" 200 9080 "-" "Mozilla/5.0 (iPhone; CPU iPhone OS 6_0_1 like Mac OS X) AppleWebKit/536.26 (KHTML, like Gecko) Mobile/10A523"
98.31.21.39 - - [06/Jan/2013:16:34:46 -0800] "GET /PostUsage.php?uid=18493&sid=1&fid=1553&eid=3119&completed=187&timezone=+0000&tlt=0&version=4.0.12455&mode=iPhoneApp&locale=en_US HTTP/1.1" 200 - "-" "Tales2Go/3.2.0 CFNetwork/609 Darwin/13.0.0"
98.31.21.39 - - [06/Jan/2013:16:34:46 -0800] "GET /FeedDisplay.php?archived&mode=iPhoneApp&fid=2567&episode_id=4146&nfid=1553&uid=18493&version=3.2.0 HTTP/1.1" 200 8842 "-" "Mozilla/5.0 (iPhone; CPU iPhone OS 6_0_1 like Mac OS X) AppleWebKit/536.26 (KHTML, like Gecko) Mobile/10A523"
98.31.21.39 - - [06/Jan/2013:16:34:57 -0800] "GET /GetAd.php?sid=1&timeSinceLastAd=4&previousFeedId=2567&nextFeedId=1553&tlt=4&tlf=1&uid=18493&version=4.0.12455&mode=iPhoneApp&locale=en_US HTTP/1.1" 200 22 "-" "Tales2Go/3.2.0 CFNetwork/609 Darwin/13.0.0"
98.31.21.39 - - [06/Jan/2013:16:34:58 -0800] "GET /GetAd.php?sid=1&timeSinceLastAd=4&previousFeedId=2567&nextFeedId=926&newStation&tlt=4&tlf=0&uid=18493&version=4.0.12455&mode=iPhoneApp&locale=en_US HTTP/1.1" 200 22 "-" "Tales2Go/3.2.0 CFNetwork/609 Darwin/13.0.0"
98.31.21.39 - - [06/Jan/2013:16:34:58 -0800] "GET /PostUsage.php?uid=18493&sid=1&fid=2567&eid=4146&completed=4706&timezone=+0000&tlt=4&version=4.0.12455&mode=iPhoneApp&locale=en_US HTTP/1.1" 200 - "-" "Tales2Go/3.2.0 CFNetwork/609 Darwin/13.0.0"
98.31.21.39 - - [06/Jan/2013:16:34:58 -0800] "GET /FeedDisplay.php?archived&mode=iPhoneApp&fid=926&episode_id=1227&nfid=925&uid=18493&version=3.2.0 HTTP/1.1" 200 9085 "-" "Mozilla/5.0 (iPhone; CPU iPhone OS 6_0_1 like Mac OS X) AppleWebKit/536.26 (KHTML, like Gecko) Mobile/10A523"
166.137.156.164 - - [06/Jan/2013:16:35:13 -0800] "GET /PostUsage.php?uid=37851&sid=60&fid=1763&eid=3263&completed=0&timezone=+0000&tlt=136&version=4.0.12455&mode=iPhoneApp&locale=en_US HTTP/1.1" 200 - "-" "Tales2Go/3.2.0 CFNetwork/609 Darwin/13.0.0"
166.137.156.164 - - [06/Jan/2013:16:35:13 -0800] "GET /GetAd.php?sid=60&timeSinceLastAd=136&previousFeedId=1763&nextFeedId=1760&newStation&tlt=136&tlf=0&uid=37851&version=4.0.12455&mode=iPhoneApp&locale=en_US HTTP/1.1" 200 22 "-" "Tales2Go/3.2.0 CFNetwork/609 Darwin/13.0.0"
166.137.156.164 - - [06/Jan/2013:16:35:21 -0800] "GET /FeedDisplay.php?archived&mode=iPhoneApp&fid=1760&episode_id=3259&nfid=1734&uid=37851&version=3.2.0 HTTP/1.1" 200 8547 "-" "Mozilla/5.0 (iPhone; CPU iPhone OS 6_0_1 like Mac OS X) AppleWebKit/536.26 (KHTML, like Gecko) Mobile/10A523"
174.56.131.132 - - [06/Jan/2013:16:35:41 -0800] "GET /GetStationPlayList.php?s=0&c=9&uid=37262&sid=375&endFeed=0&version=4.0.12455&mode=iPhoneApp&locale=en_US HTTP/1.1" 200 8386 "-" "Tales2Go/3.2.0 CFNetwork/609 Darwin/13.0.0"
66.87.64.109 - - [06/Jan/2013:16:35:42 -0800] "GET /GetAd.php?sid=3&timeSinceLastAd=764&previousFeedId=2559&nextFeedId=2759&tlt=764&tlf=5&uid=37909&version=4.0.12455&mode=iPhoneApp&locale=en_US HTTP/1.1" 200 22 "-" "Tales2Go/3.2.0 CFNetwork/548.1.4 Darwin/11.0.0"
66.87.64.109 - - [06/Jan/2013:16:35:43 -0800] "GET /PostUsage.php?uid=37909&sid=3&fid=2559&eid=4139&completed=206707&timezone=+0000&tlt=764&version=4.0.12455&mode=iPhoneApp&locale=en_US HTTP/1.1" 200 - "-" "Tales2Go/3.2.0 CFNetwork/548.1.4 Darwin/11.0.0"
66.87.64.109 - - [06/Jan/2013:16:35:43 -0800] "GET /FeedDisplay.php?archived&mode=iPhoneApp&fid=2759&episode_id=4801&nfid=790&uid=37909&version=3.2.0 HTTP/1.1" 200 8498 "-" "Mozilla/5.0 (iPhone; CPU iPhone OS 5_1_1 like Mac OS X) AppleWebKit/534.46 (KHTML, like Gecko) Mobile/9B206"
98.31.21.39 - - [06/Jan/2013:16:35:53 -0800] "GET /GetAd.php?sid=0&timeSinceLastAd=197&previousFeedId=1562&nextFeedId=0&tlt=197&tlf=1&uid=18493&version=4.0.12455&mode=iPhoneApp&locale=en_US HTTP/1.1" 200 22 "-" "Tales2Go/3.2.0 CFNetwork/609 Darwin/13.0.0"
66.87.64.109 - - [06/Jan/2013:16:36:05 -0800] "GET /GetAd.php?sid=3&timeSinceLastAd=783&previousFeedId=2759&nextFeedId=790&tlt=783&tlf=6&uid=37909&version=4.0.12455&mode=iPhoneApp&locale=en_US HTTP/1.1" 200 22 "-" "Tales2Go/3.2.0 CFNetwork/548.1.4 Darwin/11.0.0"
174.56.131.132 - - [06/Jan/2013:16:36:10 -0800] "GET /GetAd.php?sid=375&timeSinceLastAd=473&previousFeedId=1424&nextFeedId=1403&newStation&tlt=473&tlf=0&uid=37262&version=4.0.12455&mode=iPhoneApp&locale=en_US HTTP/1.1" 200 22 "-" "Tales2Go/3.2.0 CFNetwork/609 Darwin/13.0.0"
174.56.131.132 - - [06/Jan/2013:16:36:11 -0800] "GET /PostUsage.php?uid=37262&sid=366&fid=1424&eid=2385&completed=473402&timezone=+0000&tlt=473&version=4.0.12455&mode=iPhoneApp&locale=en_US HTTP/1.1" 200 - "-" "Tales2Go/3.2.0 CFNetwork/609 Darwin/13.0.0"
174.56.131.132 - - [06/Jan/2013:16:36:12 -0800] "GET /FeedDisplay.php?archived&mode=iPhoneApp&fid=1403&episode_id=2313&nfid=205&uid=37262&version=3.2.0 HTTP/1.1" 200 8512 "-" "Mozilla/5.0 (iPhone; CPU iPhone OS 6_0_1 like Mac OS X) AppleWebKit/536.26 (KHTML, like Gecko) Mobile/10A523"
174.56.131.132 - - [06/Jan/2013:16:36:27 -0800] "GET /GetAd.php?sid=375&timeSinceLastAd=488&previousFeedId=1403&nextFeedId=205&tlt=488&tlf=1&uid=37262&version=4.0.12455&mode=iPhoneApp&locale=en_US HTTP/1.1" 200 22 "-" "Tales2Go/3.2.0 CFNetwork/609 Darwin/13.0.0"
166.137.191.17 - - [06/Jan/2013:16:36:31 -0800] "GET /StartupChecks.php?startup&uid=15366&version=4.0.12455&mode=iPhoneApp&locale=en_US HTTP/1.1" 200 289 "-" "Tales2Go/3.2.0 CFNetwork/609 Darwin/13.0.0"
74.127.122.140 - - [06/Jan/2013:16:36:34 -0800] "GET /StartupChecks.php?startup&uid=18411&version=4.0.12455&mode=iPhoneApp&locale=en_US HTTP/1.1" 200 289 "-" "Tales2Go/3.2.0 CFNetwork/609 Darwin/13.0.0"
74.127.122.140 - - [06/Jan/2013:16:36:35 -0800] "GET /LoadUserFromID.php?markStartup&id=18411&udid=58:55:CA:D1:A7:52&version=4.0.12455&mode=iPhoneApp&locale=en_US HTTP/1.1" 200 256 "-" "Tales2Go/3.2.0 CFNetwork/609 Darwin/13.0.0"
74.127.122.140 - - [06/Jan/2013:16:36:36 -0800] "POST /ActivateLicense.php HTTP/1.1" 200 54 "-" "Tales2Go/3.2.0 CFNetwork/609 Darwin/13.0.0"
74.127.122.140 - - [06/Jan/2013:16:36:36 -0800] "GET /GetContentStationList.php?uid=18411&version=4.0.12455&mode=iPhoneApp&locale=en_US HTTP/1.1" 200 6486 "-" "Tales2Go/3.2.0 CFNetwork/609 Darwin/13.0.0"
72.209.216.3 - - [06/Jan/2013:16:36:36 -0800] "GET /StartupChecks.php?startup&uid=4492&version=4.0.12455&mode=iPhoneApp&locale=en_US HTTP/1.1" 200 289 "-" "Tales2Go%20-%20Old%20Version/2.2.12455 CFNetwork/609 Darwin/13.0.0"
74.127.122.140 - - [06/Jan/2013:16:36:36 -0800] "GET /LoadUserFromID.php?markStartup&id=18411&udid=58:55:CA:D1:A7:52&version=4.0.12455&mode=iPhoneApp&locale=en_US HTTP/1.1" 200 256 "-" "Tales2Go/3.2.0 CFNetwork/609 Darwin/13.0.0"
72.209.216.3 - - [06/Jan/2013:16:36:37 -0800] "GET /LoadUserFromID.php?markStartup&id=4492&udid=783be6f07a862c8baefef2c02e91f57773430e20&version=4.0.12455&mode=iPhoneApp&locale=en_US HTTP/1.1" 200 265 "-" "Tales2Go%20-%20Old%20Version/2.2.12455 CFNetwork/609 Darwin/13.0.0"
74.127.122.140 - - [06/Jan/2013:16:36:36 -0800] "GET /GetStationListFC.php?uid=18411&version=4.0.12455&mode=iPhoneApp&locale=en_US HTTP/1.1" 200 16492 "-" "Tales2Go/3.2.0 CFNetwork/609 Darwin/13.0.0"
74.127.122.140 - - [06/Jan/2013:16:36:41 -0800] "GET /GetStationPlayList.php?s=0&c=9&uid=18411&sid=34&endFeed=0&version=4.0.12455&mode=iPhoneApp&locale=en_US HTTP/1.1" 200 8519 "-" "Tales2Go/3.2.0 CFNetwork/609 Darwin/13.0.0"
72.209.216.3 - - [06/Jan/2013:16:36:54 -0800] "GET /Search.php?uid=4492&term=pooh&s=0&c=20&version=4.0.12455&mode=iPhoneApp&locale=en_US HTTP/1.1" 200 72 "-" "Tales2Go%20-%20Old%20Version/2.2.12455 CFNetwork/609 Darwin/13.0.0"
72.209.216.3 - - [06/Jan/2013:16:37:00 -0800] "GET /Search.php?uid=4492&term=Winnie&s=0&c=20&version=4.0.12455&mode=iPhoneApp&locale=en_US HTTP/1.1" 200 796 "-" "Tales2Go%20-%20Old%20Version/2.2.12455 CFNetwork/609 Darwin/13.0.0"
72.209.216.3 - - [06/Jan/2013:16:37:20 -0800] "GET /Search.php?uid=4492&term=six&s=0&c=20&version=4.0.12455&mode=iPhoneApp&locale=en_US HTTP/1.1" 200 71 "-" "Tales2Go%20-%20Old%20Version/2.2.12455 CFNetwork/609 Darwin/13.0.0"
74.127.122.140 - - [06/Jan/2013:16:37:26 -0800] "GET /FeedDisplay.php?archived&mode=iPhoneApp&fid=964&episode_id=1457&nfid=667&uid=18411&version=3.2.0 HTTP/1.1" 200 8534 "-" "Mozilla/5.0 (iPhone; CPU iPhone OS 6_0_1 like Mac OS X) AppleWebKit/536.26 (KHTML, like Gecko) Mobile/10A523"
98.31.21.39 - - [06/Jan/2013:16:38:19 -0800] "GET /GetAd.php?sid=1&timeSinceLastAd=204&previousFeedId=926&nextFeedId=925&tlt=204&tlf=1&uid=18493&version=4.0.12455&mode=iPhoneApp&locale=en_US HTTP/1.1" 200 22 "-" "Tales2Go/3.2.0 CFNetwork/609 Darwin/13.0.0"
72.209.216.3 - - [06/Jan/2013:16:38:37 -0800] "GET /Search.php?uid=4492&term=poppers&s=0&c=20&version=4.0.12455&mode=iPhoneApp&locale=en_US HTTP/1.1" 200 75 "-" "Tales2Go%20-%20Old%20Version/2.2.12455 CFNetwork/609 Darwin/13.0.0"
72.209.216.3 - - [06/Jan/2013:16:38:43 -0800] "GET /Search.php?uid=4492&term=popper's&s=0&c=20&version=4.0.12455&mode=iPhoneApp&locale=en_US HTTP/1.1" 200 76 "-" "Tales2Go%20-%20Old%20Version/2.2.12455 CFNetwork/609 Darwin/13.0.0"
74.127.122.140 - - [06/Jan/2013:16:38:47 -0800] "GET /GetAd.php?sid=34&timeSinceLastAd=79&previousFeedId=964&nextFeedId=973&newStation&tlt=79&tlf=0&uid=18411&version=4.0.12455&mode=iPhoneApp&locale=en_US HTTP/1.1" 200 22 "-" "Tales2Go/3.2.0 CFNetwork/609 Darwin/13.0.0"
74.127.122.140 - - [06/Jan/2013:16:38:49 -0800] "GET /PostUsage.php?uid=18411&sid=34&fid=964&eid=1457&completed=81142&timezone=+0000&tlt=79&version=4.0.12455&mode=iPhoneApp&locale=en_US HTTP/1.1" 200 - "-" "Tales2Go/3.2.0 CFNetwork/609 Darwin/13.0.0"
74.127.122.140 - - [06/Jan/2013:16:38:49 -0800] "GET /FeedDisplay.php?archived&mode=iPhoneApp&fid=973&episode_id=1433&nfid=925&uid=18411&version=3.2.0 HTTP/1.1" 200 8975 "-" "Mozilla/5.0 (iPhone; CPU iPhone OS 6_0_1 like Mac OS X) AppleWebKit/536.26 (KHTML, like Gecko) Mobile/10A523"
66.87.64.109 - - [06/Jan/2013:16:38:49 -0800] "GET /GetAd.php?sid=3&timeSinceLastAd=947&previousFeedId=2759&nextFeedId=790&tlt=947&tlf=6&uid=37909&version=4.0.12455&mode=iPhoneApp&locale=en_US HTTP/1.1" 200 22 "-" "Tales2Go/3.2.0 CFNetwork/548.1.4 Darwin/11.0.0"
66.87.64.109 - - [06/Jan/2013:16:38:49 -0800] "GET /PostUsage.php?uid=37909&sid=3&fid=2759&eid=4801&completed=183555&timezone=+0000&tlt=947&version=4.0.12455&mode=iPhoneApp&locale=en_US HTTP/1.1" 200 - "-" "Tales2Go/3.2.0 CFNetwork/548.1.4 Darwin/11.0.0"
66.87.64.109 - - [06/Jan/2013:16:38:50 -0800] "GET /FeedDisplay.php?archived&mode=iPhoneApp&fid=790&episode_id=1217&nfid=2755&uid=37909&version=3.2.0 HTTP/1.1" 200 8502 "-" "Mozilla/5.0 (iPhone; CPU iPhone OS 5_1_1 like Mac OS X) AppleWebKit/534.46 (KHTML, like Gecko) Mobile/9B206"
66.87.64.109 - - [06/Jan/2013:16:38:58 -0800] "GET /GetAd.php?sid=3&timeSinceLastAd=954&previousFeedId=790&nextFeedId=2755&tlt=954&tlf=7&uid=37909&version=4.0.12455&mode=iPhoneApp&locale=en_US HTTP/1.1" 200 22 "-" "Tales2Go/3.2.0 CFNetwork/548.1.4 Darwin/11.0.0"
72.209.216.3 - - [06/Jan/2013:16:39:14 -0800] "GET /GetStationPlayList.php?s=0&c=9&uid=4492&sid=98&endFeed=0&version=4.0.12455&mode=iPhoneApp&locale=en_US HTTP/1.1" 200 5396 "-" "Tales2Go%20-%20Old%20Version/2.2.12455 CFNetwork/609 Darwin/13.0.0"
108.218.235.57 - - [06/Jan/2013:16:39:24 -0800] "GET /RemoveFavorite.php?uid=37276&fid=1536&version=4.0.12455&mode=iPhoneApp&locale=en_US HTTP/1.1" 200 58 "-" "Tales2Go/3.2.0 CFNetwork/609 Darwin/13.0.0"
72.209.216.3 - - [06/Jan/2013:16:39:53 -0800] "GET /GetStationPlayList.php?s=0&c=9&uid=4492&sid=464&endFeed=0&version=4.0.12455&mode=iPhoneApp&locale=en_US HTTP/1.1" 200 3328 "-" "Tales2Go%20-%20Old%20Version/2.2.12455 CFNetwork/609 Darwin/13.0.0"
74.127.122.140 - - [06/Jan/2013:16:39:56 -0800] "GET /AddBookmark.php?uid=18411&eid=1433&offset=63&version=4.0.12455&mode=iPhoneApp&locale=en_US HTTP/1.1" 200 47 "-" "Tales2Go/3.2.0 CFNetwork/609 Darwin/13.0.0"
74.127.122.140 - - [06/Jan/2013:16:39:56 -0800] "GET /AddFavorite.php?uid=18411&fid=973&version=4.0.12455&mode=iPhoneApp&locale=en_US HTTP/1.1" 200 55 "-" "Tales2Go/3.2.0 CFNetwork/609 Darwin/13.0.0"
74.127.122.140 - - [06/Jan/2013:16:40:00 -0800] "GET /RemoveFavorite.php?uid=18411&fid=973&version=4.0.12455&mode=iPhoneApp&locale=en_US HTTP/1.1" 200 57 "-" "Tales2Go/3.2.0 CFNetwork/609 Darwin/13.0.0"
72.209.216.3 - - [06/Jan/2013:16:40:01 -0800] "GET /GetStationPlayList.php?s=0&c=9&uid=4492&sid=192&endFeed=0&version=4.0.12455&mode=iPhoneApp&locale=en_US HTTP/1.1" 200 7416 "-" "Tales2Go%20-%20Old%20Version/2.2.12455 CFNetwork/609 Darwin/13.0.0"
72.209.216.3 - - [06/Jan/2013:16:40:21 -0800] "GET /GetStationPlayList.php?s=0&c=9&uid=4492&sid=68&endFeed=0&version=4.0.12455&mode=iPhoneApp&locale=en_US HTTP/1.1" 200 6002 "-" "Tales2Go%20-%20Old%20Version/2.2.12455 CFNetwork/609 Darwin/13.0.0"
74.127.122.140 - - [06/Jan/2013:16:40:23 -0800] "GET /GetStationPlayList.php?s=9&c=9&uid=18411&sid=34&endFeed=0&version=4.0.12455&mode=iPhoneApp&locale=en_US HTTP/1.1" 200 7757 "-" "Tales2Go/3.2.0 CFNetwork/609 Darwin/13.0.0"
74.127.122.140 - - [06/Jan/2013:16:40:28 -0800] "GET /GetAd.php?sid=34&timeSinceLastAd=174&previousFeedId=973&nextFeedId=925&tlt=174&tlf=1&uid=18411&version=4.0.12455&mode=iPhoneApp&locale=en_US HTTP/1.1" 200 22 "-" "Tales2Go/3.2.0 CFNetwork/609 Darwin/13.0.0"
74.127.122.140 - - [06/Jan/2013:16:40:29 -0800] "GET /GetStationPlayList.php?s=18&c=9&uid=18411&sid=34&endFeed=0&version=4.0.12455&mode=iPhoneApp&locale=en_US HTTP/1.1" 200 8992 "-" "Tales2Go/3.2.0 CFNetwork/609 Darwin/13.0.0"
74.127.122.140 - - [06/Jan/2013:16:40:35 -0800] "GET /GetStationPlayList.php?s=27&c=9&uid=18411&sid=34&endFeed=0&version=4.0.12455&mode=iPhoneApp&locale=en_US HTTP/1.1" 200 7206 "-" "Tales2Go/3.2.0 CFNetwork/609 Darwin/13.0.0"
72.209.216.3 - - [06/Jan/2013:16:40:50 -0800] "GET /GetStationPlayList.php?s=0&c=9&uid=4492&sid=71&endFeed=0&version=4.0.12455&mode=iPhoneApp&locale=en_US HTTP/1.1" 200 6427 "-" "Tales2Go%20-%20Old%20Version/2.2.12455 CFNetwork/609 Darwin/13.0.0"
72.209.216.3 - - [06/Jan/2013:16:41:14 -0800] "GET /GetStationPlayList.php?s=0&c=9&uid=4492&sid=110&endFeed=0&version=4.0.12455&mode=iPhoneApp&locale=en_US HTTP/1.1" 200 2885 "-" "Tales2Go%20-%20Old%20Version/2.2.12455 CFNetwork/609 Darwin/13.0.0"
72.209.216.3 - - [06/Jan/2013:16:41:40 -0800] "GET /GetStationPlayList.php?s=0&c=9&uid=4492&sid=103&endFeed=0&version=4.0.12455&mode=iPhoneApp&locale=en_US HTTP/1.1" 200 6830 "-" "Tales2Go%20-%20Old%20Version/2.2.12455 CFNetwork/609 Darwin/13.0.0"
72.209.216.3 - - [06/Jan/2013:16:41:51 -0800] "GET /GetStationPlayList.php?s=9&c=9&uid=4492&sid=103&endFeed=0&version=4.0.12455&mode=iPhoneApp&locale=en_US HTTP/1.1" 200 7331 "-" "Tales2Go%20-%20Old%20Version/2.2.12455 CFNetwork/609 Darwin/13.0.0"
66.87.64.109 - - [06/Jan/2013:16:42:06 -0800] "GET /GetAd.php?sid=3&timeSinceLastAd=1139&previousFeedId=790&nextFeedId=2755&tlt=1139&tlf=7&uid=37909&version=4.0.12455&mode=iPhoneApp&locale=en_US HTTP/1.1" 200 22 "-" "Tales2Go/3.2.0 CFNetwork/548.1.4 Darwin/11.0.0"
66.87.64.109 - - [06/Jan/2013:16:42:07 -0800] "GET /PostUsage.php?uid=37909&sid=3&fid=790&eid=1217&completed=192750&timezone=+0000&tlt=1139&version=4.0.12455&mode=iPhoneApp&locale=en_US HTTP/1.1" 200 - "-" "Tales2Go/3.2.0 CFNetwork/548.1.4 Darwin/11.0.0"
66.87.64.109 - - [06/Jan/2013:16:42:07 -0800] "GET /FeedDisplay.php?archived&mode=iPhoneApp&fid=2755&episode_id=4797&nfid=2696&uid=37909&version=3.2.0 HTTP/1.1" 200 8474 "-" "Mozilla/5.0 (iPhone; CPU iPhone OS 5_1_1 like Mac OS X) AppleWebKit/534.46 (KHTML, like Gecko) Mobile/9B206"
72.209.216.3 - - [06/Jan/2013:16:42:09 -0800] "GET /GetStationPlayList.php?s=0&c=9&uid=4492&sid=122&endFeed=0&version=4.0.12455&mode=iPhoneApp&locale=en_US HTTP/1.1" 200 5394 "-" "Tales2Go%20-%20Old%20Version/2.2.12455 CFNetwork/609 Darwin/13.0.0"
96.255.241.191 - - [06/Jan/2013:16:42:25 -0800] "GET /GetStationPlayList.php?uid=411&sid=favorites&version=4.0.12455&mode=iPhoneApp&override&locale=en_US HTTP/1.1" 200 2085 "-" "Tales2Go/3.2.0 CFNetwork/609 Darwin/13.0.0"
72.209.216.3 - - [06/Jan/2013:16:42:26 -0800] "GET /GetStationPlayList.php?s=0&c=9&uid=4492&sid=111&endFeed=0&version=4.0.12455&mode=iPhoneApp&locale=en_US HTTP/1.1" 200 6595 "-" "Tales2Go%20-%20Old%20Version/2.2.12455 CFNetwork/609 Darwin/13.0.0"
74.127.122.140 - - [06/Jan/2013:16:42:32 -0800] "GET /GetAd.php?sid=34&timeSinceLastAd=299&previousFeedId=973&nextFeedId=264&tlt=299&tlf=1&uid=18411&version=4.0.12455&mode=iPhoneApp&locale=en_US HTTP/1.1" 200 22 "-" "Tales2Go/3.2.0 CFNetwork/609 Darwin/13.0.0"
74.127.122.140 - - [06/Jan/2013:16:42:33 -0800] "GET /PostUsage.php?uid=18411&sid=34&fid=973&eid=1433&completed=220754&timezone=+0000&tlt=299&version=4.0.12455&mode=iPhoneApp&locale=en_US HTTP/1.1" 200 - "-" "Tales2Go/3.2.0 CFNetwork/609 Darwin/13.0.0"
74.127.122.140 - - [06/Jan/2013:16:42:34 -0800] "GET /FeedDisplay.php?archived&mode=iPhoneApp&fid=264&episode_id=377&nfid=1403&uid=18411&version=3.2.0 HTTP/1.1" 200 8459 "-" "Mozilla/5.0 (iPhone; CPU iPhone OS 6_0_1 like Mac OS X) AppleWebKit/536.26 (KHTML, like Gecko) Mobile/10A523"
74.127.122.140 - - [06/Jan/2013:16:42:42 -0800] "GET /GetAd.php?sid=34&timeSinceLastAd=305&previousFeedId=264&nextFeedId=1403&tlt=305&tlf=2&uid=18411&version=4.0.12455&mode=iPhoneApp&locale=en_US HTTP/1.1" 200 22 "-" "Tales2Go/3.2.0 CFNetwork/609 Darwin/13.0.0"
74.127.122.140 - - [06/Jan/2013:16:42:43 -0800] "GET /GetAd.php?sid=34&timeSinceLastAd=307&previousFeedId=264&nextFeedId=973&tlt=307&tlf=2&uid=18411&version=4.0.12455&mode=iPhoneApp&locale=en_US HTTP/1.1" 200 22 "-" "Tales2Go/3.2.0 CFNetwork/609 Darwin/13.0.0"
74.127.122.140 - - [06/Jan/2013:16:42:44 -0800] "GET /PostUsage.php?uid=18411&sid=34&fid=264&eid=377&completed=8589&timezone=+0000&tlt=307&version=4.0.12455&mode=iPhoneApp&locale=en_US HTTP/1.1" 200 - "-" "Tales2Go/3.2.0 CFNetwork/609 Darwin/13.0.0"
74.127.122.140 - - [06/Jan/2013:16:42:44 -0800] "GET /FeedDisplay.php?archived&mode=iPhoneApp&fid=973&episode_id=1433&nfid=925&uid=18411&version=3.2.0 HTTP/1.1" 200 8975 "-" "Mozilla/5.0 (iPhone; CPU iPhone OS 6_0_1 like Mac OS X) AppleWebKit/536.26 (KHTML, like Gecko) Mobile/10A523"
74.127.122.140 - - [06/Jan/2013:16:42:44 -0800] "GET /GetAd.php?sid=34&timeSinceLastAd=307&previousFeedId=973&nextFeedId=925&tlt=307&tlf=3&uid=18411&version=4.0.12455&mode=iPhoneApp&locale=en_US HTTP/1.1" 200 22 "-" "Tales2Go/3.2.0 CFNetwork/609 Darwin/13.0.0"
72.209.216.3 - - [06/Jan/2013:16:42:50 -0800] "GET /GetStationPlayList.php?s=0&c=9&uid=4492&sid=97&endFeed=0&version=4.0.12455&mode=iPhoneApp&locale=en_US HTTP/1.1" 200 5611 "-" "Tales2Go%20-%20Old%20Version/2.2.12455 CFNetwork/609 Darwin/13.0.0"
72.209.216.3 - - [06/Jan/2013:16:43:03 -0800] "GET /GetStationPlayList.php?s=9&c=9&uid=4492&sid=97&endFeed=0&version=4.0.12455&mode=iPhoneApp&locale=en_US HTTP/1.1" 200 6390 "-" "Tales2Go%20-%20Old%20Version/2.2.12455 CFNetwork/609 Darwin/13.0.0"
66.87.64.109 - - [06/Jan/2013:16:43:16 -0800] "GET /GetAd.php?sid=3&timeSinceLastAd=1205&previousFeedId=2755&nextFeedId=2696&tlt=1205&tlf=8&uid=37909&version=4.0.12455&mode=iPhoneApp&locale=en_US HTTP/1.1" 200 22 "-" "Tales2Go/3.2.0 CFNetwork/548.1.4 Darwin/11.0.0"
72.209.216.3 - - [06/Jan/2013:16:43:18 -0800] "GET /GetStationPlayList.php?s=18&c=9&uid=4492&sid=97&endFeed=0&version=4.0.12455&mode=iPhoneApp&locale=en_US HTTP/1.1" 200 7135 "-" "Tales2Go%20-%20Old%20Version/2.2.12455 CFNetwork/609 Darwin/13.0.0"
72.209.216.3 - - [06/Jan/2013:16:43:32 -0800] "GET /GetStationPlayList.php?s=0&c=9&uid=4492&sid=19&endFeed=0&version=4.0.12455&mode=iPhoneApp&locale=en_US HTTP/1.1" 200 9346 "-" "Tales2Go%20-%20Old%20Version/2.2.12455 CFNetwork/609 Darwin/13.0.0"
72.209.216.3 - - [06/Jan/2013:16:43:51 -0800] "GET /GetStationPlayList.php?s=0&c=9&uid=4492&sid=64&endFeed=0&version=4.0.12455&mode=iPhoneApp&locale=en_US HTTP/1.1" 200 6212 "-" "Tales2Go%20-%20Old%20Version/2.2.12455 CFNetwork/609 Darwin/13.0.0"
173.76.135.241 - - [06/Jan/2013:16:44:03 -0800] "GET /StartupChecks.php?startup&uid=9912&version=4.0.12455&mode=iPhoneApp&locale=en_US HTTP/1.1" 200 289 "-" "Tales2Go/3.2.0 CFNetwork/609 Darwin/13.0.0"
173.76.135.241 - - [06/Jan/2013:16:44:03 -0800] "GET /LoadUserFromID.php?markStartup&id=9912&udid=24:AB:81:AC:37:9B&version=4.0.12455&mode=iPhoneApp&locale=en_US HTTP/1.1" 200 252 "-" "Tales2Go/3.2.0 CFNetwork/609 Darwin/13.0.0"
173.76.135.241 - - [06/Jan/2013:16:44:04 -0800] "GET /GetContentStationList.php?uid=9912&version=4.0.12455&mode=iPhoneApp&locale=en_US HTTP/1.1" 200 6486 "-" "Tales2Go/3.2.0 CFNetwork/609 Darwin/13.0.0"
173.76.135.241 - - [06/Jan/2013:16:44:04 -0800] "GET /GetStationListFC.php?uid=9912&version=4.0.12455&mode=iPhoneApp&locale=en_US HTTP/1.1" 200 16492 "-" "Tales2Go/3.2.0 CFNetwork/609 Darwin/13.0.0"
166.137.156.164 - - [06/Jan/2013:16:44:08 -0800] "GET /GetAd.php?sid=60&timeSinceLastAd=618&previousFeedId=1760&nextFeedId=1734&tlt=618&tlf=1&uid=37851&version=4.0.12455&mode=iPhoneApp&locale=en_US HTTP/1.1" 200 22 "-" "Tales2Go/3.2.0 CFNetwork/609 Darwin/13.0.0"
173.76.135.241 - - [06/Jan/2013:16:44:11 -0800] "GET /GetStationPlayList.php?s=0&c=9&uid=9912&sid=93&endFeed=0&version=4.0.12455&mode=iPhoneApp&locale=en_US HTTP/1.1" 200 7664 "-" "Tales2Go/3.2.0 CFNetwork/609 Darwin/13.0.0"
72.209.216.3 - - [06/Jan/2013:16:44:14 -0800] "GET /GetStationPlayList.php?s=0&c=9&uid=4492&sid=533&endFeed=0&version=4.0.12455&mode=iPhoneApp&locale=en_US HTTP/1.1" 200 6309 "-" "Tales2Go%20-%20Old%20Version/2.2.12455 CFNetwork/609 Darwin/13.0.0"
173.76.135.241 - - [06/Jan/2013:16:44:18 -0800] "GET /FeedDisplay.php?archived&mode=iPhoneApp&fid=599&episode_id=1316&nfid=594&uid=9912&version=3.2.0 HTTP/1.1" 200 8770 "-" "Mozilla/5.0 (iPhone; CPU iPhone OS 6_0 like Mac OS X) AppleWebKit/536.26 (KHTML, like Gecko) Mobile/10A403"
71.191.232.70 - - [06/Jan/2013:16:44:25 -0800] "GET /StartupChecks.php?startup&version=4.0.12455&mode=iPhoneApp&locale=en_US HTTP/1.1" 200 246 "-" "Tales2Go/3.2.0 CFNetwork/548.1.4 Darwin/11.0.0"
71.191.232.70 - - [06/Jan/2013:16:44:26 -0800] "GET /TransitionUDIDToMACAddr.php?udid=e957e728300ce30e6d36a2651c8e72379f647020&mac=84:29:99:1D:AD:70&version=4.0.12455&mode=iPhoneApp&locale=en_US HTTP/1.1" 200 121 "-" "Tales2Go/3.2.0 CFNetwork/548.1.4 Darwin/11.0.0"
71.191.232.70 - - [06/Jan/2013:16:44:26 -0800] "GET /LoadUserFromUDID.php?markStartup&udid=84:29:99:1D:AD:70&version=4.0.12455&mode=iPhoneApp&locale=en_US HTTP/1.1" 200 58 "-" "Tales2Go/3.2.0 CFNetwork/548.1.4 Darwin/11.0.0"
71.191.232.70 - - [06/Jan/2013:16:44:27 -0800] "GET /CreateUser.php?markStartup&mode=iPhoneApp&udid=84:29:99:1D:AD:70&version=4.0.12455&mode=iPhoneApp&locale=en_US HTTP/1.1" 200 228 "-" "Tales2Go/3.2.0 CFNetwork/548.1.4 Darwin/11.0.0"
71.191.232.70 - - [06/Jan/2013:16:44:28 -0800] "GET /SubmitSettings.php?currentId=37911&email=84:29:99:1D:AD:70@t2g.t2g&epx=-_A7_-A8AzKJHTAC37&phone=&optin=0&explicit=1&alertOption=0&alertType=0&alertTimestamp=0.000000&udid=84:29:99:1D:AD:70&version=4.0.12455&mode=iPhoneApp&locale=en_US HTTP/1.1" 200 238 "-" "Tales2Go/3.2.0 CFNetwork/548.1.4 Darwin/11.0.0"
71.191.232.70 - - [06/Jan/2013:16:44:28 -0800] "GET /GetContentStationList.php?uid=37911&version=4.0.12455&mode=iPhoneApp&locale=en_US HTTP/1.1" 200 6486 "-" "Tales2Go/3.2.0 CFNetwork/548.1.4 Darwin/11.0.0"
71.191.232.70 - - [06/Jan/2013:16:44:28 -0800] "GET /LoadUserFromID.php?markStartup&id=37911&udid=84:29:99:1D:AD:70&version=4.0.12455&mode=iPhoneApp&locale=en_US HTTP/1.1" 200 263 "-" "Tales2Go/3.2.0 CFNetwork/548.1.4 Darwin/11.0.0"
71.191.232.70 - - [06/Jan/2013:16:44:29 -0800] "GET /GetContentStationList.php?uid=37911&version=4.0.12455&mode=iPhoneApp&locale=en_US HTTP/1.1" 200 6486 "-" "Tales2Go/3.2.0 CFNetwork/548.1.4 Darwin/11.0.0"
71.191.232.70 - - [06/Jan/2013:16:44:28 -0800] "GET /GetStationListFC.php?uid=37911&version=4.0.12455&mode=iPhoneApp&locale=en_US HTTP/1.1" 200 16492 "-" "Tales2Go/3.2.0 CFNetwork/548.1.4 Darwin/11.0.0"
71.191.232.70 - - [06/Jan/2013:16:44:31 -0800] "GET /GetStationListFC.php?uid=37911&version=4.0.12455&mode=iPhoneApp&locale=en_US HTTP/1.1" 200 16492 "-" "Tales2Go/3.2.0 CFNetwork/548.1.4 Darwin/11.0.0"
72.209.216.3 - - [06/Jan/2013:16:44:36 -0800] "GET /GetStationPlayList.php?s=0&c=9&uid=4492&sid=66&endFeed=0&version=4.0.12455&mode=iPhoneApp&locale=en_US HTTP/1.1" 200 12743 "-" "Tales2Go%20-%20Old%20Version/2.2.12455 CFNetwork/609 Darwin/13.0.0"
71.191.232.70 - - [06/Jan/2013:16:44:49 -0800] "GET /GetStationPlayList.php?s=0&c=9&uid=37911&sid=34&endFeed=0&version=4.0.12455&mode=iPhoneApp&locale=en_US HTTP/1.1" 200 8391 "-" "Tales2Go/3.2.0 CFNetwork/548.1.4 Darwin/11.0.0"
71.191.232.70 - - [06/Jan/2013:16:44:51 -0800] "GET /FeedDisplay.php?archived&mode=iPhoneApp&fid=908&episode_id=1236&nfid=973&uid=37911&version=3.2.0 HTTP/1.1" 200 9176 "-" "Mozilla/5.0 (iPhone; CPU iPhone OS 5_1_1 like Mac OS X) AppleWebKit/534.46 (KHTML, like Gecko) Mobile/9B206"
71.191.232.70 - - [06/Jan/2013:16:44:52 -0800] "GET /images/multipart_arrow_left_disabled.gif HTTP/1.1" 200 275 "http://t2g.stitcher.com/FeedDisplay.php?archived&mode=iPhoneApp&fid=908&episode_id=1236&nfid=973&uid=37911&version=3.2.0" "Mozilla/5.0 (iPhone; CPU iPhone OS 5_1_1 like Mac OS X) AppleWebKit/534.46 (KHTML, like Gecko) Mobile/9B206"
71.191.232.70 - - [06/Jan/2013:16:44:52 -0800] "GET /images/multipart_arrow_right.gif HTTP/1.1" 200 267 "http://t2g.stitcher.com/FeedDisplay.php?archived&mode=iPhoneApp&fid=908&episode_id=1236&nfid=973&uid=37911&version=3.2.0" "Mozilla/5.0 (iPhone; CPU iPhone OS 5_1_1 like Mac OS X) AppleWebKit/534.46 (KHTML, like Gecko) Mobile/9B206"
71.191.232.70 - - [06/Jan/2013:16:44:52 -0800] "GET /images/t2g_ratings_color_active.png HTTP/1.1" 200 985 "http://t2g.stitcher.com/FeedDisplay.php?archived&mode=iPhoneApp&fid=908&episode_id=1236&nfid=973&uid=37911&version=3.2.0" "Mozilla/5.0 (iPhone; CPU iPhone OS 5_1_1 like Mac OS X) AppleWebKit/534.46 (KHTML, like Gecko) Mobile/9B206"
71.191.232.70 - - [06/Jan/2013:16:44:52 -0800] "GET /images/t2g_ratings_gray.png HTTP/1.1" 200 1215 "http://t2g.stitcher.com/FeedDisplay.php?archived&mode=iPhoneApp&fid=908&episode_id=1236&nfid=973&uid=37911&version=3.2.0" "Mozilla/5.0 (iPhone; CPU iPhone OS 5_1_1 like Mac OS X) AppleWebKit/534.46 (KHTML, like Gecko) Mobile/9B206"
71.191.232.70 - - [06/Jan/2013:16:44:52 -0800] "GET /images/t2g_ratings_gray_active.png HTTP/1.1" 200 1196 "http://t2g.stitcher.com/FeedDisplay.php?archived&mode=iPhoneApp&fid=908&episode_id=1236&nfid=973&uid=37911&version=3.2.0" "Mozilla/5.0 (iPhone; CPU iPhone OS 5_1_1 like Mac OS X) AppleWebKit/534.46 (KHTML, like Gecko) Mobile/9B206"
71.191.232.70 - - [06/Jan/2013:16:44:52 -0800] "GET /images/t2g_ratings_color.png HTTP/1.1" 200 997 "http://t2g.stitcher.com/FeedDisplay.php?archived&mode=iPhoneApp&fid=908&episode_id=1236&nfid=973&uid=37911&version=3.2.0" "Mozilla/5.0 (iPhone; CPU iPhone OS 5_1_1 like Mac OS X) AppleWebKit/534.46 (KHTML, like Gecko) Mobile/9B206"
71.191.232.70 - - [06/Jan/2013:16:44:53 -0800] "GET /images/ajax-loader.gif HTTP/1.1" 200 1849 "http://t2g.stitcher.com/FeedDisplay.php?archived&mode=iPhoneApp&fid=908&episode_id=1236&nfid=973&uid=37911&version=3.2.0" "Mozilla/5.0 (iPhone; CPU iPhone OS 5_1_1 like Mac OS X) AppleWebKit/534.46 (KHTML, like Gecko) Mobile/9B206"
71.191.232.70 - - [06/Jan/2013:16:44:55 -0800] "GET /GetStationPlayList.php?s=0&c=9&uid=37911&sid=35&endFeed=0&version=4.0.12455&mode=iPhoneApp&locale=en_US HTTP/1.1" 200 10498 "-" "Tales2Go/3.2.0 CFNetwork/548.1.4 Darwin/11.0.0"
71.191.232.70 - - [06/Jan/2013:16:45:02 -0800] "GET /GetStationPlayList.php?s=0&c=9&uid=37911&sid=5&endFeed=0&version=4.0.12455&mode=iPhoneApp&locale=en_US HTTP/1.1" 200 7804 "-" "Tales2Go/3.2.0 CFNetwork/548.1.4 Darwin/11.0.0"
71.191.232.70 - - [06/Jan/2013:16:45:10 -0800] "GET /GetAd.php?sid=5&timeSinceLastAd=17&previousFeedId=908&nextFeedId=1571&newStation&tlt=17&tlf=0&uid=37911&version=4.0.12455&mode=iPhoneApp&locale=en_US HTTP/1.1" 200 22 "-" "Tales2Go/3.2.0 CFNetwork/548.1.4 Darwin/11.0.0"
71.191.232.70 - - [06/Jan/2013:16:45:11 -0800] "GET /PostUsage.php?uid=37911&sid=34&fid=908&eid=1236&completed=19239&timezone=+0000&tlt=17&version=4.0.12455&mode=iPhoneApp&locale=en_US HTTP/1.1" 200 - "-" "Tales2Go/3.2.0 CFNetwork/548.1.4 Darwin/11.0.0"
71.191.232.70 - - [06/Jan/2013:16:45:13 -0800] "GET /FeedDisplay.php?archived&mode=iPhoneApp&fid=1571&episode_id=2884&nfid=1970&uid=37911&version=3.2.0 HTTP/1.1" 200 8678 "-" "Mozilla/5.0 (iPhone; CPU iPhone OS 5_1_1 like Mac OS X) AppleWebKit/534.46 (KHTML, like Gecko) Mobile/9B206"
72.209.216.3 - - [06/Jan/2013:16:45:21 -0800] "GET /GetStationPlayList.php?s=9&c=9&uid=4492&sid=66&endFeed=0&version=4.0.12455&mode=iPhoneApp&locale=en_US HTTP/1.1" 200 10674 "-" "Tales2Go%20-%20Old%20Version/2.2.12455 CFNetwork/609 Darwin/13.0.0"
72.209.216.3 - - [06/Jan/2013:16:45:45 -0800] "GET /GetStationPlayList.php?s=18&c=9&uid=4492&sid=66&endFeed=0&version=4.0.12455&mode=iPhoneApp&locale=en_US HTTP/1.1" 200 14263 "-" "Tales2Go%20-%20Old%20Version/2.2.12455 CFNetwork/609 Darwin/13.0.0"
174.254.177.208 - - [06/Jan/2013:16:45:58 -0800] "GET /GetAd.php?sid=4&timeSinceLastAd=1968&previousFeedId=2118&nextFeedId=769&tlt=1968&tlf=2&uid=9776&version=4.0.12455&mode=iPhoneApp&locale=en_US HTTP/1.1" 200 22 "-" "Tales2Go/3.2.0 CFNetwork/609 Darwin/13.0.0"
174.254.177.208 - - [06/Jan/2013:16:45:58 -0800] "GET /PostUsage.php?uid=9776&sid=4&fid=2118&eid=4959&completed=1042980&timezone=+0000&tlt=1968&version=4.0.12455&mode=iPhoneApp&locale=en_US HTTP/1.1" 200 - "-" "Tales2Go/3.2.0 CFNetwork/609 Darwin/13.0.0"
174.254.177.208 - - [06/Jan/2013:16:45:59 -0800] "GET /FeedDisplay.php?archived&mode=iPhoneApp&fid=769&episode_id=1031&nfid=519&uid=9776&version=3.2.0 HTTP/1.1" 200 8604 "-" "Mozilla/5.0 (iPhone; CPU iPhone OS 6_0_1 like Mac OS X) AppleWebKit/536.26 (KHTML, like Gecko) Mobile/10A523"
72.209.216.3 - - [06/Jan/2013:16:46:10 -0800] "GET /GetStationPlayList.php?s=27&c=9&uid=4492&sid=66&endFeed=0&version=4.0.12455&mode=iPhoneApp&locale=en_US HTTP/1.1" 200 12408 "-" "Tales2Go%20-%20Old%20Version/2.2.12455 CFNetwork/609 Darwin/13.0.0"
74.127.122.140 - - [06/Jan/2013:16:46:20 -0800] "GET /PostUsage.php?uid=18411&sid=34&fid=973&eid=1433&completed=210331&timezone=+0000&tlt=307&version=4.0.12455&mode=iPhoneApp&locale=en_US HTTP/1.1" 200 - "-" "Tales2Go/3.2.0 CFNetwork/609 Darwin/13.0.0"
71.191.232.70 - - [06/Jan/2013:16:46:21 -0800] "GET /GetAd.php?sid=5&timeSinceLastAd=18&previousFeedId=1571&nextFeedId=1970&tlt=18&tlf=1&uid=37911&version=4.0.12455&mode=iPhoneApp&locale=en_US HTTP/1.1" 200 22 "-" "Tales2Go/3.2.0 CFNetwork/548.1.4 Darwin/11.0.0"
74.127.122.140 - - [06/Jan/2013:16:46:24 -0800] "GET /GetAd.php?sid=34&timeSinceLastAd=517&previousFeedId=973&nextFeedId=925&tlt=517&tlf=4&uid=18411&version=4.0.12455&mode=iPhoneApp&locale=en_US HTTP/1.1" 200 22 "-" "Tales2Go/3.2.0 CFNetwork/609 Darwin/13.0.0"
74.127.122.140 - - [06/Jan/2013:16:46:24 -0800] "GET /FeedDisplay.php?archived&mode=iPhoneApp&fid=973&episode_id=1434&nfid=925&uid=18411&version=3.2.0 HTTP/1.1" 200 8975 "-" "Mozilla/5.0 (iPhone; CPU iPhone OS 6_0_1 like Mac OS X) AppleWebKit/536.26 (KHTML, like Gecko) Mobile/10A523"
72.209.216.3 - - [06/Jan/2013:16:46:38 -0800] "GET /GetStationPlayList.php?s=36&c=9&uid=4492&sid=66&endFeed=0&version=4.0.12455&mode=iPhoneApp&locale=en_US HTTP/1.1" 200 10684 "-" "Tales2Go%20-%20Old%20Version/2.2.12455 CFNetwork/609 Darwin/13.0.0"
72.241.245.215 - - [06/Jan/2013:16:46:40 -0800] "GET /StartupChecks.php?startup&version=4.0.12455&mode=iPhoneApp&locale=en_US HTTP/1.1" 200 246 "-" "Tales2Go/3.2.0 CFNetwork/609 Darwin/13.0.0"
72.241.245.215 - - [06/Jan/2013:16:46:41 -0800] "GET /TransitionUDIDToMACAddr.php?udid=a4bcceaf491bc0aa405a59a8efec73972a8aade1&mac=00:C6:10:98:47:55&version=4.0.12455&mode=iPhoneApp&locale=en_US HTTP/1.1" 200 121 "-" "Tales2Go/3.2.0 CFNetwork/609 Darwin/13.0.0"
72.241.245.215 - - [06/Jan/2013:16:46:41 -0800] "GET /LoadUserFromUDID.php?markStartup&udid=00:C6:10:98:47:55&version=4.0.12455&mode=iPhoneApp&locale=en_US HTTP/1.1" 200 58 "-" "Tales2Go/3.2.0 CFNetwork/609 Darwin/13.0.0"
72.241.245.215 - - [06/Jan/2013:16:46:42 -0800] "GET /CreateUser.php?markStartup&mode=iPhoneApp&udid=00:C6:10:98:47:55&version=4.0.12455&mode=iPhoneApp&locale=en_US HTTP/1.1" 200 228 "-" "Tales2Go/3.2.0 CFNetwork/609 Darwin/13.0.0"
72.241.245.215 - - [06/Jan/2013:16:46:42 -0800] "GET /SubmitSettings.php?currentId=37912&email=00:C6:10:98:47:55@t2g.t2g&epx=27AM8-4zA7-J6GAA8z&phone=&optin=0&explicit=1&alertOption=0&alertType=0&alertTimestamp=0.000000&udid=00:C6:10:98:47:55&version=4.0.12455&mode=iPhoneApp&locale=en_US HTTP/1.1" 200 238 "-" "Tales2Go/3.2.0 CFNetwork/609 Darwin/13.0.0"
72.241.245.215 - - [06/Jan/2013:16:46:43 -0800] "GET /GetContentStationList.php?uid=37912&version=4.0.12455&mode=iPhoneApp&locale=en_US HTTP/1.1" 200 6486 "-" "Tales2Go/3.2.0 CFNetwork/609 Darwin/13.0.0"
72.241.245.215 - - [06/Jan/2013:16:46:43 -0800] "GET /LoadUserFromID.php?markStartup&id=37912&udid=00:C6:10:98:47:55&version=4.0.12455&mode=iPhoneApp&locale=en_US HTTP/1.1" 200 263 "-" "Tales2Go/3.2.0 CFNetwork/609 Darwin/13.0.0"
72.241.245.215 - - [06/Jan/2013:16:46:44 -0800] "GET /GetContentStationList.php?uid=37912&version=4.0.12455&mode=iPhoneApp&locale=en_US HTTP/1.1" 200 6486 "-" "Tales2Go/3.2.0 CFNetwork/609 Darwin/13.0.0"
72.241.245.215 - - [06/Jan/2013:16:46:43 -0800] "GET /GetStationListFC.php?uid=37912&version=4.0.12455&mode=iPhoneApp&locale=en_US HTTP/1.1" 200 16492 "-" "Tales2Go/3.2.0 CFNetwork/609 Darwin/13.0.0"
72.241.245.215 - - [06/Jan/2013:16:46:46 -0800] "GET /GetStationListFC.php?uid=37912&version=4.0.12455&mode=iPhoneApp&locale=en_US HTTP/1.1" 200 16492 "-" "Tales2Go/3.2.0 CFNetwork/609 Darwin/13.0.0"
174.254.177.208 - - [06/Jan/2013:16:46:56 -0800] "GET /GetAd.php?sid=4&timeSinceLastAd=2024&previousFeedId=769&nextFeedId=519&tlt=2024&tlf=3&uid=9776&version=4.0.12455&mode=iPhoneApp&locale=en_US HTTP/1.1" 200 22 "-" "Tales2Go/3.2.0 CFNetwork/609 Darwin/13.0.0"
72.209.216.3 - - [06/Jan/2013:16:46:58 -0800] "GET /GetStationPlayList.php?s=45&c=9&uid=4492&sid=66&endFeed=0&version=4.0.12455&mode=iPhoneApp&locale=en_US HTTP/1.1" 200 10512 "-" "Tales2Go%20-%20Old%20Version/2.2.12455 CFNetwork/609 Darwin/13.0.0"
67.182.135.245 - - [06/Jan/2013:16:47:06 -0800] "GET /GetAd.php?sid=109&timeSinceLastAd=5217&previousFeedId=769&nextFeedId=770&newStation&tlt=5217&tlf=0&uid=22220&version=4.0.12455&mode=iPhoneApp&locale=en_US HTTP/1.1" 200 22 "-" "Tales2Go/3.2.0 CFNetwork/548.1.4 Darwin/11.0.0"
67.182.135.245 - - [06/Jan/2013:16:47:06 -0800] "GET /PostUsage.php?uid=22220&sid=109&fid=769&eid=1031&completed=2720430&timezone=+0000&tlt=5217&version=4.0.12455&mode=iPhoneApp&locale=en_US HTTP/1.1" 200 - "-" "Tales2Go/3.2.0 CFNetwork/548.1.4 Darwin/11.0.0"
67.182.135.245 - - [06/Jan/2013:16:47:06 -0800] "GET /FeedDisplay.php?archived&mode=iPhoneApp&fid=770&episode_id=1032&nfid=0&uid=22220&version=3.2.0 HTTP/1.1" 200 8455 "-" "Mozilla/5.0 (iPhone; CPU iPhone OS 5_1_1 like Mac OS X) AppleWebKit/534.46 (KHTML, like Gecko) Mobile/9B206"
72.241.245.215 - - [06/Jan/2013:16:47:06 -0800] "GET /GetStationPlayList.php?s=0&c=9&uid=37912&sid=285&endFeed=0&version=4.0.12455&mode=iPhoneApp&locale=en_US HTTP/1.1" 200 6904 "-" "Tales2Go/3.2.0 CFNetwork/609 Darwin/13.0.0"
67.182.135.245 - - [06/Jan/2013:16:47:11 -0800] "GET /GetAd.php?sid=109&timeSinceLastAd=5221&previousFeedId=770&nextFeedId=0&tlt=5221&tlf=1&uid=22220&version=4.0.12455&mode=iPhoneApp&locale=en_US HTTP/1.1" 200 22 "-" "Tales2Go/3.2.0 CFNetwork/548.1.4 Darwin/11.0.0"
72.241.245.215 - - [06/Jan/2013:16:47:16 -0800] "GET /GetStationPlayList.php?s=9&c=9&uid=37912&sid=285&endFeed=0&version=4.0.12455&mode=iPhoneApp&locale=en_US HTTP/1.1" 200 9562 "-" "Tales2Go/3.2.0 CFNetwork/609 Darwin/13.0.0"
72.209.216.3 - - [06/Jan/2013:16:47:20 -0800] "GET /GetStationPlayList.php?s=54&c=9&uid=4492&sid=66&endFeed=0&version=4.0.12455&mode=iPhoneApp&locale=en_US HTTP/1.1" 200 11606 "-" "Tales2Go%20-%20Old%20Version/2.2.12455 CFNetwork/609 Darwin/13.0.0"
72.241.245.215 - - [06/Jan/2013:16:47:23 -0800] "GET /AddFavorite.php?uid=37912&fid=202&version=4.0.12455&mode=iPhoneApp&locale=en_US HTTP/1.1" 200 55 "-" "Tales2Go/3.2.0 CFNetwork/609 Darwin/13.0.0"
72.241.245.215 - - [06/Jan/2013:16:47:31 -0800] "GET /GetStationPlayList.php?s=18&c=9&uid=37912&sid=285&endFeed=0&version=4.0.12455&mode=iPhoneApp&locale=en_US HTTP/1.1" 200 10854 "-" "Tales2Go/3.2.0 CFNetwork/609 Darwin/13.0.0"
72.241.245.215 - - [06/Jan/2013:16:47:35 -0800] "GET /AddFavorite.php?uid=37912&fid=2281&version=4.0.12455&mode=iPhoneApp&locale=en_US HTTP/1.1" 200 56 "-" "Tales2Go/3.2.0 CFNetwork/609 Darwin/13.0.0"
174.56.131.132 - - [06/Jan/2013:16:47:37 -0800] "GET /GetStationPlayList.php?s=9&c=9&uid=37262&sid=375&endFeed=0&version=4.0.12455&mode=iPhoneApp&locale=en_US HTTP/1.1" 200 8292 "-" "Tales2Go/3.2.0 CFNetwork/609 Darwin/13.0.0"
72.241.245.215 - - [06/Jan/2013:16:47:41 -0800] "GET /GetStationPlayList.php?s=27&c=9&uid=37912&sid=285&endFeed=0&version=4.0.12455&mode=iPhoneApp&locale=en_US HTTP/1.1" 200 7771 "-" "Tales2Go/3.2.0 CFNetwork/609 Darwin/13.0.0"
74.127.122.140 - - [06/Jan/2013:16:47:51 -0800] "GET /GetAd.php?sid=34&timeSinceLastAd=605&previousFeedId=973&nextFeedId=908&tlt=605&tlf=4&uid=18411&version=4.0.12455&mode=iPhoneApp&locale=en_US HTTP/1.1" 200 22 "-" "Tales2Go/3.2.0 CFNetwork/609 Darwin/13.0.0"
74.127.122.140 - - [06/Jan/2013:16:47:52 -0800] "GET /PostUsage.php?uid=18411&sid=34&fid=973&eid=1434&completed=88703&timezone=+0000&tlt=605&version=4.0.12455&mode=iPhoneApp&locale=en_US HTTP/1.1" 200 - "-" "Tales2Go/3.2.0 CFNetwork/609 Darwin/13.0.0"
74.127.122.140 - - [06/Jan/2013:16:47:52 -0800] "GET /FeedDisplay.php?archived&mode=iPhoneApp&fid=908&episode_id=1236&nfid=973&uid=18411&version=3.2.0 HTTP/1.1" 200 9049 "-" "Mozilla/5.0 (iPhone; CPU iPhone OS 6_0_1 like Mac OS X) AppleWebKit/536.26 (KHTML, like Gecko) Mobile/10A523"
74.127.122.140 - - [06/Jan/2013:16:47:53 -0800] "GET /GetAd.php?sid=34&timeSinceLastAd=605&previousFeedId=908&nextFeedId=973&tlt=605&tlf=4&uid=18411&version=4.0.12455&mode=iPhoneApp&locale=en_US HTTP/1.1" 200 22 "-" "Tales2Go/3.2.0 CFNetwork/609 Darwin/13.0.0"
74.127.122.140 - - [06/Jan/2013:16:47:53 -0800] "GET /PostUsage.php?uid=18411&sid=34&fid=908&eid=1236&completed=0&timezone=+0000&tlt=605&version=4.0.12455&mode=iPhoneApp&locale=en_US HTTP/1.1" 200 - "-" "Tales2Go/3.2.0 CFNetwork/609 Darwin/13.0.0"
74.127.122.140 - - [06/Jan/2013:16:47:53 -0800] "GET /FeedDisplay.php?archived&mode=iPhoneApp&fid=973&episode_id=1433&nfid=925&uid=18411&version=3.2.0 HTTP/1.1" 200 8975 "-" "Mozilla/5.0 (iPhone; CPU iPhone OS 6_0_1 like Mac OS X) AppleWebKit/536.26 (KHTML, like Gecko) Mobile/10A523"
74.127.122.140 - - [06/Jan/2013:16:47:54 -0800] "GET /GetAd.php?sid=34&timeSinceLastAd=605&previousFeedId=973&nextFeedId=925&tlt=605&tlf=5&uid=18411&version=4.0.12455&mode=iPhoneApp&locale=en_US HTTP/1.1" 200 22 "-" "Tales2Go/3.2.0 CFNetwork/609 Darwin/13.0.0"
74.127.122.140 - - [06/Jan/2013:16:47:54 -0800] "GET /GetAd.php?sid=34&timeSinceLastAd=605&previousFeedId=973&nextFeedId=908&tlt=605&tlf=5&uid=18411&version=4.0.12455&mode=iPhoneApp&locale=en_US HTTP/1.1" 200 22 "-" "Tales2Go/3.2.0 CFNetwork/609 Darwin/13.0.0"
74.127.122.140 - - [06/Jan/2013:16:47:55 -0800] "GET /PostUsage.php?uid=18411&sid=34&fid=973&eid=1433&completed=820&timezone=+0000&tlt=605&version=4.0.12455&mode=iPhoneApp&locale=en_US HTTP/1.1" 200 - "-" "Tales2Go/3.2.0 CFNetwork/609 Darwin/13.0.0"
74.127.122.140 - - [06/Jan/2013:16:47:55 -0800] "GET /GetAd.php?sid=34&timeSinceLastAd=605&previousFeedId=908&nextFeedId=973&tlt=605&tlf=5&uid=18411&version=4.0.12455&mode=iPhoneApp&locale=en_US HTTP/1.1" 200 22 "-" "Tales2Go/3.2.0 CFNetwork/609 Darwin/13.0.0"
74.127.122.140 - - [06/Jan/2013:16:47:56 -0800] "GET /PostUsage.php?uid=18411&sid=34&fid=908&eid=1236&completed=0&timezone=+0000&tlt=605&version=4.0.12455&mode=iPhoneApp&locale=en_US HTTP/1.1" 200 - "-" "Tales2Go/3.2.0 CFNetwork/609 Darwin/13.0.0"
74.127.122.140 - - [06/Jan/2013:16:47:56 -0800] "GET /FeedDisplay.php?archived&mode=iPhoneApp&fid=973&episode_id=1433&nfid=925&uid=18411&version=3.2.0 HTTP/1.1" 200 8975 "-" "Mozilla/5.0 (iPhone; CPU iPhone OS 6_0_1 like Mac OS X) AppleWebKit/536.26 (KHTML, like Gecko) Mobile/10A523"
74.127.122.140 - - [06/Jan/2013:16:47:56 -0800] "GET /GetAd.php?sid=34&timeSinceLastAd=605&previousFeedId=973&nextFeedId=925&tlt=605&tlf=6&uid=18411&version=4.0.12455&mode=iPhoneApp&locale=en_US HTTP/1.1" 200 22 "-" "Tales2Go/3.2.0 CFNetwork/609 Darwin/13.0.0"
69.121.52.71 - - [06/Jan/2013:16:47:57 -0800] "GET /PostUsage.php?uid=19823&sid=107&fid=722&eid=1026&completed=2583919&timezone=+0000&tlt=0&version=4.0.12455&mode=iPhoneApp&locale=en_US HTTP/1.1" 200 - "-" "Tales2Go/3.2.0 CFNetwork/609 Darwin/13.0.0"
69.121.52.71 - - [06/Jan/2013:16:47:57 -0800] "GET /FeedDisplay.php?archived&mode=iPhoneApp&fid=722&episode_id=1027&nfid=0&uid=19823&version=3.2.0 HTTP/1.1" 200 8922 "-" "Mozilla/5.0 (iPhone; CPU iPhone OS 6_0_1 like Mac OS X) AppleWebKit/536.26 (KHTML, like Gecko) Mobile/10A523"
74.127.122.140 - - [06/Jan/2013:16:47:59 -0800] "GET /GetAd.php?sid=34&timeSinceLastAd=606&previousFeedId=973&nextFeedId=908&tlt=606&tlf=6&uid=18411&version=4.0.12455&mode=iPhoneApp&locale=en_US HTTP/1.1" 200 22 "-" "Tales2Go/3.2.0 CFNetwork/609 Darwin/13.0.0"
72.241.245.215 - - [06/Jan/2013:16:47:59 -0800] "GET /AddFavorite.php?uid=37912&fid=2279&version=4.0.12455&mode=iPhoneApp&locale=en_US HTTP/1.1" 200 56 "-" "Tales2Go/3.2.0 CFNetwork/609 Darwin/13.0.0"
74.127.122.140 - - [06/Jan/2013:16:47:59 -0800] "GET /PostUsage.php?uid=18411&sid=34&fid=973&eid=1433&completed=2973&timezone=+0000&tlt=606&version=4.0.12455&mode=iPhoneApp&locale=en_US HTTP/1.1" 200 - "-" "Tales2Go/3.2.0 CFNetwork/609 Darwin/13.0.0"
74.127.122.140 - - [06/Jan/2013:16:48:00 -0800] "GET /FeedDisplay.php?archived&mode=iPhoneApp&fid=908&episode_id=1236&nfid=973&uid=18411&version=3.2.0 HTTP/1.1" 200 9049 "-" "Mozilla/5.0 (iPhone; CPU iPhone OS 6_0_1 like Mac OS X) AppleWebKit/536.26 (KHTML, like Gecko) Mobile/10A523"
74.127.122.140 - - [06/Jan/2013:16:48:00 -0800] "GET /GetAd.php?sid=34&timeSinceLastAd=606&previousFeedId=908&nextFeedId=973&tlt=606&tlf=7&uid=18411&version=4.0.12455&mode=iPhoneApp&locale=en_US HTTP/1.1" 200 22 "-" "Tales2Go/3.2.0 CFNetwork/609 Darwin/13.0.0"
69.121.52.71 - - [06/Jan/2013:16:48:02 -0800] "GET /GetAd.php?sid=107&timeSinceLastAd=2587&previousFeedId=722&nextFeedId=0&tlt=2587&tlf=2&uid=19823&version=4.0.12455&mode=iPhoneApp&locale=en_US HTTP/1.1" 200 22 "-" "Tales2Go/3.2.0 CFNetwork/609 Darwin/13.0.0"
74.127.122.140 - - [06/Jan/2013:16:48:03 -0800] "GET /GetAd.php?sid=34&timeSinceLastAd=608&previousFeedId=908&nextFeedId=973&tlt=608&tlf=7&uid=18411&version=4.0.12455&mode=iPhoneApp&locale=en_US HTTP/1.1" 200 22 "-" "Tales2Go/3.2.0 CFNetwork/609 Darwin/13.0.0"
74.127.122.140 - - [06/Jan/2013:16:48:04 -0800] "GET /PostUsage.php?uid=18411&sid=34&fid=908&eid=1236&completed=3379&timezone=+0000&tlt=608&version=4.0.12455&mode=iPhoneApp&locale=en_US HTTP/1.1" 200 - "-" "Tales2Go/3.2.0 CFNetwork/609 Darwin/13.0.0"
74.127.122.140 - - [06/Jan/2013:16:48:04 -0800] "GET /FeedDisplay.php?archived&mode=iPhoneApp&fid=973&episode_id=1433&nfid=925&uid=18411&version=3.2.0 HTTP/1.1" 200 8975 "-" "Mozilla/5.0 (iPhone; CPU iPhone OS 6_0_1 like Mac OS X) AppleWebKit/536.26 (KHTML, like Gecko) Mobile/10A523"
74.127.122.140 - - [06/Jan/2013:16:48:04 -0800] "GET /GetAd.php?sid=34&timeSinceLastAd=608&previousFeedId=973&nextFeedId=925&tlt=608&tlf=8&uid=18411&version=4.0.12455&mode=iPhoneApp&locale=en_US HTTP/1.1" 200 22 "-" "Tales2Go/3.2.0 CFNetwork/609 Darwin/13.0.0"
72.241.245.215 - - [06/Jan/2013:16:48:06 -0800] "GET /GetStationPlayList.php?s=36&c=9&uid=37912&sid=285&endFeed=0&version=4.0.12455&mode=iPhoneApp&locale=en_US HTTP/1.1" 200 11728 "-" "Tales2Go/3.2.0 CFNetwork/609 Darwin/13.0.0"
166.137.156.166 - - [06/Jan/2013:16:48:15 -0800] "GET /GetStationPlayList.php?s=18&c=9&uid=37851&sid=60&endFeed=0&version=4.0.12455&mode=iPhoneApp&locale=en_US HTTP/1.1" 200 6597 "-" "Tales2Go/3.2.0 CFNetwork/609 Darwin/13.0.0"
166.137.156.166 - - [06/Jan/2013:16:48:19 -0800] "GET /GetAd.php?sid=60&timeSinceLastAd=884&previousFeedId=1760&nextFeedId=1734&tlt=884&tlf=1&uid=37851&version=4.0.12455&mode=iPhoneApp&locale=en_US HTTP/1.1" 200 22 "-" "Tales2Go/3.2.0 CFNetwork/609 Darwin/13.0.0"
72.241.245.215 - - [06/Jan/2013:16:48:19 -0800] "GET /AddFavorite.php?uid=37912&fid=2845&version=4.0.12455&mode=iPhoneApp&locale=en_US HTTP/1.1" 200 56 "-" "Tales2Go/3.2.0 CFNetwork/609 Darwin/13.0.0"
