68.5.35.9 - - [06/Jan/2013:07:58:45 -0800] "GET /FeedDisplay.php?archived&mode=iPhoneApp&fid=964&episode_id=1457&nfid=0&uid=35162&version=2.2.12455 HTTP/1.1" 200 8406 "-" "Mozilla/5.0 (iPhone; CPU iPhone OS 6_0_2 like Mac OS X) AppleWebKit/536.26 (KHTML, like Gecko) Mobile/10A551"
69.73.22.24 - - [06/Jan/2013:07:58:46 -0800] "GET /images/multipart_arrow_left.gif HTTP/1.1" 304 - "http://t2g.stitcher.com/FeedDisplay.php?archived&mode=iPhoneApp&fid=1551&episode_id=2975&nfid=0&uid=8482&version=3.2.0" "Mozilla/5.0 (iPod; U; CPU iPhone OS 4_2_1 like Mac OS X; en-us) AppleWebKit/533.17.9 (KHTML, like Gecko) Mobile/8C148"
69.73.22.24 - - [06/Jan/2013:07:58:46 -0800] "GET /images/multipart_arrow_right_disabled.gif HTTP/1.1" 304 - "http://t2g.stitcher.com/FeedDisplay.php?archived&mode=iPhoneApp&fid=1551&episode_id=2975&nfid=0&uid=8482&version=3.2.0" "Mozilla/5.0 (iPod; U; CPU iPhone OS 4_2_1 like Mac OS X; en-us) AppleWebKit/533.17.9 (KHTML, like Gecko) Mobile/8C148"
69.73.22.24 - - [06/Jan/2013:07:58:46 -0800] "GET /images/t2g_ratings_color_active.png HTTP/1.1" 304 - "http://t2g.stitcher.com/FeedDisplay.php?archived&mode=iPhoneApp&fid=1551&episode_id=2975&nfid=0&uid=8482&version=3.2.0" "Mozilla/5.0 (iPod; U; CPU iPhone OS 4_2_1 like Mac OS X; en-us) AppleWebKit/533.17.9 (KHTML, like Gecko) Mobile/8C148"
69.73.22.24 - - [06/Jan/2013:07:58:46 -0800] "GET /images/t2g_ratings_gray_active.png HTTP/1.1" 304 - "http://t2g.stitcher.com/FeedDisplay.php?archived&mode=iPhoneApp&fid=1551&episode_id=2975&nfid=0&uid=8482&version=3.2.0" "Mozilla/5.0 (iPod; U; CPU iPhone OS 4_2_1 like Mac OS X; en-us) AppleWebKit/533.17.9 (KHTML, like Gecko) Mobile/8C148"
69.73.22.24 - - [06/Jan/2013:07:58:47 -0800] "GET /images/t2g_ratings_color.png HTTP/1.1" 304 - "http://t2g.stitcher.com/FeedDisplay.php?archived&mode=iPhoneApp&fid=1551&episode_id=2975&nfid=0&uid=8482&version=3.2.0" "Mozilla/5.0 (iPod; U; CPU iPhone OS 4_2_1 like Mac OS X; en-us) AppleWebKit/533.17.9 (KHTML, like Gecko) Mobile/8C148"
69.73.22.24 - - [06/Jan/2013:07:58:47 -0800] "GET /images/t2g_ratings_gray.png HTTP/1.1" 304 - "http://t2g.stitcher.com/FeedDisplay.php?archived&mode=iPhoneApp&fid=1551&episode_id=2975&nfid=0&uid=8482&version=3.2.0" "Mozilla/5.0 (iPod; U; CPU iPhone OS 4_2_1 like Mac OS X; en-us) AppleWebKit/533.17.9 (KHTML, like Gecko) Mobile/8C148"
69.73.22.24 - - [06/Jan/2013:07:58:47 -0800] "GET /images/ajax-loader.gif HTTP/1.1" 200 1849 "http://t2g.stitcher.com/FeedDisplay.php?archived&mode=iPhoneApp&fid=1551&episode_id=2975&nfid=0&uid=8482&version=3.2.0" "Mozilla/5.0 (iPod; U; CPU iPhone OS 4_2_1 like Mac OS X; en-us) AppleWebKit/533.17.9 (KHTML, like Gecko) Mobile/8C148"
69.73.22.24 - - [06/Jan/2013:07:59:01 -0800] "GET /GetAd.php?sid=0&timeSinceLastAd=17&previousFeedId=1551&nextFeedId=0&tlt=17&tlf=1&uid=8482&version=4.0.12455&mode=iPhoneApp&locale=en_US HTTP/1.1" 200 22 "-" "Tales2Go/3.2.0 CFNetwork/485.12.7 Darwin/10.4.0"
69.73.22.24 - - [06/Jan/2013:08:00:12 -0800] "GET /AddBookmark.php?uid=8482&eid=2966&offset=2343&version=4.0.12455&mode=iPhoneApp&locale=en_US HTTP/1.1" 200 47 "-" "Tales2Go/3.2.0 CFNetwork/485.12.7 Darwin/10.4.0"
108.231.117.232 - - [06/Jan/2013:08:00:42 -0800] "GET /StartupChecks.php?startup&uid=21450&version=4.0.12455&mode=iPhoneApp&locale=en_US HTTP/1.1" 200 289 "-" "Tales2Go/3.2.0 CFNetwork/609 Darwin/13.0.0"
108.231.117.232 - - [06/Jan/2013:08:00:42 -0800] "GET /LoadUserFromID.php?markStartup&id=21450&udid=8C:2D:AA:76:8C:AD&version=4.0.12455&mode=iPhoneApp&locale=en_US HTTP/1.1" 200 265 "-" "Tales2Go/3.2.0 CFNetwork/609 Darwin/13.0.0"
108.231.117.232 - - [06/Jan/2013:08:00:43 -0800] "GET /GetContentStationList.php?uid=21450&version=4.0.12455&mode=iPhoneApp&locale=en_US HTTP/1.1" 200 6486 "-" "Tales2Go/3.2.0 CFNetwork/609 Darwin/13.0.0"
108.231.117.232 - - [06/Jan/2013:08:00:43 -0800] "GET /GetStationListFC.php?uid=21450&version=4.0.12455&mode=iPhoneApp&locale=en_US HTTP/1.1" 200 16492 "-" "Tales2Go/3.2.0 CFNetwork/609 Darwin/13.0.0"
108.231.117.232 - - [06/Jan/2013:08:00:49 -0800] "GET /GetUserInfo.php?uid=21450&udid=8C:2D:AA:76:8C:AD&version=4.0.12455&mode=iPhoneApp&locale=en_US HTTP/1.1" 200 194 "-" "Tales2Go/3.2.0 CFNetwork/609 Darwin/13.0.0"
108.231.117.232 - - [06/Jan/2013:08:00:49 -0800] "GET /GetContentStationList.php?uid=21450&version=4.0.12455&mode=iPhoneApp&locale=en_US HTTP/1.1" 200 6486 "-" "Tales2Go/3.2.0 CFNetwork/609 Darwin/13.0.0"
108.231.117.232 - - [06/Jan/2013:08:00:49 -0800] "GET /GetStationListFC.php?uid=21450&version=4.0.12455&mode=iPhoneApp&locale=en_US HTTP/1.1" 200 16492 "-" "Tales2Go/3.2.0 CFNetwork/609 Darwin/13.0.0"
108.231.117.232 - - [06/Jan/2013:08:00:59 -0800] "GET /GetUserInfo.php?uid=21450&udid=8C:2D:AA:76:8C:AD&version=4.0.12455&mode=iPhoneApp&locale=en_US HTTP/1.1" 200 194 "-" "Tales2Go/3.2.0 CFNetwork/609 Darwin/13.0.0"
108.231.117.232 - - [06/Jan/2013:08:00:59 -0800] "GET /GetContentStationList.php?uid=21450&version=4.0.12455&mode=iPhoneApp&locale=en_US HTTP/1.1" 200 6486 "-" "Tales2Go/3.2.0 CFNetwork/609 Darwin/13.0.0"
108.231.117.232 - - [06/Jan/2013:08:00:59 -0800] "GET /GetStationListFC.php?uid=21450&version=4.0.12455&mode=iPhoneApp&locale=en_US HTTP/1.1" 200 16492 "-" "Tales2Go/3.2.0 CFNetwork/609 Darwin/13.0.0"
108.231.117.232 - - [06/Jan/2013:08:01:09 -0800] "GET /GetStationPlayList.php?s=0&c=9&uid=21450&sid=162&endFeed=0&version=4.0.12455&mode=iPhoneApp&locale=en_US HTTP/1.1" 200 12686 "-" "Tales2Go/3.2.0 CFNetwork/609 Darwin/13.0.0"
68.5.35.9 - - [06/Jan/2013:08:01:21 -0800] "GET /GetStationPlayList.php?uid=35162&sid=favorites&version=4.0.12455&mode=iPhoneApp&locale=en_US HTTP/1.1" 200 12211 "-" "Tales2Go%20-%20Old%20Version/2.2.12455 CFNetwork/609 Darwin/13.0.0"
68.5.35.9 - - [06/Jan/2013:08:01:22 -0800] "GET /GetAd.php?sid=1&timeSinceLastAd=942&previousFeedId=964&nextFeedId=923&newStation&tlt=942&tlf=0&uid=35162&version=4.0.12455&mode=iPhoneApp&locale=en_US HTTP/1.1" 200 22 "-" "Tales2Go%20-%20Old%20Version/2.2.12455 CFNetwork/609 Darwin/13.0.0"
68.5.35.9 - - [06/Jan/2013:08:01:22 -0800] "GET /FeedDisplay.php?archived&mode=iPhoneApp&fid=923&episode_id=1255&nfid=961&uid=35162&version=2.2.12455 HTTP/1.1" 200 9028 "-" "Mozilla/5.0 (iPhone; CPU iPhone OS 6_0_2 like Mac OS X) AppleWebKit/536.26 (KHTML, like Gecko) Mobile/10A551"
68.5.35.9 - - [06/Jan/2013:08:01:22 -0800] "GET /PostUsage.php?uid=35162&sid=0&fid=964&eid=1457&completed=147710&timezone=+0000&tlt=942&version=4.0.12455&mode=iPhoneApp&locale=en_US HTTP/1.1" 200 - "-" "Tales2Go%20-%20Old%20Version/2.2.12455 CFNetwork/609 Darwin/13.0.0"
68.5.35.9 - - [06/Jan/2013:08:02:34 -0800] "GET /GetAd.php?sid=1&timeSinceLastAd=1011&previousFeedId=923&nextFeedId=1278&newStation&tlt=1011&tlf=0&uid=35162&version=4.0.12455&mode=iPhoneApp&locale=en_US HTTP/1.1" 200 22 "-" "Tales2Go%20-%20Old%20Version/2.2.12455 CFNetwork/609 Darwin/13.0.0"
68.5.35.9 - - [06/Jan/2013:08:02:34 -0800] "GET /PostUsage.php?uid=35162&sid=1&fid=923&eid=1255&completed=70772&timezone=+0000&tlt=1011&version=4.0.12455&mode=iPhoneApp&locale=en_US HTTP/1.1" 200 - "-" "Tales2Go%20-%20Old%20Version/2.2.12455 CFNetwork/609 Darwin/13.0.0"
68.5.35.9 - - [06/Jan/2013:08:02:34 -0800] "GET /FeedDisplay.php?archived&mode=iPhoneApp&fid=1278&episode_id=2078&nfid=1281&uid=35162&version=2.2.12455 HTTP/1.1" 200 9259 "-" "Mozilla/5.0 (iPhone; CPU iPhone OS 6_0_2 like Mac OS X) AppleWebKit/536.26 (KHTML, like Gecko) Mobile/10A551"
192.161.54.131 - - [06/Jan/2013:08:03:24 -0800] "GET /PostUsage.php?uid=33357&sid=0&fid=1484&eid=2682&completed=2313951&timezone=+0800&tlt=4065&version=4.0.12455&mode=iPhoneApp&locale=en_US HTTP/1.1" 200 - "-" "Tales2Go%20-%20Old%20Version/2.2.12455 CFNetwork/459 Darwin/10.0.0d3"
107.10.9.67 - - [06/Jan/2013:08:03:33 -0800] "GET /GetAd.php?sid=1&timeSinceLastAd=26103&previousFeedId=1529&nextFeedId=1523&tlt=26103&tlf=7&uid=27744&version=4.0.12455&mode=iPhoneApp&locale=en_US HTTP/1.1" 200 22 "-" "Tales2Go/3.2.0 CFNetwork/485.13.9 Darwin/11.0.0"
107.10.9.67 - - [06/Jan/2013:08:03:34 -0800] "GET /PostUsage.php?uid=27744&sid=1&fid=1529&eid=2933&completed=4147910&timezone=+0000&tlt=26103&version=4.0.12455&mode=iPhoneApp&locale=en_US HTTP/1.1" 200 - "-" "Tales2Go/3.2.0 CFNetwork/485.13.9 Darwin/11.0.0"
107.10.9.67 - - [06/Jan/2013:08:03:34 -0800] "GET /FeedDisplay.php?archived&mode=iPhoneApp&fid=1523&episode_id=3672&nfid=1528&uid=27744&version=3.2.0 HTTP/1.1" 200 8905 "-" "Mozilla/5.0 (iPod; U; CPU iPhone OS 4_3_5 like Mac OS X; en-us) AppleWebKit/533.17.9 (KHTML, like Gecko) Mobile/8L1"
68.5.35.9 - - [06/Jan/2013:08:04:02 -0800] "GET /GetStationPlayList.php?s=0&c=9&uid=35162&sid=162&endFeed=0&version=4.0.12455&mode=iPhoneApp&locale=en_US HTTP/1.1" 200 12686 "-" "Tales2Go%20-%20Old%20Version/2.2.12455 CFNetwork/609 Darwin/13.0.0"
107.10.9.67 - - [06/Jan/2013:08:04:20 -0800] "GET /GetAd.php?sid=1&timeSinceLastAd=26148&previousFeedId=1523&nextFeedId=1528&tlt=26148&tlf=8&uid=27744&version=4.0.12455&mode=iPhoneApp&locale=en_US HTTP/1.1" 200 22 "-" "Tales2Go/3.2.0 CFNetwork/485.13.9 Darwin/11.0.0"
68.5.35.9 - - [06/Jan/2013:08:04:24 -0800] "GET /GetStationPlayList.php?s=0&c=9&uid=35162&sid=366&endFeed=0&version=4.0.12455&mode=iPhoneApp&locale=en_US HTTP/1.1" 200 14067 "-" "Tales2Go%20-%20Old%20Version/2.2.12455 CFNetwork/609 Darwin/13.0.0"
68.5.35.9 - - [06/Jan/2013:08:06:03 -0800] "GET /GetStationPlayList.php?s=0&c=9&uid=35162&sid=94&endFeed=0&version=4.0.12455&mode=iPhoneApp&locale=en_US HTTP/1.1" 200 7289 "-" "Tales2Go%20-%20Old%20Version/2.2.12455 CFNetwork/609 Darwin/13.0.0"
68.5.35.9 - - [06/Jan/2013:08:06:22 -0800] "GET /GetAd.php?sid=94&timeSinceLastAd=1237&previousFeedId=1278&nextFeedId=983&newStation&tlt=1237&tlf=0&uid=35162&version=4.0.12455&mode=iPhoneApp&locale=en_US HTTP/1.1" 200 22 "-" "Tales2Go%20-%20Old%20Version/2.2.12455 CFNetwork/609 Darwin/13.0.0"
68.5.35.9 - - [06/Jan/2013:08:06:24 -0800] "GET /PostUsage.php?uid=35162&sid=1&fid=1278&eid=2078&completed=228477&timezone=+0000&tlt=1237&version=4.0.12455&mode=iPhoneApp&locale=en_US HTTP/1.1" 200 - "-" "Tales2Go%20-%20Old%20Version/2.2.12455 CFNetwork/609 Darwin/13.0.0"
68.5.35.9 - - [06/Jan/2013:08:06:24 -0800] "GET /FeedDisplay.php?archived&mode=iPhoneApp&fid=983&episode_id=1348&nfid=1523&uid=35162&version=2.2.12455 HTTP/1.1" 200 8680 "-" "Mozilla/5.0 (iPhone; CPU iPhone OS 6_0_2 like Mac OS X) AppleWebKit/536.26 (KHTML, like Gecko) Mobile/10A551"
177.43.176.194 - - [06/Jan/2013:08:13:10 -0800] "GET /PostUsage.php?uid=36359&sid=1&fid=1142&eid=1535&completed=1656855&timezone=+0000&tlt=0&version=4.0.12455&mode=iPhoneApp&locale=en_US HTTP/1.1" 200 - "-" "Tales2Go/3.2.0 CFNetwork/609 Darwin/13.0.0"
177.43.176.194 - - [06/Jan/2013:08:13:10 -0800] "GET /FeedDisplay.php?archived&mode=iPhoneApp&fid=1142&episode_id=1536&nfid=0&uid=36359&version=3.2.0 HTTP/1.1" 200 9295 "-" "Mozilla/5.0 (iPhone; CPU iPhone OS 6_0_1 like Mac OS X) AppleWebKit/536.26 (KHTML, like Gecko) Mobile/10A523"
177.43.176.194 - - [06/Jan/2013:08:14:07 -0800] "GET /GetAd.php?sid=1&timeSinceLastAd=1708&previousFeedId=1142&nextFeedId=0&tlt=1708&tlf=2&uid=36359&version=4.0.12455&mode=iPhoneApp&locale=en_US HTTP/1.1" 200 22 "-" "Tales2Go/3.2.0 CFNetwork/609 Darwin/13.0.0"
76.6.153.108 - - [06/Jan/2013:08:16:03 -0800] "GET /StartupChecks.php?startup&uid=37728&version=4.0.12455&mode=iPhoneApp&locale=en_US HTTP/1.1" 200 289 "-" "Tales2Go/3.2.0 CFNetwork/609 Darwin/13.0.0"
76.6.153.108 - - [06/Jan/2013:08:16:03 -0800] "GET /LoadUserFromID.php?markStartup&id=37728&udid=14:10:9F:0C:82:79&version=4.0.12455&mode=iPhoneApp&locale=en_US HTTP/1.1" 200 263 "-" "Tales2Go/3.2.0 CFNetwork/609 Darwin/13.0.0"
76.6.153.108 - - [06/Jan/2013:08:16:04 -0800] "GET /GetContentStationList.php?uid=37728&version=4.0.12455&mode=iPhoneApp&locale=en_US HTTP/1.1" 200 6486 "-" "Tales2Go/3.2.0 CFNetwork/609 Darwin/13.0.0"
76.6.153.108 - - [06/Jan/2013:08:16:04 -0800] "GET /GetStationListFC.php?uid=37728&version=4.0.12455&mode=iPhoneApp&locale=en_US HTTP/1.1" 200 16492 "-" "Tales2Go/3.2.0 CFNetwork/609 Darwin/13.0.0"
76.6.153.108 - - [06/Jan/2013:08:16:24 -0800] "GET /GetStationPlayList.php?s=0&c=9&uid=37728&sid=128&endFeed=0&version=4.0.12455&mode=iPhoneApp&locale=en_US HTTP/1.1" 200 8397 "-" "Tales2Go/3.2.0 CFNetwork/609 Darwin/13.0.0"
76.6.153.108 - - [06/Jan/2013:08:16:36 -0800] "GET /GetStationPlayList.php?s=9&c=9&uid=37728&sid=128&endFeed=0&version=4.0.12455&mode=iPhoneApp&locale=en_US HTTP/1.1" 200 7933 "-" "Tales2Go/3.2.0 CFNetwork/609 Darwin/13.0.0"
76.6.153.108 - - [06/Jan/2013:08:16:48 -0800] "GET /FeedDisplay.php?archived&mode=iPhoneApp&fid=1561&episode_id=2874&nfid=2359&uid=37728&version=3.2.0 HTTP/1.1" 200 8564 "-" "Mozilla/5.0 (iPod; CPU iPhone OS 6_0 like Mac OS X) AppleWebKit/536.26 (KHTML, like Gecko) Mobile/10A403"
76.6.153.108 - - [06/Jan/2013:08:17:12 -0800] "GET /GetAd.php?sid=128&timeSinceLastAd=25&previousFeedId=1561&nextFeedId=2359&tlt=25&tlf=1&uid=37728&version=4.0.12455&mode=iPhoneApp&locale=en_US HTTP/1.1" 200 22 "-" "Tales2Go/3.2.0 CFNetwork/609 Darwin/13.0.0"
108.41.13.14 - - [06/Jan/2013:08:20:13 -0800] "GET /AddBookmark.php?uid=7519&eid=1301&offset=1977&version=4.0.12455&mode=iPhoneApp&locale=en_US HTTP/1.1" 200 47 "-" "Tales2Go/3.2.0 CFNetwork/609 Darwin/13.0.0"
66.87.95.213 - - [06/Jan/2013:08:20:25 -0800] "GET /Search.php?uid=37810&term=bung&s=0&c=20&version=4.0.12455&mode=iPhoneApp&locale=en_US HTTP/1.1" 200 735 "-" "Tales2Go/3.2.0 CFNetwork/609 Darwin/13.0.0"
66.87.95.213 - - [06/Jan/2013:08:20:29 -0800] "GET /PostUsage.php?uid=37810&sid=0&fid=1517&eid=2927&completed=87092&timezone=+0000&tlt=71&version=4.0.12455&mode=iPhoneApp&locale=en_US HTTP/1.1" 200 - "-" "Tales2Go/3.2.0 CFNetwork/609 Darwin/13.0.0"
66.87.95.213 - - [06/Jan/2013:08:20:29 -0800] "GET /FeedDisplay.php?archived&mode=iPhoneApp&fid=658&episode_id=968&nfid=0&uid=37810&version=3.2.0 HTTP/1.1" 200 8581 "-" "Mozilla/5.0 (iPhone; CPU iPhone OS 6_0_1 like Mac OS X) AppleWebKit/536.26 (KHTML, like Gecko) Mobile/10A523"
66.87.95.213 - - [06/Jan/2013:08:20:50 -0800] "GET /GetAd.php?sid=0&timeSinceLastAd=201&previousFeedId=658&nextFeedId=0&tlt=201&tlf=1&uid=37810&version=4.0.12455&mode=iPhoneApp&locale=en_US HTTP/1.1" 200 22 "-" "Tales2Go/3.2.0 CFNetwork/609 Darwin/13.0.0"
24.126.71.169 - - [06/Jan/2013:08:21:24 -0800] "GET /StartupChecks.php?startup&uid=36589&version=4.0.12455&mode=iPhoneApp&locale=en_US HTTP/1.1" 200 289 "-" "Tales2Go/3.2.0 CFNetwork/548.1.4 Darwin/11.0.0"
24.126.71.169 - - [06/Jan/2013:08:21:25 -0800] "GET /LoadUserFromID.php?markStartup&id=36589&udid=10:40:F3:5F:AA:D0&version=4.0.12455&mode=iPhoneApp&locale=en_US HTTP/1.1" 200 263 "-" "Tales2Go/3.2.0 CFNetwork/548.1.4 Darwin/11.0.0"
198.228.217.143 - - [06/Jan/2013:08:21:37 -0800] "GET /PostUsage.php?uid=35073&sid=0&fid=1276&eid=1955&completed=4432426&timezone=+0000&tlt=41&version=4.0.12455&mode=iPhoneApp&locale=en_US HTTP/1.1" 200 - "-" "Tales2Go/3.2.0 CFNetwork/548.1.4 Darwin/11.0.0"
198.228.217.143 - - [06/Jan/2013:08:21:38 -0800] "GET /FeedDisplay.php?archived&mode=iPhoneApp&fid=1276&episode_id=1956&nfid=0&uid=35073&version=3.2.0 HTTP/1.1" 200 9399 "-" "Mozilla/5.0 (iPhone; CPU iPhone OS 5_1_1 like Mac OS X) AppleWebKit/534.46 (KHTML, like Gecko) Mobile/9B206"
108.215.124.171 - - [06/Jan/2013:08:21:58 -0800] "GET /StartupChecks.php?startup&uid=36290&version=4.0.12455&mode=iPhoneApp&locale=en_US HTTP/1.1" 200 289 "-" "Tales2Go/3.2.0 CFNetwork/609 Darwin/13.0.0"
108.215.124.171 - - [06/Jan/2013:08:21:59 -0800] "GET /LoadUserFromID.php?markStartup&id=36290&udid=00:88:65:24:C4:CD&version=4.0.12455&mode=iPhoneApp&locale=en_US HTTP/1.1" 200 263 "-" "Tales2Go/3.2.0 CFNetwork/609 Darwin/13.0.0"
108.215.124.171 - - [06/Jan/2013:08:22:01 -0800] "GET /GetContentStationList.php?uid=36290&version=4.0.12455&mode=iPhoneApp&locale=en_US HTTP/1.1" 200 6486 "-" "Tales2Go/3.2.0 CFNetwork/609 Darwin/13.0.0"
108.215.124.171 - - [06/Jan/2013:08:22:01 -0800] "GET /GetStationListFC.php?uid=36290&version=4.0.12455&mode=iPhoneApp&locale=en_US HTTP/1.1" 200 16492 "-" "Tales2Go/3.2.0 CFNetwork/609 Darwin/13.0.0"
108.215.124.171 - - [06/Jan/2013:08:22:03 -0800] "GET /GetStationPlayList.php?uid=36290&sid=favorites&version=4.0.12455&mode=iPhoneApp&locale=en_US HTTP/1.1" 200 5842 "-" "Tales2Go/3.2.0 CFNetwork/609 Darwin/13.0.0"
108.215.124.171 - - [06/Jan/2013:08:22:09 -0800] "GET /FeedDisplay.php?archived&mode=iPhoneApp&fid=1557&episode_id=2993&nfid=0&uid=36290&version=3.2.0 HTTP/1.1" 200 9454 "-" "Mozilla/5.0 (iPhone; CPU iPhone OS 6_0_1 like Mac OS X) AppleWebKit/536.26 (KHTML, like Gecko) Mobile/10A523"
198.228.217.143 - - [06/Jan/2013:08:22:10 -0800] "GET /GetAd.php?sid=0&timeSinceLastAd=4475&previousFeedId=1276&nextFeedId=0&tlt=4475&tlf=2&uid=35073&version=4.0.12455&mode=iPhoneApp&locale=en_US HTTP/1.1" 200 22 "-" "Tales2Go/3.2.0 CFNetwork/548.1.4 Darwin/11.0.0"
108.215.124.171 - - [06/Jan/2013:08:22:15 -0800] "GET /AddBookmark.php?uid=36290&eid=2993&offset=1574&version=4.0.12455&mode=iPhoneApp&locale=en_US HTTP/1.1" 200 47 "-" "Tales2Go/3.2.0 CFNetwork/609 Darwin/13.0.0"
108.215.124.171 - - [06/Jan/2013:08:22:19 -0800] "GET /AddBookmark.php?uid=36290&eid=2993&offset=2016&version=4.0.12455&mode=iPhoneApp&locale=en_US HTTP/1.1" 200 47 "-" "Tales2Go/3.2.0 CFNetwork/609 Darwin/13.0.0"
108.215.124.171 - - [06/Jan/2013:08:22:27 -0800] "GET /PostUsage.php?uid=36290&sid=1&fid=1557&eid=2993&completed=4218000&timezone=+0000&tlt=0&version=4.0.12455&mode=iPhoneApp&locale=en_US HTTP/1.1" 200 - "-" "Tales2Go/3.2.0 CFNetwork/609 Darwin/13.0.0"
108.215.124.171 - - [06/Jan/2013:08:22:27 -0800] "GET /FeedDisplay.php?archived&mode=iPhoneApp&fid=1557&episode_id=2994&nfid=0&uid=36290&version=3.2.0 HTTP/1.1" 200 9476 "-" "Mozilla/5.0 (iPhone; CPU iPhone OS 6_0_1 like Mac OS X) AppleWebKit/536.26 (KHTML, like Gecko) Mobile/10A523"
72.79.242.202 - - [06/Jan/2013:08:22:36 -0800] "GET /AddBookmark.php?uid=7034&eid=2330&offset=1844&version=4.0.12455&mode=iPhoneApp&locale=en_US HTTP/1.1" 200 47 "-" "Tales2Go/3.2.0 CFNetwork/609 Darwin/13.0.0"
108.215.124.171 - - [06/Jan/2013:08:22:37 -0800] "GET /AddBookmark.php?uid=36290&eid=2994&offset=794&version=4.0.12455&mode=iPhoneApp&locale=en_US HTTP/1.1" 200 47 "-" "Tales2Go/3.2.0 CFNetwork/609 Darwin/13.0.0"
108.215.124.171 - - [06/Jan/2013:08:22:47 -0800] "GET /AddBookmark.php?uid=36290&eid=2994&offset=1420&version=4.0.12455&mode=iPhoneApp&locale=en_US HTTP/1.1" 200 47 "-" "Tales2Go/3.2.0 CFNetwork/609 Darwin/13.0.0"
108.215.124.171 - - [06/Jan/2013:08:22:54 -0800] "GET /AddBookmark.php?uid=36290&eid=2994&offset=1954&version=4.0.12455&mode=iPhoneApp&locale=en_US HTTP/1.1" 200 47 "-" "Tales2Go/3.2.0 CFNetwork/609 Darwin/13.0.0"
108.215.124.171 - - [06/Jan/2013:08:23:04 -0800] "GET /GetAd.php?sid=1&timeSinceLastAd=6359&previousFeedId=1557&nextFeedId=0&tlt=6359&tlf=2&uid=36290&version=4.0.12455&mode=iPhoneApp&locale=en_US HTTP/1.1" 200 22 "-" "Tales2Go/3.2.0 CFNetwork/609 Darwin/13.0.0"
71.80.46.84 - - [06/Jan/2013:08:23:16 -0800] "GET /GetAd.php?sid=1&timeSinceLastAd=30348&previousFeedId=1562&nextFeedId=1568&tlt=30348&tlf=9&uid=24682&version=4.0.12455&mode=iPhoneApp&locale=en_US HTTP/1.1" 200 22 "-" "Tales2Go/3.2.0 CFNetwork/609 Darwin/13.0.0"
71.80.46.84 - - [06/Jan/2013:08:23:17 -0800] "GET /PostUsage.php?uid=24682&sid=1&fid=1562&eid=2894&completed=2723402&timezone=+0000&tlt=30348&version=4.0.12455&mode=iPhoneApp&locale=en_US HTTP/1.1" 200 - "-" "Tales2Go/3.2.0 CFNetwork/609 Darwin/13.0.0"
71.80.46.84 - - [06/Jan/2013:08:23:17 -0800] "GET /FeedDisplay.php?archived&mode=iPhoneApp&fid=1568&episode_id=2881&nfid=1565&uid=24682&version=3.2.0 HTTP/1.1" 200 8636 "-" "Mozilla/5.0 (iPhone; CPU iPhone OS 6_0_1 like Mac OS X) AppleWebKit/536.26 (KHTML, like Gecko) Mobile/10A523"
71.80.46.84 - - [06/Jan/2013:08:23:45 -0800] "GET /GetAd.php?sid=1&timeSinceLastAd=30375&previousFeedId=1568&nextFeedId=1565&tlt=30375&tlf=10&uid=24682&version=4.0.12455&mode=iPhoneApp&locale=en_US HTTP/1.1" 200 22 "-" "Tales2Go/3.2.0 CFNetwork/609 Darwin/13.0.0"
74.243.242.247 - - [06/Jan/2013:08:23:52 -0800] "GET /AddBookmark.php?uid=8482&eid=2975&offset=587&version=4.0.12455&mode=iPhoneApp&locale=en_US HTTP/1.1" 200 47 "-" "Tales2Go/3.2.0 CFNetwork/485.12.7 Darwin/10.4.0"
68.5.35.9 - - [06/Jan/2013:08:24:04 -0800] "GET /GetAd.php?sid=94&timeSinceLastAd=1837&previousFeedId=983&nextFeedId=1523&newStation&tlt=1837&tlf=0&uid=35162&version=4.0.12455&mode=iPhoneApp&locale=en_US HTTP/1.1" 200 22 "-" "Tales2Go%20-%20Old%20Version/2.2.12455 CFNetwork/609 Darwin/13.0.0"
68.5.35.9 - - [06/Jan/2013:08:24:04 -0800] "GET /PostUsage.php?uid=35162&sid=94&fid=983&eid=1348&completed=600661&timezone=+0000&tlt=1837&version=4.0.12455&mode=iPhoneApp&locale=en_US HTTP/1.1" 200 - "-" "Tales2Go%20-%20Old%20Version/2.2.12455 CFNetwork/609 Darwin/13.0.0"
68.5.35.9 - - [06/Jan/2013:08:24:04 -0800] "GET /FeedDisplay.php?archived&mode=iPhoneApp&fid=1523&episode_id=3672&nfid=1518&uid=35162&version=2.2.12455 HTTP/1.1" 200 8905 "-" "Mozilla/5.0 (iPhone; CPU iPhone OS 6_0_2 like Mac OS X) AppleWebKit/536.26 (KHTML, like Gecko) Mobile/10A551"
174.252.176.81 - - [06/Jan/2013:08:24:23 -0800] "GET /StartupChecks.php?startup&version=4.0.12455&mode=iPhoneApp&locale=en_US HTTP/1.1" 200 246 "-" "Tales2Go/3.2.0 CFNetwork/609 Darwin/13.0.0"
174.252.176.81 - - [06/Jan/2013:08:24:24 -0800] "GET /TransitionUDIDToMACAddr.php?udid=4288de1c1e9489b4c1a0effe0b47ef52f9ea961b&mac=8C:58:77:A8:C8:B0&version=4.0.12455&mode=iPhoneApp&locale=en_US HTTP/1.1" 200 121 "-" "Tales2Go/3.2.0 CFNetwork/609 Darwin/13.0.0"
174.252.176.81 - - [06/Jan/2013:08:24:24 -0800] "GET /LoadUserFromUDID.php?markStartup&udid=8C:58:77:A8:C8:B0&version=4.0.12455&mode=iPhoneApp&locale=en_US HTTP/1.1" 200 263 "-" "Tales2Go/3.2.0 CFNetwork/609 Darwin/13.0.0"
174.252.176.81 - - [06/Jan/2013:08:24:25 -0800] "GET /GetContentStationList.php?uid=37262&version=4.0.12455&mode=iPhoneApp&locale=en_US HTTP/1.1" 200 6486 "-" "Tales2Go/3.2.0 CFNetwork/609 Darwin/13.0.0"
174.252.176.81 - - [06/Jan/2013:08:24:25 -0800] "GET /GetStationListFC.php?uid=37262&version=4.0.12455&mode=iPhoneApp&locale=en_US HTTP/1.1" 200 16492 "-" "Tales2Go/3.2.0 CFNetwork/609 Darwin/13.0.0"
174.252.176.81 - - [06/Jan/2013:08:24:25 -0800] "GET /LoadUserFromID.php?markStartup&id=37262&udid=8C:58:77:A8:C8:B0&version=4.0.12455&mode=iPhoneApp&locale=en_US HTTP/1.1" 200 263 "-" "Tales2Go/3.2.0 CFNetwork/609 Darwin/13.0.0"
174.252.176.81 - - [06/Jan/2013:08:24:26 -0800] "GET /GetContentStationList.php?uid=37262&version=4.0.12455&mode=iPhoneApp&locale=en_US HTTP/1.1" 200 6486 "-" "Tales2Go/3.2.0 CFNetwork/609 Darwin/13.0.0"
174.252.176.81 - - [06/Jan/2013:08:24:26 -0800] "GET /GetStationListFC.php?uid=37262&version=4.0.12455&mode=iPhoneApp&locale=en_US HTTP/1.1" 200 16492 "-" "Tales2Go/3.2.0 CFNetwork/609 Darwin/13.0.0"
68.5.35.9 - - [06/Jan/2013:08:25:13 -0800] "GET /GetStationPlayList.php?s=0&c=9&uid=35162&sid=17&endFeed=0&version=4.0.12455&mode=iPhoneApp&locale=en_US HTTP/1.1" 200 6598 "-" "Tales2Go%20-%20Old%20Version/2.2.12455 CFNetwork/609 Darwin/13.0.0"
68.5.35.9 - - [06/Jan/2013:08:25:41 -0800] "GET /GetAd.php?sid=17&timeSinceLastAd=1876&previousFeedId=1523&nextFeedId=1202&newStation&tlt=1876&tlf=0&uid=35162&version=4.0.12455&mode=iPhoneApp&locale=en_US HTTP/1.1" 200 22 "-" "Tales2Go%20-%20Old%20Version/2.2.12455 CFNetwork/609 Darwin/13.0.0"
68.5.35.9 - - [06/Jan/2013:08:25:41 -0800] "GET /FeedDisplay.php?archived&mode=iPhoneApp&fid=1202&episode_id=1663&nfid=223&uid=35162&version=2.2.12455 HTTP/1.1" 200 8458 "-" "Mozilla/5.0 (iPhone; CPU iPhone OS 6_0_2 like Mac OS X) AppleWebKit/536.26 (KHTML, like Gecko) Mobile/10A551"
68.5.35.9 - - [06/Jan/2013:08:25:41 -0800] "GET /PostUsage.php?uid=35162&sid=94&fid=1523&eid=3672&completed=39050&timezone=+0000&tlt=1876&version=4.0.12455&mode=iPhoneApp&locale=en_US HTTP/1.1" 200 - "-" "Tales2Go%20-%20Old%20Version/2.2.12455 CFNetwork/609 Darwin/13.0.0"
68.5.35.9 - - [06/Jan/2013:08:26:19 -0800] "GET /GetAd.php?sid=17&timeSinceLastAd=1913&previousFeedId=1202&nextFeedId=223&tlt=1913&tlf=1&uid=35162&version=4.0.12455&mode=iPhoneApp&locale=en_US HTTP/1.1" 200 22 "-" "Tales2Go%20-%20Old%20Version/2.2.12455 CFNetwork/609 Darwin/13.0.0"
174.252.45.56 - - [06/Jan/2013:08:27:35 -0800] "GET /GetAd.php?sid=0&timeSinceLastAd=54&previousFeedId=1974&nextFeedId=0&tlt=54&tlf=1&uid=30660&version=4.0.12455&mode=iPhoneApp&locale=en_US HTTP/1.1" 200 22 "-" "Tales2Go/3.2.0 CFNetwork/548.1.4 Darwin/11.0.0"
208.113.232.130 - - [06/Jan/2013:08:27:51 -0800] "GET /GetNewSerialNum.php HTTP/1.0" 200 63 "-" "-"
208.113.232.130 - - [06/Jan/2013:08:27:51 -0800] "GET /LoadUserFromUDID.php?markStartup&udid=sn_1005060&version=4.0.12455&mode=desktop&override&locale=en_US HTTP/1.0" 200 58 "-" "-"
174.252.45.56 - - [06/Jan/2013:08:28:04 -0800] "GET /Search.php?uid=30660&term=box%20car&s=0&c=20&version=4.0.12455&mode=iPhoneApp&locale=en_US HTTP/1.1" 200 7254 "-" "Tales2Go/3.2.0 CFNetwork/548.1.4 Darwin/11.0.0"
68.185.194.107 - - [06/Jan/2013:08:28:27 -0800] "GET /StartupChecks.php?startup&version=4.0.12455&mode=iPhoneApp&locale=en_US HTTP/1.1" 200 246 "-" "Tales2Go%20-%20Old%20Version/2.2.12455 CFNetwork/609 Darwin/13.0.0"
174.252.45.56 - - [06/Jan/2013:08:28:30 -0800] "GET /Search.php?uid=30660&term=blue%20mountain&s=0&c=20&version=4.0.12455&mode=iPhoneApp&locale=en_US HTTP/1.1" 200 17846 "-" "Tales2Go/3.2.0 CFNetwork/548.1.4 Darwin/11.0.0"
174.252.45.56 - - [06/Jan/2013:08:28:40 -0800] "GET /AddFavorite.php?uid=30660&fid=963&version=4.0.12455&mode=iPhoneApp&locale=en_US HTTP/1.1" 200 55 "-" "Tales2Go/3.2.0 CFNetwork/548.1.4 Darwin/11.0.0"
174.252.45.56 - - [06/Jan/2013:08:28:41 -0800] "GET /PostUsage.php?uid=30660&sid=0&fid=1974&eid=3822&completed=20689&timezone=+0000&tlt=42&version=4.0.12455&mode=iPhoneApp&locale=en_US HTTP/1.1" 200 - "-" "Tales2Go/3.2.0 CFNetwork/548.1.4 Darwin/11.0.0"
174.252.45.56 - - [06/Jan/2013:08:28:41 -0800] "GET /FeedDisplay.php?archived&mode=iPhoneApp&fid=963&episode_id=1456&nfid=0&uid=30660&version=3.2.0 HTTP/1.1" 200 8696 "-" "Mozilla/5.0 (iPhone; CPU iPhone OS 5_1_1 like Mac OS X) AppleWebKit/534.46 (KHTML, like Gecko) Mobile/9B206"
208.113.232.130 - - [06/Jan/2013:08:28:57 -0800] "GET /GetNewSerialNum.php HTTP/1.0" 200 63 "-" "-"
208.113.232.130 - - [06/Jan/2013:08:28:57 -0800] "GET /LoadUserFromUDID.php?markStartup&udid=sn_1005061&version=4.0.12455&mode=desktop&override&locale=en_US HTTP/1.0" 200 58 "-" "-"
76.6.153.108 - - [06/Jan/2013:08:28:57 -0800] "GET /AddFavorite.php?uid=37728&fid=1561&version=4.0.12455&mode=iPhoneApp&locale=en_US HTTP/1.1" 200 56 "-" "Tales2Go/3.2.0 CFNetwork/609 Darwin/13.0.0"
208.113.232.130 - - [06/Jan/2013:08:29:02 -0800] "GET /GetNewSerialNum.php HTTP/1.0" 200 63 "-" "-"
208.113.232.130 - - [06/Jan/2013:08:29:03 -0800] "GET /LoadUserFromUDID.php?markStartup&udid=sn_1005062&version=4.0.12455&mode=desktop&override&locale=en_US HTTP/1.0" 200 58 "-" "-"
76.6.153.108 - - [06/Jan/2013:08:29:22 -0800] "GET /GetStationPlayList.php?uid=37728&sid=favorites&version=4.0.12455&mode=iPhoneApp&locale=en_US HTTP/1.1" 200 1542 "-" "Tales2Go/3.2.0 CFNetwork/609 Darwin/13.0.0"
68.185.194.107 - - [06/Jan/2013:08:29:22 -0800] "GET /StartupChecks.php?startup&version=4.0.12455&mode=iPhoneApp&locale=en_US HTTP/1.1" 200 246 "-" "Tales2Go%20-%20Old%20Version/2.2.12455 CFNetwork/548.1.4 Darwin/11.0.0"
76.6.153.108 - - [06/Jan/2013:08:29:32 -0800] "GET /EditFavorites.php?uid=37728&flist=1561_965 HTTP/1.1" 200 75 "-" "Tales2Go/3.2.0 CFNetwork/609 Darwin/13.0.0"
76.6.153.108 - - [06/Jan/2013:08:30:03 -0800] "GET /GetStationPlayList.php?s=0&c=9&uid=37728&sid=67&endFeed=0&version=4.0.12455&mode=iPhoneApp&locale=en_US HTTP/1.1" 200 9628 "-" "Tales2Go/3.2.0 CFNetwork/609 Darwin/13.0.0"
76.6.153.108 - - [06/Jan/2013:08:30:12 -0800] "GET /GetStationPlayList.php?s=9&c=9&uid=37728&sid=67&endFeed=0&version=4.0.12455&mode=iPhoneApp&locale=en_US HTTP/1.1" 200 10925 "-" "Tales2Go/3.2.0 CFNetwork/609 Darwin/13.0.0"
174.252.45.56 - - [06/Jan/2013:08:30:25 -0800] "GET /GetAd.php?sid=0&timeSinceLastAd=144&previousFeedId=963&nextFeedId=0&tlt=144&tlf=1&uid=30660&version=4.0.12455&mode=iPhoneApp&locale=en_US HTTP/1.1" 200 22 "-" "Tales2Go/3.2.0 CFNetwork/548.1.4 Darwin/11.0.0"
76.6.153.108 - - [06/Jan/2013:08:30:27 -0800] "GET /GetStationPlayList.php?s=0&c=9&uid=37728&sid=65&endFeed=0&version=4.0.12455&mode=iPhoneApp&locale=en_US HTTP/1.1" 200 5771 "-" "Tales2Go/3.2.0 CFNetwork/609 Darwin/13.0.0"
76.6.153.108 - - [06/Jan/2013:08:30:30 -0800] "GET /GetStationPlayList.php?s=0&c=9&uid=37728&sid=66&endFeed=0&version=4.0.12455&mode=iPhoneApp&locale=en_US HTTP/1.1" 200 11670 "-" "Tales2Go/3.2.0 CFNetwork/609 Darwin/13.0.0"
76.6.153.108 - - [06/Jan/2013:08:30:42 -0800] "GET /GetStationPlayList.php?s=0&c=9&uid=37728&sid=22&endFeed=0&version=4.0.12455&mode=iPhoneApp&locale=en_US HTTP/1.1" 200 6855 "-" "Tales2Go/3.2.0 CFNetwork/609 Darwin/13.0.0"
76.6.153.108 - - [06/Jan/2013:08:31:22 -0800] "GET /GetStationPlayList.php?s=9&c=9&uid=37728&sid=22&endFeed=0&version=4.0.12455&mode=iPhoneApp&locale=en_US HTTP/1.1" 200 6789 "-" "Tales2Go/3.2.0 CFNetwork/609 Darwin/13.0.0"
76.6.153.108 - - [06/Jan/2013:08:31:33 -0800] "GET /GetStationPlayList.php?s=0&c=9&uid=37728&sid=16&endFeed=0&version=4.0.12455&mode=iPhoneApp&locale=en_US HTTP/1.1" 200 7559 "-" "Tales2Go/3.2.0 CFNetwork/609 Darwin/13.0.0"
76.6.153.108 - - [06/Jan/2013:08:32:05 -0800] "GET /GetStationPlayList.php?s=9&c=9&uid=37728&sid=16&endFeed=0&version=4.0.12455&mode=iPhoneApp&locale=en_US HTTP/1.1" 200 6899 "-" "Tales2Go/3.2.0 CFNetwork/609 Darwin/13.0.0"
68.5.35.9 - - [06/Jan/2013:08:34:11 -0800] "GET /GetAd.php?sid=17&timeSinceLastAd=2384&previousFeedId=1202&nextFeedId=223&tlt=2384&tlf=1&uid=35162&version=4.0.12455&mode=iPhoneApp&locale=en_US HTTP/1.1" 200 22 "-" "Tales2Go%20-%20Old%20Version/2.2.12455 CFNetwork/609 Darwin/13.0.0"
68.5.35.9 - - [06/Jan/2013:08:34:11 -0800] "GET /FeedDisplay.php?archived&mode=iPhoneApp&fid=223&episode_id=297&nfid=832&uid=35162&version=2.2.12455 HTTP/1.1" 200 8501 "-" "Mozilla/5.0 (iPhone; CPU iPhone OS 6_0_2 like Mac OS X) AppleWebKit/536.26 (KHTML, like Gecko) Mobile/10A551"
68.5.35.9 - - [06/Jan/2013:08:34:11 -0800] "GET /PostUsage.php?uid=35162&sid=17&fid=1202&eid=1663&completed=508514&timezone=+0000&tlt=2384&version=4.0.12455&mode=iPhoneApp&locale=en_US HTTP/1.1" 200 - "-" "Tales2Go%20-%20Old%20Version/2.2.12455 CFNetwork/609 Darwin/13.0.0"
96.233.111.126 - - [06/Jan/2013:08:34:12 -0800] "GET /StartupChecks.php?startup&uid=37855&version=4.0.12455&mode=iPhoneApp&locale=en_US HTTP/1.1" 200 289 "-" "Tales2Go/3.2.0 CFNetwork/609 Darwin/13.0.0"
96.233.111.126 - - [06/Jan/2013:08:34:12 -0800] "GET /LoadUserFromID.php?markStartup&id=37855&udid=BC:67:78:3A:0C:89&version=4.0.12455&mode=iPhoneApp&locale=en_US HTTP/1.1" 200 263 "-" "Tales2Go/3.2.0 CFNetwork/609 Darwin/13.0.0"
96.233.111.126 - - [06/Jan/2013:08:34:13 -0800] "GET /GetContentStationList.php?uid=37855&version=4.0.12455&mode=iPhoneApp&locale=en_US HTTP/1.1" 200 6486 "-" "Tales2Go/3.2.0 CFNetwork/609 Darwin/13.0.0"
68.5.35.9 - - [06/Jan/2013:08:34:14 -0800] "GET /GetAd.php?sid=17&timeSinceLastAd=2386&previousFeedId=223&nextFeedId=832&tlt=2386&tlf=2&uid=35162&version=4.0.12455&mode=iPhoneApp&locale=en_US HTTP/1.1" 200 22 "-" "Tales2Go%20-%20Old%20Version/2.2.12455 CFNetwork/609 Darwin/13.0.0"
96.233.111.126 - - [06/Jan/2013:08:34:13 -0800] "GET /GetStationListFC.php?uid=37855&version=4.0.12455&mode=iPhoneApp&locale=en_US HTTP/1.1" 200 16492 "-" "Tales2Go/3.2.0 CFNetwork/609 Darwin/13.0.0"
96.233.111.126 - - [06/Jan/2013:08:34:40 -0800] "GET /GetStationPlayList.php?s=0&c=9&uid=37855&sid=122&endFeed=0&version=4.0.12455&mode=iPhoneApp&locale=en_US HTTP/1.1" 200 5394 "-" "Tales2Go/3.2.0 CFNetwork/609 Darwin/13.0.0"
96.233.111.126 - - [06/Jan/2013:08:34:44 -0800] "GET /FeedDisplay.php?archived&mode=iPhoneApp&fid=1420&episode_id=2330&nfid=1285&uid=37855&version=3.2.0 HTTP/1.1" 200 9042 "-" "Mozilla/5.0 (iPod; CPU iPhone OS 6_0_1 like Mac OS X) AppleWebKit/536.26 (KHTML, like Gecko) Mobile/10A523"
96.233.111.126 - - [06/Jan/2013:08:34:47 -0800] "GET /images/multipart_arrow_left_disabled.gif HTTP/1.1" 200 275 "http://t2g.stitcher.com/FeedDisplay.php?archived&mode=iPhoneApp&fid=1420&episode_id=2330&nfid=1285&uid=37855&version=3.2.0" "Mozilla/5.0 (iPod; CPU iPhone OS 6_0_1 like Mac OS X) AppleWebKit/536.26 (KHTML, like Gecko) Mobile/10A523"
96.233.111.126 - - [06/Jan/2013:08:34:47 -0800] "GET /images/multipart_arrow_right.gif HTTP/1.1" 200 267 "http://t2g.stitcher.com/FeedDisplay.php?archived&mode=iPhoneApp&fid=1420&episode_id=2330&nfid=1285&uid=37855&version=3.2.0" "Mozilla/5.0 (iPod; CPU iPhone OS 6_0_1 like Mac OS X) AppleWebKit/536.26 (KHTML, like Gecko) Mobile/10A523"
96.233.111.126 - - [06/Jan/2013:08:34:49 -0800] "GET /GetAd.php?sid=122&timeSinceLastAd=6&previousFeedId=1420&nextFeedId=1285&tlt=6&tlf=1&uid=37855&version=4.0.12455&mode=iPhoneApp&locale=en_US HTTP/1.1" 200 22 "-" "Tales2Go/3.2.0 CFNetwork/609 Darwin/13.0.0"
96.233.111.126 - - [06/Jan/2013:08:34:55 -0800] "GET /PostUsage.php?uid=37855&sid=122&fid=1420&eid=2330&completed=11122&timezone=+0000&tlt=0&version=4.0.12455&mode=iPhoneApp&locale=en_US HTTP/1.1" 200 - "-" "Tales2Go/3.2.0 CFNetwork/609 Darwin/13.0.0"
96.233.111.126 - - [06/Jan/2013:08:34:56 -0800] "GET /PostUsage.php?uid=37855&sid=122&fid=1420&eid=2331&completed=0&timezone=+0000&tlt=0&version=4.0.12455&mode=iPhoneApp&locale=en_US HTTP/1.1" 200 - "-" "Tales2Go/3.2.0 CFNetwork/609 Darwin/13.0.0"
96.233.111.126 - - [06/Jan/2013:08:34:56 -0800] "GET /FeedDisplay.php?archived&mode=iPhoneApp&fid=1420&episode_id=2331&nfid=1285&uid=37855&version=3.2.0 HTTP/1.1" 200 9042 "-" "Mozilla/5.0 (iPod; CPU iPhone OS 6_0_1 like Mac OS X) AppleWebKit/536.26 (KHTML, like Gecko) Mobile/10A523"
96.233.111.126 - - [06/Jan/2013:08:34:57 -0800] "GET /images/multipart_arrow_right_disabled.gif HTTP/1.1" 200 278 "http://t2g.stitcher.com/FeedDisplay.php?archived&mode=iPhoneApp&fid=1420&episode_id=2331&nfid=1285&uid=37855&version=3.2.0" "Mozilla/5.0 (iPod; CPU iPhone OS 6_0_1 like Mac OS X) AppleWebKit/536.26 (KHTML, like Gecko) Mobile/10A523"
96.233.111.126 - - [06/Jan/2013:08:34:57 -0800] "GET /images/multipart_arrow_left.gif HTTP/1.1" 200 273 "http://t2g.stitcher.com/FeedDisplay.php?archived&mode=iPhoneApp&fid=1420&episode_id=2331&nfid=1285&uid=37855&version=3.2.0" "Mozilla/5.0 (iPod; CPU iPhone OS 6_0_1 like Mac OS X) AppleWebKit/536.26 (KHTML, like Gecko) Mobile/10A523"
96.233.111.126 - - [06/Jan/2013:08:35:07 -0800] "GET /GetAd.php?sid=122&timeSinceLastAd=3&previousFeedId=1420&nextFeedId=1285&tlt=3&tlf=1&uid=37855&version=4.0.12455&mode=iPhoneApp&locale=en_US HTTP/1.1" 200 22 "-" "Tales2Go/3.2.0 CFNetwork/609 Darwin/13.0.0"
68.5.35.9 - - [06/Jan/2013:08:35:17 -0800] "GET /PostUsage.php?skipped&uid=35162&sid=17&fid=223&eid=297&completed=64819&timezone=+0000&tlt=2384&version=4.0.12455&mode=iPhoneApp&locale=en_US HTTP/1.1" 200 - "-" "Tales2Go%20-%20Old%20Version/2.2.12455 CFNetwork/609 Darwin/13.0.0"
68.5.35.9 - - [06/Jan/2013:08:35:17 -0800] "GET /GetAd.php?sid=17&timeSinceLastAd=2448&previousFeedId=223&nextFeedId=832&tlt=2448&tlf=2&uid=35162&version=4.0.12455&mode=iPhoneApp&locale=en_US HTTP/1.1" 200 22 "-" "Tales2Go%20-%20Old%20Version/2.2.12455 CFNetwork/609 Darwin/13.0.0"
68.5.35.9 - - [06/Jan/2013:08:35:17 -0800] "GET /FeedDisplay.php?archived&mode=iPhoneApp&fid=832&episode_id=1207&nfid=2191&uid=35162&version=2.2.12455 HTTP/1.1" 200 8525 "-" "Mozilla/5.0 (iPhone; CPU iPhone OS 6_0_2 like Mac OS X) AppleWebKit/536.26 (KHTML, like Gecko) Mobile/10A551"
76.6.153.108 - - [06/Jan/2013:08:35:21 -0800] "GET /AddBookmark.php?uid=37728&eid=2874&offset=1089&version=4.0.12455&mode=iPhoneApp&locale=en_US HTTP/1.1" 200 47 "-" "Tales2Go/3.2.0 CFNetwork/609 Darwin/13.0.0"
99.189.238.41 - - [06/Jan/2013:08:35:40 -0800] "GET /StartupChecks.php?startup&uid=36563&version=4.0.12455&mode=iPhoneApp&locale=en_US HTTP/1.1" 200 289 "-" "Tales2Go/3.2.0 CFNetwork/609 Darwin/13.0.0"
99.189.238.41 - - [06/Jan/2013:08:35:40 -0800] "GET /LoadUserFromID.php?markStartup&id=36563&udid=04:15:52:0C:C0:8E&version=4.0.12455&mode=iPhoneApp&locale=en_US HTTP/1.1" 200 256 "-" "Tales2Go/3.2.0 CFNetwork/609 Darwin/13.0.0"
99.189.238.41 - - [06/Jan/2013:08:35:41 -0800] "GET /GetContentStationList.php?uid=36563&version=4.0.12455&mode=iPhoneApp&locale=en_US HTTP/1.1" 200 6486 "-" "Tales2Go/3.2.0 CFNetwork/609 Darwin/13.0.0"
99.189.238.41 - - [06/Jan/2013:08:35:41 -0800] "GET /GetStationListFC.php?uid=36563&version=4.0.12455&mode=iPhoneApp&locale=en_US HTTP/1.1" 200 16492 "-" "Tales2Go/3.2.0 CFNetwork/609 Darwin/13.0.0"
99.189.238.41 - - [06/Jan/2013:08:35:45 -0800] "GET /GetStationPlayList.php?s=0&c=9&uid=36563&sid=35&endFeed=0&version=4.0.12455&mode=iPhoneApp&locale=en_US HTTP/1.1" 200 10496 "-" "Tales2Go/3.2.0 CFNetwork/609 Darwin/13.0.0"
208.113.232.130 - - [06/Jan/2013:08:35:51 -0800] "GET /GetNewSerialNum.php HTTP/1.0" 200 63 "-" "-"
208.113.232.130 - - [06/Jan/2013:08:35:51 -0800] "GET /LoadUserFromUDID.php?markStartup&udid=sn_1005063&version=4.0.12455&mode=desktop&override&locale=en_US HTTP/1.0" 200 58 "-" "-"
99.189.238.41 - - [06/Jan/2013:08:35:51 -0800] "GET /GetStationPlayList.php?s=9&c=9&uid=36563&sid=35&endFeed=0&version=4.0.12455&mode=iPhoneApp&locale=en_US HTTP/1.1" 200 7656 "-" "Tales2Go/3.2.0 CFNetwork/609 Darwin/13.0.0"
99.189.238.41 - - [06/Jan/2013:08:35:57 -0800] "GET /GetStationPlayList.php?s=18&c=9&uid=36563&sid=35&endFeed=0&version=4.0.12455&mode=iPhoneApp&locale=en_US HTTP/1.1" 200 7366 "-" "Tales2Go/3.2.0 CFNetwork/609 Darwin/13.0.0"
76.6.153.108 - - [06/Jan/2013:08:36:01 -0800] "GET /GetAd.php?sid=128&timeSinceLastAd=1105&previousFeedId=1561&nextFeedId=2359&tlt=1105&tlf=1&uid=37728&version=4.0.12455&mode=iPhoneApp&locale=en_US HTTP/1.1" 200 22 "-" "Tales2Go/3.2.0 CFNetwork/609 Darwin/13.0.0"
76.6.153.108 - - [06/Jan/2013:08:36:01 -0800] "GET /PostUsage.php?skipped&uid=37728&sid=1&fid=1561&eid=2874&completed=1105439&timezone=+0000&tlt=1105&version=4.0.12455&mode=iPhoneApp&locale=en_US HTTP/1.1" 200 - "-" "Tales2Go/3.2.0 CFNetwork/609 Darwin/13.0.0"
76.6.153.108 - - [06/Jan/2013:08:36:02 -0800] "GET /FeedDisplay.php?archived&mode=iPhoneApp&fid=2359&episode_id=5260&nfid=2357&uid=37728&version=3.2.0 HTTP/1.1" 200 8620 "-" "Mozilla/5.0 (iPod; CPU iPhone OS 6_0 like Mac OS X) AppleWebKit/536.26 (KHTML, like Gecko) Mobile/10A403"
76.6.153.108 - - [06/Jan/2013:08:36:07 -0800] "GET /PostUsage.php?skipped&uid=37728&sid=128&fid=2359&eid=5260&completed=4861&timezone=+0000&tlt=1105&version=4.0.12455&mode=iPhoneApp&locale=en_US HTTP/1.1" 200 - "-" "Tales2Go/3.2.0 CFNetwork/609 Darwin/13.0.0"
76.6.153.108 - - [06/Jan/2013:08:36:07 -0800] "GET /GetAd.php?sid=128&timeSinceLastAd=1109&previousFeedId=2359&nextFeedId=2357&tlt=1109&tlf=2&uid=37728&version=4.0.12455&mode=iPhoneApp&locale=en_US HTTP/1.1" 200 22 "-" "Tales2Go/3.2.0 CFNetwork/609 Darwin/13.0.0"
76.6.153.108 - - [06/Jan/2013:08:36:07 -0800] "GET /FeedDisplay.php?archived&mode=iPhoneApp&fid=2357&episode_id=5263&nfid=2233&uid=37728&version=3.2.0 HTTP/1.1" 200 8632 "-" "Mozilla/5.0 (iPod; CPU iPhone OS 6_0 like Mac OS X) AppleWebKit/536.26 (KHTML, like Gecko) Mobile/10A403"
99.189.238.41 - - [06/Jan/2013:08:36:08 -0800] "GET /FeedDisplay.php?archived&mode=iPhoneApp&fid=722&episode_id=1026&nfid=719&uid=36563&version=3.2.0 HTTP/1.1" 200 9049 "-" "Mozilla/5.0 (iPhone; CPU iPhone OS 6_0_2 like Mac OS X) AppleWebKit/536.26 (KHTML, like Gecko) Mobile/10A550"
99.189.238.41 - - [06/Jan/2013:08:36:27 -0800] "GET /AddBookmark.php?uid=36563&eid=1026&offset=17&version=4.0.12455&mode=iPhoneApp&locale=en_US HTTP/1.1" 200 47 "-" "Tales2Go/3.2.0 CFNetwork/609 Darwin/13.0.0"
99.189.238.41 - - [06/Jan/2013:08:36:36 -0800] "GET /GetAd.php?sid=35&timeSinceLastAd=21&previousFeedId=722&nextFeedId=719&tlt=21&tlf=1&uid=36563&version=4.0.12455&mode=iPhoneApp&locale=en_US HTTP/1.1" 200 22 "-" "Tales2Go/3.2.0 CFNetwork/609 Darwin/13.0.0"
208.113.232.130 - - [06/Jan/2013:08:36:44 -0800] "GET /GetNewSerialNum.php HTTP/1.0" 200 63 "-" "-"
208.113.232.130 - - [06/Jan/2013:08:36:44 -0800] "GET /LoadUserFromUDID.php?markStartup&udid=sn_1005064&version=4.0.12455&mode=desktop&override&locale=en_US HTTP/1.0" 200 58 "-" "-"
76.6.153.108 - - [06/Jan/2013:08:36:47 -0800] "GET /GetAd.php?sid=128&timeSinceLastAd=1147&previousFeedId=2357&nextFeedId=2233&tlt=1147&tlf=3&uid=37728&version=4.0.12455&mode=iPhoneApp&locale=en_US HTTP/1.1" 200 22 "-" "Tales2Go/3.2.0 CFNetwork/609 Darwin/13.0.0"
76.6.153.108 - - [06/Jan/2013:08:36:48 -0800] "GET /GetStationPlayList.php?s=0&c=9&uid=37728&sid=35&endFeed=0&version=4.0.12455&mode=iPhoneApp&locale=en_US HTTP/1.1" 200 10497 "-" "Tales2Go/3.2.0 CFNetwork/609 Darwin/13.0.0"
68.5.35.9 - - [06/Jan/2013:08:36:52 -0800] "GET /GetAd.php?sid=17&timeSinceLastAd=2448&previousFeedId=832&nextFeedId=2191&tlt=2448&tlf=3&uid=35162&version=4.0.12455&mode=iPhoneApp&locale=en_US HTTP/1.1" 200 22 "-" "Tales2Go%20-%20Old%20Version/2.2.12455 CFNetwork/609 Darwin/13.0.0"
99.189.238.41 - - [06/Jan/2013:08:37:05 -0800] "GET /AddFavorite.php?uid=36563&fid=722&version=4.0.12455&mode=iPhoneApp&locale=en_US HTTP/1.1" 200 55 "-" "Tales2Go/3.2.0 CFNetwork/609 Darwin/13.0.0"
76.6.153.108 - - [06/Jan/2013:08:37:07 -0800] "GET /GetAd.php?sid=1&timeSinceLastAd=1167&previousFeedId=2357&nextFeedId=1561&newStation&tlt=1167&tlf=0&uid=37728&version=4.0.12455&mode=iPhoneApp&locale=en_US HTTP/1.1" 200 22 "-" "Tales2Go/3.2.0 CFNetwork/609 Darwin/13.0.0"
76.6.153.108 - - [06/Jan/2013:08:37:07 -0800] "GET /PostUsage.php?uid=37728&sid=128&fid=2357&eid=5263&completed=59035&timezone=+0000&tlt=1167&version=4.0.12455&mode=iPhoneApp&locale=en_US HTTP/1.1" 200 - "-" "Tales2Go/3.2.0 CFNetwork/609 Darwin/13.0.0"
76.6.153.108 - - [06/Jan/2013:08:37:08 -0800] "GET /FeedDisplay.php?archived&mode=iPhoneApp&fid=1561&episode_id=2874&nfid=965&uid=37728&version=3.2.0 HTTP/1.1" 200 8564 "-" "Mozilla/5.0 (iPod; CPU iPhone OS 6_0 like Mac OS X) AppleWebKit/536.26 (KHTML, like Gecko) Mobile/10A403"
99.189.238.41 - - [06/Jan/2013:08:37:30 -0800] "GET /GetRecentFeedList.php?uid=36563&version=4.0.12455&mode=iPhoneApp&locale=en_US HTTP/1.1" 200 1853 "-" "Tales2Go/3.2.0 CFNetwork/609 Darwin/13.0.0"
198.228.200.154 - - [06/Jan/2013:08:37:32 -0800] "GET /StartupChecks.php?startup&uid=116&version=4.0.12455&mode=iPhoneApp&locale=en_US HTTP/1.1" 200 289 "-" "Tales2Go/3.2.0 CFNetwork/548.1.4 Darwin/11.0.0"
198.228.200.154 - - [06/Jan/2013:08:37:32 -0800] "GET /LoadUserFromID.php?markStartup&id=116&udid=18:9E:FC:3E:8C:77&version=4.0.12455&mode=iPhoneApp&locale=en_US HTTP/1.1" 200 254 "-" "Tales2Go/3.2.0 CFNetwork/548.1.4 Darwin/11.0.0"
198.228.200.154 - - [06/Jan/2013:08:37:33 -0800] "GET /GetContentStationList.php?uid=116&version=4.0.12455&mode=iPhoneApp&locale=en_US HTTP/1.1" 200 6486 "-" "Tales2Go/3.2.0 CFNetwork/548.1.4 Darwin/11.0.0"
198.228.200.154 - - [06/Jan/2013:08:37:33 -0800] "GET /GetStationListFC.php?uid=116&version=4.0.12455&mode=iPhoneApp&locale=en_US HTTP/1.1" 200 16492 "-" "Tales2Go/3.2.0 CFNetwork/548.1.4 Darwin/11.0.0"
75.191.205.131 - - [06/Jan/2013:08:37:37 -0800] "GET /PostUsage.php?uid=31728&sid=0&fid=718&eid=1004&completed=2881531&timezone=+0000&tlt=0&version=4.0.12455&mode=iPhoneApp&locale=en_US HTTP/1.1" 200 - "-" "Tales2Go/3.2.0 CFNetwork/548.1.4 Darwin/11.0.0"
75.191.205.131 - - [06/Jan/2013:08:37:37 -0800] "GET /FeedDisplay.php?archived&mode=iPhoneApp&fid=718&episode_id=1005&nfid=0&uid=31728&version=3.2.0 HTTP/1.1" 200 9004 "-" "Mozilla/5.0 (iPhone; CPU iPhone OS 5_1 like Mac OS X) AppleWebKit/534.46 (KHTML, like Gecko) Mobile/9B176"
99.189.238.41 - - [06/Jan/2013:08:37:39 -0800] "GET /GetStationPlayList.php?s=27&c=9&uid=36563&sid=35&endFeed=0&version=4.0.12455&mode=iPhoneApp&locale=en_US HTTP/1.1" 200 7072 "-" "Tales2Go/3.2.0 CFNetwork/609 Darwin/13.0.0"
75.191.205.131 - - [06/Jan/2013:08:37:45 -0800] "GET /GetAd.php?sid=0&timeSinceLastAd=2887&previousFeedId=718&nextFeedId=0&tlt=2887&tlf=2&uid=31728&version=4.0.12455&mode=iPhoneApp&locale=en_US HTTP/1.1" 200 22 "-" "Tales2Go/3.2.0 CFNetwork/548.1.4 Darwin/11.0.0"
99.189.238.41 - - [06/Jan/2013:08:37:57 -0800] "GET /GetStationPlayList.php?s=36&c=9&uid=36563&sid=35&endFeed=0&version=4.0.12455&mode=iPhoneApp&locale=en_US HTTP/1.1" 200 2462 "-" "Tales2Go/3.2.0 CFNetwork/609 Darwin/13.0.0"
99.189.238.41 - - [06/Jan/2013:08:38:06 -0800] "GET /GetStationPlayList.php?s=0&c=9&uid=36563&sid=17&endFeed=0&version=4.0.12455&mode=iPhoneApp&locale=en_US HTTP/1.1" 200 8934 "-" "Tales2Go/3.2.0 CFNetwork/609 Darwin/13.0.0"
99.189.238.41 - - [06/Jan/2013:08:38:17 -0800] "GET /AddFavorite.php?uid=36563&fid=1848&version=4.0.12455&mode=iPhoneApp&locale=en_US HTTP/1.1" 200 56 "-" "Tales2Go/3.2.0 CFNetwork/609 Darwin/13.0.0"
99.189.238.41 - - [06/Jan/2013:08:38:21 -0800] "GET /GetStationPlayList.php?s=9&c=9&uid=36563&sid=17&endFeed=0&version=4.0.12455&mode=iPhoneApp&locale=en_US HTTP/1.1" 200 6697 "-" "Tales2Go/3.2.0 CFNetwork/609 Darwin/13.0.0"
99.189.238.41 - - [06/Jan/2013:08:38:22 -0800] "GET /AddFavorite.php?uid=36563&fid=549&version=4.0.12455&mode=iPhoneApp&locale=en_US HTTP/1.1" 200 55 "-" "Tales2Go/3.2.0 CFNetwork/609 Darwin/13.0.0"
99.189.238.41 - - [06/Jan/2013:08:38:30 -0800] "GET /GetAd.php?sid=17&timeSinceLastAd=21&previousFeedId=722&nextFeedId=199&newStation&tlt=21&tlf=0&uid=36563&version=4.0.12455&mode=iPhoneApp&locale=en_US HTTP/1.1" 200 22 "-" "Tales2Go/3.2.0 CFNetwork/609 Darwin/13.0.0"
99.189.238.41 - - [06/Jan/2013:08:38:30 -0800] "GET /PostUsage.php?uid=36563&sid=35&fid=722&eid=1026&completed=21794&timezone=+0000&tlt=21&version=4.0.12455&mode=iPhoneApp&locale=en_US HTTP/1.1" 200 - "-" "Tales2Go/3.2.0 CFNetwork/609 Darwin/13.0.0"
99.189.238.41 - - [06/Jan/2013:08:38:30 -0800] "GET /FeedDisplay.php?archived&mode=iPhoneApp&fid=199&episode_id=340&nfid=2272&uid=36563&version=3.2.0 HTTP/1.1" 200 8532 "-" "Mozilla/5.0 (iPhone; CPU iPhone OS 6_0_2 like Mac OS X) AppleWebKit/536.26 (KHTML, like Gecko) Mobile/10A550"
99.189.238.41 - - [06/Jan/2013:08:38:34 -0800] "GET /GetAd.php?sid=17&timeSinceLastAd=23&previousFeedId=199&nextFeedId=2272&tlt=23&tlf=1&uid=36563&version=4.0.12455&mode=iPhoneApp&locale=en_US HTTP/1.1" 200 22 "-" "Tales2Go/3.2.0 CFNetwork/609 Darwin/13.0.0"
99.189.238.41 - - [06/Jan/2013:08:38:34 -0800] "GET /AddFavorite.php?uid=36563&fid=199&version=4.0.12455&mode=iPhoneApp&locale=en_US HTTP/1.1" 200 55 "-" "Tales2Go/3.2.0 CFNetwork/609 Darwin/13.0.0"
99.189.238.41 - - [06/Jan/2013:08:38:43 -0800] "GET /AddFavorite.php?uid=36563&fid=1844&version=4.0.12455&mode=iPhoneApp&locale=en_US HTTP/1.1" 200 56 "-" "Tales2Go/3.2.0 CFNetwork/609 Darwin/13.0.0"
99.189.238.41 - - [06/Jan/2013:08:38:47 -0800] "GET /AddFavorite.php?uid=36563&fid=1831&version=4.0.12455&mode=iPhoneApp&locale=en_US HTTP/1.1" 200 56 "-" "Tales2Go/3.2.0 CFNetwork/609 Darwin/13.0.0"
99.189.238.41 - - [06/Jan/2013:08:38:48 -0800] "GET /AddFavorite.php?uid=36563&fid=2989&version=4.0.12455&mode=iPhoneApp&locale=en_US HTTP/1.1" 200 56 "-" "Tales2Go/3.2.0 CFNetwork/609 Darwin/13.0.0"
99.189.238.41 - - [06/Jan/2013:08:38:51 -0800] "GET /GetStationPlayList.php?s=18&c=9&uid=36563&sid=17&endFeed=0&version=4.0.12455&mode=iPhoneApp&locale=en_US HTTP/1.1" 200 10124 "-" "Tales2Go/3.2.0 CFNetwork/609 Darwin/13.0.0"
99.189.238.41 - - [06/Jan/2013:08:39:00 -0800] "GET /AddFavorite.php?uid=36563&fid=1297&version=4.0.12455&mode=iPhoneApp&locale=en_US HTTP/1.1" 200 56 "-" "Tales2Go/3.2.0 CFNetwork/609 Darwin/13.0.0"
99.189.238.41 - - [06/Jan/2013:08:39:03 -0800] "GET /GetStationPlayList.php?s=27&c=9&uid=36563&sid=17&endFeed=0&version=4.0.12455&mode=iPhoneApp&locale=en_US HTTP/1.1" 200 6676 "-" "Tales2Go/3.2.0 CFNetwork/609 Darwin/13.0.0"
99.189.238.41 - - [06/Jan/2013:08:39:08 -0800] "GET /AddFavorite.php?uid=36563&fid=2355&version=4.0.12455&mode=iPhoneApp&locale=en_US HTTP/1.1" 200 56 "-" "Tales2Go/3.2.0 CFNetwork/609 Darwin/13.0.0"
99.189.238.41 - - [06/Jan/2013:08:39:12 -0800] "GET /AddFavorite.php?uid=36563&fid=2297&version=4.0.12455&mode=iPhoneApp&locale=en_US HTTP/1.1" 200 56 "-" "Tales2Go/3.2.0 CFNetwork/609 Darwin/13.0.0"
99.189.238.41 - - [06/Jan/2013:08:39:16 -0800] "GET /AddFavorite.php?uid=36563&fid=1855&version=4.0.12455&mode=iPhoneApp&locale=en_US HTTP/1.1" 200 56 "-" "Tales2Go/3.2.0 CFNetwork/609 Darwin/13.0.0"
99.189.238.41 - - [06/Jan/2013:08:39:18 -0800] "GET /GetStationPlayList.php?s=36&c=9&uid=36563&sid=17&endFeed=0&version=4.0.12455&mode=iPhoneApp&locale=en_US HTTP/1.1" 200 10236 "-" "Tales2Go/3.2.0 CFNetwork/609 Darwin/13.0.0"
99.189.238.41 - - [06/Jan/2013:08:39:27 -0800] "GET /GetAd.php?sid=17&timeSinceLastAd=29&previousFeedId=199&nextFeedId=1938&newStation&tlt=29&tlf=0&uid=36563&version=4.0.12455&mode=iPhoneApp&locale=en_US HTTP/1.1" 200 22 "-" "Tales2Go/3.2.0 CFNetwork/609 Darwin/13.0.0"
99.189.238.41 - - [06/Jan/2013:08:39:28 -0800] "GET /FeedDisplay.php?archived&mode=iPhoneApp&fid=1938&episode_id=3736&nfid=2043&uid=36563&version=3.2.0 HTTP/1.1" 200 9919 "-" "Mozilla/5.0 (iPhone; CPU iPhone OS 6_0_2 like Mac OS X) AppleWebKit/536.26 (KHTML, like Gecko) Mobile/10A550"
99.189.238.41 - - [06/Jan/2013:08:39:28 -0800] "GET /PostUsage.php?uid=36563&sid=17&fid=199&eid=340&completed=8626&timezone=+0000&tlt=29&version=4.0.12455&mode=iPhoneApp&locale=en_US HTTP/1.1" 200 - "-" "Tales2Go/3.2.0 CFNetwork/609 Darwin/13.0.0"
99.189.238.41 - - [06/Jan/2013:08:39:37 -0800] "GET /AddFavorite.php?uid=36563&fid=2993&version=4.0.12455&mode=iPhoneApp&locale=en_US HTTP/1.1" 200 56 "-" "Tales2Go/3.2.0 CFNetwork/609 Darwin/13.0.0"
99.189.238.41 - - [06/Jan/2013:08:39:40 -0800] "GET /GetAd.php?sid=17&timeSinceLastAd=33&previousFeedId=1938&nextFeedId=2993&newStation&tlt=33&tlf=0&uid=36563&version=4.0.12455&mode=iPhoneApp&locale=en_US HTTP/1.1" 200 22 "-" "Tales2Go/3.2.0 CFNetwork/609 Darwin/13.0.0"
99.189.238.41 - - [06/Jan/2013:08:39:40 -0800] "GET /PostUsage.php?uid=36563&sid=17&fid=1938&eid=3736&completed=4204&timezone=+0000&tlt=33&version=4.0.12455&mode=iPhoneApp&locale=en_US HTTP/1.1" 200 - "-" "Tales2Go/3.2.0 CFNetwork/609 Darwin/13.0.0"
