76.101.41.234 - - [06/Jan/2013:07:37:23 -0800] "GET /FeedDisplay.php?archived&mode=iPhoneApp&fid=1094&episode_id=1554&nfid=1111&uid=37857&version=3.2.0 HTTP/1.1" 200 8618 "-" "Mozilla/5.0 (iPhone; CPU iPhone OS 6_0_1 like Mac OS X) AppleWebKit/536.26 (KHTML, like Gecko) Mobile/10A525"
76.101.41.234 - - [06/Jan/2013:07:37:31 -0800] "GET /GetAd.php?sid=198&timeSinceLastAd=48&previousFeedId=1094&nextFeedId=1111&tlt=48&tlf=1&uid=37857&version=4.0.12455&mode=iPhoneApp&locale=en_US HTTP/1.1" 200 22 "-" "Tales2Go/3.2.0 CFNetwork/609 Darwin/13.0.0"
71.80.46.84 - - [06/Jan/2013:07:37:52 -0800] "GET /GetAd.php?sid=1&timeSinceLastAd=27625&previousFeedId=1569&nextFeedId=1562&tlt=27625&tlf=8&uid=24682&version=4.0.12455&mode=iPhoneApp&locale=en_US HTTP/1.1" 200 22 "-" "Tales2Go/3.2.0 CFNetwork/609 Darwin/13.0.0"
71.80.46.84 - - [06/Jan/2013:07:37:52 -0800] "GET /PostUsage.php?uid=24682&sid=1&fid=1569&eid=2882&completed=2743730&timezone=+0000&tlt=27625&version=4.0.12455&mode=iPhoneApp&locale=en_US HTTP/1.1" 200 - "-" "Tales2Go/3.2.0 CFNetwork/609 Darwin/13.0.0"
71.80.46.84 - - [06/Jan/2013:07:37:52 -0800] "GET /FeedDisplay.php?archived&mode=iPhoneApp&fid=1562&episode_id=2894&nfid=1568&uid=24682&version=3.2.0 HTTP/1.1" 200 8958 "-" "Mozilla/5.0 (iPhone; CPU iPhone OS 6_0_1 like Mac OS X) AppleWebKit/536.26 (KHTML, like Gecko) Mobile/10A523"
208.113.232.130 - - [06/Jan/2013:07:38:09 -0800] "GET /GetNewSerialNum.php HTTP/1.0" 200 63 "-" "-"
208.113.232.130 - - [06/Jan/2013:07:38:09 -0800] "GET /LoadUserFromUDID.php?markStartup&udid=sn_1005058&version=4.0.12455&mode=desktop&override&locale=en_US HTTP/1.0" 200 58 "-" "-"
71.80.46.84 - - [06/Jan/2013:07:38:13 -0800] "GET /GetAd.php?sid=1&timeSinceLastAd=27645&previousFeedId=1562&nextFeedId=1568&tlt=27645&tlf=9&uid=24682&version=4.0.12455&mode=iPhoneApp&locale=en_US HTTP/1.1" 200 22 "-" "Tales2Go/3.2.0 CFNetwork/609 Darwin/13.0.0"
76.101.41.234 - - [06/Jan/2013:07:38:14 -0800] "GET /GetStationPlayList.php?s=0&c=9&uid=37857&sid=285&endFeed=0&version=4.0.12455&mode=iPhoneApp&locale=en_US HTTP/1.1" 200 7257 "-" "Tales2Go/3.2.0 CFNetwork/609 Darwin/13.0.0"
76.101.41.234 - - [06/Jan/2013:07:38:29 -0800] "GET /GetAd.php?sid=285&timeSinceLastAd=71&previousFeedId=1094&nextFeedId=2123&newStation&tlt=71&tlf=0&uid=37857&version=4.0.12455&mode=iPhoneApp&locale=en_US HTTP/1.1" 200 22 "-" "Tales2Go/3.2.0 CFNetwork/609 Darwin/13.0.0"
76.101.41.234 - - [06/Jan/2013:07:38:29 -0800] "GET /PostUsage.php?uid=37857&sid=198&fid=1094&eid=1554&completed=29268&timezone=+0000&tlt=71&version=4.0.12455&mode=iPhoneApp&locale=en_US HTTP/1.1" 200 - "-" "Tales2Go/3.2.0 CFNetwork/609 Darwin/13.0.0"
76.101.41.234 - - [06/Jan/2013:07:38:29 -0800] "GET /FeedDisplay.php?archived&mode=iPhoneApp&fid=2123&episode_id=4967&nfid=2341&uid=37857&version=3.2.0 HTTP/1.1" 200 8451 "-" "Mozilla/5.0 (iPhone; CPU iPhone OS 6_0_1 like Mac OS X) AppleWebKit/536.26 (KHTML, like Gecko) Mobile/10A525"
198.228.200.147 - - [06/Jan/2013:07:38:43 -0800] "GET /StartupChecks.php?startup&uid=31742&version=4.0.12455&mode=iPhoneApp&locale=en_US HTTP/1.1" 200 289 "-" "Tales2Go/3.2.0 CFNetwork/609 Darwin/13.0.0"
198.228.200.147 - - [06/Jan/2013:07:38:43 -0800] "GET /LoadUserFromID.php?markStartup&id=31742&udid=5C:59:48:47:AD:6F&version=4.0.12455&mode=iPhoneApp&locale=en_US HTTP/1.1" 200 263 "-" "Tales2Go/3.2.0 CFNetwork/609 Darwin/13.0.0"
198.228.200.147 - - [06/Jan/2013:07:38:44 -0800] "GET /GetContentStationList.php?uid=31742&version=4.0.12455&mode=iPhoneApp&locale=en_US HTTP/1.1" 200 6486 "-" "Tales2Go/3.2.0 CFNetwork/609 Darwin/13.0.0"
198.228.200.147 - - [06/Jan/2013:07:38:44 -0800] "GET /GetStationListFC.php?uid=31742&version=4.0.12455&mode=iPhoneApp&locale=en_US HTTP/1.1" 200 256 "-" "Tales2Go/3.2.0 CFNetwork/609 Darwin/13.0.0"
76.101.41.234 - - [06/Jan/2013:07:38:55 -0800] "GET /GetAd.php?sid=285&timeSinceLastAd=94&previousFeedId=2123&nextFeedId=2341&tlt=94&tlf=1&uid=37857&version=4.0.12455&mode=iPhoneApp&locale=en_US HTTP/1.1" 200 22 "-" "Tales2Go/3.2.0 CFNetwork/609 Darwin/13.0.0"
208.113.232.130 - - [06/Jan/2013:07:40:28 -0800] "GET /GetNewSerialNum.php HTTP/1.0" 200 63 "-" "-"
208.113.232.130 - - [06/Jan/2013:07:40:28 -0800] "GET /LoadUserFromUDID.php?markStartup&udid=sn_1005059&version=4.0.12455&mode=desktop&override&locale=en_US HTTP/1.0" 200 58 "-" "-"
208.58.72.95 - - [06/Jan/2013:07:40:38 -0800] "GET /AddBookmark.php?uid=20760&eid=3929&offset=3255&version=4.0.12455&mode=iPhoneApp&locale=en_US HTTP/1.1" 200 47 "-" "Tales2Go/3.2.0 CFNetwork/609 Darwin/13.0.0"
208.58.72.95 - - [06/Jan/2013:07:41:21 -0800] "GET /AddBookmark.php?uid=20760&eid=3929&offset=3298&version=4.0.12455&mode=iPhoneApp&locale=en_US HTTP/1.1" 200 47 "-" "Tales2Go/3.2.0 CFNetwork/609 Darwin/13.0.0"
177.43.176.194 - - [06/Jan/2013:07:42:42 -0800] "GET /PostUsage.php?uid=36359&sid=1&fid=1142&eid=1533&completed=1944440&timezone=+0000&tlt=2273&version=4.0.12455&mode=iPhoneApp&locale=en_US HTTP/1.1" 200 - "-" "Tales2Go/3.2.0 CFNetwork/609 Darwin/13.0.0"
177.43.176.194 - - [06/Jan/2013:07:42:49 -0800] "GET /FeedDisplay.php?archived&mode=iPhoneApp&fid=1142&episode_id=1535&nfid=0&uid=36359&version=3.2.0 HTTP/1.1" 200 9295 "-" "Mozilla/5.0 (iPhone; CPU iPhone OS 6_0_1 like Mac OS X) AppleWebKit/536.26 (KHTML, like Gecko) Mobile/10A523"
177.43.176.194 - - [06/Jan/2013:07:43:07 -0800] "GET /PostUsage.php?uid=36359&sid=1&fid=1142&eid=1535&completed=0&timezone=+0000&tlt=4217&version=4.0.12455&mode=iPhoneApp&locale=en_US HTTP/1.1" 200 - "-" "Tales2Go/3.2.0 CFNetwork/609 Darwin/13.0.0"
177.43.176.194 - - [06/Jan/2013:07:43:10 -0800] "GET /StartupChecks.php?startup&uid=36359&version=4.0.12455&mode=iPhoneApp&locale=en_US HTTP/1.1" 200 289 "-" "Tales2Go/3.2.0 CFNetwork/609 Darwin/13.0.0"
177.43.176.194 - - [06/Jan/2013:07:43:11 -0800] "GET /LoadUserFromID.php?markStartup&id=36359&udid=04:54:53:3A:89:CC&version=4.0.12455&mode=iPhoneApp&locale=en_US HTTP/1.1" 200 258 "-" "Tales2Go/3.2.0 CFNetwork/609 Darwin/13.0.0"
177.43.176.194 - - [06/Jan/2013:07:43:12 -0800] "GET /GetContentStationList.php?uid=36359&version=4.0.12455&mode=iPhoneApp&locale=en_US HTTP/1.1" 200 6486 "-" "Tales2Go/3.2.0 CFNetwork/609 Darwin/13.0.0"
177.43.176.194 - - [06/Jan/2013:07:43:14 -0800] "GET /GetStationListFC.php?uid=36359&version=4.0.12455&mode=iPhoneApp&locale=en_US HTTP/1.1" 200 16492 "-" "Tales2Go/3.2.0 CFNetwork/609 Darwin/13.0.0"
177.43.176.194 - - [06/Jan/2013:07:43:20 -0800] "GET /GetStationPlayList.php?uid=36359&sid=favorites&version=4.0.12455&mode=iPhoneApp&locale=en_US HTTP/1.1" 200 2096 "-" "Tales2Go/3.2.0 CFNetwork/609 Darwin/13.0.0"
177.43.176.194 - - [06/Jan/2013:07:43:22 -0800] "GET /FeedDisplay.php?archived&mode=iPhoneApp&fid=1142&episode_id=1533&nfid=0&uid=36359&version=3.2.0 HTTP/1.1" 200 9273 "-" "Mozilla/5.0 (iPhone; CPU iPhone OS 6_0_1 like Mac OS X) AppleWebKit/536.26 (KHTML, like Gecko) Mobile/10A523"
177.43.176.194 - - [06/Jan/2013:07:43:31 -0800] "GET /PostUsage.php?uid=36359&sid=1&fid=1142&eid=1533&completed=2521&timezone=+0000&tlt=0&version=4.0.12455&mode=iPhoneApp&locale=en_US HTTP/1.1" 200 - "-" "Tales2Go/3.2.0 CFNetwork/609 Darwin/13.0.0"
177.43.176.194 - - [06/Jan/2013:07:44:07 -0800] "GET /FeedDisplay.php?archived&mode=iPhoneApp&fid=1142&episode_id=1534&nfid=0&uid=36359&version=3.2.0 HTTP/1.1" 200 9295 "-" "Mozilla/5.0 (iPhone; CPU iPhone OS 6_0_1 like Mac OS X) AppleWebKit/536.26 (KHTML, like Gecko) Mobile/10A523"
177.43.176.194 - - [06/Jan/2013:07:44:19 -0800] "GET /PostUsage.php?uid=36359&sid=1&fid=1142&eid=1534&completed=4086&timezone=+0000&tlt=0&version=4.0.12455&mode=iPhoneApp&locale=en_US HTTP/1.1" 200 - "-" "Tales2Go/3.2.0 CFNetwork/609 Darwin/13.0.0"
177.43.176.194 - - [06/Jan/2013:07:44:20 -0800] "GET /FeedDisplay.php?archived&mode=iPhoneApp&fid=1142&episode_id=1535&nfid=0&uid=36359&version=3.2.0 HTTP/1.1" 200 9295 "-" "Mozilla/5.0 (iPhone; CPU iPhone OS 6_0_1 like Mac OS X) AppleWebKit/536.26 (KHTML, like Gecko) Mobile/10A523"
177.43.176.194 - - [06/Jan/2013:07:44:28 -0800] "GET /PostUsage.php?uid=36359&sid=1&fid=1142&eid=1535&completed=0&timezone=+0000&tlt=0&version=4.0.12455&mode=iPhoneApp&locale=en_US HTTP/1.1" 200 - "-" "Tales2Go/3.2.0 CFNetwork/609 Darwin/13.0.0"
177.43.176.194 - - [06/Jan/2013:07:44:30 -0800] "GET /FeedDisplay.php?archived&mode=iPhoneApp&fid=1142&episode_id=1536&nfid=0&uid=36359&version=3.2.0 HTTP/1.1" 200 9295 "-" "Mozilla/5.0 (iPhone; CPU iPhone OS 6_0_1 like Mac OS X) AppleWebKit/536.26 (KHTML, like Gecko) Mobile/10A523"
71.13.211.76 - - [06/Jan/2013:07:44:32 -0800] "GET /FeedDisplay.php?archived&mode=iPhoneApp&fid=64&episode_id=77&nfid=277&uid=35948&version=3.2.0 HTTP/1.1" 200 8532 "-" "Mozilla/5.0 (iPhone; CPU iPhone OS 6_0_1 like Mac OS X) AppleWebKit/536.26 (KHTML, like Gecko) Mobile/10A523"
71.13.211.76 - - [06/Jan/2013:07:44:32 -0800] "GET /GetAd.php?sid=498&timeSinceLastAd=2&previousFeedId=64&nextFeedId=277&tlt=2&tlf=1&uid=35948&version=4.0.12455&mode=iPhoneApp&locale=en_US HTTP/1.1" 200 22 "-" "Tales2Go/3.2.0 CFNetwork/609 Darwin/13.0.0"
177.43.176.194 - - [06/Jan/2013:07:44:33 -0800] "GET /PostUsage.php?uid=36359&sid=1&fid=1142&eid=1536&completed=2541&timezone=+0000&tlt=0&version=4.0.12455&mode=iPhoneApp&locale=en_US HTTP/1.1" 200 - "-" "Tales2Go/3.2.0 CFNetwork/609 Darwin/13.0.0"
177.43.176.194 - - [06/Jan/2013:07:44:34 -0800] "GET /FeedDisplay.php?archived&mode=iPhoneApp&fid=1142&episode_id=1537&nfid=0&uid=36359&version=3.2.0 HTTP/1.1" 200 9295 "-" "Mozilla/5.0 (iPhone; CPU iPhone OS 6_0_1 like Mac OS X) AppleWebKit/536.26 (KHTML, like Gecko) Mobile/10A523"
177.43.176.194 - - [06/Jan/2013:07:44:37 -0800] "GET /PostUsage.php?uid=36359&sid=1&fid=1142&eid=1537&completed=1734&timezone=+0000&tlt=0&version=4.0.12455&mode=iPhoneApp&locale=en_US HTTP/1.1" 200 - "-" "Tales2Go/3.2.0 CFNetwork/609 Darwin/13.0.0"
177.43.176.194 - - [06/Jan/2013:07:44:40 -0800] "GET /FeedDisplay.php?archived&mode=iPhoneApp&fid=1142&episode_id=1538&nfid=0&uid=36359&version=3.2.0 HTTP/1.1" 200 9295 "-" "Mozilla/5.0 (iPhone; CPU iPhone OS 6_0_1 like Mac OS X) AppleWebKit/536.26 (KHTML, like Gecko) Mobile/10A523"
177.43.176.194 - - [06/Jan/2013:07:44:40 -0800] "GET /PostUsage.php?uid=36359&sid=1&fid=1142&eid=1538&completed=0&timezone=+0000&tlt=0&version=4.0.12455&mode=iPhoneApp&locale=en_US HTTP/1.1" 200 - "-" "Tales2Go/3.2.0 CFNetwork/609 Darwin/13.0.0"
177.43.176.194 - - [06/Jan/2013:07:44:41 -0800] "GET /FeedDisplay.php?archived&mode=iPhoneApp&fid=1142&episode_id=1538&nfid=0&uid=36359&version=3.2.0 HTTP/1.1" 200 9295 "-" "Mozilla/5.0 (iPhone; CPU iPhone OS 6_0_1 like Mac OS X) AppleWebKit/536.26 (KHTML, like Gecko) Mobile/10A523"
177.43.176.194 - - [06/Jan/2013:07:44:44 -0800] "GET /PostUsage.php?uid=36359&sid=1&fid=1142&eid=1538&completed=2417&timezone=+0000&tlt=0&version=4.0.12455&mode=iPhoneApp&locale=en_US HTTP/1.1" 200 - "-" "Tales2Go/3.2.0 CFNetwork/609 Darwin/13.0.0"
177.43.176.194 - - [06/Jan/2013:07:44:45 -0800] "GET /FeedDisplay.php?archived&mode=iPhoneApp&fid=1142&episode_id=1539&nfid=0&uid=36359&version=3.2.0 HTTP/1.1" 200 9295 "-" "Mozilla/5.0 (iPhone; CPU iPhone OS 6_0_1 like Mac OS X) AppleWebKit/536.26 (KHTML, like Gecko) Mobile/10A523"
177.43.176.194 - - [06/Jan/2013:07:44:49 -0800] "GET /PostUsage.php?uid=36359&sid=1&fid=1142&eid=1539&completed=3237&timezone=+0000&tlt=0&version=4.0.12455&mode=iPhoneApp&locale=en_US HTTP/1.1" 200 - "-" "Tales2Go/3.2.0 CFNetwork/609 Darwin/13.0.0"
177.43.176.194 - - [06/Jan/2013:07:44:50 -0800] "GET /FeedDisplay.php?archived&mode=iPhoneApp&fid=1142&episode_id=1540&nfid=0&uid=36359&version=3.2.0 HTTP/1.1" 200 9273 "-" "Mozilla/5.0 (iPhone; CPU iPhone OS 6_0_1 like Mac OS X) AppleWebKit/536.26 (KHTML, like Gecko) Mobile/10A523"
76.6.153.108 - - [06/Jan/2013:07:44:54 -0800] "GET /StartupChecks.php?startup&uid=37728&version=4.0.12455&mode=iPhoneApp&locale=en_US HTTP/1.1" 200 289 "-" "Tales2Go/3.2.0 CFNetwork/609 Darwin/13.0.0"
76.6.153.108 - - [06/Jan/2013:07:44:54 -0800] "GET /LoadUserFromID.php?markStartup&id=37728&udid=14:10:9F:0C:82:79&version=4.0.12455&mode=iPhoneApp&locale=en_US HTTP/1.1" 200 263 "-" "Tales2Go/3.2.0 CFNetwork/609 Darwin/13.0.0"
76.6.153.108 - - [06/Jan/2013:07:44:55 -0800] "GET /GetContentStationList.php?uid=37728&version=4.0.12455&mode=iPhoneApp&locale=en_US HTTP/1.1" 200 6486 "-" "Tales2Go/3.2.0 CFNetwork/609 Darwin/13.0.0"
76.6.153.108 - - [06/Jan/2013:07:44:55 -0800] "GET /GetStationListFC.php?uid=37728&version=4.0.12455&mode=iPhoneApp&locale=en_US HTTP/1.1" 200 16492 "-" "Tales2Go/3.2.0 CFNetwork/609 Darwin/13.0.0"
177.43.176.194 - - [06/Jan/2013:07:44:58 -0800] "GET /PostUsage.php?uid=36359&sid=1&fid=1142&eid=1540&completed=7233&timezone=+0000&tlt=0&version=4.0.12455&mode=iPhoneApp&locale=en_US HTTP/1.1" 200 - "-" "Tales2Go/3.2.0 CFNetwork/609 Darwin/13.0.0"
177.43.176.194 - - [06/Jan/2013:07:44:59 -0800] "GET /FeedDisplay.php?archived&mode=iPhoneApp&fid=1142&episode_id=1539&nfid=0&uid=36359&version=3.2.0 HTTP/1.1" 200 9295 "-" "Mozilla/5.0 (iPhone; CPU iPhone OS 6_0_1 like Mac OS X) AppleWebKit/536.26 (KHTML, like Gecko) Mobile/10A523"
177.43.176.194 - - [06/Jan/2013:07:45:00 -0800] "GET /PostUsage.php?uid=36359&sid=1&fid=1142&eid=1539&completed=0&timezone=+0000&tlt=0&version=4.0.12455&mode=iPhoneApp&locale=en_US HTTP/1.1" 200 - "-" "Tales2Go/3.2.0 CFNetwork/609 Darwin/13.0.0"
177.43.176.194 - - [06/Jan/2013:07:45:01 -0800] "GET /PostUsage.php?uid=36359&sid=1&fid=1142&eid=1539&completed=0&timezone=+0000&tlt=0&version=4.0.12455&mode=iPhoneApp&locale=en_US HTTP/1.1" 200 - "-" "Tales2Go/3.2.0 CFNetwork/609 Darwin/13.0.0"
177.43.176.194 - - [06/Jan/2013:07:45:02 -0800] "GET /FeedDisplay.php?archived&mode=iPhoneApp&fid=1142&episode_id=1539&nfid=0&uid=36359&version=3.2.0 HTTP/1.1" 200 9295 "-" "Mozilla/5.0 (iPhone; CPU iPhone OS 6_0_1 like Mac OS X) AppleWebKit/536.26 (KHTML, like Gecko) Mobile/10A523"
177.43.176.194 - - [06/Jan/2013:07:45:03 -0800] "GET /FeedDisplay.php?archived&mode=iPhoneApp&fid=1142&episode_id=1539&nfid=0&uid=36359&version=3.2.0 HTTP/1.1" 200 9295 "-" "Mozilla/5.0 (iPhone; CPU iPhone OS 6_0_1 like Mac OS X) AppleWebKit/536.26 (KHTML, like Gecko) Mobile/10A523"
177.43.176.194 - - [06/Jan/2013:07:45:05 -0800] "GET /PostUsage.php?uid=36359&sid=1&fid=1142&eid=1539&completed=0&timezone=+0000&tlt=0&version=4.0.12455&mode=iPhoneApp&locale=en_US HTTP/1.1" 200 - "-" "Tales2Go/3.2.0 CFNetwork/609 Darwin/13.0.0"
177.43.176.194 - - [06/Jan/2013:07:45:06 -0800] "GET /FeedDisplay.php?archived&mode=iPhoneApp&fid=1142&episode_id=1538&nfid=0&uid=36359&version=3.2.0 HTTP/1.1" 200 9295 "-" "Mozilla/5.0 (iPhone; CPU iPhone OS 6_0_1 like Mac OS X) AppleWebKit/536.26 (KHTML, like Gecko) Mobile/10A523"
177.43.176.194 - - [06/Jan/2013:07:45:07 -0800] "GET /PostUsage.php?uid=36359&sid=1&fid=1142&eid=1538&completed=331&timezone=+0000&tlt=0&version=4.0.12455&mode=iPhoneApp&locale=en_US HTTP/1.1" 200 - "-" "Tales2Go/3.2.0 CFNetwork/609 Darwin/13.0.0"
71.13.211.76 - - [06/Jan/2013:07:45:07 -0800] "GET /GetRecentFeedList.php?uid=35948&version=4.0.12455&mode=iPhoneApp&locale=en_US HTTP/1.1" 200 61 "-" "Tales2Go/3.2.0 CFNetwork/609 Darwin/13.0.0"
177.43.176.194 - - [06/Jan/2013:07:45:09 -0800] "GET /FeedDisplay.php?archived&mode=iPhoneApp&fid=1142&episode_id=1538&nfid=0&uid=36359&version=3.2.0 HTTP/1.1" 200 9295 "-" "Mozilla/5.0 (iPhone; CPU iPhone OS 6_0_1 like Mac OS X) AppleWebKit/536.26 (KHTML, like Gecko) Mobile/10A523"
76.6.153.108 - - [06/Jan/2013:07:45:09 -0800] "GET /GetStationPlayList.php?s=0&c=9&uid=37728&sid=14&endFeed=0&version=4.0.12455&mode=iPhoneApp&locale=en_US HTTP/1.1" 200 9293 "-" "Tales2Go/3.2.0 CFNetwork/609 Darwin/13.0.0"
177.43.176.194 - - [06/Jan/2013:07:45:12 -0800] "GET /PostUsage.php?uid=36359&sid=1&fid=1142&eid=1538&completed=1202&timezone=+0000&tlt=0&version=4.0.12455&mode=iPhoneApp&locale=en_US HTTP/1.1" 200 - "-" "Tales2Go/3.2.0 CFNetwork/609 Darwin/13.0.0"
177.43.176.194 - - [06/Jan/2013:07:45:13 -0800] "GET /FeedDisplay.php?archived&mode=iPhoneApp&fid=1142&episode_id=1537&nfid=0&uid=36359&version=3.2.0 HTTP/1.1" 200 9295 "-" "Mozilla/5.0 (iPhone; CPU iPhone OS 6_0_1 like Mac OS X) AppleWebKit/536.26 (KHTML, like Gecko) Mobile/10A523"
76.6.153.108 - - [06/Jan/2013:07:45:22 -0800] "GET /GetStationPlayList.php?s=9&c=9&uid=37728&sid=14&endFeed=0&version=4.0.12455&mode=iPhoneApp&locale=en_US HTTP/1.1" 200 7623 "-" "Tales2Go/3.2.0 CFNetwork/609 Darwin/13.0.0"
177.43.176.194 - - [06/Jan/2013:07:45:23 -0800] "GET /PostUsage.php?uid=36359&sid=1&fid=1142&eid=1537&completed=4910&timezone=+0000&tlt=0&version=4.0.12455&mode=iPhoneApp&locale=en_US HTTP/1.1" 200 - "-" "Tales2Go/3.2.0 CFNetwork/609 Darwin/13.0.0"
177.43.176.194 - - [06/Jan/2013:07:45:26 -0800] "GET /FeedDisplay.php?archived&mode=iPhoneApp&fid=1142&episode_id=1536&nfid=0&uid=36359&version=3.2.0 HTTP/1.1" 200 9295 "-" "Mozilla/5.0 (iPhone; CPU iPhone OS 6_0_1 like Mac OS X) AppleWebKit/536.26 (KHTML, like Gecko) Mobile/10A523"
76.6.153.108 - - [06/Jan/2013:07:45:30 -0800] "GET /GetStationPlayList.php?s=18&c=9&uid=37728&sid=14&endFeed=0&version=4.0.12455&mode=iPhoneApp&locale=en_US HTTP/1.1" 200 8564 "-" "Tales2Go/3.2.0 CFNetwork/609 Darwin/13.0.0"
177.43.176.194 - - [06/Jan/2013:07:45:31 -0800] "GET /PostUsage.php?uid=36359&sid=1&fid=1142&eid=1536&completed=0&timezone=+0000&tlt=0&version=4.0.12455&mode=iPhoneApp&locale=en_US HTTP/1.1" 200 - "-" "Tales2Go/3.2.0 CFNetwork/609 Darwin/13.0.0"
177.43.176.194 - - [06/Jan/2013:07:45:31 -0800] "GET /FeedDisplay.php?archived&mode=iPhoneApp&fid=1142&episode_id=1535&nfid=0&uid=36359&version=3.2.0 HTTP/1.1" 200 9295 "-" "Mozilla/5.0 (iPhone; CPU iPhone OS 6_0_1 like Mac OS X) AppleWebKit/536.26 (KHTML, like Gecko) Mobile/10A523"
76.6.153.108 - - [06/Jan/2013:07:45:39 -0800] "GET /GetStationPlayList.php?s=27&c=9&uid=37728&sid=14&endFeed=0&version=4.0.12455&mode=iPhoneApp&locale=en_US HTTP/1.1" 200 6416 "-" "Tales2Go/3.2.0 CFNetwork/609 Darwin/13.0.0"
76.6.153.108 - - [06/Jan/2013:07:45:47 -0800] "GET /GetStationPlayList.php?s=36&c=9&uid=37728&sid=14&endFeed=0&version=4.0.12455&mode=iPhoneApp&locale=en_US HTTP/1.1" 200 8067 "-" "Tales2Go/3.2.0 CFNetwork/609 Darwin/13.0.0"
108.41.13.14 - - [06/Jan/2013:07:45:53 -0800] "GET /PostUsage.php?uid=7519&sid=103&fid=941&eid=1462&completed=2626062&timezone=+0000&tlt=123148&version=4.0.12455&mode=iPhoneApp&locale=en_US HTTP/1.1" 200 - "-" "Tales2Go/3.2.0 CFNetwork/609 Darwin/13.0.0"
76.6.153.108 - - [06/Jan/2013:07:45:56 -0800] "GET /GetStationPlayList.php?s=45&c=9&uid=37728&sid=14&endFeed=0&version=4.0.12455&mode=iPhoneApp&locale=en_US HTTP/1.1" 200 7710 "-" "Tales2Go/3.2.0 CFNetwork/609 Darwin/13.0.0"
76.6.153.108 - - [06/Jan/2013:07:46:12 -0800] "GET /Search.php?uid=37728&term=Dan%20firman&s=0&c=20&version=4.0.12455&mode=iPhoneApp&locale=en_US HTTP/1.1" 200 21207 "-" "Tales2Go/3.2.0 CFNetwork/609 Darwin/13.0.0"
76.6.153.108 - - [06/Jan/2013:07:46:26 -0800] "GET /Search.php?uid=37728&term=Dan%20firman&s=20&c=20&version=4.0.12455&mode=iPhoneApp&locale=en_US HTTP/1.1" 200 5618 "-" "Tales2Go/3.2.0 CFNetwork/609 Darwin/13.0.0"
24.66.42.52 - - [06/Jan/2013:07:46:33 -0800] "GET /PostUsage.php?uid=36484&sid=285&fid=1482&eid=5656&completed=4652201&timezone=+0000&tlt=114430&version=4.0.12455&mode=iPhoneApp&locale=en_CA HTTP/1.1" 200 - "-" "Tales2Go/3.2.0 CFNetwork/548.0.4 Darwin/11.0.0"
24.66.42.52 - - [06/Jan/2013:07:46:34 -0800] "GET /FeedDisplay.php?archived&mode=iPhoneApp&fid=1482&episode_id=5657&nfid=293&uid=36484&version=3.2.0 HTTP/1.1" 200 9300 "-" "Mozilla/5.0 (iPod; CPU iPhone OS 5_0_1 like Mac OS X) AppleWebKit/534.46 (KHTML, like Gecko) Mobile/9A405"
108.41.13.14 - - [06/Jan/2013:07:46:49 -0800] "GET /GetAd.php?sid=103&timeSinceLastAd=123148&previousFeedId=0&nextFeedId=940&newStation&tlt=123148&tlf=0&uid=7519&version=4.0.12455&mode=iPhoneApp&locale=en_US HTTP/1.1" 200 22 "-" "Tales2Go/3.2.0 CFNetwork/609 Darwin/13.0.0"
108.41.13.14 - - [06/Jan/2013:07:46:50 -0800] "GET /FeedDisplay.php?archived&mode=iPhoneApp&fid=940&episode_id=1301&nfid=939&uid=7519&version=3.2.0 HTTP/1.1" 200 8909 "-" "Mozilla/5.0 (iPod; CPU iPhone OS 6_0_1 like Mac OS X) AppleWebKit/536.26 (KHTML, like Gecko) Mobile/10A523"
76.6.153.108 - - [06/Jan/2013:07:46:52 -0800] "GET /Search.php?uid=37728&term=babe%20and%20me&s=0&c=20&version=4.0.12455&mode=iPhoneApp&locale=en_US HTTP/1.1" 200 835 "-" "Tales2Go/3.2.0 CFNetwork/609 Darwin/13.0.0"
108.41.13.14 - - [06/Jan/2013:07:46:56 -0800] "GET /GetAd.php?sid=103&timeSinceLastAd=123153&previousFeedId=940&nextFeedId=939&tlt=123153&tlf=1&uid=7519&version=4.0.12455&mode=iPhoneApp&locale=en_US HTTP/1.1" 200 22 "-" "Tales2Go/3.2.0 CFNetwork/609 Darwin/13.0.0"
76.6.153.108 - - [06/Jan/2013:07:47:00 -0800] "GET /GetStationPlayList.php?uid=37728&sid=favorites&version=4.0.12455&mode=iPhoneApp&locale=en_US HTTP/1.1" 200 878 "-" "Tales2Go/3.2.0 CFNetwork/609 Darwin/13.0.0"
76.6.153.108 - - [06/Jan/2013:07:47:01 -0800] "GET /GetBookmarkList.php?uid=37728&version=4.0.12455&mode=iPhoneApp&locale=en_US HTTP/1.1" 200 913 "-" "Tales2Go/3.2.0 CFNetwork/609 Darwin/13.0.0"
76.6.153.108 - - [06/Jan/2013:07:47:21 -0800] "GET /FeedDisplay.php?archived&mode=iPhoneApp&fid=882&episode_id=1129&nfid=2187&uid=37728&version=3.2.0 HTTP/1.1" 200 9053 "-" "Mozilla/5.0 (iPod; CPU iPhone OS 6_0 like Mac OS X) AppleWebKit/536.26 (KHTML, like Gecko) Mobile/10A403"
76.6.153.108 - - [06/Jan/2013:07:47:24 -0800] "GET /images/t2g_ratings_color_active.png HTTP/1.1" 200 985 "http://t2g.stitcher.com/FeedDisplay.php?archived&mode=iPhoneApp&fid=882&episode_id=1129&nfid=2187&uid=37728&version=3.2.0" "Mozilla/5.0 (iPod; CPU iPhone OS 6_0 like Mac OS X) AppleWebKit/536.26 (KHTML, like Gecko) Mobile/10A403"
24.66.42.52 - - [06/Jan/2013:07:47:30 -0800] "GET /GetAd.php?sid=285&timeSinceLastAd=119136&previousFeedId=1482&nextFeedId=293&tlt=119136&tlf=2&uid=36484&version=4.0.12455&mode=iPhoneApp&locale=en_CA HTTP/1.1" 200 22 "-" "Tales2Go/3.2.0 CFNetwork/548.0.4 Darwin/11.0.0"
76.6.153.108 - - [06/Jan/2013:07:47:33 -0800] "GET /GetAd.php?sid=14&timeSinceLastAd=14&previousFeedId=882&nextFeedId=2187&tlt=14&tlf=1&uid=37728&version=4.0.12455&mode=iPhoneApp&locale=en_US HTTP/1.1" 200 22 "-" "Tales2Go/3.2.0 CFNetwork/609 Darwin/13.0.0"
177.43.176.194 - - [06/Jan/2013:07:48:10 -0800] "GET /GetAd.php?sid=1&timeSinceLastAd=156&previousFeedId=1142&nextFeedId=0&tlt=156&tlf=1&uid=36359&version=4.0.12455&mode=iPhoneApp&locale=en_US HTTP/1.1" 200 22 "-" "Tales2Go/3.2.0 CFNetwork/609 Darwin/13.0.0"
208.58.72.95 - - [06/Jan/2013:07:48:15 -0800] "GET /AddBookmark.php?uid=20760&eid=3929&offset=3711&version=4.0.12455&mode=iPhoneApp&locale=en_US HTTP/1.1" 200 47 "-" "Tales2Go/3.2.0 CFNetwork/609 Darwin/13.0.0"
75.191.205.131 - - [06/Jan/2013:07:48:55 -0800] "GET /StartupChecks.php?startup&uid=31728&version=4.0.12455&mode=iPhoneApp&locale=en_US HTTP/1.1" 200 289 "-" "Tales2Go/3.2.0 CFNetwork/548.1.4 Darwin/11.0.0"
75.191.205.131 - - [06/Jan/2013:07:48:55 -0800] "GET /LoadUserFromID.php?markStartup&id=31728&udid=8C:58:77:4E:01:83&version=4.0.12455&mode=iPhoneApp&locale=en_US HTTP/1.1" 200 264 "-" "Tales2Go/3.2.0 CFNetwork/548.1.4 Darwin/11.0.0"
75.191.205.131 - - [06/Jan/2013:07:48:56 -0800] "GET /GetContentStationList.php?uid=31728&version=4.0.12455&mode=iPhoneApp&locale=en_US HTTP/1.1" 200 6486 "-" "Tales2Go/3.2.0 CFNetwork/548.1.4 Darwin/11.0.0"
75.191.205.131 - - [06/Jan/2013:07:48:56 -0800] "GET /GetStationListFC.php?uid=31728&version=4.0.12455&mode=iPhoneApp&locale=en_US HTTP/1.1" 200 16492 "-" "Tales2Go/3.2.0 CFNetwork/548.1.4 Darwin/11.0.0"
75.191.205.131 - - [06/Jan/2013:07:48:59 -0800] "GET /GetStationPlayList.php?s=0&c=9&uid=31728&sid=34&endFeed=20&version=4.0.12455&mode=iPhoneApp&locale=en_US HTTP/1.1" 200 26748 "-" "Tales2Go/3.2.0 CFNetwork/548.1.4 Darwin/11.0.0"
75.191.205.131 - - [06/Jan/2013:07:49:01 -0800] "GET /FeedDisplay.php?archived&mode=iPhoneApp&fid=20&episode_id=38&nfid=721&uid=31728&version=3.2.0 HTTP/1.1" 200 8597 "-" "Mozilla/5.0 (iPhone; CPU iPhone OS 5_1 like Mac OS X) AppleWebKit/534.46 (KHTML, like Gecko) Mobile/9B176"
75.191.205.131 - - [06/Jan/2013:07:49:10 -0800] "GET /GetBookmarkList.php?uid=31728&version=4.0.12455&mode=iPhoneApp&locale=en_US HTTP/1.1" 200 8274 "-" "Tales2Go/3.2.0 CFNetwork/548.1.4 Darwin/11.0.0"
208.58.72.95 - - [06/Jan/2013:07:49:23 -0800] "GET /PostUsage.php?uid=20760&sid=0&fid=2411&eid=3929&completed=3711880&timezone=+0000&tlt=0&version=4.0.12455&mode=iPhoneApp&locale=en_US HTTP/1.1" 200 - "-" "Tales2Go/3.2.0 CFNetwork/609 Darwin/13.0.0"
208.58.72.95 - - [06/Jan/2013:07:49:23 -0800] "GET /FeedDisplay.php?archived&mode=iPhoneApp&fid=2411&episode_id=3930&nfid=0&uid=20760&version=3.2.0 HTTP/1.1" 200 9917 "-" "Mozilla/5.0 (iPhone; CPU iPhone OS 6_0_1 like Mac OS X) AppleWebKit/536.26 (KHTML, like Gecko) Mobile/10A523"
208.58.72.95 - - [06/Jan/2013:07:49:25 -0800] "GET /images/multipart_arrow_left.gif HTTP/1.1" 200 273 "http://t2g.stitcher.com/FeedDisplay.php?archived&mode=iPhoneApp&fid=2411&episode_id=3930&nfid=0&uid=20760&version=3.2.0" "Mozilla/5.0 (iPhone; CPU iPhone OS 6_0_1 like Mac OS X) AppleWebKit/536.26 (KHTML, like Gecko) Mobile/10A523"
75.191.205.131 - - [06/Jan/2013:07:49:29 -0800] "GET /Search.php?uid=31728&term=clementine&s=0&c=20&version=4.0.12455&mode=iPhoneApp&locale=en_US HTTP/1.1" 200 2862 "-" "Tales2Go/3.2.0 CFNetwork/548.1.4 Darwin/11.0.0"
208.58.72.95 - - [06/Jan/2013:07:49:30 -0800] "GET /GetAd.php?sid=0&timeSinceLastAd=5142&previousFeedId=2411&nextFeedId=0&tlt=5142&tlf=2&uid=20760&version=4.0.12455&mode=iPhoneApp&locale=en_US HTTP/1.1" 200 22 "-" "Tales2Go/3.2.0 CFNetwork/609 Darwin/13.0.0"
75.191.205.131 - - [06/Jan/2013:07:49:34 -0800] "GET /PostUsage.php?uid=31728&sid=34&fid=20&eid=38&completed=5992&timezone=+0000&resume&tlt=0&version=4.0.12455&mode=iPhoneApp&locale=en_US HTTP/1.1" 200 - "-" "Tales2Go/3.2.0 CFNetwork/548.1.4 Darwin/11.0.0"
75.191.205.131 - - [06/Jan/2013:07:49:34 -0800] "GET /FeedDisplay.php?archived&mode=iPhoneApp&fid=718&episode_id=1004&nfid=0&uid=31728&version=3.2.0 HTTP/1.1" 200 9004 "-" "Mozilla/5.0 (iPhone; CPU iPhone OS 5_1 like Mac OS X) AppleWebKit/534.46 (KHTML, like Gecko) Mobile/9B176"
67.168.68.101 - - [06/Jan/2013:07:49:36 -0800] "GET /PostUsage.php?uid=36851&sid=14&fid=1544&eid=2999&completed=4597552&timezone=+0000&tlt=28343&version=4.0.12455&mode=iPhoneApp&locale=en_US HTTP/1.1" 200 - "-" "Tales2Go/3.2.0 CFNetwork/609 Darwin/13.0.0"
67.168.68.101 - - [06/Jan/2013:07:49:36 -0800] "GET /FeedDisplay.php?archived&mode=iPhoneApp&fid=1544&episode_id=3000&nfid=920&uid=36851&version=3.2.0 HTTP/1.1" 200 10214 "-" "Mozilla/5.0 (iPhone; CPU iPhone OS 6_0 like Mac OS X) AppleWebKit/536.26 (KHTML, like Gecko) Mobile/10A403"
75.191.205.131 - - [06/Jan/2013:07:49:36 -0800] "GET /images/multipart_arrow_right.gif HTTP/1.1" 200 267 "http://t2g.stitcher.com/FeedDisplay.php?archived&mode=iPhoneApp&fid=718&episode_id=1004&nfid=0&uid=31728&version=3.2.0" "Mozilla/5.0 (iPhone; CPU iPhone OS 5_1 like Mac OS X) AppleWebKit/534.46 (KHTML, like Gecko) Mobile/9B176"
75.191.205.131 - - [06/Jan/2013:07:49:36 -0800] "GET /images/multipart_arrow_left_disabled.gif HTTP/1.1" 200 275 "http://t2g.stitcher.com/FeedDisplay.php?archived&mode=iPhoneApp&fid=718&episode_id=1004&nfid=0&uid=31728&version=3.2.0" "Mozilla/5.0 (iPhone; CPU iPhone OS 5_1 like Mac OS X) AppleWebKit/534.46 (KHTML, like Gecko) Mobile/9B176"
75.191.205.131 - - [06/Jan/2013:07:49:47 -0800] "GET /GetAd.php?sid=0&timeSinceLastAd=10&previousFeedId=718&nextFeedId=0&tlt=10&tlf=1&uid=31728&version=4.0.12455&mode=iPhoneApp&locale=en_US HTTP/1.1" 200 22 "-" "Tales2Go/3.2.0 CFNetwork/548.1.4 Darwin/11.0.0"
67.168.68.101 - - [06/Jan/2013:07:49:50 -0800] "GET /GetAd.php?sid=14&timeSinceLastAd=32953&previousFeedId=1544&nextFeedId=920&tlt=32953&tlf=6&uid=36851&version=4.0.12455&mode=iPhoneApp&locale=en_US HTTP/1.1" 200 22 "-" "Tales2Go/3.2.0 CFNetwork/609 Darwin/13.0.0"
208.58.72.95 - - [06/Jan/2013:07:50:49 -0800] "GET /AddBookmark.php?uid=20760&eid=3930&offset=1926&version=4.0.12455&mode=iPhoneApp&locale=en_US HTTP/1.1" 200 47 "-" "Tales2Go/3.2.0 CFNetwork/609 Darwin/13.0.0"
71.138.186.156 - - [06/Jan/2013:07:50:57 -0800] "GET /GetAd.php?sid=62&timeSinceLastAd=3681&previousFeedId=47&nextFeedId=1893&tlt=3681&tlf=1&uid=15702&version=4.0.12455&mode=iPhoneApp&locale=en_US HTTP/1.1" 200 22 "-" "Tales2Go/3.2.0 CFNetwork/609 Darwin/13.0.0"
208.58.72.95 - - [06/Jan/2013:07:51:08 -0800] "GET /AddBookmark.php?uid=20760&eid=3930&offset=3&version=4.0.12455&mode=iPhoneApp&locale=en_US HTTP/1.1" 200 47 "-" "Tales2Go/3.2.0 CFNetwork/609 Darwin/13.0.0"
71.138.186.156 - - [06/Jan/2013:07:51:32 -0800] "GET /PostUsage.php?skipped&uid=15702&sid=62&fid=47&eid=60&completed=237915&timezone=+0000&tlt=3478&version=4.0.12455&mode=iPhoneApp&locale=en_US HTTP/1.1" 200 - "-" "Tales2Go/3.2.0 CFNetwork/609 Darwin/13.0.0"
71.138.186.156 - - [06/Jan/2013:07:51:32 -0800] "GET /GetAd.php?sid=62&timeSinceLastAd=3715&previousFeedId=47&nextFeedId=1893&tlt=3715&tlf=1&uid=15702&version=4.0.12455&mode=iPhoneApp&locale=en_US HTTP/1.1" 200 22 "-" "Tales2Go/3.2.0 CFNetwork/609 Darwin/13.0.0"
71.138.186.156 - - [06/Jan/2013:07:51:32 -0800] "GET /FeedDisplay.php?archived&mode=iPhoneApp&fid=1893&episode_id=3448&nfid=1353&uid=15702&version=3.2.0 HTTP/1.1" 200 8567 "-" "Mozilla/5.0 (iPhone; CPU iPhone OS 6_0 like Mac OS X) AppleWebKit/536.26 (KHTML, like Gecko) Mobile/10A403"
108.250.13.78 - - [06/Jan/2013:07:51:35 -0800] "GET /StartupChecks.php?startup&uid=37833&version=4.0.12455&mode=iPhoneApp&locale=en_US HTTP/1.1" 200 289 "-" "Tales2Go%20-%20Old%20Version/2.2.12455 CFNetwork/609 Darwin/13.0.0"
108.250.13.78 - - [06/Jan/2013:07:51:35 -0800] "GET /LoadUserFromID.php?markStartup&id=37833&udid=27041777e529b31a02f6cc1f161789dd30473ee1&version=4.0.12455&mode=iPhoneApp&locale=en_US HTTP/1.1" 200 256 "-" "Tales2Go%20-%20Old%20Version/2.2.12455 CFNetwork/609 Darwin/13.0.0"
108.250.13.78 - - [06/Jan/2013:07:51:51 -0800] "GET /Search.php?uid=37833&term=holy%20bible&s=0&c=20&version=4.0.12455&mode=iPhoneApp&locale=en_US HTTP/1.1" 200 10837 "-" "Tales2Go%20-%20Old%20Version/2.2.12455 CFNetwork/609 Darwin/13.0.0"
71.138.186.156 - - [06/Jan/2013:07:51:52 -0800] "GET /PostUsage.php?skipped&uid=15702&sid=62&fid=1893&eid=3448&completed=0&timezone=+0000&tlt=3715&version=4.0.12455&mode=iPhoneApp&locale=en_US HTTP/1.1" 200 - "-" "Tales2Go/3.2.0 CFNetwork/609 Darwin/13.0.0"
71.138.186.156 - - [06/Jan/2013:07:51:52 -0800] "GET /GetAd.php?sid=62&timeSinceLastAd=3715&previousFeedId=1893&nextFeedId=1353&tlt=3715&tlf=1&uid=15702&version=4.0.12455&mode=iPhoneApp&locale=en_US HTTP/1.1" 200 22 "-" "Tales2Go/3.2.0 CFNetwork/609 Darwin/13.0.0"
71.138.186.156 - - [06/Jan/2013:07:51:53 -0800] "GET /FeedDisplay.php?archived&mode=iPhoneApp&fid=1353&episode_id=2253&nfid=46&uid=15702&version=3.2.0 HTTP/1.1" 200 8621 "-" "Mozilla/5.0 (iPhone; CPU iPhone OS 6_0 like Mac OS X) AppleWebKit/536.26 (KHTML, like Gecko) Mobile/10A403"
108.250.13.78 - - [06/Jan/2013:07:52:01 -0800] "GET /FeedDisplay.php?archived&mode=iPhoneApp&fid=1037&episode_id=1422&nfid=0&uid=37833&version=2.2.12455 HTTP/1.1" 200 8469 "-" "Mozilla/5.0 (iPhone; CPU iPhone OS 6_0_1 like Mac OS X) AppleWebKit/536.26 (KHTML, like Gecko) Mobile/10A523"
71.138.186.156 - - [06/Jan/2013:07:52:03 -0800] "GET /GetAd.php?sid=62&timeSinceLastAd=3723&previousFeedId=1353&nextFeedId=46&tlt=3723&tlf=2&uid=15702&version=4.0.12455&mode=iPhoneApp&locale=en_US HTTP/1.1" 200 22 "-" "Tales2Go/3.2.0 CFNetwork/609 Darwin/13.0.0"
108.250.13.78 - - [06/Jan/2013:07:52:11 -0800] "GET /PostUsage.php?uid=37833&sid=0&fid=1037&eid=1422&completed=9488&timezone=+0000&tlt=0&version=4.0.12455&mode=iPhoneApp&locale=en_US HTTP/1.1" 200 - "-" "Tales2Go%20-%20Old%20Version/2.2.12455 CFNetwork/609 Darwin/13.0.0"
108.250.13.78 - - [06/Jan/2013:07:52:11 -0800] "GET /FeedDisplay.php?archived&mode=iPhoneApp&fid=1046&episode_id=1468&nfid=0&uid=37833&version=2.2.12455 HTTP/1.1" 200 8639 "-" "Mozilla/5.0 (iPhone; CPU iPhone OS 6_0_1 like Mac OS X) AppleWebKit/536.26 (KHTML, like Gecko) Mobile/10A523"
108.250.13.78 - - [06/Jan/2013:07:52:17 -0800] "GET /GetAd.php?sid=0&timeSinceLastAd=5&previousFeedId=1046&nextFeedId=0&tlt=5&tlf=1&uid=37833&version=4.0.12455&mode=iPhoneApp&locale=en_US HTTP/1.1" 200 22 "-" "Tales2Go%20-%20Old%20Version/2.2.12455 CFNetwork/609 Darwin/13.0.0"
98.248.101.179 - - [06/Jan/2013:07:54:12 -0800] "GET /StartupChecks.php?startup&uid=33432&version=4.0.12455&mode=iPhoneApp&locale=en_US HTTP/1.1" 200 289 "-" "Tales2Go/3.2.0 CFNetwork/548.1.4 Darwin/11.0.0"
98.248.101.179 - - [06/Jan/2013:07:54:12 -0800] "GET /LoadUserFromID.php?markStartup&id=33432&udid=40:D3:2D:DA:2A:95&version=4.0.12455&mode=iPhoneApp&locale=en_US HTTP/1.1" 200 263 "-" "Tales2Go/3.2.0 CFNetwork/548.1.4 Darwin/11.0.0"
98.248.101.179 - - [06/Jan/2013:07:54:13 -0800] "GET /GetContentStationList.php?uid=33432&version=4.0.12455&mode=iPhoneApp&locale=en_US HTTP/1.1" 200 6486 "-" "Tales2Go/3.2.0 CFNetwork/548.1.4 Darwin/11.0.0"
98.248.101.179 - - [06/Jan/2013:07:54:13 -0800] "GET /GetStationListFC.php?uid=33432&version=4.0.12455&mode=iPhoneApp&locale=en_US HTTP/1.1" 200 256 "-" "Tales2Go/3.2.0 CFNetwork/548.1.4 Darwin/11.0.0"
70.127.27.35 - - [06/Jan/2013:07:54:49 -0800] "GET /PostUsage.php?uid=1272&sid=366&fid=1429&eid=2415&completed=2855427&timezone=+0000&tlt=1302&version=4.0.12455&mode=iPhoneApp&locale=en_US HTTP/1.1" 200 - "-" "Tales2Go%20-%20Old%20Version/2.2.12455 CFNetwork/548.1.4 Darwin/11.0.0"
70.127.27.35 - - [06/Jan/2013:07:54:50 -0800] "GET /FeedDisplay.php?archived&mode=iPhoneApp&fid=1429&episode_id=2416&nfid=1473&uid=1272&version=2.2.12455 HTTP/1.1" 200 9081 "-" "Mozilla/5.0 (iPhone; CPU iPhone OS 5_1 like Mac OS X) AppleWebKit/534.46 (KHTML, like Gecko) Mobile/9B176"
70.127.27.35 - - [06/Jan/2013:07:54:56 -0800] "GET /GetAd.php?sid=366&timeSinceLastAd=4162&previousFeedId=1429&nextFeedId=1473&tlt=4162&tlf=2&uid=1272&version=4.0.12455&mode=iPhoneApp&locale=en_US HTTP/1.1" 200 22 "-" "Tales2Go%20-%20Old%20Version/2.2.12455 CFNetwork/548.1.4 Darwin/11.0.0"
108.250.13.78 - - [06/Jan/2013:07:55:02 -0800] "GET /PostUsage.php?skipped&uid=37833&sid=0&fid=1046&eid=1468&completed=719549&timezone=+0000&tlt=0&version=4.0.12455&mode=iPhoneApp&locale=en_US HTTP/1.1" 200 - "-" "Tales2Go%20-%20Old%20Version/2.2.12455 CFNetwork/609 Darwin/13.0.0"
108.250.13.78 - - [06/Jan/2013:07:55:04 -0800] "GET /FeedDisplay.php?archived&mode=iPhoneApp&fid=1029&episode_id=1414&nfid=0&uid=37833&version=2.2.12455 HTTP/1.1" 200 8446 "-" "Mozilla/5.0 (iPhone; CPU iPhone OS 6_0_1 like Mac OS X) AppleWebKit/536.26 (KHTML, like Gecko) Mobile/10A523"
108.250.13.78 - - [06/Jan/2013:07:55:07 -0800] "GET /GetAd.php?sid=0&timeSinceLastAd=2&previousFeedId=1029&nextFeedId=0&tlt=2&tlf=1&uid=37833&version=4.0.12455&mode=iPhoneApp&locale=en_US HTTP/1.1" 200 22 "-" "Tales2Go%20-%20Old%20Version/2.2.12455 CFNetwork/609 Darwin/13.0.0"
98.197.84.252 - - [06/Jan/2013:07:56:40 -0800] "GET /StartupChecks.php?startup&uid=35156&version=4.0.12455&mode=iPhoneApp&locale=en_US HTTP/1.1" 200 289 "-" "Tales2Go%20-%20Old%20Version/2.2.12455 CFNetwork/485.13.9 Darwin/11.0.0"
98.197.84.252 - - [06/Jan/2013:07:56:40 -0800] "GET /LoadUserFromID.php?markStartup&id=35156&udid=4ed81ba8b52480e808eed34b7b9077b88081148c&version=4.0.12455&mode=iPhoneApp&locale=en_US HTTP/1.1" 200 249 "-" "Tales2Go%20-%20Old%20Version/2.2.12455 CFNetwork/485.13.9 Darwin/11.0.0"
69.73.22.24 - - [06/Jan/2013:07:57:04 -0800] "GET /GetStationPlayList.php?uid=8482&sid=favorites&version=4.0.12455&mode=iPhoneApp&locale=en_US HTTP/1.1" 200 68983 "-" "Tales2Go/3.2.0 CFNetwork/485.12.7 Darwin/10.4.0"
98.197.84.252 - - [06/Jan/2013:07:57:06 -0800] "GET /GetBookmarkList.php?uid=35156&version=4.0.12455&mode=iPhoneApp&locale=en_US HTTP/1.1" 200 42472 "-" "Tales2Go%20-%20Old%20Version/2.2.12455 CFNetwork/485.13.9 Darwin/11.0.0"
98.197.84.252 - - [06/Jan/2013:07:57:21 -0800] "GET /GetStationPlayList.php?s=0&c=9&uid=35156&sid=198&endFeed=0&version=4.0.12455&mode=iPhoneApp&locale=en_US HTTP/1.1" 200 8012 "-" "Tales2Go%20-%20Old%20Version/2.2.12455 CFNetwork/485.13.9 Darwin/11.0.0"
98.197.84.252 - - [06/Jan/2013:07:57:25 -0800] "GET /FeedDisplay.php?archived&mode=iPhoneApp&fid=734&episode_id=969&nfid=1083&uid=35156&version=2.2.12455 HTTP/1.1" 200 8711 "-" "Mozilla/5.0 (iPhone; U; CPU iPhone OS 4_3_2 like Mac OS X; en-us) AppleWebKit/533.17.9 (KHTML, like Gecko) Mobile/8H7"
98.197.84.252 - - [06/Jan/2013:07:57:26 -0800] "GET /images/t2g_ratings_gray_active.png HTTP/1.1" 200 1196 "http://t2g.stitcher.com/FeedDisplay.php?archived&mode=iPhoneApp&fid=734&episode_id=969&nfid=1083&uid=35156&version=2.2.12455" "Mozilla/5.0 (iPhone; U; CPU iPhone OS 4_3_2 like Mac OS X; en-us) AppleWebKit/533.17.9 (KHTML, like Gecko) Mobile/8H7"
98.197.84.252 - - [06/Jan/2013:07:57:26 -0800] "GET /images/t2g_ratings_color_active.png HTTP/1.1" 200 985 "http://t2g.stitcher.com/FeedDisplay.php?archived&mode=iPhoneApp&fid=734&episode_id=969&nfid=1083&uid=35156&version=2.2.12455" "Mozilla/5.0 (iPhone; U; CPU iPhone OS 4_3_2 like Mac OS X; en-us) AppleWebKit/533.17.9 (KHTML, like Gecko) Mobile/8H7"
98.197.84.252 - - [06/Jan/2013:07:57:26 -0800] "GET /images/t2g_ratings_gray.png HTTP/1.1" 200 1215 "http://t2g.stitcher.com/FeedDisplay.php?archived&mode=iPhoneApp&fid=734&episode_id=969&nfid=1083&uid=35156&version=2.2.12455" "Mozilla/5.0 (iPhone; U; CPU iPhone OS 4_3_2 like Mac OS X; en-us) AppleWebKit/533.17.9 (KHTML, like Gecko) Mobile/8H7"
98.197.84.252 - - [06/Jan/2013:07:57:26 -0800] "GET /images/t2g_ratings_color.png HTTP/1.1" 200 997 "http://t2g.stitcher.com/FeedDisplay.php?archived&mode=iPhoneApp&fid=734&episode_id=969&nfid=1083&uid=35156&version=2.2.12455" "Mozilla/5.0 (iPhone; U; CPU iPhone OS 4_3_2 like Mac OS X; en-us) AppleWebKit/533.17.9 (KHTML, like Gecko) Mobile/8H7"
98.197.84.252 - - [06/Jan/2013:07:57:27 -0800] "GET /images/ajax-loader.gif HTTP/1.1" 200 1849 "http://t2g.stitcher.com/FeedDisplay.php?archived&mode=iPhoneApp&fid=734&episode_id=969&nfid=1083&uid=35156&version=2.2.12455" "Mozilla/5.0 (iPhone; U; CPU iPhone OS 4_3_2 like Mac OS X; en-us) AppleWebKit/533.17.9 (KHTML, like Gecko) Mobile/8H7"
98.197.84.252 - - [06/Jan/2013:07:57:27 -0800] "GET /GetAd.php?sid=198&timeSinceLastAd=1&previousFeedId=734&nextFeedId=1083&tlt=1&tlf=1&uid=35156&version=4.0.12455&mode=iPhoneApp&locale=en_US HTTP/1.1" 200 22 "-" "Tales2Go%20-%20Old%20Version/2.2.12455 CFNetwork/485.13.9 Darwin/11.0.0"
68.5.35.9 - - [06/Jan/2013:07:57:31 -0800] "GET /GetBookmarkList.php?uid=35162&version=4.0.12455&mode=iPhoneApp&locale=en_US HTTP/1.1" 200 6903 "-" "Tales2Go%20-%20Old%20Version/2.2.12455 CFNetwork/609 Darwin/13.0.0"
98.197.84.252 - - [06/Jan/2013:07:57:31 -0800] "GET /GetAd.php?sid=198&timeSinceLastAd=5&previousFeedId=734&nextFeedId=1083&newStation&tlt=5&tlf=0&uid=35156&version=4.0.12455&mode=iPhoneApp&locale=en_US HTTP/1.1" 200 22 "-" "Tales2Go%20-%20Old%20Version/2.2.12455 CFNetwork/485.13.9 Darwin/11.0.0"
98.197.84.252 - - [06/Jan/2013:07:57:31 -0800] "GET /PostUsage.php?uid=35156&sid=198&fid=734&eid=969&completed=5857&timezone=+0000&tlt=5&version=4.0.12455&mode=iPhoneApp&locale=en_US HTTP/1.1" 200 - "-" "Tales2Go%20-%20Old%20Version/2.2.12455 CFNetwork/485.13.9 Darwin/11.0.0"
98.197.84.252 - - [06/Jan/2013:07:57:32 -0800] "GET /FeedDisplay.php?archived&mode=iPhoneApp&fid=1083&episode_id=1543&nfid=1874&uid=35156&version=2.2.12455 HTTP/1.1" 200 8553 "-" "Mozilla/5.0 (iPhone; U; CPU iPhone OS 4_3_2 like Mac OS X; en-us) AppleWebKit/533.17.9 (KHTML, like Gecko) Mobile/8H7"
98.197.84.252 - - [06/Jan/2013:07:57:33 -0800] "GET /GetAd.php?sid=198&timeSinceLastAd=5&previousFeedId=1083&nextFeedId=1874&tlt=5&tlf=1&uid=35156&version=4.0.12455&mode=iPhoneApp&locale=en_US HTTP/1.1" 200 22 "-" "Tales2Go%20-%20Old%20Version/2.2.12455 CFNetwork/485.13.9 Darwin/11.0.0"
98.197.84.252 - - [06/Jan/2013:07:57:38 -0800] "GET /GetAd.php?sid=198&timeSinceLastAd=10&previousFeedId=1083&nextFeedId=1874&newStation&tlt=10&tlf=0&uid=35156&version=4.0.12455&mode=iPhoneApp&locale=en_US HTTP/1.1" 200 22 "-" "Tales2Go%20-%20Old%20Version/2.2.12455 CFNetwork/485.13.9 Darwin/11.0.0"
98.197.84.252 - - [06/Jan/2013:07:57:38 -0800] "GET /PostUsage.php?uid=35156&sid=198&fid=1083&eid=1543&completed=5312&timezone=+0000&tlt=10&version=4.0.12455&mode=iPhoneApp&locale=en_US HTTP/1.1" 200 - "-" "Tales2Go%20-%20Old%20Version/2.2.12455 CFNetwork/485.13.9 Darwin/11.0.0"
98.197.84.252 - - [06/Jan/2013:07:57:38 -0800] "GET /FeedDisplay.php?archived&mode=iPhoneApp&fid=1874&episode_id=3296&nfid=1876&uid=35156&version=2.2.12455 HTTP/1.1" 200 8853 "-" "Mozilla/5.0 (iPhone; U; CPU iPhone OS 4_3_2 like Mac OS X; en-us) AppleWebKit/533.17.9 (KHTML, like Gecko) Mobile/8H7"
68.5.35.9 - - [06/Jan/2013:07:57:39 -0800] "GET /PostUsage.php?uid=35162&sid=197&fid=959&eid=1435&completed=6748266&timezone=+0000&tlt=795&version=4.0.12455&mode=iPhoneApp&locale=en_US HTTP/1.1" 200 - "-" "Tales2Go%20-%20Old%20Version/2.2.12455 CFNetwork/609 Darwin/13.0.0"
68.5.35.9 - - [06/Jan/2013:07:57:39 -0800] "GET /FeedDisplay.php?archived&mode=iPhoneApp&fid=76&episode_id=1141&nfid=0&uid=35162&version=2.2.12455 HTTP/1.1" 200 9072 "-" "Mozilla/5.0 (iPhone; CPU iPhone OS 6_0_2 like Mac OS X) AppleWebKit/536.26 (KHTML, like Gecko) Mobile/10A551"
71.138.186.156 - - [06/Jan/2013:07:57:39 -0800] "GET /GetAd.php?sid=62&timeSinceLastAd=4047&previousFeedId=1353&nextFeedId=46&tlt=4047&tlf=2&uid=15702&version=4.0.12455&mode=iPhoneApp&locale=en_US HTTP/1.1" 200 22 "-" "Tales2Go/3.2.0 CFNetwork/609 Darwin/13.0.0"
71.138.186.156 - - [06/Jan/2013:07:57:39 -0800] "GET /PostUsage.php?uid=15702&sid=62&fid=1353&eid=2253&completed=332364&timezone=+0000&tlt=4047&version=4.0.12455&mode=iPhoneApp&locale=en_US HTTP/1.1" 200 - "-" "Tales2Go/3.2.0 CFNetwork/609 Darwin/13.0.0"
71.138.186.156 - - [06/Jan/2013:07:57:39 -0800] "GET /FeedDisplay.php?archived&mode=iPhoneApp&fid=46&episode_id=59&nfid=1352&uid=15702&version=3.2.0 HTTP/1.1" 200 8421 "-" "Mozilla/5.0 (iPhone; CPU iPhone OS 6_0 like Mac OS X) AppleWebKit/536.26 (KHTML, like Gecko) Mobile/10A403"
98.197.84.252 - - [06/Jan/2013:07:57:42 -0800] "GET /GetAd.php?sid=198&timeSinceLastAd=13&previousFeedId=1874&nextFeedId=1876&tlt=13&tlf=1&uid=35156&version=4.0.12455&mode=iPhoneApp&locale=en_US HTTP/1.1" 200 22 "-" "Tales2Go%20-%20Old%20Version/2.2.12455 CFNetwork/485.13.9 Darwin/11.0.0"
98.197.84.252 - - [06/Jan/2013:07:57:42 -0800] "GET /GetAd.php?sid=198&timeSinceLastAd=13&previousFeedId=1874&nextFeedId=1876&newStation&tlt=13&tlf=0&uid=35156&version=4.0.12455&mode=iPhoneApp&locale=en_US HTTP/1.1" 200 22 "-" "Tales2Go%20-%20Old%20Version/2.2.12455 CFNetwork/485.13.9 Darwin/11.0.0"
98.197.84.252 - - [06/Jan/2013:07:57:43 -0800] "GET /PostUsage.php?uid=35156&sid=198&fid=1874&eid=3296&completed=4016&timezone=+0000&tlt=13&version=4.0.12455&mode=iPhoneApp&locale=en_US HTTP/1.1" 200 - "-" "Tales2Go%20-%20Old%20Version/2.2.12455 CFNetwork/485.13.9 Darwin/11.0.0"
98.197.84.252 - - [06/Jan/2013:07:57:43 -0800] "GET /FeedDisplay.php?archived&mode=iPhoneApp&fid=1876&episode_id=3298&nfid=1784&uid=35156&version=2.2.12455 HTTP/1.1" 200 9200 "-" "Mozilla/5.0 (iPhone; U; CPU iPhone OS 4_3_2 like Mac OS X; en-us) AppleWebKit/533.17.9 (KHTML, like Gecko) Mobile/8H7"
98.197.84.252 - - [06/Jan/2013:07:57:45 -0800] "GET /GetAd.php?sid=198&timeSinceLastAd=15&previousFeedId=1876&nextFeedId=1784&tlt=15&tlf=1&uid=35156&version=4.0.12455&mode=iPhoneApp&locale=en_US HTTP/1.1" 200 22 "-" "Tales2Go%20-%20Old%20Version/2.2.12455 CFNetwork/485.13.9 Darwin/11.0.0"
98.197.84.252 - - [06/Jan/2013:07:57:47 -0800] "GET /GetAd.php?sid=198&timeSinceLastAd=17&previousFeedId=1876&nextFeedId=887&newStation&tlt=17&tlf=0&uid=35156&version=4.0.12455&mode=iPhoneApp&locale=en_US HTTP/1.1" 200 22 "-" "Tales2Go%20-%20Old%20Version/2.2.12455 CFNetwork/485.13.9 Darwin/11.0.0"
98.197.84.252 - - [06/Jan/2013:07:57:48 -0800] "GET /PostUsage.php?uid=35156&sid=198&fid=1876&eid=3298&completed=4647&timezone=+0000&tlt=17&version=4.0.12455&mode=iPhoneApp&locale=en_US HTTP/1.1" 200 - "-" "Tales2Go%20-%20Old%20Version/2.2.12455 CFNetwork/485.13.9 Darwin/11.0.0"
98.197.84.252 - - [06/Jan/2013:07:57:48 -0800] "GET /FeedDisplay.php?archived&mode=iPhoneApp&fid=887&episode_id=1137&nfid=634&uid=35156&version=2.2.12455 HTTP/1.1" 200 8650 "-" "Mozilla/5.0 (iPhone; U; CPU iPhone OS 4_3_2 like Mac OS X; en-us) AppleWebKit/533.17.9 (KHTML, like Gecko) Mobile/8H7"
98.197.84.252 - - [06/Jan/2013:07:57:50 -0800] "GET /GetAd.php?sid=198&timeSinceLastAd=18&previousFeedId=887&nextFeedId=634&tlt=18&tlf=1&uid=35156&version=4.0.12455&mode=iPhoneApp&locale=en_US HTTP/1.1" 200 22 "-" "Tales2Go%20-%20Old%20Version/2.2.12455 CFNetwork/485.13.9 Darwin/11.0.0"
71.138.186.156 - - [06/Jan/2013:07:57:51 -0800] "GET /GetAd.php?sid=62&timeSinceLastAd=4057&previousFeedId=46&nextFeedId=1352&tlt=4057&tlf=3&uid=15702&version=4.0.12455&mode=iPhoneApp&locale=en_US HTTP/1.1" 200 22 "-" "Tales2Go/3.2.0 CFNetwork/609 Darwin/13.0.0"
98.197.84.252 - - [06/Jan/2013:07:57:52 -0800] "GET /GetAd.php?sid=198&timeSinceLastAd=21&previousFeedId=887&nextFeedId=1784&newStation&tlt=21&tlf=0&uid=35156&version=4.0.12455&mode=iPhoneApp&locale=en_US HTTP/1.1" 200 22 "-" "Tales2Go%20-%20Old%20Version/2.2.12455 CFNetwork/485.13.9 Darwin/11.0.0"
98.197.84.252 - - [06/Jan/2013:07:57:53 -0800] "GET /PostUsage.php?uid=35156&sid=198&fid=887&eid=1137&completed=4421&timezone=+0000&tlt=21&version=4.0.12455&mode=iPhoneApp&locale=en_US HTTP/1.1" 200 - "-" "Tales2Go%20-%20Old%20Version/2.2.12455 CFNetwork/485.13.9 Darwin/11.0.0"
98.197.84.252 - - [06/Jan/2013:07:57:53 -0800] "GET /FeedDisplay.php?archived&mode=iPhoneApp&fid=1784&episode_id=3294&nfid=1082&uid=35156&version=2.2.12455 HTTP/1.1" 200 8975 "-" "Mozilla/5.0 (iPhone; U; CPU iPhone OS 4_3_2 like Mac OS X; en-us) AppleWebKit/533.17.9 (KHTML, like Gecko) Mobile/8H7"
98.197.84.252 - - [06/Jan/2013:07:57:56 -0800] "GET /GetAd.php?sid=198&timeSinceLastAd=23&previousFeedId=1784&nextFeedId=1082&tlt=23&tlf=1&uid=35156&version=4.0.12455&mode=iPhoneApp&locale=en_US HTTP/1.1" 200 22 "-" "Tales2Go%20-%20Old%20Version/2.2.12455 CFNetwork/485.13.9 Darwin/11.0.0"
98.197.84.252 - - [06/Jan/2013:07:57:57 -0800] "GET /GetAd.php?sid=198&timeSinceLastAd=24&previousFeedId=1784&nextFeedId=1082&newStation&tlt=24&tlf=0&uid=35156&version=4.0.12455&mode=iPhoneApp&locale=en_US HTTP/1.1" 200 22 "-" "Tales2Go%20-%20Old%20Version/2.2.12455 CFNetwork/485.13.9 Darwin/11.0.0"
98.197.84.252 - - [06/Jan/2013:07:57:57 -0800] "GET /PostUsage.php?uid=35156&sid=198&fid=1784&eid=3294&completed=3889&timezone=+0000&tlt=24&version=4.0.12455&mode=iPhoneApp&locale=en_US HTTP/1.1" 200 - "-" "Tales2Go%20-%20Old%20Version/2.2.12455 CFNetwork/485.13.9 Darwin/11.0.0"
98.197.84.252 - - [06/Jan/2013:07:57:57 -0800] "GET /FeedDisplay.php?archived&mode=iPhoneApp&fid=1082&episode_id=1542&nfid=887&uid=35156&version=2.2.12455 HTTP/1.1" 200 8604 "-" "Mozilla/5.0 (iPhone; U; CPU iPhone OS 4_3_2 like Mac OS X; en-us) AppleWebKit/533.17.9 (KHTML, like Gecko) Mobile/8H7"
98.197.84.252 - - [06/Jan/2013:07:58:01 -0800] "GET /GetAd.php?sid=198&timeSinceLastAd=27&previousFeedId=1082&nextFeedId=1876&newStation&tlt=27&tlf=0&uid=35156&version=4.0.12455&mode=iPhoneApp&locale=en_US HTTP/1.1" 200 22 "-" "Tales2Go%20-%20Old%20Version/2.2.12455 CFNetwork/485.13.9 Darwin/11.0.0"
98.197.84.252 - - [06/Jan/2013:07:58:01 -0800] "GET /PostUsage.php?uid=35156&sid=198&fid=1082&eid=1542&completed=3567&timezone=+0000&tlt=27&version=4.0.12455&mode=iPhoneApp&locale=en_US HTTP/1.1" 200 - "-" "Tales2Go%20-%20Old%20Version/2.2.12455 CFNetwork/485.13.9 Darwin/11.0.0"
98.197.84.252 - - [06/Jan/2013:07:58:01 -0800] "GET /FeedDisplay.php?archived&mode=iPhoneApp&fid=1876&episode_id=3298&nfid=1784&uid=35156&version=2.2.12455 HTTP/1.1" 200 9200 "-" "Mozilla/5.0 (iPhone; U; CPU iPhone OS 4_3_2 like Mac OS X; en-us) AppleWebKit/533.17.9 (KHTML, like Gecko) Mobile/8H7"
98.197.84.252 - - [06/Jan/2013:07:58:05 -0800] "GET /GetAd.php?sid=198&timeSinceLastAd=29&previousFeedId=1876&nextFeedId=1784&tlt=29&tlf=1&uid=35156&version=4.0.12455&mode=iPhoneApp&locale=en_US HTTP/1.1" 200 22 "-" "Tales2Go%20-%20Old%20Version/2.2.12455 CFNetwork/485.13.9 Darwin/11.0.0"
98.197.84.252 - - [06/Jan/2013:07:58:05 -0800] "GET /GetAd.php?sid=198&timeSinceLastAd=30&previousFeedId=1876&nextFeedId=634&newStation&tlt=30&tlf=0&uid=35156&version=4.0.12455&mode=iPhoneApp&locale=en_US HTTP/1.1" 200 22 "-" "Tales2Go%20-%20Old%20Version/2.2.12455 CFNetwork/485.13.9 Darwin/11.0.0"
98.197.84.252 - - [06/Jan/2013:07:58:06 -0800] "GET /PostUsage.php?uid=35156&sid=198&fid=1876&eid=3298&completed=3632&timezone=+0000&tlt=30&version=4.0.12455&mode=iPhoneApp&locale=en_US HTTP/1.1" 200 - "-" "Tales2Go%20-%20Old%20Version/2.2.12455 CFNetwork/485.13.9 Darwin/11.0.0"
98.197.84.252 - - [06/Jan/2013:07:58:06 -0800] "GET /FeedDisplay.php?archived&mode=iPhoneApp&fid=634&episode_id=1341&nfid=1087&uid=35156&version=2.2.12455 HTTP/1.1" 200 8750 "-" "Mozilla/5.0 (iPhone; U; CPU iPhone OS 4_3_2 like Mac OS X; en-us) AppleWebKit/533.17.9 (KHTML, like Gecko) Mobile/8H7"
98.197.84.252 - - [06/Jan/2013:07:58:08 -0800] "GET /GetAd.php?sid=198&timeSinceLastAd=32&previousFeedId=634&nextFeedId=1087&tlt=32&tlf=1&uid=35156&version=4.0.12455&mode=iPhoneApp&locale=en_US HTTP/1.1" 200 22 "-" "Tales2Go%20-%20Old%20Version/2.2.12455 CFNetwork/485.13.9 Darwin/11.0.0"
108.250.13.78 - - [06/Jan/2013:07:58:32 -0800] "GET /PostUsage.php?uid=37833&sid=0&fid=1029&eid=1414&completed=376000&timezone=+0000&tlt=0&version=4.0.12455&mode=iPhoneApp&locale=en_US HTTP/1.1" 200 - "-" "Tales2Go%20-%20Old%20Version/2.2.12455 CFNetwork/609 Darwin/13.0.0"
69.73.22.24 - - [06/Jan/2013:07:58:44 -0800] "GET /FeedDisplay.php?archived&mode=iPhoneApp&fid=1551&episode_id=2975&nfid=0&uid=8482&version=3.2.0 HTTP/1.1" 200 9030 "-" "Mozilla/5.0 (iPod; U; CPU iPhone OS 4_2_1 like Mac OS X; en-us) AppleWebKit/533.17.9 (KHTML, like Gecko) Mobile/8C148"
68.5.35.9 - - [06/Jan/2013:07:58:45 -0800] "GET /PostUsage.php?uid=35162&sid=200&fid=76&eid=1141&completed=92739&timezone=+0000&tlt=795&version=4.0.12455&mode=iPhoneApp&locale=en_US HTTP/1.1" 200 - "-" "Tales2Go%20-%20Old%20Version/2.2.12455 CFNetwork/609 Darwin/13.0.0"
