166.137.209.163 - - [06/Jan/2013:17:16:41 -0800] "GET /GetAd.php?sid=37&timeSinceLastAd=799&previousFeedId=151&nextFeedId=678&tlt=799&tlf=1&uid=24676&version=4.0.12455&mode=iPhoneApp&locale=en_IE HTTP/1.1" 200 22 "-" "Tales2Go/3.0.1 CFNetwork/548.0.4 Darwin/11.0.0"
166.137.209.163 - - [06/Jan/2013:17:16:41 -0800] "GET /PostUsage.php?uid=24676&sid=37&fid=151&eid=167&completed=799877&timezone=a.m.&tlt=799&version=4.0.12455&mode=iPhoneApp&locale=en_IE HTTP/1.1" 200 - "-" "Tales2Go/3.0.1 CFNetwork/548.0.4 Darwin/11.0.0"
166.137.209.163 - - [06/Jan/2013:17:16:41 -0800] "GET /FeedDisplay.php?archived&mode=iPhoneApp&fid=678&episode_id=912&nfid=312&uid=24676&version=3.0.1 HTTP/1.1" 200 8752 "-" "Mozilla/5.0 (iPhone; CPU iPhone OS 5_0_1 like Mac OS X) AppleWebKit/534.46 (KHTML, like Gecko) Mobile/9A406"
166.137.209.163 - - [06/Jan/2013:17:16:49 -0800] "GET /GetAd.php?sid=37&timeSinceLastAd=805&previousFeedId=678&nextFeedId=312&tlt=805&tlf=2&uid=24676&version=4.0.12455&mode=iPhoneApp&locale=en_IE HTTP/1.1" 200 22 "-" "Tales2Go/3.0.1 CFNetwork/548.0.4 Darwin/11.0.0"
74.127.122.140 - - [06/Jan/2013:17:17:24 -0800] "GET /GetAd.php?sid=1&timeSinceLastAd=6739&previousFeedId=1540&nextFeedId=241&tlt=6739&tlf=1&uid=18411&version=4.0.12455&mode=iPhoneApp&locale=en_US HTTP/1.1" 200 22 "-" "Tales2Go/3.2.0 CFNetwork/609 Darwin/13.0.0"
174.252.52.126 - - [06/Jan/2013:17:18:01 -0800] "GET /StartupChecks.php?startup&uid=37047&version=4.0.12455&mode=iPhoneApp&locale=en_US HTTP/1.1" 200 289 "-" "Tales2Go/3.2.0 CFNetwork/548.1.4 Darwin/11.0.0"
174.252.52.126 - - [06/Jan/2013:17:18:01 -0800] "GET /LoadUserFromID.php?markStartup&id=37047&udid=8C:58:77:6F:E7:7E&version=4.0.12455&mode=iPhoneApp&locale=en_US HTTP/1.1" 200 263 "-" "Tales2Go/3.2.0 CFNetwork/548.1.4 Darwin/11.0.0"
98.31.21.39 - - [06/Jan/2013:17:18:03 -0800] "GET /PostUsage.php?uid=18493&sid=0&fid=1562&eid=2894&completed=2723448&timezone=+0000&tlt=0&version=4.0.12455&mode=iPhoneApp&locale=en_US HTTP/1.1" 200 - "-" "Tales2Go/3.2.0 CFNetwork/609 Darwin/13.0.0"
174.252.52.126 - - [06/Jan/2013:17:18:03 -0800] "GET /GetContentStationList.php?uid=37047&version=4.0.12455&mode=iPhoneApp&locale=en_US HTTP/1.1" 200 6486 "-" "Tales2Go/3.2.0 CFNetwork/548.1.4 Darwin/11.0.0"
174.252.52.126 - - [06/Jan/2013:17:18:03 -0800] "GET /GetStationListFC.php?uid=37047&version=4.0.12455&mode=iPhoneApp&locale=en_US HTTP/1.1" 200 16492 "-" "Tales2Go/3.2.0 CFNetwork/548.1.4 Darwin/11.0.0"
174.252.52.126 - - [06/Jan/2013:17:18:25 -0800] "GET /GetStationPlayList.php?uid=37047&sid=favorites&version=4.0.12455&mode=iPhoneApp&locale=en_US HTTP/1.1" 200 141 "-" "Tales2Go/3.2.0 CFNetwork/548.1.4 Darwin/11.0.0"
174.252.52.126 - - [06/Jan/2013:17:18:44 -0800] "GET /Search.php?uid=37047&term=lemony%20snickets&s=0&c=20&version=4.0.12455&mode=iPhoneApp&locale=en_US HTTP/1.1" 200 84 "-" "Tales2Go/3.2.0 CFNetwork/548.1.4 Darwin/11.0.0"
174.252.52.126 - - [06/Jan/2013:17:19:24 -0800] "GET /GetBookmarkList.php?uid=37047&version=4.0.12455&mode=iPhoneApp&locale=en_US HTTP/1.1" 200 55 "-" "Tales2Go/3.2.0 CFNetwork/548.1.4 Darwin/11.0.0"
174.252.52.126 - - [06/Jan/2013:17:19:29 -0800] "GET /GetStationPlayList.php?s=0&c=9&uid=37047&sid=34&endFeed=0&version=4.0.12455&mode=iPhoneApp&locale=en_US HTTP/1.1" 200 8391 "-" "Tales2Go/3.2.0 CFNetwork/548.1.4 Darwin/11.0.0"
174.252.52.126 - - [06/Jan/2013:17:19:35 -0800] "GET /GetStationPlayList.php?s=0&c=9&uid=37047&sid=35&endFeed=0&version=4.0.12455&mode=iPhoneApp&locale=en_US HTTP/1.1" 200 10498 "-" "Tales2Go/3.2.0 CFNetwork/548.1.4 Darwin/11.0.0"
69.140.155.104 - - [06/Jan/2013:17:19:55 -0800] "GET /AddBookmark.php?uid=5627&eid=2970&offset=1667&version=4.0.12455&mode=iPhoneApp&locale=en_US HTTP/1.1" 200 47 "-" "Tales2Go/3.2.0 CFNetwork/609 Darwin/13.0.0"
174.252.52.126 - - [06/Jan/2013:17:20:03 -0800] "GET /Search.php?uid=37047&term=Greek%20myths&s=0&c=20&version=4.0.12455&mode=iPhoneApp&locale=en_US HTTP/1.1" 200 14796 "-" "Tales2Go/3.2.0 CFNetwork/548.1.4 Darwin/11.0.0"
174.252.52.126 - - [06/Jan/2013:17:20:22 -0800] "GET /FeedDisplay.php?archived&mode=iPhoneApp&fid=20&episode_id=38&nfid=0&uid=37047&version=3.2.0 HTTP/1.1" 200 8597 "-" "Mozilla/5.0 (iPhone; CPU iPhone OS 5_1_1 like Mac OS X) AppleWebKit/534.46 (KHTML, like Gecko) Mobile/9B206"
174.252.52.126 - - [06/Jan/2013:17:20:25 -0800] "GET /images/t2g_ratings_gray_active.png HTTP/1.1" 200 1196 "http://t2g.stitcher.com/FeedDisplay.php?archived&mode=iPhoneApp&fid=20&episode_id=38&nfid=0&uid=37047&version=3.2.0" "Mozilla/5.0 (iPhone; CPU iPhone OS 5_1_1 like Mac OS X) AppleWebKit/534.46 (KHTML, like Gecko) Mobile/9B206"
174.252.52.126 - - [06/Jan/2013:17:20:27 -0800] "GET /GetAd.php?sid=0&timeSinceLastAd=5&previousFeedId=20&nextFeedId=0&tlt=5&tlf=1&uid=37047&version=4.0.12455&mode=iPhoneApp&locale=en_US HTTP/1.1" 200 22 "-" "Tales2Go/3.2.0 CFNetwork/548.1.4 Darwin/11.0.0"
69.255.192.241 - - [06/Jan/2013:17:22:20 -0800] "GET /FeedRate.php?uid=168&fid=1539&rating=5 HTTP/1.1" 200 29 "http://t2g.stitcher.com/FeedDisplay.php?archived&mode=iPhoneApp&fid=1539&episode_id=3156&nfid=0&uid=168&version=3.2.0" "Mozilla/5.0 (iPhone; CPU iPhone OS 6_0_1 like Mac OS X) AppleWebKit/536.26 (KHTML, like Gecko) Mobile/10A523"
166.137.209.176 - - [06/Jan/2013:17:23:06 -0800] "GET /GetAd.php?sid=37&timeSinceLastAd=799&previousFeedId=678&nextFeedId=312&tlt=799&tlf=2&uid=24676&version=4.0.12455&mode=iPhoneApp&locale=en_IE HTTP/1.1" 200 22 "-" "Tales2Go/3.0.1 CFNetwork/548.0.4 Darwin/11.0.0"
166.137.209.176 - - [06/Jan/2013:17:23:07 -0800] "GET /PostUsage.php?uid=24676&sid=37&fid=678&eid=912&completed=33&timezone=a.m.&tlt=799&version=4.0.12455&mode=iPhoneApp&locale=en_IE HTTP/1.1" 200 - "-" "Tales2Go/3.0.1 CFNetwork/548.0.4 Darwin/11.0.0"
166.137.209.176 - - [06/Jan/2013:17:23:07 -0800] "GET /FeedDisplay.php?archived&mode=iPhoneApp&fid=312&episode_id=433&nfid=866&uid=24676&version=3.0.1 HTTP/1.1" 200 8539 "-" "Mozilla/5.0 (iPhone; CPU iPhone OS 5_0_1 like Mac OS X) AppleWebKit/534.46 (KHTML, like Gecko) Mobile/9A406"
98.25.236.123 - - [06/Jan/2013:17:23:18 -0800] "GET /PostUsage.php?uid=29910&sid=0&fid=36&eid=52&completed=1134314&timezone=+0000&tlt=22203&version=4.0.12455&mode=iPhoneApp&locale=en_US HTTP/1.1" 200 - "-" "Tales2Go/3.2.0 CFNetwork/548.1.4 Darwin/11.0.0"
166.137.209.176 - - [06/Jan/2013:17:23:19 -0800] "GET /GetAd.php?sid=37&timeSinceLastAd=809&previousFeedId=312&nextFeedId=866&tlt=809&tlf=3&uid=24676&version=4.0.12455&mode=iPhoneApp&locale=en_IE HTTP/1.1" 200 22 "-" "Tales2Go/3.0.1 CFNetwork/548.0.4 Darwin/11.0.0"
174.252.52.126 - - [06/Jan/2013:17:24:06 -0800] "GET /FeedDisplay.php?archived&mode=iPhoneApp&fid=20&episode_id=38&nfid=0&uid=37047&version=3.2.0 HTTP/1.1" 200 8597 "-" "Mozilla/5.0 (iPhone; CPU iPhone OS 5_1_1 like Mac OS X) AppleWebKit/534.46 (KHTML, like Gecko) Mobile/9B206"
174.252.52.126 - - [06/Jan/2013:17:24:14 -0800] "GET /PostUsage.php?uid=37047&sid=0&fid=20&eid=38&completed=7283&timezone=+0000&tlt=0&version=4.0.12455&mode=iPhoneApp&locale=en_US HTTP/1.1" 200 - "-" "Tales2Go/3.2.0 CFNetwork/548.1.4 Darwin/11.0.0"
174.252.52.126 - - [06/Jan/2013:17:24:15 -0800] "GET /FeedDisplay.php?archived&mode=iPhoneApp&fid=19&episode_id=37&nfid=0&uid=37047&version=3.2.0 HTTP/1.1" 200 8647 "-" "Mozilla/5.0 (iPhone; CPU iPhone OS 5_1_1 like Mac OS X) AppleWebKit/534.46 (KHTML, like Gecko) Mobile/9B206"
174.252.52.126 - - [06/Jan/2013:17:24:30 -0800] "GET /GetAd.php?sid=0&timeSinceLastAd=14&previousFeedId=19&nextFeedId=0&tlt=14&tlf=1&uid=37047&version=4.0.12455&mode=iPhoneApp&locale=en_US HTTP/1.1" 200 22 "-" "Tales2Go/3.2.0 CFNetwork/548.1.4 Darwin/11.0.0"
98.25.236.123 - - [06/Jan/2013:17:25:00 -0800] "GET /StartupChecks.php?startup&uid=29910&version=4.0.12455&mode=iPhoneApp&locale=en_US HTTP/1.1" 200 289 "-" "Tales2Go/3.2.0 CFNetwork/609 Darwin/13.0.0"
98.25.236.123 - - [06/Jan/2013:17:25:01 -0800] "GET /LoadUserFromID.php?markStartup&id=29910&udid=64:20:0C:7A:F7:15&version=4.0.12455&mode=iPhoneApp&locale=en_US HTTP/1.1" 200 253 "-" "Tales2Go/3.2.0 CFNetwork/609 Darwin/13.0.0"
98.25.236.123 - - [06/Jan/2013:17:25:02 -0800] "GET /GetContentStationList.php?uid=29910&version=4.0.12455&mode=iPhoneApp&locale=en_US HTTP/1.1" 200 6486 "-" "Tales2Go/3.2.0 CFNetwork/609 Darwin/13.0.0"
98.25.236.123 - - [06/Jan/2013:17:25:02 -0800] "GET /GetStationListFC.php?uid=29910&version=4.0.12455&mode=iPhoneApp&locale=en_US HTTP/1.1" 200 16492 "-" "Tales2Go/3.2.0 CFNetwork/609 Darwin/13.0.0"
98.25.236.123 - - [06/Jan/2013:17:25:03 -0800] "GET /GetStationPlayList.php?s=0&c=9&uid=29910&sid=35&endFeed=925&version=4.0.12455&mode=iPhoneApp&locale=en_US HTTP/1.1" 200 10658 "-" "Tales2Go/3.2.0 CFNetwork/609 Darwin/13.0.0"
98.25.236.123 - - [06/Jan/2013:17:25:05 -0800] "GET /FeedDisplay.php?archived&mode=iPhoneApp&fid=925&episode_id=1225&nfid=1141&uid=29910&version=3.2.0 HTTP/1.1" 200 9150 "-" "Mozilla/5.0 (iPhone; CPU iPhone OS 6_0_1 like Mac OS X) AppleWebKit/536.26 (KHTML, like Gecko) Mobile/10A523"
98.25.236.123 - - [06/Jan/2013:17:25:07 -0800] "GET /GetAd.php?sid=35&timeSinceLastAd=2669&previousFeedId=925&nextFeedId=1141&tlt=2669&tlf=1&uid=29910&version=4.0.12455&mode=iPhoneApp&locale=en_US HTTP/1.1" 200 22 "-" "Tales2Go/3.2.0 CFNetwork/609 Darwin/13.0.0"
72.66.102.17 - - [06/Jan/2013:17:25:35 -0800] "GET /StartupChecks.php?startup&uid=20652&version=4.0.12455&mode=iPhoneApp&locale=en_US HTTP/1.1" 200 289 "-" "Tales2Go/3.2.0 CFNetwork/609 Darwin/13.0.0"
72.66.102.17 - - [06/Jan/2013:17:25:36 -0800] "GET /LoadUserFromID.php?markStartup&id=20652&udid=F8:1E:DF:28:59:5F&version=4.0.12455&mode=iPhoneApp&locale=en_US HTTP/1.1" 200 263 "-" "Tales2Go/3.2.0 CFNetwork/609 Darwin/13.0.0"
72.66.102.17 - - [06/Jan/2013:17:25:37 -0800] "GET /GetContentStationList.php?uid=20652&version=4.0.12455&mode=iPhoneApp&locale=en_US HTTP/1.1" 200 6486 "-" "Tales2Go/3.2.0 CFNetwork/609 Darwin/13.0.0"
72.66.102.17 - - [06/Jan/2013:17:25:37 -0800] "GET /GetStationListFC.php?uid=20652&version=4.0.12455&mode=iPhoneApp&locale=en_US HTTP/1.1" 200 256 "-" "Tales2Go/3.2.0 CFNetwork/609 Darwin/13.0.0"
173.64.70.234 - - [06/Jan/2013:17:25:59 -0800] "GET /StartupChecks.php?startup&uid=4884&version=4.0.12455&mode=iPhoneApp&locale=en_US HTTP/1.1" 200 289 "-" "Tales2Go%20-%20Old%20Version/2.2.12455 CFNetwork/459 Darwin/10.0.0d3"
67.182.135.245 - - [06/Jan/2013:17:25:59 -0800] "GET /PostUsage.php?uid=22220&sid=109&fid=770&eid=1032&completed=2332551&timezone=+0000&tlt=5217&version=4.0.12455&mode=iPhoneApp&locale=en_US HTTP/1.1" 200 - "-" "Tales2Go/3.2.0 CFNetwork/548.1.4 Darwin/11.0.0"
173.64.70.234 - - [06/Jan/2013:17:26:00 -0800] "GET /LoadUserFromID.php?markStartup&id=4884&udid=75146be3ed53136cc5b93aa62c69ca333a9d2057&version=4.0.12455&mode=iPhoneApp&locale=en_US HTTP/1.1" 200 259 "-" "Tales2Go%20-%20Old%20Version/2.2.12455 CFNetwork/459 Darwin/10.0.0d3"
69.255.192.241 - - [06/Jan/2013:17:26:10 -0800] "GET /AddFavorite.php?uid=168&fid=1539&version=4.0.12455&mode=iPhoneApp&locale=en_US HTTP/1.1" 200 56 "-" "Tales2Go/3.2.0 CFNetwork/609 Darwin/13.0.0"
69.255.192.241 - - [06/Jan/2013:17:26:11 -0800] "GET /RemoveFavorite.php?uid=168&fid=1539&version=4.0.12455&mode=iPhoneApp&locale=en_US HTTP/1.1" 200 58 "-" "Tales2Go/3.2.0 CFNetwork/609 Darwin/13.0.0"
69.255.192.241 - - [06/Jan/2013:17:26:14 -0800] "GET /AddFavorite.php?uid=168&fid=1539&version=4.0.12455&mode=iPhoneApp&locale=en_US HTTP/1.1" 200 56 "-" "Tales2Go/3.2.0 CFNetwork/609 Darwin/13.0.0"
67.182.135.245 - - [06/Jan/2013:17:26:16 -0800] "GET /GetAd.php?sid=109&timeSinceLastAd=5217&previousFeedId=0&nextFeedId=907&newStation&tlt=5217&tlf=0&uid=22220&version=4.0.12455&mode=iPhoneApp&locale=en_US HTTP/1.1" 200 22 "-" "Tales2Go/3.2.0 CFNetwork/548.1.4 Darwin/11.0.0"
67.182.135.245 - - [06/Jan/2013:17:26:16 -0800] "GET /FeedDisplay.php?archived&mode=iPhoneApp&fid=907&episode_id=1235&nfid=768&uid=22220&version=3.2.0 HTTP/1.1" 200 8493 "-" "Mozilla/5.0 (iPhone; CPU iPhone OS 5_1_1 like Mac OS X) AppleWebKit/534.46 (KHTML, like Gecko) Mobile/9B206"
173.64.70.234 - - [06/Jan/2013:17:26:21 -0800] "GET /GetStationPlayList.php?s=0&c=9&uid=4884&sid=127&endFeed=0&version=4.0.12455&mode=iPhoneApp&locale=en_US HTTP/1.1" 200 7071 "-" "Tales2Go%20-%20Old%20Version/2.2.12455 CFNetwork/459 Darwin/10.0.0d3"
67.182.135.245 - - [06/Jan/2013:17:26:22 -0800] "GET /GetAd.php?sid=109&timeSinceLastAd=5222&previousFeedId=907&nextFeedId=768&tlt=5222&tlf=1&uid=22220&version=4.0.12455&mode=iPhoneApp&locale=en_US HTTP/1.1" 200 22 "-" "Tales2Go/3.2.0 CFNetwork/548.1.4 Darwin/11.0.0"
173.64.70.234 - - [06/Jan/2013:17:26:24 -0800] "GET /FeedDisplay.php?archived&mode=iPhoneApp&fid=961&episode_id=1454&nfid=958&uid=4884&version=2.2.12455 HTTP/1.1" 200 8620 "-" "Mozilla/5.0 (iPhone; U; CPU iPhone OS 3_1_3 like Mac OS X; en-us) AppleWebKit/528.18 (KHTML, like Gecko) Mobile/7E18"
173.64.70.234 - - [06/Jan/2013:17:26:30 -0800] "GET /images/t2g_ratings_gray_active.png HTTP/1.1" 200 1196 "http://t2g.stitcher.com/FeedDisplay.php?archived&mode=iPhoneApp&fid=961&episode_id=1454&nfid=958&uid=4884&version=2.2.12455" "Mozilla/5.0 (iPhone; U; CPU iPhone OS 3_1_3 like Mac OS X; en-us) AppleWebKit/528.18 (KHTML, like Gecko) Mobile/7E18"
173.64.70.234 - - [06/Jan/2013:17:26:30 -0800] "GET /images/t2g_ratings_color_active.png HTTP/1.1" 200 985 "http://t2g.stitcher.com/FeedDisplay.php?archived&mode=iPhoneApp&fid=961&episode_id=1454&nfid=958&uid=4884&version=2.2.12455" "Mozilla/5.0 (iPhone; U; CPU iPhone OS 3_1_3 like Mac OS X; en-us) AppleWebKit/528.18 (KHTML, like Gecko) Mobile/7E18"
72.66.102.17 - - [06/Jan/2013:17:26:31 -0800] "GET /GetStationPlayList.php?s=0&c=9&uid=20652&sid=498&endFeed=0&version=4.0.12455&mode=iPhoneApp&locale=en_US HTTP/1.1" 200 6487 "-" "Tales2Go/3.2.0 CFNetwork/609 Darwin/13.0.0"
173.64.70.234 - - [06/Jan/2013:17:26:31 -0800] "GET /images/t2g_ratings_gray.png HTTP/1.1" 200 1215 "http://t2g.stitcher.com/FeedDisplay.php?archived&mode=iPhoneApp&fid=961&episode_id=1454&nfid=958&uid=4884&version=2.2.12455" "Mozilla/5.0 (iPhone; U; CPU iPhone OS 3_1_3 like Mac OS X; en-us) AppleWebKit/528.18 (KHTML, like Gecko) Mobile/7E18"
173.64.70.234 - - [06/Jan/2013:17:26:31 -0800] "GET /images/ajax-loader.gif HTTP/1.1" 200 1849 "http://t2g.stitcher.com/FeedDisplay.php?archived&mode=iPhoneApp&fid=961&episode_id=1454&nfid=958&uid=4884&version=2.2.12455" "Mozilla/5.0 (iPhone; U; CPU iPhone OS 3_1_3 like Mac OS X; en-us) AppleWebKit/528.18 (KHTML, like Gecko) Mobile/7E18"
173.64.70.234 - - [06/Jan/2013:17:26:31 -0800] "GET /images/t2g_ratings_color.png HTTP/1.1" 200 997 "http://t2g.stitcher.com/FeedDisplay.php?archived&mode=iPhoneApp&fid=961&episode_id=1454&nfid=958&uid=4884&version=2.2.12455" "Mozilla/5.0 (iPhone; U; CPU iPhone OS 3_1_3 like Mac OS X; en-us) AppleWebKit/528.18 (KHTML, like Gecko) Mobile/7E18"
71.160.202.249 - - [06/Jan/2013:17:26:33 -0800] "GET /StartupChecks.php?startup&version=4.0.12455&mode=iPhoneApp&locale=en_US HTTP/1.1" 200 246 "-" "Tales2Go/3.2.0 CFNetwork/609 Darwin/13.0.0"
71.160.202.249 - - [06/Jan/2013:17:26:33 -0800] "GET /TransitionUDIDToMACAddr.php?udid=e22df68786b7313d98f77e798ef5dbdc2c6866ea&mac=D8:D1:CB:98:10:76&version=4.0.12455&mode=iPhoneApp&locale=en_US HTTP/1.1" 200 121 "-" "Tales2Go/3.2.0 CFNetwork/609 Darwin/13.0.0"
71.160.202.249 - - [06/Jan/2013:17:26:33 -0800] "GET /LoadUserFromUDID.php?markStartup&udid=D8:D1:CB:98:10:76&version=4.0.12455&mode=iPhoneApp&locale=en_US HTTP/1.1" 200 58 "-" "Tales2Go/3.2.0 CFNetwork/609 Darwin/13.0.0"
71.160.202.249 - - [06/Jan/2013:17:26:34 -0800] "GET /CreateUser.php?markStartup&mode=iPhoneApp&udid=D8:D1:CB:98:10:76&version=4.0.12455&mode=iPhoneApp&locale=en_US HTTP/1.1" 200 228 "-" "Tales2Go/3.2.0 CFNetwork/609 Darwin/13.0.0"
71.160.202.249 - - [06/Jan/2013:17:26:34 -0800] "GET /SubmitSettings.php?currentId=37914&email=D8:D1:CB:98:10:76@t2g.t2g&epx=KDAN3-KFA7-J3_AC9H&phone=&optin=0&explicit=1&alertOption=0&alertType=0&alertTimestamp=0.000000&udid=D8:D1:CB:98:10:76&version=4.0.12455&mode=iPhoneApp&locale=en_US HTTP/1.1" 200 238 "-" "Tales2Go/3.2.0 CFNetwork/609 Darwin/13.0.0"
173.64.70.234 - - [06/Jan/2013:17:26:34 -0800] "GET /GetStationPlayList.php?s=0&c=9&uid=4884&sid=104&endFeed=0&version=4.0.12455&mode=iPhoneApp&locale=en_US HTTP/1.1" 200 7022 "-" "Tales2Go%20-%20Old%20Version/2.2.12455 CFNetwork/459 Darwin/10.0.0d3"
71.160.202.249 - - [06/Jan/2013:17:26:34 -0800] "GET /GetContentStationList.php?uid=37914&version=4.0.12455&mode=iPhoneApp&locale=en_US HTTP/1.1" 200 6486 "-" "Tales2Go/3.2.0 CFNetwork/609 Darwin/13.0.0"
71.160.202.249 - - [06/Jan/2013:17:26:34 -0800] "GET /LoadUserFromID.php?markStartup&id=37914&udid=D8:D1:CB:98:10:76&version=4.0.12455&mode=iPhoneApp&locale=en_US HTTP/1.1" 200 263 "-" "Tales2Go/3.2.0 CFNetwork/609 Darwin/13.0.0"
71.160.202.249 - - [06/Jan/2013:17:26:35 -0800] "GET /GetContentStationList.php?uid=37914&version=4.0.12455&mode=iPhoneApp&locale=en_US HTTP/1.1" 200 6486 "-" "Tales2Go/3.2.0 CFNetwork/609 Darwin/13.0.0"
173.64.70.234 - - [06/Jan/2013:17:26:36 -0800] "GET /GetAd.php?sid=470&timeSinceLastAd=15450&previousFeedId=0&nextFeedId=1563&newStation&tlt=15450&tlf=0&uid=4884&version=4.0.12455&mode=iPhoneApp&locale=en_US HTTP/1.1" 200 22 "-" "Tales2Go/3.2.0 CFNetwork/485.12.7 Darwin/10.4.0"
71.160.202.249 - - [06/Jan/2013:17:26:34 -0800] "GET /GetStationListFC.php?uid=37914&version=4.0.12455&mode=iPhoneApp&locale=en_US HTTP/1.1" 200 16492 "-" "Tales2Go/3.2.0 CFNetwork/609 Darwin/13.0.0"
72.66.102.17 - - [06/Jan/2013:17:26:37 -0800] "GET /GetAd.php?sid=498&timeSinceLastAd=1&previousFeedId=485&nextFeedId=399&tlt=1&tlf=1&uid=20652&version=4.0.12455&mode=iPhoneApp&locale=en_US HTTP/1.1" 200 22 "-" "Tales2Go/3.2.0 CFNetwork/609 Darwin/13.0.0"
71.160.202.249 - - [06/Jan/2013:17:26:37 -0800] "GET /GetStationListFC.php?uid=37914&version=4.0.12455&mode=iPhoneApp&locale=en_US HTTP/1.1" 200 16492 "-" "Tales2Go/3.2.0 CFNetwork/609 Darwin/13.0.0"
72.66.102.17 - - [06/Jan/2013:17:26:37 -0800] "POST /ActivateLicense.php HTTP/1.1" 200 54 "-" "Tales2Go/3.2.0 CFNetwork/609 Darwin/13.0.0"
173.64.70.234 - - [06/Jan/2013:17:26:37 -0800] "GET /FeedDisplay.php?archived&mode=iPhoneApp&fid=1563&episode_id=2876&nfid=1569&uid=4884&version=3.2.0 HTTP/1.1" 200 8762 "-" "Mozilla/5.0 (iPhone; U; CPU iPhone OS 4_2_1 like Mac OS X; en-us) AppleWebKit/533.17.9 (KHTML, like Gecko) Mobile/8C148"
72.66.102.17 - - [06/Jan/2013:17:26:37 -0800] "POST /ActivateLicense.php HTTP/1.1" 200 54 "-" "Tales2Go/3.2.0 CFNetwork/609 Darwin/13.0.0"
72.66.102.17 - - [06/Jan/2013:17:26:37 -0800] "POST /ActivateLicense.php HTTP/1.1" 200 54 "-" "Tales2Go/3.2.0 CFNetwork/609 Darwin/13.0.0"
72.66.102.17 - - [06/Jan/2013:17:26:38 -0800] "GET /FeedDisplay.php?archived&mode=iPhoneApp&fid=485&episode_id=993&nfid=399&uid=20652&version=3.2.0 HTTP/1.1" 200 8869 "-" "Mozilla/5.0 (iPhone; CPU iPhone OS 6_0_1 like Mac OS X) AppleWebKit/536.26 (KHTML, like Gecko) Mobile/10A523"
72.66.102.17 - - [06/Jan/2013:17:26:38 -0800] "GET /LoadUserFromID.php?markStartup&id=20652&udid=F8:1E:DF:28:59:5F&version=4.0.12455&mode=iPhoneApp&locale=en_US HTTP/1.1" 200 263 "-" "Tales2Go/3.2.0 CFNetwork/609 Darwin/13.0.0"
72.66.102.17 - - [06/Jan/2013:17:26:40 -0800] "GET /LoadUserFromID.php?markStartup&id=20652&udid=F8:1E:DF:28:59:5F&version=4.0.12455&mode=iPhoneApp&locale=en_US HTTP/1.1" 200 263 "-" "Tales2Go/3.2.0 CFNetwork/609 Darwin/13.0.0"
72.66.102.17 - - [06/Jan/2013:17:26:41 -0800] "GET /LoadUserFromID.php?markStartup&id=20652&udid=F8:1E:DF:28:59:5F&version=4.0.12455&mode=iPhoneApp&locale=en_US HTTP/1.1" 200 263 "-" "Tales2Go/3.2.0 CFNetwork/609 Darwin/13.0.0"
173.64.70.234 - - [06/Jan/2013:17:26:45 -0800] "GET /GetAd.php?sid=104&timeSinceLastAd=19&previousFeedId=961&nextFeedId=877&newStation&tlt=19&tlf=0&uid=4884&version=4.0.12455&mode=iPhoneApp&locale=en_US HTTP/1.1" 200 22 "-" "Tales2Go%20-%20Old%20Version/2.2.12455 CFNetwork/459 Darwin/10.0.0d3"
173.64.70.234 - - [06/Jan/2013:17:26:46 -0800] "GET /PostUsage.php?uid=4884&sid=127&fid=961&eid=1454&completed=19826&timezone=-0500&tlt=19&version=4.0.12455&mode=iPhoneApp&locale=en_US HTTP/1.1" 200 - "-" "Tales2Go%20-%20Old%20Version/2.2.12455 CFNetwork/459 Darwin/10.0.0d3"
69.73.22.24 - - [06/Jan/2013:17:26:48 -0800] "GET /PostUsage.php?uid=8482&sid=463&fid=1552&eid=2979&completed=1756708&timezone=+0000&tlt=0&version=4.0.12455&mode=iPhoneApp&locale=en_US HTTP/1.1" 200 - "-" "Tales2Go/3.2.0 CFNetwork/485.12.7 Darwin/10.4.0"
173.64.70.234 - - [06/Jan/2013:17:26:48 -0800] "GET /FeedDisplay.php?archived&mode=iPhoneApp&fid=877&episode_id=1123&nfid=756&uid=4884&version=2.2.12455 HTTP/1.1" 200 8462 "-" "Mozilla/5.0 (iPhone; U; CPU iPhone OS 3_1_3 like Mac OS X; en-us) AppleWebKit/528.18 (KHTML, like Gecko) Mobile/7E18"
69.73.22.24 - - [06/Jan/2013:17:26:49 -0800] "GET /PostUsage.php?quit&uid=8482&version=4.0.12455&mode=iPhoneApp&locale=en_US HTTP/1.1" 200 - "-" "Tales2Go/3.2.0 CFNetwork/485.12.7 Darwin/10.4.0"
173.64.70.234 - - [06/Jan/2013:17:26:53 -0800] "GET /GetAd.php?sid=104&timeSinceLastAd=20&previousFeedId=877&nextFeedId=756&tlt=20&tlf=1&uid=4884&version=4.0.12455&mode=iPhoneApp&locale=en_US HTTP/1.1" 200 22 "-" "Tales2Go%20-%20Old%20Version/2.2.12455 CFNetwork/459 Darwin/10.0.0d3"
71.160.202.249 - - [06/Jan/2013:17:26:55 -0800] "GET /GetStationPlayList.php?s=0&c=9&uid=37914&sid=22&endFeed=0&version=4.0.12455&mode=iPhoneApp&locale=en_US HTTP/1.1" 200 8601 "-" "Tales2Go/3.2.0 CFNetwork/609 Darwin/13.0.0"
69.73.22.24 - - [06/Jan/2013:17:26:59 -0800] "GET /StartupChecks.php?startup&uid=8482&version=4.0.12455&mode=iPhoneApp&locale=en_US HTTP/1.1" 200 289 "-" "Tales2Go/3.2.0 CFNetwork/485.12.7 Darwin/10.4.0"
69.73.22.24 - - [06/Jan/2013:17:26:59 -0800] "GET /LoadUserFromID.php?markStartup&id=8482&udid=F8:1E:DF:CB:46:A6&version=4.0.12455&mode=iPhoneApp&locale=en_US HTTP/1.1" 200 255 "-" "Tales2Go/3.2.0 CFNetwork/485.12.7 Darwin/10.4.0"
69.73.22.24 - - [06/Jan/2013:17:27:02 -0800] "GET /GetContentStationList.php?uid=8482&version=4.0.12455&mode=iPhoneApp&locale=en_US HTTP/1.1" 200 6486 "-" "Tales2Go/3.2.0 CFNetwork/485.12.7 Darwin/10.4.0"
72.66.102.17 - - [06/Jan/2013:17:27:03 -0800] "GET /GetAd.php?sid=498&timeSinceLastAd=28&previousFeedId=485&nextFeedId=399&tlt=28&tlf=1&uid=20652&version=4.0.12455&mode=iPhoneApp&locale=en_US HTTP/1.1" 200 22 "-" "Tales2Go/3.2.0 CFNetwork/609 Darwin/13.0.0"
72.66.102.17 - - [06/Jan/2013:17:27:03 -0800] "GET /PostUsage.php?skipped&uid=20652&sid=498&fid=485&eid=993&completed=28199&timezone=+0000&tlt=28&version=4.0.12455&mode=iPhoneApp&locale=en_US HTTP/1.1" 200 - "-" "Tales2Go/3.2.0 CFNetwork/609 Darwin/13.0.0"
69.73.22.24 - - [06/Jan/2013:17:27:02 -0800] "GET /GetStationListFC.php?uid=8482&version=4.0.12455&mode=iPhoneApp&locale=en_US HTTP/1.1" 200 16492 "-" "Tales2Go/3.2.0 CFNetwork/485.12.7 Darwin/10.4.0"
72.66.102.17 - - [06/Jan/2013:17:27:04 -0800] "GET /FeedDisplay.php?archived&mode=iPhoneApp&fid=399&episode_id=658&nfid=1505&uid=20652&version=3.2.0 HTTP/1.1" 200 8500 "-" "Mozilla/5.0 (iPhone; CPU iPhone OS 6_0_1 like Mac OS X) AppleWebKit/536.26 (KHTML, like Gecko) Mobile/10A523"
71.160.202.249 - - [06/Jan/2013:17:27:04 -0800] "GET /GetStationPlayList.php?s=9&c=9&uid=37914&sid=22&endFeed=0&version=4.0.12455&mode=iPhoneApp&locale=en_US HTTP/1.1" 200 9664 "-" "Tales2Go/3.2.0 CFNetwork/609 Darwin/13.0.0"
72.66.102.17 - - [06/Jan/2013:17:27:07 -0800] "GET /GetAd.php?sid=498&timeSinceLastAd=29&previousFeedId=399&nextFeedId=1505&tlt=29&tlf=2&uid=20652&version=4.0.12455&mode=iPhoneApp&locale=en_US HTTP/1.1" 200 22 "-" "Tales2Go/3.2.0 CFNetwork/609 Darwin/13.0.0"
71.160.202.249 - - [06/Jan/2013:17:27:13 -0800] "GET /FeedDisplay.php?archived&mode=iPhoneApp&fid=152&episode_id=169&nfid=2107&uid=37914&version=3.2.0 HTTP/1.1" 200 8590 "-" "Mozilla/5.0 (iPhone; CPU iPhone OS 6_0_2 like Mac OS X) AppleWebKit/536.26 (KHTML, like Gecko) Mobile/10A551"
71.160.202.249 - - [06/Jan/2013:17:27:13 -0800] "GET /images/t2g_ratings_color_active.png HTTP/1.1" 200 985 "http://t2g.stitcher.com/FeedDisplay.php?archived&mode=iPhoneApp&fid=152&episode_id=169&nfid=2107&uid=37914&version=3.2.0" "Mozilla/5.0 (iPhone; CPU iPhone OS 6_0_2 like Mac OS X) AppleWebKit/536.26 (KHTML, like Gecko) Mobile/10A551"
71.160.202.249 - - [06/Jan/2013:17:27:13 -0800] "GET /images/t2g_ratings_gray_active.png HTTP/1.1" 200 1196 "http://t2g.stitcher.com/FeedDisplay.php?archived&mode=iPhoneApp&fid=152&episode_id=169&nfid=2107&uid=37914&version=3.2.0" "Mozilla/5.0 (iPhone; CPU iPhone OS 6_0_2 like Mac OS X) AppleWebKit/536.26 (KHTML, like Gecko) Mobile/10A551"
71.160.202.249 - - [06/Jan/2013:17:27:13 -0800] "GET /images/t2g_ratings_gray.png HTTP/1.1" 200 1215 "http://t2g.stitcher.com/FeedDisplay.php?archived&mode=iPhoneApp&fid=152&episode_id=169&nfid=2107&uid=37914&version=3.2.0" "Mozilla/5.0 (iPhone; CPU iPhone OS 6_0_2 like Mac OS X) AppleWebKit/536.26 (KHTML, like Gecko) Mobile/10A551"
71.160.202.249 - - [06/Jan/2013:17:27:13 -0800] "GET /images/t2g_ratings_color.png HTTP/1.1" 200 997 "http://t2g.stitcher.com/FeedDisplay.php?archived&mode=iPhoneApp&fid=152&episode_id=169&nfid=2107&uid=37914&version=3.2.0" "Mozilla/5.0 (iPhone; CPU iPhone OS 6_0_2 like Mac OS X) AppleWebKit/536.26 (KHTML, like Gecko) Mobile/10A551"
71.160.202.249 - - [06/Jan/2013:17:27:13 -0800] "GET /images/ajax-loader.gif HTTP/1.1" 200 1849 "http://t2g.stitcher.com/FeedDisplay.php?archived&mode=iPhoneApp&fid=152&episode_id=169&nfid=2107&uid=37914&version=3.2.0" "Mozilla/5.0 (iPhone; CPU iPhone OS 6_0_2 like Mac OS X) AppleWebKit/536.26 (KHTML, like Gecko) Mobile/10A551"
71.160.202.249 - - [06/Jan/2013:17:27:16 -0800] "GET /GetAd.php?sid=22&timeSinceLastAd=1&previousFeedId=152&nextFeedId=2107&tlt=1&tlf=1&uid=37914&version=4.0.12455&mode=iPhoneApp&locale=en_US HTTP/1.1" 200 22 "-" "Tales2Go/3.2.0 CFNetwork/609 Darwin/13.0.0"
166.137.156.160 - - [06/Jan/2013:17:27:18 -0800] "GET /GetStationPlayList.php?s=27&c=9&uid=37851&sid=60&endFeed=0&version=4.0.12455&mode=iPhoneApp&locale=en_US HTTP/1.1" 200 6068 "-" "Tales2Go/3.2.0 CFNetwork/609 Darwin/13.0.0"
69.73.22.24 - - [06/Jan/2013:17:27:18 -0800] "GET /PostUsage.php?quit&uid=8482&version=4.0.12455&mode=iPhoneApp&locale=en_US HTTP/1.1" 200 - "-" "Tales2Go/3.2.0 CFNetwork/485.12.7 Darwin/10.4.0"
72.66.102.17 - - [06/Jan/2013:17:27:19 -0800] "GET /AddFavorite.php?uid=20652&fid=855&version=4.0.12455&mode=iPhoneApp&locale=en_US HTTP/1.1" 200 55 "-" "Tales2Go/3.2.0 CFNetwork/609 Darwin/13.0.0"
69.73.22.24 - - [06/Jan/2013:17:27:21 -0800] "GET /StartupChecks.php?startup&uid=8482&version=4.0.12455&mode=iPhoneApp&locale=en_US HTTP/1.1" 200 289 "-" "Tales2Go/3.2.0 CFNetwork/485.12.7 Darwin/10.4.0"
173.64.70.234 - - [06/Jan/2013:17:27:23 -0800] "GET /GetAd.php?sid=470&timeSinceLastAd=16473&previousFeedId=1563&nextFeedId=1569&tlt=16473&tlf=1&uid=4884&version=4.0.12455&mode=iPhoneApp&locale=en_US HTTP/1.1" 200 22 "-" "Tales2Go/3.2.0 CFNetwork/485.12.7 Darwin/10.4.0"
72.66.102.17 - - [06/Jan/2013:17:27:26 -0800] "GET /GetStationPlayList.php?s=9&c=9&uid=20652&sid=498&endFeed=0&version=4.0.12455&mode=iPhoneApp&locale=en_US HTTP/1.1" 200 2096 "-" "Tales2Go/3.2.0 CFNetwork/609 Darwin/13.0.0"
166.137.156.160 - - [06/Jan/2013:17:27:31 -0800] "GET /PostUsage.php?uid=37851&sid=60&fid=1761&eid=3260&completed=0&timezone=+0000&tlt=939&version=4.0.12455&mode=iPhoneApp&locale=en_US HTTP/1.1" 200 - "-" "Tales2Go/3.2.0 CFNetwork/609 Darwin/13.0.0"
166.137.156.160 - - [06/Jan/2013:17:27:32 -0800] "GET /GetAd.php?sid=60&timeSinceLastAd=939&previousFeedId=1761&nextFeedId=156&newStation&tlt=939&tlf=0&uid=37851&version=4.0.12455&mode=iPhoneApp&locale=en_US HTTP/1.1" 200 22 "-" "Tales2Go/3.2.0 CFNetwork/609 Darwin/13.0.0"
166.137.156.160 - - [06/Jan/2013:17:27:33 -0800] "GET /FeedDisplay.php?archived&mode=iPhoneApp&fid=156&episode_id=164&nfid=1613&uid=37851&version=3.2.0 HTTP/1.1" 200 8562 "-" "Mozilla/5.0 (iPhone; CPU iPhone OS 6_0_1 like Mac OS X) AppleWebKit/536.26 (KHTML, like Gecko) Mobile/10A523"
72.66.102.17 - - [06/Jan/2013:17:27:45 -0800] "GET /GetAd.php?sid=498&timeSinceLastAd=29&previousFeedId=399&nextFeedId=485&newStation&tlt=29&tlf=0&uid=20652&version=4.0.12455&mode=iPhoneApp&locale=en_US HTTP/1.1" 200 22 "-" "Tales2Go/3.2.0 CFNetwork/609 Darwin/13.0.0"
72.66.102.17 - - [06/Jan/2013:17:27:46 -0800] "GET /PostUsage.php?uid=20652&sid=498&fid=399&eid=658&completed=1588&timezone=+0000&tlt=29&version=4.0.12455&mode=iPhoneApp&locale=en_US HTTP/1.1" 200 - "-" "Tales2Go/3.2.0 CFNetwork/609 Darwin/13.0.0"
72.66.102.17 - - [06/Jan/2013:17:27:46 -0800] "GET /FeedDisplay.php?archived&mode=iPhoneApp&fid=485&episode_id=993&nfid=399&uid=20652&version=3.2.0 HTTP/1.1" 200 8869 "-" "Mozilla/5.0 (iPhone; CPU iPhone OS 6_0_1 like Mac OS X) AppleWebKit/536.26 (KHTML, like Gecko) Mobile/10A523"
71.160.202.249 - - [06/Jan/2013:17:27:47 -0800] "GET /GetStationPlayList.php?uid=37914&sid=favorites&version=4.0.12455&mode=iPhoneApp&locale=en_US HTTP/1.1" 200 141 "-" "Tales2Go/3.2.0 CFNetwork/609 Darwin/13.0.0"
71.160.202.249 - - [06/Jan/2013:17:27:49 -0800] "GET /GetBookmarkList.php?uid=37914&version=4.0.12455&mode=iPhoneApp&locale=en_US HTTP/1.1" 200 55 "-" "Tales2Go/3.2.0 CFNetwork/609 Darwin/13.0.0"
72.66.102.17 - - [06/Jan/2013:17:27:49 -0800] "GET /GetAd.php?sid=498&timeSinceLastAd=31&previousFeedId=485&nextFeedId=399&tlt=31&tlf=1&uid=20652&version=4.0.12455&mode=iPhoneApp&locale=en_US HTTP/1.1" 200 22 "-" "Tales2Go/3.2.0 CFNetwork/609 Darwin/13.0.0"
173.64.70.234 - - [06/Jan/2013:17:28:03 -0800] "GET /GetBookmarkList.php?uid=4884&version=4.0.12455&mode=iPhoneApp&locale=en_US HTTP/1.1" 200 24905 "-" "Tales2Go%20-%20Old%20Version/2.2.12455 CFNetwork/459 Darwin/10.0.0d3"
69.121.52.71 - - [06/Jan/2013:17:28:08 -0800] "GET /PostUsage.php?uid=19823&sid=107&fid=722&eid=1027&completed=2419000&timezone=+0000&tlt=2583&version=4.0.12455&mode=iPhoneApp&locale=en_US HTTP/1.1" 200 - "-" "Tales2Go/3.2.0 CFNetwork/609 Darwin/13.0.0"
173.64.70.234 - - [06/Jan/2013:17:28:08 -0800] "GET /PostUsage.php?uid=4884&sid=104&fid=877&eid=1123&completed=702&timezone=-0500&tlt=19&version=4.0.12455&mode=iPhoneApp&locale=en_US HTTP/1.1" 200 - "-" "Tales2Go%20-%20Old%20Version/2.2.12455 CFNetwork/459 Darwin/10.0.0d3"
173.64.70.234 - - [06/Jan/2013:17:28:08 -0800] "GET /FeedDisplay.php?archived&mode=iPhoneApp&fid=1568&episode_id=2881&nfid=0&uid=4884&version=2.2.12455 HTTP/1.1" 200 8635 "-" "Mozilla/5.0 (iPhone; U; CPU iPhone OS 3_1_3 like Mac OS X; en-us) AppleWebKit/528.18 (KHTML, like Gecko) Mobile/7E18"
69.121.52.71 - - [06/Jan/2013:17:28:11 -0800] "GET /AddFavorite.php?uid=19823&fid=951&version=4.0.12455&mode=iPhoneApp&locale=en_US HTTP/1.1" 200 55 "-" "Tales2Go/3.2.0 CFNetwork/609 Darwin/13.0.0"
69.121.52.71 - - [06/Jan/2013:17:28:12 -0800] "GET /GetAd.php?sid=107&timeSinceLastAd=2583&previousFeedId=0&nextFeedId=951&newStation&tlt=2583&tlf=0&uid=19823&version=4.0.12455&mode=iPhoneApp&locale=en_US HTTP/1.1" 200 22 "-" "Tales2Go/3.2.0 CFNetwork/609 Darwin/13.0.0"
69.121.52.71 - - [06/Jan/2013:17:28:12 -0800] "GET /FeedDisplay.php?archived&mode=iPhoneApp&fid=951&episode_id=1288&nfid=721&uid=19823&version=3.2.0 HTTP/1.1" 200 9035 "-" "Mozilla/5.0 (iPhone; CPU iPhone OS 6_0_1 like Mac OS X) AppleWebKit/536.26 (KHTML, like Gecko) Mobile/10A523"
173.64.70.234 - - [06/Jan/2013:17:28:14 -0800] "GET /PostUsage.php?uid=4884&sid=0&fid=1568&eid=2881&completed=5695&timezone=-0500&tlt=19&version=4.0.12455&mode=iPhoneApp&locale=en_US HTTP/1.1" 200 - "-" "Tales2Go%20-%20Old%20Version/2.2.12455 CFNetwork/459 Darwin/10.0.0d3"
173.64.70.234 - - [06/Jan/2013:17:28:14 -0800] "GET /FeedDisplay.php?archived&mode=iPhoneApp&fid=1563&episode_id=2876&nfid=0&uid=4884&version=2.2.12455 HTTP/1.1" 200 8762 "-" "Mozilla/5.0 (iPhone; U; CPU iPhone OS 3_1_3 like Mac OS X; en-us) AppleWebKit/528.18 (KHTML, like Gecko) Mobile/7E18"
69.121.52.71 - - [06/Jan/2013:17:28:17 -0800] "GET /GetAd.php?sid=107&timeSinceLastAd=2587&previousFeedId=951&nextFeedId=721&tlt=2587&tlf=1&uid=19823&version=4.0.12455&mode=iPhoneApp&locale=en_US HTTP/1.1" 200 22 "-" "Tales2Go/3.2.0 CFNetwork/609 Darwin/13.0.0"
72.66.102.17 - - [06/Jan/2013:17:28:23 -0800] "GET /RemoveFavorite.php?uid=20652&fid=59&version=4.0.12455&mode=iPhoneApp&locale=en_US HTTP/1.1" 200 56 "-" "Tales2Go/3.2.0 CFNetwork/609 Darwin/13.0.0"
72.66.102.17 - - [06/Jan/2013:17:28:32 -0800] "GET /RemoveFavorite.php?uid=20652&fid=374&version=4.0.12455&mode=iPhoneApp&locale=en_US HTTP/1.1" 200 57 "-" "Tales2Go/3.2.0 CFNetwork/609 Darwin/13.0.0"
72.66.102.17 - - [06/Jan/2013:17:28:33 -0800] "GET /GetAd.php?sid=498&timeSinceLastAd=48&previousFeedId=485&nextFeedId=374&newStation&tlt=48&tlf=0&uid=20652&version=4.0.12455&mode=iPhoneApp&locale=en_US HTTP/1.1" 200 22 "-" "Tales2Go/3.2.0 CFNetwork/609 Darwin/13.0.0"
69.73.22.24 - - [06/Jan/2013:17:28:33 -0800] "GET /PostUsage.php?quit&uid=8482&version=4.0.12455&mode=iPhoneApp&locale=en_US HTTP/1.1" 200 - "-" "Tales2Go/3.2.0 CFNetwork/485.12.7 Darwin/10.4.0"
72.66.102.17 - - [06/Jan/2013:17:28:34 -0800] "GET /PostUsage.php?uid=20652&sid=498&fid=485&eid=993&completed=19188&timezone=+0000&tlt=48&version=4.0.12455&mode=iPhoneApp&locale=en_US HTTP/1.1" 200 - "-" "Tales2Go/3.2.0 CFNetwork/609 Darwin/13.0.0"
72.66.102.17 - - [06/Jan/2013:17:28:34 -0800] "GET /FeedDisplay.php?archived&mode=iPhoneApp&fid=374&episode_id=817&nfid=1320&uid=20652&version=3.2.0 HTTP/1.1" 200 8633 "-" "Mozilla/5.0 (iPhone; CPU iPhone OS 6_0_1 like Mac OS X) AppleWebKit/536.26 (KHTML, like Gecko) Mobile/10A523"
173.64.70.234 - - [06/Jan/2013:17:28:35 -0800] "GET /GetAd.php?sid=0&timeSinceLastAd=82&previousFeedId=1563&nextFeedId=0&tlt=82&tlf=1&uid=4884&version=4.0.12455&mode=iPhoneApp&locale=en_US HTTP/1.1" 200 22 "-" "Tales2Go%20-%20Old%20Version/2.2.12455 CFNetwork/459 Darwin/10.0.0d3"
69.73.22.24 - - [06/Jan/2013:17:28:37 -0800] "GET /StartupChecks.php?startup&uid=8482&version=4.0.12455&mode=iPhoneApp&locale=en_US HTTP/1.1" 200 289 "-" "Tales2Go/3.2.0 CFNetwork/485.12.7 Darwin/10.4.0"
69.73.22.24 - - [06/Jan/2013:17:28:38 -0800] "GET /LoadUserFromID.php?markStartup&id=8482&udid=F8:1E:DF:CB:46:A6&version=4.0.12455&mode=iPhoneApp&locale=en_US HTTP/1.1" 200 255 "-" "Tales2Go/3.2.0 CFNetwork/485.12.7 Darwin/10.4.0"
72.66.102.17 - - [06/Jan/2013:17:28:38 -0800] "GET /GetAd.php?sid=498&timeSinceLastAd=50&previousFeedId=374&nextFeedId=1320&tlt=50&tlf=1&uid=20652&version=4.0.12455&mode=iPhoneApp&locale=en_US HTTP/1.1" 200 22 "-" "Tales2Go/3.2.0 CFNetwork/609 Darwin/13.0.0"
69.73.22.24 - - [06/Jan/2013:17:28:39 -0800] "GET /GetContentStationList.php?uid=8482&version=4.0.12455&mode=iPhoneApp&locale=en_US HTTP/1.1" 200 6486 "-" "Tales2Go/3.2.0 CFNetwork/485.12.7 Darwin/10.4.0"
69.73.22.24 - - [06/Jan/2013:17:28:39 -0800] "GET /GetStationListFC.php?uid=8482&version=4.0.12455&mode=iPhoneApp&locale=en_US HTTP/1.1" 200 16492 "-" "Tales2Go/3.2.0 CFNetwork/485.12.7 Darwin/10.4.0"
69.73.22.24 - - [06/Jan/2013:17:28:45 -0800] "GET /GetStationPlayList.php?s=0&c=9&uid=8482&sid=463&endFeed=0&version=4.0.12455&mode=iPhoneApp&locale=en_US HTTP/1.1" 200 13108 "-" "Tales2Go/3.2.0 CFNetwork/485.12.7 Darwin/10.4.0"
166.137.209.166 - - [06/Jan/2013:17:28:49 -0800] "GET /GetAd.php?sid=37&timeSinceLastAd=1136&previousFeedId=312&nextFeedId=866&tlt=1136&tlf=3&uid=24676&version=4.0.12455&mode=iPhoneApp&locale=en_IE HTTP/1.1" 200 22 "-" "Tales2Go/3.0.1 CFNetwork/548.0.4 Darwin/11.0.0"
166.137.209.166 - - [06/Jan/2013:17:28:49 -0800] "GET /PostUsage.php?uid=24676&sid=37&fid=312&eid=433&completed=337807&timezone=a.m.&tlt=1136&version=4.0.12455&mode=iPhoneApp&locale=en_IE HTTP/1.1" 200 - "-" "Tales2Go/3.0.1 CFNetwork/548.0.4 Darwin/11.0.0"
166.137.209.166 - - [06/Jan/2013:17:28:49 -0800] "GET /FeedDisplay.php?archived&mode=iPhoneApp&fid=866&episode_id=1110&nfid=353&uid=24676&version=3.0.1 HTTP/1.1" 200 8572 "-" "Mozilla/5.0 (iPhone; CPU iPhone OS 5_0_1 like Mac OS X) AppleWebKit/534.46 (KHTML, like Gecko) Mobile/9A406"
166.137.209.166 - - [06/Jan/2013:17:28:53 -0800] "GET /GetAd.php?sid=37&timeSinceLastAd=1139&previousFeedId=866&nextFeedId=353&tlt=1139&tlf=4&uid=24676&version=4.0.12455&mode=iPhoneApp&locale=en_IE HTTP/1.1" 200 22 "-" "Tales2Go/3.0.1 CFNetwork/548.0.4 Darwin/11.0.0"
173.64.70.234 - - [06/Jan/2013:17:28:58 -0800] "GET /GetAd.php?sid=104&timeSinceLastAd=105&previousFeedId=1563&nextFeedId=877&newStation&tlt=105&tlf=0&uid=4884&version=4.0.12455&mode=iPhoneApp&locale=en_US HTTP/1.1" 200 22 "-" "Tales2Go%20-%20Old%20Version/2.2.12455 CFNetwork/459 Darwin/10.0.0d3"
173.64.70.234 - - [06/Jan/2013:17:28:58 -0800] "GET /PostUsage.php?uid=4884&sid=0&fid=1563&eid=2876&completed=87159&timezone=-0500&tlt=105&version=4.0.12455&mode=iPhoneApp&locale=en_US HTTP/1.1" 200 - "-" "Tales2Go%20-%20Old%20Version/2.2.12455 CFNetwork/459 Darwin/10.0.0d3"
69.73.22.24 - - [06/Jan/2013:17:28:58 -0800] "GET /FeedDisplay.php?archived&mode=iPhoneApp&fid=1552&episode_id=2979&nfid=1551&uid=8482&version=3.2.0 HTTP/1.1" 200 8967 "-" "Mozilla/5.0 (iPod; U; CPU iPhone OS 4_2_1 like Mac OS X; en-us) AppleWebKit/533.17.9 (KHTML, like Gecko) Mobile/8C148"
173.64.70.234 - - [06/Jan/2013:17:28:59 -0800] "GET /FeedDisplay.php?archived&mode=iPhoneApp&fid=877&episode_id=1123&nfid=756&uid=4884&version=2.2.12455 HTTP/1.1" 200 8462 "-" "Mozilla/5.0 (iPhone; U; CPU iPhone OS 3_1_3 like Mac OS X; en-us) AppleWebKit/528.18 (KHTML, like Gecko) Mobile/7E18"
69.73.22.24 - - [06/Jan/2013:17:29:01 -0800] "GET /images/multipart_arrow_left_disabled.gif HTTP/1.1" 200 275 "http://t2g.stitcher.com/FeedDisplay.php?archived&mode=iPhoneApp&fid=1552&episode_id=2979&nfid=1551&uid=8482&version=3.2.0" "Mozilla/5.0 (iPod; U; CPU iPhone OS 4_2_1 like Mac OS X; en-us) AppleWebKit/533.17.9 (KHTML, like Gecko) Mobile/8C148"
69.73.22.24 - - [06/Jan/2013:17:29:01 -0800] "GET /images/multipart_arrow_right.gif HTTP/1.1" 200 267 "http://t2g.stitcher.com/FeedDisplay.php?archived&mode=iPhoneApp&fid=1552&episode_id=2979&nfid=1551&uid=8482&version=3.2.0" "Mozilla/5.0 (iPod; U; CPU iPhone OS 4_2_1 like Mac OS X; en-us) AppleWebKit/533.17.9 (KHTML, like Gecko) Mobile/8C148"
69.73.22.24 - - [06/Jan/2013:17:29:01 -0800] "GET /images/t2g_ratings_color_active.png HTTP/1.1" 200 985 "http://t2g.stitcher.com/FeedDisplay.php?archived&mode=iPhoneApp&fid=1552&episode_id=2979&nfid=1551&uid=8482&version=3.2.0" "Mozilla/5.0 (iPod; U; CPU iPhone OS 4_2_1 like Mac OS X; en-us) AppleWebKit/533.17.9 (KHTML, like Gecko) Mobile/8C148"
69.73.22.24 - - [06/Jan/2013:17:29:01 -0800] "GET /images/t2g_ratings_gray_active.png HTTP/1.1" 200 1196 "http://t2g.stitcher.com/FeedDisplay.php?archived&mode=iPhoneApp&fid=1552&episode_id=2979&nfid=1551&uid=8482&version=3.2.0" "Mozilla/5.0 (iPod; U; CPU iPhone OS 4_2_1 like Mac OS X; en-us) AppleWebKit/533.17.9 (KHTML, like Gecko) Mobile/8C148"
69.73.22.24 - - [06/Jan/2013:17:29:02 -0800] "GET /images/t2g_ratings_gray.png HTTP/1.1" 200 1215 "http://t2g.stitcher.com/FeedDisplay.php?archived&mode=iPhoneApp&fid=1552&episode_id=2979&nfid=1551&uid=8482&version=3.2.0" "Mozilla/5.0 (iPod; U; CPU iPhone OS 4_2_1 like Mac OS X; en-us) AppleWebKit/533.17.9 (KHTML, like Gecko) Mobile/8C148"
69.73.22.24 - - [06/Jan/2013:17:29:03 -0800] "GET /images/t2g_ratings_color.png HTTP/1.1" 200 997 "http://t2g.stitcher.com/FeedDisplay.php?archived&mode=iPhoneApp&fid=1552&episode_id=2979&nfid=1551&uid=8482&version=3.2.0" "Mozilla/5.0 (iPod; U; CPU iPhone OS 4_2_1 like Mac OS X; en-us) AppleWebKit/533.17.9 (KHTML, like Gecko) Mobile/8C148"
69.73.22.24 - - [06/Jan/2013:17:29:03 -0800] "GET /images/ajax-loader.gif HTTP/1.1" 200 1849 "http://t2g.stitcher.com/FeedDisplay.php?archived&mode=iPhoneApp&fid=1552&episode_id=2979&nfid=1551&uid=8482&version=3.2.0" "Mozilla/5.0 (iPod; U; CPU iPhone OS 4_2_1 like Mac OS X; en-us) AppleWebKit/533.17.9 (KHTML, like Gecko) Mobile/8C148"
173.64.70.234 - - [06/Jan/2013:17:29:05 -0800] "GET /GetAd.php?sid=104&timeSinceLastAd=110&previousFeedId=877&nextFeedId=756&tlt=110&tlf=1&uid=4884&version=4.0.12455&mode=iPhoneApp&locale=en_US HTTP/1.1" 200 22 "-" "Tales2Go%20-%20Old%20Version/2.2.12455 CFNetwork/459 Darwin/10.0.0d3"
72.66.102.17 - - [06/Jan/2013:17:29:05 -0800] "GET /GetAd.php?sid=498&timeSinceLastAd=50&previousFeedId=374&nextFeedId=59&newStation&tlt=50&tlf=0&uid=20652&version=4.0.12455&mode=iPhoneApp&locale=en_US HTTP/1.1" 200 22 "-" "Tales2Go/3.2.0 CFNetwork/609 Darwin/13.0.0"
72.66.102.17 - - [06/Jan/2013:17:29:06 -0800] "GET /PostUsage.php?uid=20652&sid=498&fid=374&eid=817&completed=2400&timezone=+0000&tlt=50&version=4.0.12455&mode=iPhoneApp&locale=en_US HTTP/1.1" 200 - "-" "Tales2Go/3.2.0 CFNetwork/609 Darwin/13.0.0"
69.73.22.24 - - [06/Jan/2013:17:27:06 -0800] "GET /GetBookmarkList.php?uid=8482&version=4.0.12455&mode=iPhoneApp&locale=en_US HTTP/1.1" 200 72540 "-" "Tales2Go/3.2.0 CFNetwork/485.12.7 Darwin/10.4.0"
72.66.102.17 - - [06/Jan/2013:17:29:07 -0800] "GET /FeedDisplay.php?archived&mode=iPhoneApp&fid=59&episode_id=71&nfid=152&uid=20652&version=3.2.0 HTTP/1.1" 200 8532 "-" "Mozilla/5.0 (iPhone; CPU iPhone OS 6_0_1 like Mac OS X) AppleWebKit/536.26 (KHTML, like Gecko) Mobile/10A523"
69.73.22.24 - - [06/Jan/2013:17:29:08 -0800] "GET /GetAd.php?sid=463&timeSinceLastAd=9&previousFeedId=1552&nextFeedId=1551&tlt=9&tlf=1&uid=8482&version=4.0.12455&mode=iPhoneApp&locale=en_US HTTP/1.1" 200 22 "-" "Tales2Go/3.2.0 CFNetwork/485.12.7 Darwin/10.4.0"
72.66.102.17 - - [06/Jan/2013:17:29:10 -0800] "GET /GetAd.php?sid=498&timeSinceLastAd=51&previousFeedId=59&nextFeedId=152&tlt=51&tlf=1&uid=20652&version=4.0.12455&mode=iPhoneApp&locale=en_US HTTP/1.1" 200 22 "-" "Tales2Go/3.2.0 CFNetwork/609 Darwin/13.0.0"
69.121.52.71 - - [06/Jan/2013:17:29:10 -0800] "GET /FeedRate.php?uid=19823&fid=951&rating=5 HTTP/1.1" 200 29 "http://t2g.stitcher.com/FeedDisplay.php?archived&mode=iPhoneApp&fid=951&episode_id=1288&nfid=721&uid=19823&version=3.2.0" "Mozilla/5.0 (iPhone; CPU iPhone OS 6_0_1 like Mac OS X) AppleWebKit/536.26 (KHTML, like Gecko) Mobile/10A523"
69.121.52.71 - - [06/Jan/2013:17:29:25 -0800] "GET /FeedRate.php?uid=19823&fid=951&rating=5 HTTP/1.1" 200 29 "http://t2g.stitcher.com/FeedDisplay.php?archived&mode=iPhoneApp&fid=951&episode_id=1288&nfid=721&uid=19823&version=3.2.0" "Mozilla/5.0 (iPhone; CPU iPhone OS 6_0_1 like Mac OS X) AppleWebKit/536.26 (KHTML, like Gecko) Mobile/10A523"
74.127.122.140 - - [06/Jan/2013:17:29:52 -0800] "GET /GetAd.php?sid=1&timeSinceLastAd=7487&previousFeedId=1540&nextFeedId=1221&tlt=7487&tlf=1&uid=18411&version=4.0.12455&mode=iPhoneApp&locale=en_US HTTP/1.1" 200 22 "-" "Tales2Go/3.2.0 CFNetwork/609 Darwin/13.0.0"
74.127.122.140 - - [06/Jan/2013:17:29:53 -0800] "GET /PostUsage.php?uid=18411&sid=1&fid=1540&eid=2951&completed=1012455&timezone=+0000&tlt=7487&version=4.0.12455&mode=iPhoneApp&locale=en_US HTTP/1.1" 200 - "-" "Tales2Go/3.2.0 CFNetwork/609 Darwin/13.0.0"
74.127.122.140 - - [06/Jan/2013:17:29:54 -0800] "GET /FeedDisplay.php?archived&mode=iPhoneApp&fid=1221&episode_id=1707&nfid=603&uid=18411&version=3.2.0 HTTP/1.1" 200 8674 "-" "Mozilla/5.0 (iPhone; CPU iPhone OS 6_0_1 like Mac OS X) AppleWebKit/536.26 (KHTML, like Gecko) Mobile/10A523"
74.127.122.140 - - [06/Jan/2013:17:30:07 -0800] "GET /GetAd.php?sid=1&timeSinceLastAd=7498&previousFeedId=1221&nextFeedId=1540&tlt=7498&tlf=2&uid=18411&version=4.0.12455&mode=iPhoneApp&locale=en_US HTTP/1.1" 200 22 "-" "Tales2Go/3.2.0 CFNetwork/609 Darwin/13.0.0"
74.127.122.140 - - [06/Jan/2013:17:30:09 -0800] "GET /FeedDisplay.php?archived&mode=iPhoneApp&fid=1540&episode_id=2951&nfid=241&uid=18411&version=3.2.0 HTTP/1.1" 200 9128 "-" "Mozilla/5.0 (iPhone; CPU iPhone OS 6_0_1 like Mac OS X) AppleWebKit/536.26 (KHTML, like Gecko) Mobile/10A523"
74.127.122.140 - - [06/Jan/2013:17:30:09 -0800] "GET /PostUsage.php?uid=18411&sid=1&fid=1221&eid=1707&completed=12731&timezone=+0000&tlt=7498&version=4.0.12455&mode=iPhoneApp&locale=en_US HTTP/1.1" 200 - "-" "Tales2Go/3.2.0 CFNetwork/609 Darwin/13.0.0"
74.127.122.140 - - [06/Jan/2013:17:31:12 -0800] "GET /PostUsage.php?uid=18411&sid=1&fid=1540&eid=2951&completed=4634000&timezone=+0000&tlt=7498&version=4.0.12455&mode=iPhoneApp&locale=en_US HTTP/1.1" 200 - "-" "Tales2Go/3.2.0 CFNetwork/609 Darwin/13.0.0"
74.127.122.140 - - [06/Jan/2013:17:31:13 -0800] "GET /FeedDisplay.php?archived&mode=iPhoneApp&fid=1540&episode_id=2952&nfid=241&uid=18411&version=3.2.0 HTTP/1.1" 200 9128 "-" "Mozilla/5.0 (iPhone; CPU iPhone OS 6_0_1 like Mac OS X) AppleWebKit/536.26 (KHTML, like Gecko) Mobile/10A523"
74.127.122.140 - - [06/Jan/2013:17:31:15 -0800] "GET /PostUsage.php?uid=18411&sid=1&fid=1540&eid=2952&completed=448&timezone=+0000&tlt=11990&version=4.0.12455&mode=iPhoneApp&locale=en_US HTTP/1.1" 200 - "-" "Tales2Go/3.2.0 CFNetwork/609 Darwin/13.0.0"
74.127.122.140 - - [06/Jan/2013:17:31:15 -0800] "GET /PostUsage.php?uid=18411&sid=1&fid=1540&eid=2951&completed=0&timezone=+0000&tlt=11990&version=4.0.12455&mode=iPhoneApp&locale=en_US HTTP/1.1" 200 - "-" "Tales2Go/3.2.0 CFNetwork/609 Darwin/13.0.0"
74.127.122.140 - - [06/Jan/2013:17:31:16 -0800] "GET /FeedDisplay.php?archived&mode=iPhoneApp&fid=1540&episode_id=2951&nfid=241&uid=18411&version=3.2.0 HTTP/1.1" 200 9128 "-" "Mozilla/5.0 (iPhone; CPU iPhone OS 6_0_1 like Mac OS X) AppleWebKit/536.26 (KHTML, like Gecko) Mobile/10A523"
108.41.13.14 - - [06/Jan/2013:17:31:53 -0800] "GET /StartupChecks.php?startup&uid=7519&version=4.0.12455&mode=iPhoneApp&locale=en_US HTTP/1.1" 200 289 "-" "Tales2Go/3.2.0 CFNetwork/609 Darwin/13.0.0"
108.41.13.14 - - [06/Jan/2013:17:31:53 -0800] "GET /LoadUserFromID.php?markStartup&id=7519&udid=58:55:CA:95:88:E9&version=4.0.12455&mode=iPhoneApp&locale=en_US HTTP/1.1" 200 248 "-" "Tales2Go/3.2.0 CFNetwork/609 Darwin/13.0.0"
108.41.13.14 - - [06/Jan/2013:17:31:54 -0800] "GET /GetContentStationList.php?uid=7519&version=4.0.12455&mode=iPhoneApp&locale=en_US HTTP/1.1" 200 6486 "-" "Tales2Go/3.2.0 CFNetwork/609 Darwin/13.0.0"
108.41.13.14 - - [06/Jan/2013:17:31:54 -0800] "GET /GetStationListFC.php?uid=7519&version=4.0.12455&mode=iPhoneApp&locale=en_US HTTP/1.1" 200 16492 "-" "Tales2Go/3.2.0 CFNetwork/609 Darwin/13.0.0"
108.41.13.14 - - [06/Jan/2013:17:32:02 -0800] "GET /GetStationPlayList.php?s=0&c=9&uid=7519&sid=103&endFeed=0&version=4.0.12455&mode=iPhoneApp&locale=en_US HTTP/1.1" 200 7071 "-" "Tales2Go/3.2.0 CFNetwork/609 Darwin/13.0.0"
174.254.177.208 - - [06/Jan/2013:17:32:08 -0800] "GET /GetAd.php?sid=4&timeSinceLastAd=4735&previousFeedId=769&nextFeedId=519&tlt=4735&tlf=3&uid=9776&version=4.0.12455&mode=iPhoneApp&locale=en_US HTTP/1.1" 200 22 "-" "Tales2Go/3.2.0 CFNetwork/609 Darwin/13.0.0"
174.254.177.208 - - [06/Jan/2013:17:32:09 -0800] "GET /PostUsage.php?uid=9776&sid=4&fid=769&eid=1031&completed=2767839&timezone=+0000&tlt=4735&version=4.0.12455&mode=iPhoneApp&locale=en_US HTTP/1.1" 200 - "-" "Tales2Go/3.2.0 CFNetwork/609 Darwin/13.0.0"
174.254.177.208 - - [06/Jan/2013:17:32:09 -0800] "GET /FeedDisplay.php?archived&mode=iPhoneApp&fid=519&episode_id=758&nfid=69&uid=9776&version=3.2.0 HTTP/1.1" 200 8479 "-" "Mozilla/5.0 (iPhone; CPU iPhone OS 6_0_1 like Mac OS X) AppleWebKit/536.26 (KHTML, like Gecko) Mobile/10A523"
108.41.13.14 - - [06/Jan/2013:17:32:09 -0800] "GET /GetStationPlayList.php?s=9&c=9&uid=7519&sid=103&endFeed=0&version=4.0.12455&mode=iPhoneApp&locale=en_US HTTP/1.1" 200 7762 "-" "Tales2Go/3.2.0 CFNetwork/609 Darwin/13.0.0"
174.254.177.208 - - [06/Jan/2013:17:32:15 -0800] "GET /GetAd.php?sid=4&timeSinceLastAd=4739&previousFeedId=519&nextFeedId=69&tlt=4739&tlf=4&uid=9776&version=4.0.12455&mode=iPhoneApp&locale=en_US HTTP/1.1" 200 22 "-" "Tales2Go/3.2.0 CFNetwork/609 Darwin/13.0.0"
108.41.13.14 - - [06/Jan/2013:17:32:16 -0800] "GET /GetStationPlayList.php?s=18&c=9&uid=7519&sid=103&endFeed=0&version=4.0.12455&mode=iPhoneApp&locale=en_US HTTP/1.1" 200 7815 "-" "Tales2Go/3.2.0 CFNetwork/609 Darwin/13.0.0"
108.41.13.14 - - [06/Jan/2013:17:32:24 -0800] "GET /FeedDisplay.php?archived&mode=iPhoneApp&fid=940&episode_id=1301&nfid=939&uid=7519&version=3.2.0 HTTP/1.1" 200 8909 "-" "Mozilla/5.0 (iPod; CPU iPhone OS 6_0_1 like Mac OS X) AppleWebKit/536.26 (KHTML, like Gecko) Mobile/10A523"
108.41.13.14 - - [06/Jan/2013:17:32:29 -0800] "GET /GetAd.php?sid=103&timeSinceLastAd=1831&previousFeedId=940&nextFeedId=939&tlt=1831&tlf=1&uid=7519&version=4.0.12455&mode=iPhoneApp&locale=en_US HTTP/1.1" 200 22 "-" "Tales2Go/3.2.0 CFNetwork/609 Darwin/13.0.0"
108.41.13.14 - - [06/Jan/2013:17:32:44 -0800] "GET /AddBookmark.php?uid=7519&eid=1301&offset=2195&version=4.0.12455&mode=iPhoneApp&locale=en_US HTTP/1.1" 200 47 "-" "Tales2Go/3.2.0 CFNetwork/609 Darwin/13.0.0"
74.127.122.140 - - [06/Jan/2013:17:33:01 -0800] "GET /GetAd.php?sid=1&timeSinceLastAd=12000&previousFeedId=1540&nextFeedId=241&tlt=12000&tlf=4&uid=18411&version=4.0.12455&mode=iPhoneApp&locale=en_US HTTP/1.1" 200 22 "-" "Tales2Go/3.2.0 CFNetwork/609 Darwin/13.0.0"
108.41.13.14 - - [06/Jan/2013:17:33:14 -0800] "GET /AddBookmark.php?uid=7519&eid=1301&offset=2727&version=4.0.12455&mode=iPhoneApp&locale=en_US HTTP/1.1" 200 47 "-" "Tales2Go/3.2.0 CFNetwork/609 Darwin/13.0.0"
108.41.13.14 - - [06/Jan/2013:17:33:26 -0800] "GET /AddBookmark.php?uid=7519&eid=1301&offset=2751&version=4.0.12455&mode=iPhoneApp&locale=en_US HTTP/1.1" 200 47 "-" "Tales2Go/3.2.0 CFNetwork/609 Darwin/13.0.0"
108.41.13.14 - - [06/Jan/2013:17:33:33 -0800] "GET /AddBookmark.php?uid=7519&eid=1301&offset=2850&version=4.0.12455&mode=iPhoneApp&locale=en_US HTTP/1.1" 200 47 "-" "Tales2Go/3.2.0 CFNetwork/609 Darwin/13.0.0"
174.252.52.126 - - [06/Jan/2013:17:33:42 -0800] "GET /PostUsage.php?uid=37047&sid=0&fid=19&eid=37&completed=565968&timezone=+0000&tlt=0&version=4.0.12455&mode=iPhoneApp&locale=en_US HTTP/1.1" 200 - "-" "Tales2Go/3.2.0 CFNetwork/548.1.4 Darwin/11.0.0"
174.252.52.126 - - [06/Jan/2013:17:33:47 -0800] "GET /FeedDisplay.php?archived&mode=iPhoneApp&fid=895&episode_id=1159&nfid=0&uid=37047&version=3.2.0 HTTP/1.1" 200 9071 "-" "Mozilla/5.0 (iPhone; CPU iPhone OS 5_1_1 like Mac OS X) AppleWebKit/534.46 (KHTML, like Gecko) Mobile/9B206"
108.41.13.14 - - [06/Jan/2013:17:33:53 -0800] "GET /AddBookmark.php?uid=7519&eid=1301&offset=3359&version=4.0.12455&mode=iPhoneApp&locale=en_US HTTP/1.1" 200 47 "-" "Tales2Go/3.2.0 CFNetwork/609 Darwin/13.0.0"
