75.194.194.208 - - [06/Jan/2013:10:09:00 -0800] "GET /StartupChecks.php?startup&uid=22471&version=4.0.12455&mode=iPhoneApp&locale=en_US HTTP/1.1" 200 289 "-" "Tales2Go/3.0.1 CFNetwork/548.0.4 Darwin/11.0.0"
75.194.194.208 - - [06/Jan/2013:10:09:03 -0800] "GET /LoadUserFromID.php?markStartup&id=22471&udid=A4:67:06:D3:4B:1B&version=4.0.12455&mode=iPhoneApp&locale=en_US HTTP/1.1" 200 263 "-" "Tales2Go/3.0.1 CFNetwork/548.0.4 Darwin/11.0.0"
75.194.194.208 - - [06/Jan/2013:10:09:03 -0800] "GET /GetContentStationList.php?uid=22471&version=4.0.12455&mode=iPhoneApp&locale=en_US HTTP/1.1" 200 6486 "-" "Tales2Go/3.0.1 CFNetwork/548.0.4 Darwin/11.0.0"
75.194.194.208 - - [06/Jan/2013:10:09:03 -0800] "GET /GetStationListFC.php?uid=22471&version=4.0.12455&mode=iPhoneApp&locale=en_US HTTP/1.1" 200 256 "-" "Tales2Go/3.0.1 CFNetwork/548.0.4 Darwin/11.0.0"
107.10.9.67 - - [06/Jan/2013:10:09:15 -0800] "GET /GetAd.php?sid=1&timeSinceLastAd=33642&previousFeedId=1528&nextFeedId=984&tlt=33642&tlf=10&uid=27744&version=4.0.12455&mode=iPhoneApp&locale=en_US HTTP/1.1" 200 22 "-" "Tales2Go/3.2.0 CFNetwork/485.13.9 Darwin/11.0.0"
208.113.232.130 - - [06/Jan/2013:10:09:29 -0800] "GET /GetNewSerialNum.php HTTP/1.0" 200 63 "-" "-"
208.113.232.130 - - [06/Jan/2013:10:09:29 -0800] "GET /LoadUserFromUDID.php?markStartup&udid=sn_1005088&version=4.0.12455&mode=desktop&override&locale=en_US HTTP/1.0" 200 58 "-" "-"
127.0.0.1 - - [06/Jan/2013:10:09:33 -0800] "GET /PostUsageScript.php?uid=20760&sid=0&fid=2411&eid=3930&completed=581&timezone=+0000&tlt=0&version=4.0.12455&mode=desktop&override&locale=en_US HTTP/1.0" 200 61 "-" "Wget/1.11.4 Red Hat modified"
208.113.232.130 - - [06/Jan/2013:10:09:33 -0800] "GET /PostUsage.php?uid=20760&sid=0&fid=2411&eid=3930&completed=581&timezone=+0000&tlt=0&version=4.0.12455&mode=desktop&override&locale=en_US HTTP/1.0" 200 - "-" "-"
166.137.156.172 - - [06/Jan/2013:10:10:45 -0800] "GET /GetAd.php?sid=60&timeSinceLastAd=1014&previousFeedId=274&nextFeedId=535&newStation&tlt=1014&tlf=0&uid=37851&version=4.0.12455&mode=iPhoneApp&locale=en_US HTTP/1.1" 200 22 "-" "Tales2Go/3.2.0 CFNetwork/609 Darwin/13.0.0"
166.137.156.172 - - [06/Jan/2013:10:10:46 -0800] "GET /PostUsage.php?uid=37851&sid=65&fid=274&eid=404&completed=489041&timezone=+0000&tlt=1014&version=4.0.12455&mode=iPhoneApp&locale=en_US HTTP/1.1" 200 - "-" "Tales2Go/3.2.0 CFNetwork/609 Darwin/13.0.0"
166.137.156.172 - - [06/Jan/2013:10:10:47 -0800] "GET /FeedDisplay.php?archived&mode=iPhoneApp&fid=535&episode_id=774&nfid=1389&uid=37851&version=3.2.0 HTTP/1.1" 200 8488 "-" "Mozilla/5.0 (iPhone; CPU iPhone OS 6_0_1 like Mac OS X) AppleWebKit/536.26 (KHTML, like Gecko) Mobile/10A523"
208.113.232.130 - - [06/Jan/2013:10:11:01 -0800] "GET /AddDeviceBookmark.php?udid=sn_1005054&eid=3930&offset=2285&appdata=336 HTTP/1.0" 200 52 "-" "-"
166.137.156.172 - - [06/Jan/2013:10:11:19 -0800] "GET /GetAd.php?sid=60&timeSinceLastAd=1033&previousFeedId=535&nextFeedId=1728&newStation&tlt=1033&tlf=0&uid=37851&version=4.0.12455&mode=iPhoneApp&locale=en_US HTTP/1.1" 200 22 "-" "Tales2Go/3.2.0 CFNetwork/609 Darwin/13.0.0"
166.137.156.172 - - [06/Jan/2013:10:11:20 -0800] "GET /PostUsage.php?uid=37851&sid=60&fid=535&eid=774&completed=22709&timezone=+0000&tlt=1033&version=4.0.12455&mode=iPhoneApp&locale=en_US HTTP/1.1" 200 - "-" "Tales2Go/3.2.0 CFNetwork/609 Darwin/13.0.0"
166.137.156.172 - - [06/Jan/2013:10:11:20 -0800] "GET /FeedDisplay.php?archived&mode=iPhoneApp&fid=1728&episode_id=3227&nfid=1402&uid=37851&version=3.2.0 HTTP/1.1" 200 8452 "-" "Mozilla/5.0 (iPhone; CPU iPhone OS 6_0_1 like Mac OS X) AppleWebKit/536.26 (KHTML, like Gecko) Mobile/10A523"
76.218.53.89 - - [06/Jan/2013:10:11:52 -0800] "GET /PostUsage.php?uid=2508&sid=0&fid=1266&eid=1918&completed=0&timezone=-0800&tlt=35464&version=4.0.12455&mode=iPhoneApp&locale=en_US HTTP/1.1" 200 - "-" "Tales2Go./2.1.12455 CFNetwork/459 Darwin/10.0.0d3"
76.218.53.89 - - [06/Jan/2013:10:11:53 -0800] "GET /FeedDisplay.php?archived&mode=iPhoneApp&fid=2332&episode_id=5241&nfid=0&uid=2508&version=2.1.12455 HTTP/1.1" 200 8397 "-" "Mozilla/5.0 (iPhone; U; CPU iPhone OS 3_1_3 like Mac OS X; en-us) AppleWebKit/528.18 (KHTML, like Gecko) Mobile/7E18"
71.80.46.84 - - [06/Jan/2013:10:11:54 -0800] "GET /GetAd.php?sid=1&timeSinceLastAd=36862&previousFeedId=1565&nextFeedId=1563&tlt=36862&tlf=11&uid=24682&version=4.0.12455&mode=iPhoneApp&locale=en_US HTTP/1.1" 200 22 "-" "Tales2Go/3.2.0 CFNetwork/609 Darwin/13.0.0"
71.80.46.84 - - [06/Jan/2013:10:11:55 -0800] "GET /PostUsage.php?uid=24682&sid=1&fid=1565&eid=2879&completed=3273595&timezone=+0000&tlt=36862&version=4.0.12455&mode=iPhoneApp&locale=en_US HTTP/1.1" 200 - "-" "Tales2Go/3.2.0 CFNetwork/609 Darwin/13.0.0"
71.80.46.84 - - [06/Jan/2013:10:11:55 -0800] "GET /FeedDisplay.php?archived&mode=iPhoneApp&fid=1563&episode_id=2876&nfid=1787&uid=24682&version=3.2.0 HTTP/1.1" 200 8890 "-" "Mozilla/5.0 (iPhone; CPU iPhone OS 6_0_1 like Mac OS X) AppleWebKit/536.26 (KHTML, like Gecko) Mobile/10A523"
208.113.232.130 - - [06/Jan/2013:10:12:06 -0800] "GET /AddDeviceBookmark.php?udid=sn_1005054&eid=3930&offset=2350&appdata=344 HTTP/1.0" 200 52 "-" "-"
166.137.156.172 - - [06/Jan/2013:10:12:07 -0800] "GET /GetAd.php?sid=60&timeSinceLastAd=1033&previousFeedId=1728&nextFeedId=1402&tlt=1033&tlf=1&uid=37851&version=4.0.12455&mode=iPhoneApp&locale=en_US HTTP/1.1" 200 22 "-" "Tales2Go/3.2.0 CFNetwork/609 Darwin/13.0.0"
174.252.45.56 - - [06/Jan/2013:10:12:08 -0800] "GET /GetAd.php?sid=0&timeSinceLastAd=242&previousFeedId=965&nextFeedId=0&tlt=242&tlf=1&uid=30660&version=4.0.12455&mode=iPhoneApp&locale=en_US HTTP/1.1" 200 22 "-" "Tales2Go/3.2.0 CFNetwork/548.1.4 Darwin/11.0.0"
71.80.46.84 - - [06/Jan/2013:10:12:16 -0800] "GET /GetAd.php?sid=1&timeSinceLastAd=36883&previousFeedId=1563&nextFeedId=1787&tlt=36883&tlf=12&uid=24682&version=4.0.12455&mode=iPhoneApp&locale=en_US HTTP/1.1" 200 22 "-" "Tales2Go/3.2.0 CFNetwork/609 Darwin/13.0.0"
76.218.53.89 - - [06/Jan/2013:10:12:33 -0800] "GET /GetAd.php?sid=0&timeSinceLastAd=36177&previousFeedId=2332&nextFeedId=0&tlt=36177&tlf=7&uid=2508&version=4.0.12455&mode=iPhoneApp&locale=en_US HTTP/1.1" 200 22 "-" "Tales2Go./2.1.12455 CFNetwork/459 Darwin/10.0.0d3"
50.88.6.112 - - [06/Jan/2013:10:12:39 -0800] "GET /GetAd.php?sid=103&timeSinceLastAd=52152&previousFeedId=782&nextFeedId=781&newStation&tlt=52152&tlf=0&uid=19669&version=4.0.12455&mode=iPhoneApp&locale=en_US HTTP/1.1" 200 22 "-" "Tales2Go/3.2.0 CFNetwork/485.12.7 Darwin/10.4.0"
50.88.6.112 - - [06/Jan/2013:10:12:39 -0800] "GET /PostUsage.php?uid=19669&sid=103&fid=782&eid=1075&completed=1372442&timezone=+0000&tlt=52152&version=4.0.12455&mode=iPhoneApp&locale=en_US HTTP/1.1" 200 - "-" "Tales2Go/3.2.0 CFNetwork/485.12.7 Darwin/10.4.0"
50.88.6.112 - - [06/Jan/2013:10:12:41 -0800] "GET /FeedDisplay.php?archived&mode=iPhoneApp&fid=781&episode_id=1074&nfid=780&uid=19669&version=3.2.0 HTTP/1.1" 200 8581 "-" "Mozilla/5.0 (iPod; U; CPU iPhone OS 4_2_1 like Mac OS X; en-us) AppleWebKit/533.17.9 (KHTML, like Gecko) Mobile/8C148"
50.88.6.112 - - [06/Jan/2013:10:13:00 -0800] "GET /GetAd.php?sid=103&timeSinceLastAd=52171&previousFeedId=781&nextFeedId=780&tlt=52171&tlf=1&uid=19669&version=4.0.12455&mode=iPhoneApp&locale=en_US HTTP/1.1" 200 22 "-" "Tales2Go/3.2.0 CFNetwork/485.12.7 Darwin/10.4.0"
108.208.201.23 - - [06/Jan/2013:10:13:39 -0800] "GET /GetAd.php?sid=22&timeSinceLastAd=1872&previousFeedId=1575&nextFeedId=1420&newStation&tlt=1872&tlf=0&uid=37665&version=4.0.12455&mode=iPhoneApp&locale=en_US HTTP/1.1" 200 22 "-" "Tales2Go/3.2.0 CFNetwork/609 Darwin/13.0.0"
108.208.201.23 - - [06/Jan/2013:10:13:40 -0800] "GET /PostUsage.php?uid=37665&sid=22&fid=1575&eid=2849&completed=1868727&timezone=+0000&tlt=1872&version=4.0.12455&mode=iPhoneApp&locale=en_US HTTP/1.1" 200 - "-" "Tales2Go/3.2.0 CFNetwork/609 Darwin/13.0.0"
108.208.201.23 - - [06/Jan/2013:10:13:40 -0800] "GET /FeedDisplay.php?archived&mode=iPhoneApp&fid=1420&episode_id=2330&nfid=2080&uid=37665&version=3.2.0 HTTP/1.1" 200 9042 "-" "Mozilla/5.0 (iPod; CPU iPhone OS 6_0_1 like Mac OS X) AppleWebKit/536.26 (KHTML, like Gecko) Mobile/10A523"
108.208.201.23 - - [06/Jan/2013:10:14:01 -0800] "GET /GetAd.php?sid=22&timeSinceLastAd=1892&previousFeedId=1420&nextFeedId=2080&tlt=1892&tlf=1&uid=37665&version=4.0.12455&mode=iPhoneApp&locale=en_US HTTP/1.1" 200 22 "-" "Tales2Go/3.2.0 CFNetwork/609 Darwin/13.0.0"
108.208.201.23 - - [06/Jan/2013:10:14:07 -0800] "GET /GetStationPlayList.php?s=225&c=9&uid=37665&sid=22&endFeed=0&version=4.0.12455&mode=iPhoneApp&locale=en_US HTTP/1.1" 200 8465 "-" "Tales2Go/3.2.0 CFNetwork/609 Darwin/13.0.0"
108.208.201.23 - - [06/Jan/2013:10:14:14 -0800] "GET /GetStationPlayList.php?s=234&c=9&uid=37665&sid=22&endFeed=0&version=4.0.12455&mode=iPhoneApp&locale=en_US HTTP/1.1" 200 8325 "-" "Tales2Go/3.2.0 CFNetwork/609 Darwin/13.0.0"
108.208.201.23 - - [06/Jan/2013:10:14:20 -0800] "GET /GetStationPlayList.php?s=243&c=9&uid=37665&sid=22&endFeed=0&version=4.0.12455&mode=iPhoneApp&locale=en_US HTTP/1.1" 200 9743 "-" "Tales2Go/3.2.0 CFNetwork/609 Darwin/13.0.0"
71.173.87.134 - - [06/Jan/2013:10:14:27 -0800] "GET /GetAd.php?sid=5&timeSinceLastAd=788&previousFeedId=1760&nextFeedId=252&tlt=788&tlf=9&uid=27665&version=4.0.12455&mode=iPhoneApp&locale=en_US HTTP/1.1" 200 22 "-" "Tales2Go/3.2.0 CFNetwork/609 Darwin/13.0.0"
71.173.87.134 - - [06/Jan/2013:10:14:27 -0800] "GET /PostUsage.php?skipped&uid=27665&sid=5&fid=1760&eid=3259&completed=740433&timezone=+0000&tlt=48&version=4.0.12455&mode=iPhoneApp&locale=en_US HTTP/1.1" 200 - "-" "Tales2Go/3.2.0 CFNetwork/609 Darwin/13.0.0"
71.173.87.134 - - [06/Jan/2013:10:14:29 -0800] "GET /FeedDisplay.php?archived&mode=iPhoneApp&fid=252&episode_id=394&nfid=1274&uid=27665&version=3.2.0 HTTP/1.1" 200 8459 "-" "Mozilla/5.0 (iPhone; CPU iPhone OS 6_0_1 like Mac OS X) AppleWebKit/536.26 (KHTML, like Gecko) Mobile/10A523"
108.208.201.23 - - [06/Jan/2013:10:14:29 -0800] "GET /GetStationPlayList.php?s=252&c=9&uid=37665&sid=22&endFeed=0&version=4.0.12455&mode=iPhoneApp&locale=en_US HTTP/1.1" 200 9782 "-" "Tales2Go/3.2.0 CFNetwork/609 Darwin/13.0.0"
71.173.87.134 - - [06/Jan/2013:10:14:32 -0800] "GET /PostUsage.php?skipped&uid=27665&sid=5&fid=252&eid=394&completed=2000&timezone=+0000&tlt=788&version=4.0.12455&mode=iPhoneApp&locale=en_US HTTP/1.1" 200 - "-" "Tales2Go/3.2.0 CFNetwork/609 Darwin/13.0.0"
71.173.87.134 - - [06/Jan/2013:10:14:32 -0800] "GET /GetAd.php?sid=5&timeSinceLastAd=790&previousFeedId=252&nextFeedId=1274&tlt=790&tlf=10&uid=27665&version=4.0.12455&mode=iPhoneApp&locale=en_US HTTP/1.1" 200 22 "-" "Tales2Go/3.2.0 CFNetwork/609 Darwin/13.0.0"
71.173.87.134 - - [06/Jan/2013:10:14:33 -0800] "GET /FeedDisplay.php?archived&mode=iPhoneApp&fid=1274&episode_id=1794&nfid=856&uid=27665&version=3.2.0 HTTP/1.1" 200 8455 "-" "Mozilla/5.0 (iPhone; CPU iPhone OS 6_0_1 like Mac OS X) AppleWebKit/536.26 (KHTML, like Gecko) Mobile/10A523"
108.208.201.23 - - [06/Jan/2013:10:14:36 -0800] "GET /GetStationPlayList.php?s=261&c=9&uid=37665&sid=22&endFeed=0&version=4.0.12455&mode=iPhoneApp&locale=en_US HTTP/1.1" 200 8255 "-" "Tales2Go/3.2.0 CFNetwork/609 Darwin/13.0.0"
71.173.87.134 - - [06/Jan/2013:10:14:40 -0800] "GET /PostUsage.php?skipped&uid=27665&sid=5&fid=1274&eid=1794&completed=272&timezone=+0000&tlt=790&version=4.0.12455&mode=iPhoneApp&locale=en_US HTTP/1.1" 200 - "-" "Tales2Go/3.2.0 CFNetwork/609 Darwin/13.0.0"
71.173.87.134 - - [06/Jan/2013:10:14:40 -0800] "GET /GetAd.php?sid=5&timeSinceLastAd=790&previousFeedId=1274&nextFeedId=856&tlt=790&tlf=11&uid=27665&version=4.0.12455&mode=iPhoneApp&locale=en_US HTTP/1.1" 200 22 "-" "Tales2Go/3.2.0 CFNetwork/609 Darwin/13.0.0"
71.173.87.134 - - [06/Jan/2013:10:14:41 -0800] "GET /FeedDisplay.php?archived&mode=iPhoneApp&fid=856&episode_id=1100&nfid=1528&uid=27665&version=3.2.0 HTTP/1.1" 200 8550 "-" "Mozilla/5.0 (iPhone; CPU iPhone OS 6_0_1 like Mac OS X) AppleWebKit/536.26 (KHTML, like Gecko) Mobile/10A523"
108.208.201.23 - - [06/Jan/2013:10:14:43 -0800] "GET /GetAd.php?sid=22&timeSinceLastAd=1934&previousFeedId=1420&nextFeedId=1574&newStation&tlt=1934&tlf=0&uid=37665&version=4.0.12455&mode=iPhoneApp&locale=en_US HTTP/1.1" 200 22 "-" "Tales2Go/3.2.0 CFNetwork/609 Darwin/13.0.0"
108.208.201.23 - - [06/Jan/2013:10:14:43 -0800] "GET /PostUsage.php?uid=37665&sid=22&fid=1420&eid=2330&completed=62321&timezone=+0000&tlt=1934&version=4.0.12455&mode=iPhoneApp&locale=en_US HTTP/1.1" 200 - "-" "Tales2Go/3.2.0 CFNetwork/609 Darwin/13.0.0"
108.208.201.23 - - [06/Jan/2013:10:14:44 -0800] "GET /FeedDisplay.php?archived&mode=iPhoneApp&fid=1574&episode_id=2848&nfid=1147&uid=37665&version=3.2.0 HTTP/1.1" 200 8927 "-" "Mozilla/5.0 (iPod; CPU iPhone OS 6_0_1 like Mac OS X) AppleWebKit/536.26 (KHTML, like Gecko) Mobile/10A523"
71.173.87.134 - - [06/Jan/2013:10:14:47 -0800] "GET /PostUsage.php?skipped&uid=27665&sid=5&fid=856&eid=1100&completed=3551&timezone=+0000&tlt=790&version=4.0.12455&mode=iPhoneApp&locale=en_US HTTP/1.1" 200 - "-" "Tales2Go/3.2.0 CFNetwork/609 Darwin/13.0.0"
71.173.87.134 - - [06/Jan/2013:10:14:47 -0800] "GET /GetAd.php?sid=5&timeSinceLastAd=793&previousFeedId=856&nextFeedId=1528&tlt=793&tlf=12&uid=27665&version=4.0.12455&mode=iPhoneApp&locale=en_US HTTP/1.1" 200 22 "-" "Tales2Go/3.2.0 CFNetwork/609 Darwin/13.0.0"
71.173.87.134 - - [06/Jan/2013:10:14:48 -0800] "GET /FeedDisplay.php?archived&mode=iPhoneApp&fid=1528&episode_id=2934&nfid=2836&uid=27665&version=3.2.0 HTTP/1.1" 200 9149 "-" "Mozilla/5.0 (iPhone; CPU iPhone OS 6_0_1 like Mac OS X) AppleWebKit/536.26 (KHTML, like Gecko) Mobile/10A523"
108.208.201.23 - - [06/Jan/2013:10:14:55 -0800] "GET /GetAd.php?sid=22&timeSinceLastAd=1945&previousFeedId=1574&nextFeedId=1147&tlt=1945&tlf=1&uid=37665&version=4.0.12455&mode=iPhoneApp&locale=en_US HTTP/1.1" 200 22 "-" "Tales2Go/3.2.0 CFNetwork/609 Darwin/13.0.0"
208.113.232.130 - - [06/Jan/2013:10:15:38 -0800] "GET /AddDeviceBookmark.php?udid=sn_1005054&eid=3930&offset=2562&appdata=373 HTTP/1.0" 200 52 "-" "-"
71.173.87.134 - - [06/Jan/2013:10:18:25 -0800] "GET /GetAd.php?sid=5&timeSinceLastAd=1367&previousFeedId=1528&nextFeedId=2836&tlt=1367&tlf=13&uid=27665&version=4.0.12455&mode=iPhoneApp&locale=en_US HTTP/1.1" 200 22 "-" "Tales2Go/3.2.0 CFNetwork/609 Darwin/13.0.0"
67.168.68.101 - - [06/Jan/2013:10:18:49 -0800] "GET /PostUsage.php?uid=36851&sid=14&fid=1544&eid=3001&completed=4420406&timezone=+0000&tlt=37470&version=4.0.12455&mode=iPhoneApp&locale=en_US HTTP/1.1" 200 - "-" "Tales2Go/3.2.0 CFNetwork/609 Darwin/13.0.0"
67.168.68.101 - - [06/Jan/2013:10:18:49 -0800] "GET /FeedDisplay.php?archived&mode=iPhoneApp&fid=1544&episode_id=3002&nfid=920&uid=36851&version=3.2.0 HTTP/1.1" 200 10214 "-" "Mozilla/5.0 (iPhone; CPU iPhone OS 6_0 like Mac OS X) AppleWebKit/536.26 (KHTML, like Gecko) Mobile/10A403"
67.168.68.101 - - [06/Jan/2013:10:18:58 -0800] "GET /GetAd.php?sid=14&timeSinceLastAd=41897&previousFeedId=1544&nextFeedId=920&tlt=41897&tlf=8&uid=36851&version=4.0.12455&mode=iPhoneApp&locale=en_US HTTP/1.1" 200 22 "-" "Tales2Go/3.2.0 CFNetwork/609 Darwin/13.0.0"
127.0.0.1 - - [06/Jan/2013:10:19:37 -0800] "GET /PostUsageScript.php?uid=20760&sid=0&fid=2411&eid=3930&completed=596&timezone=+0000&tlt=0&version=4.0.12455&mode=desktop&override&locale=en_US HTTP/1.0" 200 61 "-" "Wget/1.11.4 Red Hat modified"
208.113.232.130 - - [06/Jan/2013:10:19:37 -0800] "GET /PostUsage.php?uid=20760&sid=0&fid=2411&eid=3930&completed=596&timezone=+0000&tlt=0&version=4.0.12455&mode=desktop&override&locale=en_US HTTP/1.0" 200 - "-" "-"
166.137.156.147 - - [06/Jan/2013:10:19:42 -0800] "GET /GetAd.php?sid=60&timeSinceLastAd=1033&previousFeedId=1728&nextFeedId=1387&newStation&tlt=1033&tlf=0&uid=37851&version=4.0.12455&mode=iPhoneApp&locale=en_US HTTP/1.1" 200 22 "-" "Tales2Go/3.2.0 CFNetwork/609 Darwin/13.0.0"
166.137.156.147 - - [06/Jan/2013:10:19:42 -0800] "GET /PostUsage.php?uid=37851&sid=60&fid=1728&eid=3227&completed=0&timezone=+0000&tlt=1033&version=4.0.12455&mode=iPhoneApp&locale=en_US HTTP/1.1" 200 - "-" "Tales2Go/3.2.0 CFNetwork/609 Darwin/13.0.0"
166.137.156.147 - - [06/Jan/2013:10:19:42 -0800] "GET /FeedDisplay.php?archived&mode=iPhoneApp&fid=1387&episode_id=2297&nfid=1391&uid=37851&version=3.2.0 HTTP/1.1" 200 8587 "-" "Mozilla/5.0 (iPhone; CPU iPhone OS 6_0_1 like Mac OS X) AppleWebKit/536.26 (KHTML, like Gecko) Mobile/10A523"
99.69.107.146 - - [06/Jan/2013:10:19:49 -0800] "GET /StartupChecks.php?startup&uid=36083&version=4.0.12455&mode=iPhoneApp&locale=en_US HTTP/1.1" 200 289 "-" "Tales2Go/3.2.0 CFNetwork/609 Darwin/13.0.0"
99.69.107.146 - - [06/Jan/2013:10:19:50 -0800] "GET /LoadUserFromID.php?markStartup&id=36083&udid=34:15:9E:72:B1:8F&version=4.0.12455&mode=iPhoneApp&locale=en_US HTTP/1.1" 200 263 "-" "Tales2Go/3.2.0 CFNetwork/609 Darwin/13.0.0"
99.69.107.146 - - [06/Jan/2013:10:19:51 -0800] "GET /GetContentStationList.php?uid=36083&version=4.0.12455&mode=iPhoneApp&locale=en_US HTTP/1.1" 200 6486 "-" "Tales2Go/3.2.0 CFNetwork/609 Darwin/13.0.0"
99.69.107.146 - - [06/Jan/2013:10:19:51 -0800] "GET /GetStationListFC.php?uid=36083&version=4.0.12455&mode=iPhoneApp&locale=en_US HTTP/1.1" 200 16492 "-" "Tales2Go/3.2.0 CFNetwork/609 Darwin/13.0.0"
208.113.232.130 - - [06/Jan/2013:10:19:56 -0800] "GET /GetNewSerialNum.php HTTP/1.0" 200 63 "-" "-"
208.113.232.130 - - [06/Jan/2013:10:19:56 -0800] "GET /LoadUserFromUDID.php?markStartup&udid=sn_1005089&version=4.0.12455&mode=desktop&override&locale=en_US HTTP/1.0" 200 58 "-" "-"
108.208.201.23 - - [06/Jan/2013:10:21:45 -0800] "GET /Search.php?uid=37665&term=Judy%20moody%20M.D&s=0&c=20&version=4.0.12455&mode=iPhoneApp&locale=en_US HTTP/1.1" 200 5473 "-" "Tales2Go/3.2.0 CFNetwork/609 Darwin/13.0.0"
108.208.201.23 - - [06/Jan/2013:10:21:52 -0800] "GET /PostUsage.php?uid=37665&sid=22&fid=1574&eid=2848&completed=427734&timezone=+0000&tlt=1934&version=4.0.12455&mode=iPhoneApp&locale=en_US HTTP/1.1" 200 - "-" "Tales2Go/3.2.0 CFNetwork/609 Darwin/13.0.0"
108.208.201.23 - - [06/Jan/2013:10:21:53 -0800] "GET /FeedDisplay.php?archived&mode=iPhoneApp&fid=766&episode_id=1063&nfid=0&uid=37665&version=3.2.0 HTTP/1.1" 200 9010 "-" "Mozilla/5.0 (iPod; CPU iPhone OS 6_0_1 like Mac OS X) AppleWebKit/536.26 (KHTML, like Gecko) Mobile/10A523"
108.208.201.23 - - [06/Jan/2013:10:22:12 -0800] "GET /GetAd.php?sid=0&timeSinceLastAd=1951&previousFeedId=766&nextFeedId=0&tlt=1951&tlf=1&uid=37665&version=4.0.12455&mode=iPhoneApp&locale=en_US HTTP/1.1" 200 22 "-" "Tales2Go/3.2.0 CFNetwork/609 Darwin/13.0.0"
177.43.176.194 - - [06/Jan/2013:10:23:24 -0800] "GET /PostUsage.php?uid=36359&sid=1&fid=1142&eid=1539&completed=1994832&timezone=+0000&tlt=7464&version=4.0.12455&mode=iPhoneApp&locale=en_US HTTP/1.1" 200 - "-" "Tales2Go/3.2.0 CFNetwork/609 Darwin/13.0.0"
177.43.176.194 - - [06/Jan/2013:10:23:25 -0800] "GET /FeedDisplay.php?archived&mode=iPhoneApp&fid=1142&episode_id=1540&nfid=0&uid=36359&version=3.2.0 HTTP/1.1" 200 9273 "-" "Mozilla/5.0 (iPhone; CPU iPhone OS 6_0_1 like Mac OS X) AppleWebKit/536.26 (KHTML, like Gecko) Mobile/10A523"
166.137.156.147 - - [06/Jan/2013:10:23:31 -0800] "GET /GetAd.php?sid=60&timeSinceLastAd=1216&previousFeedId=1387&nextFeedId=1391&tlt=1216&tlf=1&uid=37851&version=4.0.12455&mode=iPhoneApp&locale=en_US HTTP/1.1" 200 22 "-" "Tales2Go/3.2.0 CFNetwork/609 Darwin/13.0.0"
166.137.156.147 - - [06/Jan/2013:10:23:38 -0800] "GET /GetAd.php?sid=60&timeSinceLastAd=1033&previousFeedId=1387&nextFeedId=1391&tlt=1033&tlf=1&uid=37851&version=4.0.12455&mode=iPhoneApp&locale=en_US HTTP/1.1" 200 22 "-" "Tales2Go/3.2.0 CFNetwork/609 Darwin/13.0.0"
166.137.156.147 - - [06/Jan/2013:10:23:38 -0800] "GET /PostUsage.php?uid=37851&sid=60&fid=1387&eid=2297&completed=15&timezone=+0000&tlt=1033&version=4.0.12455&mode=iPhoneApp&locale=en_US HTTP/1.1" 200 - "-" "Tales2Go/3.2.0 CFNetwork/609 Darwin/13.0.0"
166.137.156.147 - - [06/Jan/2013:10:23:39 -0800] "GET /FeedDisplay.php?archived&mode=iPhoneApp&fid=1391&episode_id=2301&nfid=294&uid=37851&version=3.2.0 HTTP/1.1" 200 8583 "-" "Mozilla/5.0 (iPhone; CPU iPhone OS 6_0_1 like Mac OS X) AppleWebKit/536.26 (KHTML, like Gecko) Mobile/10A523"
71.212.2.51 - - [06/Jan/2013:10:23:43 -0800] "GET /GetBookmarkList.php?uid=24901&version=4.0.12455&mode=iPhoneApp&locale=en_US HTTP/1.1" 200 1027 "-" "Tales2Go/3.2.0 CFNetwork/609 Darwin/13.0.0"
166.137.156.147 - - [06/Jan/2013:10:24:00 -0800] "GET /GetAd.php?sid=60&timeSinceLastAd=1053&previousFeedId=1391&nextFeedId=294&tlt=1053&tlf=2&uid=37851&version=4.0.12455&mode=iPhoneApp&locale=en_US HTTP/1.1" 200 22 "-" "Tales2Go/3.2.0 CFNetwork/609 Darwin/13.0.0"
208.113.232.130 - - [06/Jan/2013:10:24:16 -0800] "GET /AddDeviceBookmark.php?udid=sn_1005054&eid=3930&offset=3080&appdata=442 HTTP/1.0" 200 52 "-" "-"
177.43.176.194 - - [06/Jan/2013:10:24:48 -0800] "GET /GetAd.php?sid=1&timeSinceLastAd=9539&previousFeedId=1142&nextFeedId=0&tlt=9539&tlf=6&uid=36359&version=4.0.12455&mode=iPhoneApp&locale=en_US HTTP/1.1" 200 22 "-" "Tales2Go/3.2.0 CFNetwork/609 Darwin/13.0.0"
174.255.37.78 - - [06/Jan/2013:10:25:20 -0800] "GET /StartupChecks.php?startup&version=4.0.12455&mode=iPhoneApp&locale=en_US HTTP/1.1" 200 246 "-" "Tales2Go%20-%20Old%20Version/2.2.12455 CFNetwork/609 Darwin/13.0.0"
208.113.232.130 - - [06/Jan/2013:10:25:45 -0800] "GET /GetNewSerialNum.php HTTP/1.0" 200 63 "-" "-"
208.113.232.130 - - [06/Jan/2013:10:25:45 -0800] "GET /LoadUserFromUDID.php?markStartup&udid=sn_1005090&version=4.0.12455&mode=desktop&override&locale=en_US HTTP/1.0" 200 58 "-" "-"
208.113.232.130 - - [06/Jan/2013:10:25:46 -0800] "GET /GetNewSerialNum.php HTTP/1.0" 200 63 "-" "-"
208.113.232.130 - - [06/Jan/2013:10:25:46 -0800] "GET /LoadUserFromUDID.php?markStartup&udid=sn_1005091&version=4.0.12455&mode=desktop&override&locale=en_US HTTP/1.0" 200 58 "-" "-"
208.113.232.130 - - [06/Jan/2013:10:26:52 -0800] "GET /GetNewSerialNum.php HTTP/1.0" 200 63 "-" "-"
208.113.232.130 - - [06/Jan/2013:10:26:52 -0800] "GET /LoadUserFromUDID.php?markStartup&udid=sn_1005092&version=4.0.12455&mode=desktop&override&locale=en_US HTTP/1.0" 200 58 "-" "-"
208.113.232.130 - - [06/Jan/2013:10:27:46 -0800] "GET /GetNewSerialNum.php HTTP/1.0" 200 63 "-" "-"
208.113.232.130 - - [06/Jan/2013:10:27:46 -0800] "GET /LoadUserFromUDID.php?markStartup&udid=sn_1005093&version=4.0.12455&mode=desktop&override&locale=en_US HTTP/1.0" 200 58 "-" "-"
208.113.232.130 - - [06/Jan/2013:10:28:01 -0800] "GET /GetNewSerialNum.php HTTP/1.0" 200 63 "-" "-"
208.113.232.130 - - [06/Jan/2013:10:28:02 -0800] "GET /LoadUserFromUDID.php?markStartup&udid=sn_1005094&version=4.0.12455&mode=desktop&override&locale=en_US HTTP/1.0" 200 58 "-" "-"
208.113.232.130 - - [06/Jan/2013:10:28:17 -0800] "GET /AddDeviceBookmark.php?udid=sn_1005054&eid=3930&offset=3321&appdata=475 HTTP/1.0" 200 52 "-" "-"
208.113.232.130 - - [06/Jan/2013:10:28:47 -0800] "GET /GetNewSerialNum.php HTTP/1.0" 200 63 "-" "-"
208.113.232.130 - - [06/Jan/2013:10:28:47 -0800] "GET /LoadUserFromUDID.php?markStartup&udid=sn_1005095&version=4.0.12455&mode=desktop&override&locale=en_US HTTP/1.0" 200 58 "-" "-"
127.0.0.1 - - [06/Jan/2013:10:29:37 -0800] "GET /PostUsageScript.php?uid=20760&sid=0&fid=2411&eid=3930&completed=591&timezone=+0000&tlt=0&version=4.0.12455&mode=desktop&override&locale=en_US HTTP/1.0" 200 61 "-" "Wget/1.11.4 Red Hat modified"
208.113.232.130 - - [06/Jan/2013:10:29:37 -0800] "GET /PostUsage.php?uid=20760&sid=0&fid=2411&eid=3930&completed=591&timezone=+0000&tlt=0&version=4.0.12455&mode=desktop&override&locale=en_US HTTP/1.0" 200 - "-" "-"
208.113.232.130 - - [06/Jan/2013:10:29:55 -0800] "GET /AddDeviceBookmark.php?udid=sn_1005054&eid=3930&offset=3419&appdata=488 HTTP/1.0" 200 52 "-" "-"
76.111.86.252 - - [06/Jan/2013:10:30:03 -0800] "GET /RemoveFavorite.php?uid=37245&fid=961&version=4.0.12455&mode=iPhoneApp&locale=en_US HTTP/1.1" 200 57 "-" "Tales2Go/3.2.0 CFNetwork/609 Darwin/13.0.0"
127.0.0.1 - - [06/Jan/2013:10:30:06 -0800] "GET /PostUsageScript.php?uid=20760&sid=0&fid=2411&eid=3930&completed=28&timezone=+0000&tlt=0&version=4.0.12455&mode=desktop&override&locale=en_US HTTP/1.0" 200 61 "-" "Wget/1.11.4 Red Hat modified"
208.113.232.130 - - [06/Jan/2013:10:30:06 -0800] "GET /PostUsage.php?uid=20760&sid=0&fid=2411&eid=3930&completed=28&timezone=+0000&tlt=0&version=4.0.12455&mode=desktop&override&locale=en_US HTTP/1.0" 200 - "-" "-"
96.233.111.126 - - [06/Jan/2013:10:30:37 -0800] "GET /PostUsage.php?skipped&uid=37855&sid=122&fid=1420&eid=2331&completed=4382&timezone=+0000&tlt=0&version=4.0.12455&mode=iPhoneApp&locale=en_US HTTP/1.1" 200 - "-" "Tales2Go/3.2.0 CFNetwork/609 Darwin/13.0.0"
96.233.111.126 - - [06/Jan/2013:10:30:38 -0800] "GET /GetAd.php?sid=122&timeSinceLastAd=4&previousFeedId=1420&nextFeedId=1285&tlt=4&tlf=1&uid=37855&version=4.0.12455&mode=iPhoneApp&locale=en_US HTTP/1.1" 200 22 "-" "Tales2Go/3.2.0 CFNetwork/609 Darwin/13.0.0"
96.233.111.126 - - [06/Jan/2013:10:30:39 -0800] "GET /FeedDisplay.php?archived&mode=iPhoneApp&fid=1285&episode_id=2257&nfid=925&uid=37855&version=3.2.0 HTTP/1.1" 200 9176 "-" "Mozilla/5.0 (iPod; CPU iPhone OS 6_0_1 like Mac OS X) AppleWebKit/536.26 (KHTML, like Gecko) Mobile/10A523"
96.233.111.126 - - [06/Jan/2013:10:30:48 -0800] "GET /GetAd.php?sid=122&timeSinceLastAd=7&previousFeedId=1285&nextFeedId=925&tlt=7&tlf=2&uid=37855&version=4.0.12455&mode=iPhoneApp&locale=en_US HTTP/1.1" 200 22 "-" "Tales2Go/3.2.0 CFNetwork/609 Darwin/13.0.0"
24.116.83.187 - - [06/Jan/2013:10:31:26 -0800] "GET /PostUsage.php?uid=14928&sid=94&fid=1528&eid=2934&completed=2784397&timezone=+0000&tlt=0&version=4.0.12455&mode=iPhoneApp&locale=en_US HTTP/1.1" 200 - "-" "Tales2Go%20-%20Old%20Version/2.2.12455 CFNetwork/609 Darwin/13.0.0"
24.116.83.187 - - [06/Jan/2013:10:31:27 -0800] "GET /FeedDisplay.php?archived&mode=iPhoneApp&fid=1528&episode_id=2935&nfid=983&uid=14928&version=2.2.12455 HTTP/1.1" 200 9149 "-" "Mozilla/5.0 (iPhone; CPU iPhone OS 6_0_1 like Mac OS X) AppleWebKit/536.26 (KHTML, like Gecko) Mobile/10A525"
24.116.83.187 - - [06/Jan/2013:10:31:28 -0800] "GET /images/multipart_arrow_right_disabled.gif HTTP/1.1" 200 278 "http://t2g.stitcher.com/FeedDisplay.php?archived&mode=iPhoneApp&fid=1528&episode_id=2935&nfid=983&uid=14928&version=2.2.12455" "Mozilla/5.0 (iPhone; CPU iPhone OS 6_0_1 like Mac OS X) AppleWebKit/536.26 (KHTML, like Gecko) Mobile/10A525"
24.116.83.187 - - [06/Jan/2013:10:31:30 -0800] "GET /GetAd.php?sid=94&timeSinceLastAd=2787&previousFeedId=1528&nextFeedId=983&tlt=2787&tlf=2&uid=14928&version=4.0.12455&mode=iPhoneApp&locale=en_US HTTP/1.1" 200 22 "-" "Tales2Go%20-%20Old%20Version/2.2.12455 CFNetwork/609 Darwin/13.0.0"
66.87.101.120 - - [06/Jan/2013:10:31:43 -0800] "GET /StartupChecks.php?startup&uid=37822&version=4.0.12455&mode=iPhoneApp&locale=en_US HTTP/1.1" 200 289 "-" "Tales2Go/3.2.0 CFNetwork/609 Darwin/13.0.0"
66.87.101.120 - - [06/Jan/2013:10:31:43 -0800] "GET /LoadUserFromID.php?markStartup&id=37822&udid=BC:52:B7:D9:D5:C0&version=4.0.12455&mode=iPhoneApp&locale=en_US HTTP/1.1" 200 263 "-" "Tales2Go/3.2.0 CFNetwork/609 Darwin/13.0.0"
66.87.101.120 - - [06/Jan/2013:10:31:45 -0800] "GET /GetContentStationList.php?uid=37822&version=4.0.12455&mode=iPhoneApp&locale=en_US HTTP/1.1" 200 6486 "-" "Tales2Go/3.2.0 CFNetwork/609 Darwin/13.0.0"
66.87.101.120 - - [06/Jan/2013:10:31:44 -0800] "GET /GetStationListFC.php?uid=37822&version=4.0.12455&mode=iPhoneApp&locale=en_US HTTP/1.1" 200 16492 "-" "Tales2Go/3.2.0 CFNetwork/609 Darwin/13.0.0"
66.87.101.120 - - [06/Jan/2013:10:31:53 -0800] "GET /GetStationPlayList.php?s=0&c=9&uid=37822&sid=35&endFeed=0&version=4.0.12455&mode=iPhoneApp&locale=en_US HTTP/1.1" 200 10498 "-" "Tales2Go/3.2.0 CFNetwork/609 Darwin/13.0.0"
174.20.188.252 - - [06/Jan/2013:10:31:55 -0800] "GET /StartupChecks.php?startup&uid=17430&version=4.0.12455&mode=iPhoneApp&locale=en_US HTTP/1.1" 200 289 "-" "Tales2Go%20-%20Old%20Version/2.2.12455 CFNetwork/548.1.4 Darwin/11.0.0"
174.20.188.252 - - [06/Jan/2013:10:31:56 -0800] "GET /LoadUserFromID.php?markStartup&id=17430&udid=4c1cb1d0064073783fd188825765fe68b29eb2d5&version=4.0.12455&mode=iPhoneApp&locale=en_US HTTP/1.1" 200 253 "-" "Tales2Go%20-%20Old%20Version/2.2.12455 CFNetwork/548.1.4 Darwin/11.0.0"
66.87.101.120 - - [06/Jan/2013:10:31:58 -0800] "GET /GetStationPlayList.php?s=9&c=9&uid=37822&sid=35&endFeed=0&version=4.0.12455&mode=iPhoneApp&locale=en_US HTTP/1.1" 200 7658 "-" "Tales2Go/3.2.0 CFNetwork/609 Darwin/13.0.0"
66.87.101.120 - - [06/Jan/2013:10:32:07 -0800] "GET /GetStationPlayList.php?s=18&c=9&uid=37822&sid=35&endFeed=0&version=4.0.12455&mode=iPhoneApp&locale=en_US HTTP/1.1" 200 7368 "-" "Tales2Go/3.2.0 CFNetwork/609 Darwin/13.0.0"
174.20.188.252 - - [06/Jan/2013:10:32:09 -0800] "GET /GetStationPlayList.php?s=0&c=9&uid=17430&sid=95&endFeed=0&version=4.0.12455&mode=iPhoneApp&locale=en_US HTTP/1.1" 200 9813 "-" "Tales2Go%20-%20Old%20Version/2.2.12455 CFNetwork/548.1.4 Darwin/11.0.0"
174.20.188.252 - - [06/Jan/2013:10:32:14 -0800] "GET /GetStationPlayList.php?s=9&c=9&uid=17430&sid=95&endFeed=0&version=4.0.12455&mode=iPhoneApp&locale=en_US HTTP/1.1" 200 3379 "-" "Tales2Go%20-%20Old%20Version/2.2.12455 CFNetwork/548.1.4 Darwin/11.0.0"
66.87.101.120 - - [06/Jan/2013:10:32:28 -0800] "GET /FeedDisplay.php?archived&mode=iPhoneApp&fid=35&episode_id=51&nfid=728&uid=37822&version=3.2.0 HTTP/1.1" 200 8539 "-" "Mozilla/5.0 (iPhone; CPU iPhone OS 6_0_1 like Mac OS X) AppleWebKit/536.26 (KHTML, like Gecko) Mobile/10A523"
174.20.188.252 - - [06/Jan/2013:10:32:31 -0800] "GET /FeedDisplay.php?archived&mode=iPhoneApp&fid=619&episode_id=1524&nfid=613&uid=17430&version=2.2.12455 HTTP/1.1" 200 8889 "-" "Mozilla/5.0 (iPhone; CPU iPhone OS 5_1_1 like Mac OS X) AppleWebKit/534.46 (KHTML, like Gecko) Mobile/9B206"
174.20.188.252 - - [06/Jan/2013:10:32:32 -0800] "GET /images/multipart_arrow_right.gif HTTP/1.1" 200 267 "http://t2g.stitcher.com/FeedDisplay.php?archived&mode=iPhoneApp&fid=619&episode_id=1524&nfid=613&uid=17430&version=2.2.12455" "Mozilla/5.0 (iPhone; CPU iPhone OS 5_1_1 like Mac OS X) AppleWebKit/534.46 (KHTML, like Gecko) Mobile/9B206"
174.20.188.252 - - [06/Jan/2013:10:32:32 -0800] "GET /images/t2g_ratings_gray_active.png HTTP/1.1" 200 1196 "http://t2g.stitcher.com/FeedDisplay.php?archived&mode=iPhoneApp&fid=619&episode_id=1524&nfid=613&uid=17430&version=2.2.12455" "Mozilla/5.0 (iPhone; CPU iPhone OS 5_1_1 like Mac OS X) AppleWebKit/534.46 (KHTML, like Gecko) Mobile/9B206"
66.87.101.120 - - [06/Jan/2013:10:32:49 -0800] "GET /GetAd.php?sid=35&timeSinceLastAd=21&previousFeedId=35&nextFeedId=728&tlt=21&tlf=1&uid=37822&version=4.0.12455&mode=iPhoneApp&locale=en_US HTTP/1.1" 200 22 "-" "Tales2Go/3.2.0 CFNetwork/609 Darwin/13.0.0"
174.20.188.252 - - [06/Jan/2013:10:32:57 -0800] "GET /GetAd.php?sid=95&timeSinceLastAd=25&previousFeedId=619&nextFeedId=613&tlt=25&tlf=1&uid=17430&version=4.0.12455&mode=iPhoneApp&locale=en_US HTTP/1.1" 200 22 "-" "Tales2Go%20-%20Old%20Version/2.2.12455 CFNetwork/548.1.4 Darwin/11.0.0"
66.87.101.120 - - [06/Jan/2013:10:33:02 -0800] "GET /GetAd.php?sid=35&timeSinceLastAd=34&previousFeedId=35&nextFeedId=601&newStation&tlt=34&tlf=0&uid=37822&version=4.0.12455&mode=iPhoneApp&locale=en_US HTTP/1.1" 200 22 "-" "Tales2Go/3.2.0 CFNetwork/609 Darwin/13.0.0"
66.87.101.120 - - [06/Jan/2013:10:33:03 -0800] "GET /PostUsage.php?uid=37822&sid=35&fid=35&eid=51&completed=35716&timezone=+0000&tlt=34&version=4.0.12455&mode=iPhoneApp&locale=en_US HTTP/1.1" 200 - "-" "Tales2Go/3.2.0 CFNetwork/609 Darwin/13.0.0"
66.87.101.120 - - [06/Jan/2013:10:33:03 -0800] "GET /FeedDisplay.php?archived&mode=iPhoneApp&fid=601&episode_id=1318&nfid=35&uid=37822&version=3.2.0 HTTP/1.1" 200 8627 "-" "Mozilla/5.0 (iPhone; CPU iPhone OS 6_0_1 like Mac OS X) AppleWebKit/536.26 (KHTML, like Gecko) Mobile/10A523"
66.87.101.120 - - [06/Jan/2013:10:33:16 -0800] "GET /GetAd.php?sid=35&timeSinceLastAd=38&previousFeedId=601&nextFeedId=35&newStation&tlt=38&tlf=0&uid=37822&version=4.0.12455&mode=iPhoneApp&locale=en_US HTTP/1.1" 200 22 "-" "Tales2Go/3.2.0 CFNetwork/609 Darwin/13.0.0"
66.87.101.120 - - [06/Jan/2013:10:33:17 -0800] "GET /PostUsage.php?uid=37822&sid=35&fid=601&eid=1318&completed=13564&timezone=+0000&tlt=38&version=4.0.12455&mode=iPhoneApp&locale=en_US HTTP/1.1" 200 - "-" "Tales2Go/3.2.0 CFNetwork/609 Darwin/13.0.0"
66.87.101.120 - - [06/Jan/2013:10:33:17 -0800] "GET /FeedDisplay.php?archived&mode=iPhoneApp&fid=35&episode_id=51&nfid=728&uid=37822&version=3.2.0 HTTP/1.1" 200 8539 "-" "Mozilla/5.0 (iPhone; CPU iPhone OS 6_0_1 like Mac OS X) AppleWebKit/536.26 (KHTML, like Gecko) Mobile/10A523"
66.87.101.120 - - [06/Jan/2013:10:33:29 -0800] "GET /GetAd.php?sid=35&timeSinceLastAd=49&previousFeedId=35&nextFeedId=728&tlt=49&tlf=1&uid=37822&version=4.0.12455&mode=iPhoneApp&locale=en_US HTTP/1.1" 200 22 "-" "Tales2Go/3.2.0 CFNetwork/609 Darwin/13.0.0"
66.87.101.120 - - [06/Jan/2013:10:33:56 -0800] "GET /GetStationPlayList.php?s=27&c=9&uid=37822&sid=35&endFeed=0&version=4.0.12455&mode=iPhoneApp&locale=en_US HTTP/1.1" 200 7074 "-" "Tales2Go/3.2.0 CFNetwork/609 Darwin/13.0.0"
208.113.232.130 - - [06/Jan/2013:10:34:06 -0800] "GET /GetNewSerialNum.php HTTP/1.0" 200 63 "-" "-"
208.113.232.130 - - [06/Jan/2013:10:34:06 -0800] "GET /LoadUserFromUDID.php?markStartup&udid=sn_1005096&version=4.0.12455&mode=desktop&override&locale=en_US HTTP/1.0" 200 58 "-" "-"
174.253.231.225 - - [06/Jan/2013:10:34:20 -0800] "GET /StartupChecks.php?startup&uid=30855&version=4.0.12455&mode=iPhoneApp&locale=en_US HTTP/1.1" 200 289 "-" "Tales2Go/3.2.0 CFNetwork/609 Darwin/13.0.0"
174.253.231.225 - - [06/Jan/2013:10:34:20 -0800] "GET /LoadUserFromID.php?markStartup&id=30855&udid=24:AB:81:CA:64:F6&version=4.0.12455&mode=iPhoneApp&locale=en_US HTTP/1.1" 200 262 "-" "Tales2Go/3.2.0 CFNetwork/609 Darwin/13.0.0"
174.253.231.225 - - [06/Jan/2013:10:34:21 -0800] "GET /GetContentStationList.php?uid=30855&version=4.0.12455&mode=iPhoneApp&locale=en_US HTTP/1.1" 200 6486 "-" "Tales2Go/3.2.0 CFNetwork/609 Darwin/13.0.0"
174.253.231.225 - - [06/Jan/2013:10:34:21 -0800] "GET /GetStationListFC.php?uid=30855&version=4.0.12455&mode=iPhoneApp&locale=en_US HTTP/1.1" 200 16492 "-" "Tales2Go/3.2.0 CFNetwork/609 Darwin/13.0.0"
108.84.141.96 - - [06/Jan/2013:10:34:37 -0800] "GET /StartupChecks.php?startup&uid=33162&version=4.0.12455&mode=iPhoneApp&locale=en_US HTTP/1.1" 200 289 "-" "Tales2Go/3.2.0 CFNetwork/609 Darwin/13.0.0"
108.84.141.96 - - [06/Jan/2013:10:34:37 -0800] "GET /LoadUserFromID.php?markStartup&id=33162&udid=1C:AB:A7:D6:A0:A7&version=4.0.12455&mode=iPhoneApp&locale=en_US HTTP/1.1" 200 260 "-" "Tales2Go/3.2.0 CFNetwork/609 Darwin/13.0.0"
108.84.141.96 - - [06/Jan/2013:10:34:37 -0800] "GET /GetContentStationList.php?uid=33162&version=4.0.12455&mode=iPhoneApp&locale=en_US HTTP/1.1" 200 6486 "-" "Tales2Go/3.2.0 CFNetwork/609 Darwin/13.0.0"
108.84.141.96 - - [06/Jan/2013:10:34:37 -0800] "GET /GetStationListFC.php?uid=33162&version=4.0.12455&mode=iPhoneApp&locale=en_US HTTP/1.1" 200 256 "-" "Tales2Go/3.2.0 CFNetwork/609 Darwin/13.0.0"
108.20.27.11 - - [06/Jan/2013:10:34:53 -0800] "GET /StartupChecks.php?startup&uid=37124&version=4.0.12455&mode=iPhoneApp&locale=en_US HTTP/1.1" 200 289 "-" "Tales2Go/3.2.0 CFNetwork/609 Darwin/13.0.0"
108.20.27.11 - - [06/Jan/2013:10:34:53 -0800] "GET /LoadUserFromID.php?markStartup&id=37124&udid=14:10:9F:7B:FC:13&version=4.0.12455&mode=iPhoneApp&locale=en_US HTTP/1.1" 200 263 "-" "Tales2Go/3.2.0 CFNetwork/609 Darwin/13.0.0"
108.20.27.11 - - [06/Jan/2013:10:34:54 -0800] "GET /GetContentStationList.php?uid=37124&version=4.0.12455&mode=iPhoneApp&locale=en_US HTTP/1.1" 200 6486 "-" "Tales2Go/3.2.0 CFNetwork/609 Darwin/13.0.0"
108.20.27.11 - - [06/Jan/2013:10:34:54 -0800] "GET /GetStationListFC.php?uid=37124&version=4.0.12455&mode=iPhoneApp&locale=en_US HTTP/1.1" 200 16492 "-" "Tales2Go/3.2.0 CFNetwork/609 Darwin/13.0.0"
108.20.27.11 - - [06/Jan/2013:10:34:59 -0800] "GET /GetBookmarkList.php?uid=37124&version=4.0.12455&mode=iPhoneApp&locale=en_US HTTP/1.1" 200 1130 "-" "Tales2Go/3.2.0 CFNetwork/609 Darwin/13.0.0"
208.113.232.130 - - [06/Jan/2013:10:35:02 -0800] "GET /AddDeviceBookmark.php?udid=sn_1005054&eid=3931&offset=296&appdata=68 HTTP/1.0" 200 52 "-" "-"
127.0.0.1 - - [06/Jan/2013:10:35:05 -0800] "GET /PostUsageScript.php?uid=20760&sid=0&fid=2411&eid=3931&completed=294&timezone=+0000&tlt=0&version=4.0.12455&mode=desktop&override&locale=en_US HTTP/1.0" 200 61 "-" "Wget/1.11.4 Red Hat modified"
208.113.232.130 - - [06/Jan/2013:10:35:05 -0800] "GET /PostUsage.php?uid=20760&sid=0&fid=2411&eid=3931&completed=294&timezone=+0000&tlt=0&version=4.0.12455&mode=desktop&override&locale=en_US HTTP/1.0" 200 - "-" "-"
108.20.27.11 - - [06/Jan/2013:10:35:06 -0800] "GET /FeedDisplay.php?archived&mode=iPhoneApp&fid=924&episode_id=1223&nfid=0&uid=37124&version=3.2.0 HTTP/1.1" 200 9003 "-" "Mozilla/5.0 (iPod; CPU iPhone OS 6_0_1 like Mac OS X) AppleWebKit/536.26 (KHTML, like Gecko) Mobile/10A523"
108.20.27.11 - - [06/Jan/2013:10:35:09 -0800] "GET /GetAd.php?sid=0&timeSinceLastAd=916&previousFeedId=924&nextFeedId=0&tlt=916&tlf=1&uid=37124&version=4.0.12455&mode=iPhoneApp&locale=en_US HTTP/1.1" 200 22 "-" "Tales2Go/3.2.0 CFNetwork/609 Darwin/13.0.0"
166.137.156.169 - - [06/Jan/2013:10:35:45 -0800] "GET /GetAd.php?sid=60&timeSinceLastAd=1755&previousFeedId=1391&nextFeedId=294&tlt=1755&tlf=2&uid=37851&version=4.0.12455&mode=iPhoneApp&locale=en_US HTTP/1.1" 200 22 "-" "Tales2Go/3.2.0 CFNetwork/609 Darwin/13.0.0"
166.137.156.169 - - [06/Jan/2013:10:35:45 -0800] "GET /PostUsage.php?uid=37851&sid=60&fid=1391&eid=2301&completed=722892&timezone=+0000&tlt=1755&version=4.0.12455&mode=iPhoneApp&locale=en_US HTTP/1.1" 200 - "-" "Tales2Go/3.2.0 CFNetwork/609 Darwin/13.0.0"
166.137.156.169 - - [06/Jan/2013:10:35:45 -0800] "GET /FeedDisplay.php?archived&mode=iPhoneApp&fid=294&episode_id=482&nfid=1388&uid=37851&version=3.2.0 HTTP/1.1" 200 8974 "-" "Mozilla/5.0 (iPhone; CPU iPhone OS 6_0_1 like Mac OS X) AppleWebKit/536.26 (KHTML, like Gecko) Mobile/10A523"
166.137.156.169 - - [06/Jan/2013:10:36:17 -0800] "GET /GetAd.php?sid=60&timeSinceLastAd=1786&previousFeedId=294&nextFeedId=1388&tlt=1786&tlf=3&uid=37851&version=4.0.12455&mode=iPhoneApp&locale=en_US HTTP/1.1" 200 22 "-" "Tales2Go/3.2.0 CFNetwork/609 Darwin/13.0.0"
72.191.106.182 - - [06/Jan/2013:10:37:19 -0800] "GET /StartupChecks.php?startup&version=4.0.12455&mode=iPhoneApp&locale=en_US HTTP/1.1" 200 246 "-" "Tales2Go/3.2.0 CFNetwork/609 Darwin/13.0.0"
72.191.106.182 - - [06/Jan/2013:10:37:20 -0800] "GET /TransitionUDIDToMACAddr.php?udid=3ce7cd757605fcbc33dd70ac2a9df8228e539018&mac=00:C6:10:65:9E:9B&version=4.0.12455&mode=iPhoneApp&locale=en_US HTTP/1.1" 200 121 "-" "Tales2Go/3.2.0 CFNetwork/609 Darwin/13.0.0"
72.191.106.182 - - [06/Jan/2013:10:37:20 -0800] "GET /LoadUserFromUDID.php?markStartup&udid=00:C6:10:65:9E:9B&version=4.0.12455&mode=iPhoneApp&locale=en_US HTTP/1.1" 200 58 "-" "Tales2Go/3.2.0 CFNetwork/609 Darwin/13.0.0"
72.191.106.182 - - [06/Jan/2013:10:37:21 -0800] "GET /CreateUser.php?markStartup&mode=iPhoneApp&udid=00:C6:10:65:9E:9B&version=4.0.12455&mode=iPhoneApp&locale=en_US HTTP/1.1" 200 228 "-" "Tales2Go/3.2.0 CFNetwork/609 Darwin/13.0.0"
72.191.106.182 - - [06/Jan/2013:10:37:22 -0800] "GET /SubmitSettings.php?currentId=37864&email=00:C6:10:65:9E:9B@t2g.t2g&epx=27AM8-4zA47J_UAEJz&phone=&optin=0&explicit=1&alertOption=0&alertType=0&alertTimestamp=0.000000&udid=00:C6:10:65:9E:9B&version=4.0.12455&mode=iPhoneApp&locale=en_US HTTP/1.1" 200 238 "-" "Tales2Go/3.2.0 CFNetwork/609 Darwin/13.0.0"
72.191.106.182 - - [06/Jan/2013:10:37:22 -0800] "GET /GetContentStationList.php?uid=37864&version=4.0.12455&mode=iPhoneApp&locale=en_US HTTP/1.1" 200 6486 "-" "Tales2Go/3.2.0 CFNetwork/609 Darwin/13.0.0"
72.191.106.182 - - [06/Jan/2013:10:37:22 -0800] "GET /LoadUserFromID.php?markStartup&id=37864&udid=00:C6:10:65:9E:9B&version=4.0.12455&mode=iPhoneApp&locale=en_US HTTP/1.1" 200 263 "-" "Tales2Go/3.2.0 CFNetwork/609 Darwin/13.0.0"
72.191.106.182 - - [06/Jan/2013:10:37:23 -0800] "GET /GetContentStationList.php?uid=37864&version=4.0.12455&mode=iPhoneApp&locale=en_US HTTP/1.1" 200 6486 "-" "Tales2Go/3.2.0 CFNetwork/609 Darwin/13.0.0"
72.191.106.182 - - [06/Jan/2013:10:37:22 -0800] "GET /GetStationListFC.php?uid=37864&version=4.0.12455&mode=iPhoneApp&locale=en_US HTTP/1.1" 200 16492 "-" "Tales2Go/3.2.0 CFNetwork/609 Darwin/13.0.0"
72.191.106.182 - - [06/Jan/2013:10:37:25 -0800] "GET /GetStationListFC.php?uid=37864&version=4.0.12455&mode=iPhoneApp&locale=en_US HTTP/1.1" 200 16492 "-" "Tales2Go/3.2.0 CFNetwork/609 Darwin/13.0.0"
72.191.106.182 - - [06/Jan/2013:10:37:53 -0800] "GET /GetStationPlayList.php?s=0&c=9&uid=37864&sid=197&endFeed=0&version=4.0.12455&mode=iPhoneApp&locale=en_US HTTP/1.1" 200 7153 "-" "Tales2Go/3.2.0 CFNetwork/609 Darwin/13.0.0"
72.191.106.182 - - [06/Jan/2013:10:38:01 -0800] "GET /GetStationPlayList.php?s=0&c=9&uid=37864&sid=196&endFeed=0&version=4.0.12455&mode=iPhoneApp&locale=en_US HTTP/1.1" 200 8323 "-" "Tales2Go/3.2.0 CFNetwork/609 Darwin/13.0.0"
72.191.106.182 - - [06/Jan/2013:10:38:08 -0800] "GET /GetStationPlayList.php?s=9&c=9&uid=37864&sid=196&endFeed=0&version=4.0.12455&mode=iPhoneApp&locale=en_US HTTP/1.1" 200 7640 "-" "Tales2Go/3.2.0 CFNetwork/609 Darwin/13.0.0"
96.231.210.209 - - [06/Jan/2013:10:38:10 -0800] "GET /GetBookmarkList.php?uid=33929&version=4.0.12455&mode=iPhoneApp&locale=en_US HTTP/1.1" 200 13644 "-" "Tales2Go/3.2.0 CFNetwork/609 Darwin/13.0.0"
72.191.106.182 - - [06/Jan/2013:10:38:14 -0800] "GET /GetStationPlayList.php?s=18&c=9&uid=37864&sid=196&endFeed=0&version=4.0.12455&mode=iPhoneApp&locale=en_US HTTP/1.1" 200 10583 "-" "Tales2Go/3.2.0 CFNetwork/609 Darwin/13.0.0"
96.231.210.209 - - [06/Jan/2013:10:38:15 -0800] "GET /GetStationPlayList.php?uid=33929&sid=favorites&version=4.0.12455&mode=iPhoneApp&locale=en_US HTTP/1.1" 200 141 "-" "Tales2Go/3.2.0 CFNetwork/609 Darwin/13.0.0"
72.191.106.182 - - [06/Jan/2013:10:38:17 -0800] "GET /GetStationPlayList.php?s=27&c=9&uid=37864&sid=196&endFeed=0&version=4.0.12455&mode=iPhoneApp&locale=en_US HTTP/1.1" 200 11525 "-" "Tales2Go/3.2.0 CFNetwork/609 Darwin/13.0.0"
72.191.106.182 - - [06/Jan/2013:10:38:21 -0800] "GET /GetStationPlayList.php?s=36&c=9&uid=37864&sid=196&endFeed=0&version=4.0.12455&mode=iPhoneApp&locale=en_US HTTP/1.1" 200 7270 "-" "Tales2Go/3.2.0 CFNetwork/609 Darwin/13.0.0"
96.231.210.209 - - [06/Jan/2013:10:38:24 -0800] "GET /Search.php?uid=33929&term=Anne%20&s=0&c=20&version=4.0.12455&mode=iPhoneApp&locale=en_US HTTP/1.1" 200 9822 "-" "Tales2Go/3.2.0 CFNetwork/609 Darwin/13.0.0"
72.191.106.182 - - [06/Jan/2013:10:38:24 -0800] "GET /GetStationPlayList.php?uid=37864&sid=favorites&version=4.0.12455&mode=iPhoneApp&locale=en_US HTTP/1.1" 200 141 "-" "Tales2Go/3.2.0 CFNetwork/609 Darwin/13.0.0"
72.191.106.182 - - [06/Jan/2013:10:38:27 -0800] "GET /GetStationPlayList.php?s=45&c=9&uid=37864&sid=196&endFeed=0&version=4.0.12455&mode=iPhoneApp&locale=en_US HTTP/1.1" 200 9627 "-" "Tales2Go/3.2.0 CFNetwork/609 Darwin/13.0.0"
72.191.106.182 - - [06/Jan/2013:10:38:36 -0800] "GET /FeedDisplay.php?archived&mode=iPhoneApp&fid=925&episode_id=1225&nfid=164&uid=37864&version=3.2.0 HTTP/1.1" 200 9150 "-" "Mozilla/5.0 (iPod; CPU iPhone OS 6_0_1 like Mac OS X) AppleWebKit/536.26 (KHTML, like Gecko) Mobile/10A523"
72.191.106.182 - - [06/Jan/2013:10:38:38 -0800] "GET /images/multipart_arrow_left_disabled.gif HTTP/1.1" 200 275 "http://t2g.stitcher.com/FeedDisplay.php?archived&mode=iPhoneApp&fid=925&episode_id=1225&nfid=164&uid=37864&version=3.2.0" "Mozilla/5.0 (iPod; CPU iPhone OS 6_0_1 like Mac OS X) AppleWebKit/536.26 (KHTML, like Gecko) Mobile/10A523"
72.191.106.182 - - [06/Jan/2013:10:38:38 -0800] "GET /images/ajax-loader.gif HTTP/1.1" 200 1849 "http://t2g.stitcher.com/FeedDisplay.php?archived&mode=iPhoneApp&fid=925&episode_id=1225&nfid=164&uid=37864&version=3.2.0" "Mozilla/5.0 (iPod; CPU iPhone OS 6_0_1 like Mac OS X) AppleWebKit/536.26 (KHTML, like Gecko) Mobile/10A523"
72.191.106.182 - - [06/Jan/2013:10:38:38 -0800] "GET /images/multipart_arrow_right.gif HTTP/1.1" 200 267 "http://t2g.stitcher.com/FeedDisplay.php?archived&mode=iPhoneApp&fid=925&episode_id=1225&nfid=164&uid=37864&version=3.2.0" "Mozilla/5.0 (iPod; CPU iPhone OS 6_0_1 like Mac OS X) AppleWebKit/536.26 (KHTML, like Gecko) Mobile/10A523"
72.191.106.182 - - [06/Jan/2013:10:38:42 -0800] "GET /GetAd.php?sid=196&timeSinceLastAd=6&previousFeedId=925&nextFeedId=164&tlt=6&tlf=1&uid=37864&version=4.0.12455&mode=iPhoneApp&locale=en_US HTTP/1.1" 200 22 "-" "Tales2Go/3.2.0 CFNetwork/609 Darwin/13.0.0"
72.191.106.182 - - [06/Jan/2013:10:38:42 -0800] "GET /images/t2g_ratings_color_active.png HTTP/1.1" 200 985 "http://t2g.stitcher.com/FeedDisplay.php?archived&mode=iPhoneApp&fid=925&episode_id=1225&nfid=164&uid=37864&version=3.2.0" "Mozilla/5.0 (iPod; CPU iPhone OS 6_0_1 like Mac OS X) AppleWebKit/536.26 (KHTML, like Gecko) Mobile/10A523"
72.191.106.182 - - [06/Jan/2013:10:38:42 -0800] "GET /images/t2g_ratings_gray_active.png HTTP/1.1" 200 1196 "http://t2g.stitcher.com/FeedDisplay.php?archived&mode=iPhoneApp&fid=925&episode_id=1225&nfid=164&uid=37864&version=3.2.0" "Mozilla/5.0 (iPod; CPU iPhone OS 6_0_1 like Mac OS X) AppleWebKit/536.26 (KHTML, like Gecko) Mobile/10A523"
72.191.106.182 - - [06/Jan/2013:10:38:42 -0800] "GET /images/t2g_ratings_gray.png HTTP/1.1" 200 1215 "http://t2g.stitcher.com/FeedDisplay.php?archived&mode=iPhoneApp&fid=925&episode_id=1225&nfid=164&uid=37864&version=3.2.0" "Mozilla/5.0 (iPod; CPU iPhone OS 6_0_1 like Mac OS X) AppleWebKit/536.26 (KHTML, like Gecko) Mobile/10A523"
72.191.106.182 - - [06/Jan/2013:10:38:42 -0800] "GET /images/t2g_ratings_color.png HTTP/1.1" 200 997 "http://t2g.stitcher.com/FeedDisplay.php?archived&mode=iPhoneApp&fid=925&episode_id=1225&nfid=164&uid=37864&version=3.2.0" "Mozilla/5.0 (iPod; CPU iPhone OS 6_0_1 like Mac OS X) AppleWebKit/536.26 (KHTML, like Gecko) Mobile/10A523"
96.231.210.209 - - [06/Jan/2013:10:38:56 -0800] "GET /FeedDisplay.php?archived&mode=iPhoneApp&fid=1783&episode_id=5282&nfid=0&uid=33929&version=3.2.0 HTTP/1.1" 200 9291 "-" "Mozilla/5.0 (iPhone; CPU iPhone OS 6_0_1 like Mac OS X) AppleWebKit/536.26 (KHTML, like Gecko) Mobile/10A523"
96.231.210.209 - - [06/Jan/2013:10:39:00 -0800] "GET /GetAd.php?sid=0&timeSinceLastAd=4&previousFeedId=1783&nextFeedId=0&tlt=4&tlf=1&uid=33929&version=4.0.12455&mode=iPhoneApp&locale=en_US HTTP/1.1" 200 22 "-" "Tales2Go/3.2.0 CFNetwork/609 Darwin/13.0.0"
69.140.155.104 - - [06/Jan/2013:10:39:13 -0800] "GET /Search.php?uid=5627&term=The%2039%20Clues&s=0&c=20&version=4.0.12455&mode=iPhoneApp&locale=en_US HTTP/1.1" 200 23871 "-" "Tales2Go/3.2.0 CFNetwork/609 Darwin/13.0.0"
66.87.101.120 - - [06/Jan/2013:10:39:17 -0800] "GET /GetAd.php?sid=35&timeSinceLastAd=395&previousFeedId=35&nextFeedId=728&tlt=395&tlf=1&uid=37822&version=4.0.12455&mode=iPhoneApp&locale=en_US HTTP/1.1" 200 22 "-" "Tales2Go/3.2.0 CFNetwork/609 Darwin/13.0.0"
66.87.101.120 - - [06/Jan/2013:10:39:17 -0800] "GET /PostUsage.php?uid=37822&sid=35&fid=35&eid=51&completed=357896&timezone=+0000&tlt=395&version=4.0.12455&mode=iPhoneApp&locale=en_US HTTP/1.1" 200 - "-" "Tales2Go/3.2.0 CFNetwork/609 Darwin/13.0.0"
66.87.101.120 - - [06/Jan/2013:10:39:18 -0800] "GET /FeedDisplay.php?archived&mode=iPhoneApp&fid=728&episode_id=1029&nfid=29&uid=37822&version=3.2.0 HTTP/1.1" 200 9037 "-" "Mozilla/5.0 (iPhone; CPU iPhone OS 6_0_1 like Mac OS X) AppleWebKit/536.26 (KHTML, like Gecko) Mobile/10A523"
96.231.210.209 - - [06/Jan/2013:10:39:18 -0800] "GET /GetRecentFeedList.php?uid=33929&version=4.0.12455&mode=iPhoneApp&locale=en_US HTTP/1.1" 200 2244 "-" "Tales2Go/3.2.0 CFNetwork/609 Darwin/13.0.0"
69.140.155.104 - - [06/Jan/2013:10:39:21 -0800] "GET /PostUsage.php?uid=5627&sid=0&fid=1549&eid=2967&completed=3171887&timezone=+0000&tlt=0&version=4.0.12455&mode=iPhoneApp&locale=en_US HTTP/1.1" 200 - "-" "Tales2Go/3.2.0 CFNetwork/609 Darwin/13.0.0"
69.140.155.104 - - [06/Jan/2013:10:39:21 -0800] "GET /FeedDisplay.php?archived&mode=iPhoneApp&fid=1550&episode_id=2968&nfid=0&uid=5627&version=3.2.0 HTTP/1.1" 200 9184 "-" "Mozilla/5.0 (iPhone; CPU iPhone OS 6_0_1 like Mac OS X) AppleWebKit/536.26 (KHTML, like Gecko) Mobile/10A523"
96.231.210.209 - - [06/Jan/2013:10:39:23 -0800] "GET /PostUsage.php?uid=33929&sid=0&fid=1783&eid=5282&completed=27412&timezone=+0000&tlt=0&version=4.0.12455&mode=iPhoneApp&locale=en_US HTTP/1.1" 200 - "-" "Tales2Go/3.2.0 CFNetwork/609 Darwin/13.0.0"
96.231.210.209 - - [06/Jan/2013:10:39:23 -0800] "GET /FeedDisplay.php?archived&mode=iPhoneApp&fid=2807&episode_id=5133&nfid=0&uid=33929&version=3.2.0 HTTP/1.1" 200 9419 "-" "Mozilla/5.0 (iPhone; CPU iPhone OS 6_0_1 like Mac OS X) AppleWebKit/536.26 (KHTML, like Gecko) Mobile/10A523"
69.140.155.104 - - [06/Jan/2013:10:39:30 -0800] "GET /GetAd.php?sid=0&timeSinceLastAd=8&previousFeedId=1550&nextFeedId=0&tlt=8&tlf=1&uid=5627&version=4.0.12455&mode=iPhoneApp&locale=en_US HTTP/1.1" 200 22 "-" "Tales2Go/3.2.0 CFNetwork/609 Darwin/13.0.0"
96.231.210.209 - - [06/Jan/2013:10:39:31 -0800] "GET /GetAd.php?sid=0&timeSinceLastAd=7&previousFeedId=2807&nextFeedId=0&tlt=7&tlf=1&uid=33929&version=4.0.12455&mode=iPhoneApp&locale=en_US HTTP/1.1" 200 22 "-" "Tales2Go/3.2.0 CFNetwork/609 Darwin/13.0.0"
96.231.210.209 - - [06/Jan/2013:10:39:35 -0800] "GET /PostUsage.php?uid=33929&sid=0&fid=2807&eid=5133&completed=11074&timezone=+0000&tlt=0&version=4.0.12455&mode=iPhoneApp&locale=en_US HTTP/1.1" 200 - "-" "Tales2Go/3.2.0 CFNetwork/609 Darwin/13.0.0"
96.231.210.209 - - [06/Jan/2013:10:39:40 -0800] "GET /GetStationPlayList.php?uid=33929&eid=5134&s=0&version=4.0.12455&mode=iPhoneApp&locale=en_US HTTP/1.1" 200 1619 "-" "Tales2Go/3.2.0 CFNetwork/609 Darwin/13.0.0"
96.231.210.209 - - [06/Jan/2013:10:39:41 -0800] "GET /GetStationPlayList.php?uid=33929&eid=5134&s=0&version=4.0.12455&mode=iPhoneApp&locale=en_US HTTP/1.1" 200 1503 "-" "Tales2Go/3.2.0 CFNetwork/609 Darwin/13.0.0"
