166.137.156.157 - - [06/Jan/2013:15:24:54 -0800] "GET /images/t2g_ratings_gray.png HTTP/1.1" 200 1215 "http://t2g.stitcher.com/FeedDisplay.php?archived&mode=iPhoneApp&fid=1102&episode_id=1613&nfid=2698&uid=20756&version=3.2.0" "Mozilla/5.0 (iPhone; CPU iPhone OS 6_0 like Mac OS X) AppleWebKit/536.26 (KHTML, like Gecko) Mobile/10A403"
209.243.21.153 - - [06/Jan/2013:15:24:55 -0800] "GET /GetAd.php?sid=285&timeSinceLastAd=80&previousFeedId=2371&nextFeedId=2310&tlt=80&tlf=1&uid=37904&version=4.0.12455&mode=iPhoneApp&locale=en_US HTTP/1.1" 200 22 "-" "Tales2Go/3.2.0 CFNetwork/609 Darwin/13.0.0"
166.137.156.157 - - [06/Jan/2013:15:24:56 -0800] "GET /images/t2g_ratings_color.png HTTP/1.1" 200 997 "http://t2g.stitcher.com/FeedDisplay.php?archived&mode=iPhoneApp&fid=1102&episode_id=1613&nfid=2698&uid=20756&version=3.2.0" "Mozilla/5.0 (iPhone; CPU iPhone OS 6_0 like Mac OS X) AppleWebKit/536.26 (KHTML, like Gecko) Mobile/10A403"
198.228.200.147 - - [06/Jan/2013:15:24:56 -0800] "GET /Search.php?uid=35797&term=coconut&s=0&c=20&version=4.0.12455&mode=iPhoneApp&locale=en_US HTTP/1.1" 200 657 "-" "Tales2Go/3.2.0 CFNetwork/609 Darwin/13.0.0"
166.137.156.157 - - [06/Jan/2013:15:25:01 -0800] "GET /GetAd.php?sid=1&timeSinceLastAd=6&previousFeedId=1102&nextFeedId=2698&tlt=6&tlf=1&uid=20756&version=4.0.12455&mode=iPhoneApp&locale=en_US HTTP/1.1" 200 22 "-" "Tales2Go/3.2.0 CFNetwork/609 Darwin/13.0.0"
209.243.21.153 - - [06/Jan/2013:15:25:01 -0800] "GET /Search.php?uid=37904&term=holes&s=0&c=20&version=4.0.12455&mode=iPhoneApp&locale=en_US HTTP/1.1" 200 74 "-" "Tales2Go/3.2.0 CFNetwork/609 Darwin/13.0.0"
198.228.200.147 - - [06/Jan/2013:15:25:02 -0800] "GET /PostUsage.php?uid=35797&sid=1&fid=1265&eid=1787&completed=0&timezone=+0000&tlt=0&version=4.0.12455&mode=iPhoneApp&locale=en_US HTTP/1.1" 200 - "-" "Tales2Go/3.2.0 CFNetwork/609 Darwin/13.0.0"
198.228.200.147 - - [06/Jan/2013:15:25:02 -0800] "GET /FeedDisplay.php?archived&mode=iPhoneApp&fid=386&episode_id=645&nfid=0&uid=35797&version=3.2.0 HTTP/1.1" 200 8510 "-" "Mozilla/5.0 (iPhone; CPU iPhone OS 6_0_1 like Mac OS X) AppleWebKit/536.26 (KHTML, like Gecko) Mobile/10A523"
209.243.21.153 - - [06/Jan/2013:15:25:15 -0800] "GET /GetStationPlayList.php?s=0&c=9&uid=37904&sid=43&endFeed=0&version=4.0.12455&mode=iPhoneApp&locale=en_US HTTP/1.1" 200 12398 "-" "Tales2Go/3.2.0 CFNetwork/609 Darwin/13.0.0"
198.228.200.147 - - [06/Jan/2013:15:25:16 -0800] "GET /GetAd.php?sid=0&timeSinceLastAd=11&previousFeedId=386&nextFeedId=0&tlt=11&tlf=1&uid=35797&version=4.0.12455&mode=iPhoneApp&locale=en_US HTTP/1.1" 200 22 "-" "Tales2Go/3.2.0 CFNetwork/609 Darwin/13.0.0"
209.243.21.153 - - [06/Jan/2013:15:25:20 -0800] "GET /GetStationPlayList.php?s=9&c=9&uid=37904&sid=43&endFeed=0&version=4.0.12455&mode=iPhoneApp&locale=en_US HTTP/1.1" 200 6984 "-" "Tales2Go/3.2.0 CFNetwork/609 Darwin/13.0.0"
209.243.21.153 - - [06/Jan/2013:15:25:37 -0800] "GET /GetStationPlayList.php?s=0&c=9&uid=37904&sid=42&endFeed=0&version=4.0.12455&mode=iPhoneApp&locale=en_US HTTP/1.1" 200 17122 "-" "Tales2Go/3.2.0 CFNetwork/609 Darwin/13.0.0"
209.243.21.153 - - [06/Jan/2013:15:25:45 -0800] "GET /GetStationPlayList.php?s=9&c=9&uid=37904&sid=42&endFeed=0&version=4.0.12455&mode=iPhoneApp&locale=en_US HTTP/1.1" 200 11819 "-" "Tales2Go/3.2.0 CFNetwork/609 Darwin/13.0.0"
72.49.102.59 - - [06/Jan/2013:15:25:47 -0800] "GET /StartupChecks.php?startup&version=4.0.12455&mode=iPhoneApp&locale=en_US HTTP/1.1" 200 246 "-" "Tales2Go/3.2.0 CFNetwork/548.0.4 Darwin/11.0.0"
72.49.102.59 - - [06/Jan/2013:15:25:48 -0800] "GET /TransitionUDIDToMACAddr.php?udid=1a70008f9e88971a33d5357b91e8df5462572f56&mac=40:D3:2D:CD:E1:0E&version=4.0.12455&mode=iPhoneApp&locale=en_US HTTP/1.1" 200 121 "-" "Tales2Go/3.2.0 CFNetwork/548.0.4 Darwin/11.0.0"
72.49.102.59 - - [06/Jan/2013:15:25:48 -0800] "GET /LoadUserFromUDID.php?markStartup&udid=40:D3:2D:CD:E1:0E&version=4.0.12455&mode=iPhoneApp&locale=en_US HTTP/1.1" 200 58 "-" "Tales2Go/3.2.0 CFNetwork/548.0.4 Darwin/11.0.0"
72.49.102.59 - - [06/Jan/2013:15:25:49 -0800] "GET /CreateUser.php?markStartup&mode=iPhoneApp&udid=40:D3:2D:CD:E1:0E&version=4.0.12455&mode=iPhoneApp&locale=en_US HTTP/1.1" 200 228 "-" "Tales2Go/3.2.0 CFNetwork/548.0.4 Darwin/11.0.0"
72.49.102.59 - - [06/Jan/2013:15:25:50 -0800] "GET /SubmitSettings.php?currentId=37905&email=40:D3:2D:CD:E1:0E@t2g.t2g&epx=67AN5-5HAFKJLAA7M3&phone=&optin=0&explicit=1&alertOption=0&alertType=0&alertTimestamp=0.000000&udid=40:D3:2D:CD:E1:0E&version=4.0.12455&mode=iPhoneApp&locale=en_US HTTP/1.1" 200 238 "-" "Tales2Go/3.2.0 CFNetwork/548.0.4 Darwin/11.0.0"
209.243.21.153 - - [06/Jan/2013:15:25:51 -0800] "GET /GetStationPlayList.php?s=18&c=9&uid=37904&sid=42&endFeed=0&version=4.0.12455&mode=iPhoneApp&locale=en_US HTTP/1.1" 200 12065 "-" "Tales2Go/3.2.0 CFNetwork/609 Darwin/13.0.0"
72.49.102.59 - - [06/Jan/2013:15:25:51 -0800] "GET /GetContentStationList.php?uid=37905&version=4.0.12455&mode=iPhoneApp&locale=en_US HTTP/1.1" 200 6486 "-" "Tales2Go/3.2.0 CFNetwork/548.0.4 Darwin/11.0.0"
72.49.102.59 - - [06/Jan/2013:15:25:51 -0800] "GET /LoadUserFromID.php?markStartup&id=37905&udid=40:D3:2D:CD:E1:0E&version=4.0.12455&mode=iPhoneApp&locale=en_US HTTP/1.1" 200 263 "-" "Tales2Go/3.2.0 CFNetwork/548.0.4 Darwin/11.0.0"
72.49.102.59 - - [06/Jan/2013:15:25:53 -0800] "GET /GetContentStationList.php?uid=37905&version=4.0.12455&mode=iPhoneApp&locale=en_US HTTP/1.1" 200 6486 "-" "Tales2Go/3.2.0 CFNetwork/548.0.4 Darwin/11.0.0"
72.49.102.59 - - [06/Jan/2013:15:25:51 -0800] "GET /GetStationListFC.php?uid=37905&version=4.0.12455&mode=iPhoneApp&locale=en_US HTTP/1.1" 200 16492 "-" "Tales2Go/3.2.0 CFNetwork/548.0.4 Darwin/11.0.0"
72.49.102.59 - - [06/Jan/2013:15:25:55 -0800] "GET /GetStationListFC.php?uid=37905&version=4.0.12455&mode=iPhoneApp&locale=en_US HTTP/1.1" 200 16492 "-" "Tales2Go/3.2.0 CFNetwork/548.0.4 Darwin/11.0.0"
209.243.21.153 - - [06/Jan/2013:15:26:01 -0800] "GET /GetAd.php?sid=42&timeSinceLastAd=92&previousFeedId=2371&nextFeedId=1142&newStation&tlt=92&tlf=0&uid=37904&version=4.0.12455&mode=iPhoneApp&locale=en_US HTTP/1.1" 200 22 "-" "Tales2Go/3.2.0 CFNetwork/609 Darwin/13.0.0"
209.243.21.153 - - [06/Jan/2013:15:26:01 -0800] "GET /PostUsage.php?uid=37904&sid=285&fid=2371&eid=5355&completed=39256&timezone=+0000&tlt=92&version=4.0.12455&mode=iPhoneApp&locale=en_US HTTP/1.1" 200 - "-" "Tales2Go/3.2.0 CFNetwork/609 Darwin/13.0.0"
209.243.21.153 - - [06/Jan/2013:15:26:02 -0800] "GET /FeedDisplay.php?archived&mode=iPhoneApp&fid=1142&episode_id=1533&nfid=1287&uid=37904&version=3.2.0 HTTP/1.1" 200 9273 "-" "Mozilla/5.0 (iPod; CPU iPhone OS 6_0_1 like Mac OS X) AppleWebKit/536.26 (KHTML, like Gecko) Mobile/10A523"
209.243.21.153 - - [06/Jan/2013:15:26:11 -0800] "GET /GetAd.php?sid=42&timeSinceLastAd=94&previousFeedId=1142&nextFeedId=304&newStation&tlt=94&tlf=0&uid=37904&version=4.0.12455&mode=iPhoneApp&locale=en_US HTTP/1.1" 200 22 "-" "Tales2Go/3.2.0 CFNetwork/609 Darwin/13.0.0"
209.243.21.153 - - [06/Jan/2013:15:26:12 -0800] "GET /PostUsage.php?uid=37904&sid=42&fid=1142&eid=1533&completed=2285&timezone=+0000&tlt=94&version=4.0.12455&mode=iPhoneApp&locale=en_US HTTP/1.1" 200 - "-" "Tales2Go/3.2.0 CFNetwork/609 Darwin/13.0.0"
209.243.21.153 - - [06/Jan/2013:15:26:13 -0800] "GET /FeedDisplay.php?archived&mode=iPhoneApp&fid=304&episode_id=541&nfid=295&uid=37904&version=3.2.0 HTTP/1.1" 200 8513 "-" "Mozilla/5.0 (iPod; CPU iPhone OS 6_0_1 like Mac OS X) AppleWebKit/536.26 (KHTML, like Gecko) Mobile/10A523"
209.243.21.153 - - [06/Jan/2013:15:26:24 -0800] "GET /GetAd.php?sid=42&timeSinceLastAd=98&previousFeedId=304&nextFeedId=295&tlt=98&tlf=1&uid=37904&version=4.0.12455&mode=iPhoneApp&locale=en_US HTTP/1.1" 200 22 "-" "Tales2Go/3.2.0 CFNetwork/609 Darwin/13.0.0"
209.243.21.153 - - [06/Jan/2013:15:26:26 -0800] "GET /GetStationPlayList.php?s=0&c=9&uid=37904&sid=200&endFeed=0&version=4.0.12455&mode=iPhoneApp&locale=en_US HTTP/1.1" 200 13440 "-" "Tales2Go/3.2.0 CFNetwork/609 Darwin/13.0.0"
209.243.21.153 - - [06/Jan/2013:15:26:36 -0800] "GET /GetStationPlayList.php?s=9&c=9&uid=37904&sid=200&endFeed=0&version=4.0.12455&mode=iPhoneApp&locale=en_US HTTP/1.1" 200 12454 "-" "Tales2Go/3.2.0 CFNetwork/609 Darwin/13.0.0"
209.243.21.153 - - [06/Jan/2013:15:26:36 -0800] "GET /GetAd.php?sid=200&timeSinceLastAd=98&previousFeedId=304&nextFeedId=1799&newStation&tlt=98&tlf=0&uid=37904&version=4.0.12455&mode=iPhoneApp&locale=en_US HTTP/1.1" 200 22 "-" "Tales2Go/3.2.0 CFNetwork/609 Darwin/13.0.0"
209.243.21.153 - - [06/Jan/2013:15:26:37 -0800] "GET /PostUsage.php?uid=37904&sid=42&fid=304&eid=541&completed=4327&timezone=+0000&tlt=98&version=4.0.12455&mode=iPhoneApp&locale=en_US HTTP/1.1" 200 - "-" "Tales2Go/3.2.0 CFNetwork/609 Darwin/13.0.0"
209.243.21.153 - - [06/Jan/2013:15:26:37 -0800] "GET /FeedDisplay.php?archived&mode=iPhoneApp&fid=1799&episode_id=3377&nfid=1287&uid=37904&version=3.2.0 HTTP/1.1" 200 9453 "-" "Mozilla/5.0 (iPod; CPU iPhone OS 6_0_1 like Mac OS X) AppleWebKit/536.26 (KHTML, like Gecko) Mobile/10A523"
209.243.21.153 - - [06/Jan/2013:15:26:47 -0800] "GET /GetAd.php?sid=200&timeSinceLastAd=99&previousFeedId=1799&nextFeedId=1233&newStation&tlt=99&tlf=0&uid=37904&version=4.0.12455&mode=iPhoneApp&locale=en_US HTTP/1.1" 200 22 "-" "Tales2Go/3.2.0 CFNetwork/609 Darwin/13.0.0"
209.243.21.153 - - [06/Jan/2013:15:26:48 -0800] "GET /PostUsage.php?uid=37904&sid=200&fid=1799&eid=3377&completed=1394&timezone=+0000&tlt=99&version=4.0.12455&mode=iPhoneApp&locale=en_US HTTP/1.1" 200 - "-" "Tales2Go/3.2.0 CFNetwork/609 Darwin/13.0.0"
209.243.21.153 - - [06/Jan/2013:15:26:48 -0800] "GET /FeedDisplay.php?archived&mode=iPhoneApp&fid=1233&episode_id=1710&nfid=1284&uid=37904&version=3.2.0 HTTP/1.1" 200 9111 "-" "Mozilla/5.0 (iPod; CPU iPhone OS 6_0_1 like Mac OS X) AppleWebKit/536.26 (KHTML, like Gecko) Mobile/10A523"
209.243.21.153 - - [06/Jan/2013:15:26:55 -0800] "GET /GetStationPlayList.php?s=18&c=9&uid=37904&sid=200&endFeed=0&version=4.0.12455&mode=iPhoneApp&locale=en_US HTTP/1.1" 200 13416 "-" "Tales2Go/3.2.0 CFNetwork/609 Darwin/13.0.0"
209.243.21.153 - - [06/Jan/2013:15:26:59 -0800] "GET /GetAd.php?sid=200&timeSinceLastAd=108&previousFeedId=1233&nextFeedId=1296&newStation&tlt=108&tlf=0&uid=37904&version=4.0.12455&mode=iPhoneApp&locale=en_US HTTP/1.1" 200 22 "-" "Tales2Go/3.2.0 CFNetwork/609 Darwin/13.0.0"
209.243.21.153 - - [06/Jan/2013:15:26:59 -0800] "GET /PostUsage.php?uid=37904&sid=200&fid=1233&eid=1710&completed=9848&timezone=+0000&tlt=108&version=4.0.12455&mode=iPhoneApp&locale=en_US HTTP/1.1" 200 - "-" "Tales2Go/3.2.0 CFNetwork/609 Darwin/13.0.0"
209.243.21.153 - - [06/Jan/2013:15:27:00 -0800] "GET /FeedDisplay.php?archived&mode=iPhoneApp&fid=1296&episode_id=1948&nfid=1278&uid=37904&version=3.2.0 HTTP/1.1" 200 9201 "-" "Mozilla/5.0 (iPod; CPU iPhone OS 6_0_1 like Mac OS X) AppleWebKit/536.26 (KHTML, like Gecko) Mobile/10A523"
209.243.21.153 - - [06/Jan/2013:15:27:04 -0800] "GET /AddBookmark.php?uid=37904&eid=1948&offset=3&version=4.0.12455&mode=iPhoneApp&locale=en_US HTTP/1.1" 200 47 "-" "Tales2Go/3.2.0 CFNetwork/609 Darwin/13.0.0"
209.243.21.153 - - [06/Jan/2013:15:27:07 -0800] "GET /AddFavorite.php?uid=37904&fid=1296&version=4.0.12455&mode=iPhoneApp&locale=en_US HTTP/1.1" 200 56 "-" "Tales2Go/3.2.0 CFNetwork/609 Darwin/13.0.0"
209.243.21.153 - - [06/Jan/2013:15:27:15 -0800] "GET /PostUsage.php?skipped&uid=37904&sid=200&fid=1296&eid=1948&completed=13717&timezone=+0000&tlt=108&version=4.0.12455&mode=iPhoneApp&locale=en_US HTTP/1.1" 200 - "-" "Tales2Go/3.2.0 CFNetwork/609 Darwin/13.0.0"
209.243.21.153 - - [06/Jan/2013:15:27:15 -0800] "GET /GetAd.php?sid=200&timeSinceLastAd=121&previousFeedId=1296&nextFeedId=1278&tlt=121&tlf=1&uid=37904&version=4.0.12455&mode=iPhoneApp&locale=en_US HTTP/1.1" 200 22 "-" "Tales2Go/3.2.0 CFNetwork/609 Darwin/13.0.0"
209.243.21.153 - - [06/Jan/2013:15:27:16 -0800] "GET /FeedDisplay.php?archived&mode=iPhoneApp&fid=1278&episode_id=2078&nfid=1291&uid=37904&version=3.2.0 HTTP/1.1" 200 9259 "-" "Mozilla/5.0 (iPod; CPU iPhone OS 6_0_1 like Mac OS X) AppleWebKit/536.26 (KHTML, like Gecko) Mobile/10A523"
108.18.117.235 - - [06/Jan/2013:15:27:20 -0800] "GET /AddBookmark.php?uid=25218&eid=1458&offset=1624&version=4.0.12455&mode=iPhoneApp&locale=en_US HTTP/1.1" 200 47 "-" "Tales2Go/3.2.0 CFNetwork/485.12.30 Darwin/10.4.0"
66.87.101.120 - - [06/Jan/2013:15:28:32 -0800] "GET /GetStationPlayList.php?s=36&c=9&uid=37822&sid=35&endFeed=0&version=4.0.12455&mode=iPhoneApp&locale=en_US HTTP/1.1" 200 2464 "-" "Tales2Go/3.2.0 CFNetwork/609 Darwin/13.0.0"
66.87.101.120 - - [06/Jan/2013:15:28:58 -0800] "GET /GetStationPlayList.php?s=0&c=9&uid=37822&sid=18&endFeed=0&version=4.0.12455&mode=iPhoneApp&locale=en_US HTTP/1.1" 200 5677 "-" "Tales2Go/3.2.0 CFNetwork/609 Darwin/13.0.0"
66.87.101.120 - - [06/Jan/2013:15:29:08 -0800] "GET /GetAd.php?sid=18&timeSinceLastAd=483&previousFeedId=1106&nextFeedId=2746&newStation&tlt=483&tlf=0&uid=37822&version=4.0.12455&mode=iPhoneApp&locale=en_US HTTP/1.1" 200 22 "-" "Tales2Go/3.2.0 CFNetwork/609 Darwin/13.0.0"
66.87.101.120 - - [06/Jan/2013:15:29:08 -0800] "GET /PostUsage.php?uid=37822&sid=35&fid=1106&eid=1565&completed=64498&timezone=+0000&tlt=483&version=4.0.12455&mode=iPhoneApp&locale=en_US HTTP/1.1" 200 - "-" "Tales2Go/3.2.0 CFNetwork/609 Darwin/13.0.0"
66.87.101.120 - - [06/Jan/2013:15:29:08 -0800] "GET /FeedDisplay.php?archived&mode=iPhoneApp&fid=2746&episode_id=4787&nfid=1953&uid=37822&version=3.2.0 HTTP/1.1" 200 8461 "-" "Mozilla/5.0 (iPhone; CPU iPhone OS 6_0_1 like Mac OS X) AppleWebKit/536.26 (KHTML, like Gecko) Mobile/10A523"
66.87.101.120 - - [06/Jan/2013:15:29:13 -0800] "GET /GetAd.php?sid=18&timeSinceLastAd=486&previousFeedId=2746&nextFeedId=1953&tlt=486&tlf=1&uid=37822&version=4.0.12455&mode=iPhoneApp&locale=en_US HTTP/1.1" 200 22 "-" "Tales2Go/3.2.0 CFNetwork/609 Darwin/13.0.0"
108.56.228.50 - - [06/Jan/2013:15:29:52 -0800] "GET /AddBookmark.php?uid=1115&eid=1435&offset=3099&version=4.0.12455&mode=iPhoneApp&locale=en_US HTTP/1.1" 200 47 "-" "Tales2Go/3.2.0 CFNetwork/609 Darwin/13.0.0"
108.18.117.235 - - [06/Jan/2013:15:29:57 -0800] "GET /AddBookmark.php?uid=25218&eid=1458&offset=1780&version=4.0.12455&mode=iPhoneApp&locale=en_US HTTP/1.1" 200 47 "-" "Tales2Go/3.2.0 CFNetwork/485.12.30 Darwin/10.4.0"
66.87.101.120 - - [06/Jan/2013:15:30:06 -0800] "GET /FeedRate.php?uid=37822&fid=2746&rating=3 HTTP/1.1" 200 28 "http://t2g.stitcher.com/FeedDisplay.php?archived&mode=iPhoneApp&fid=2746&episode_id=4787&nfid=1953&uid=37822&version=3.2.0" "Mozilla/5.0 (iPhone; CPU iPhone OS 6_0_1 like Mac OS X) AppleWebKit/536.26 (KHTML, like Gecko) Mobile/10A523"
66.87.101.120 - - [06/Jan/2013:15:31:00 -0800] "GET /GetAd.php?sid=18&timeSinceLastAd=592&previousFeedId=2746&nextFeedId=1953&tlt=592&tlf=1&uid=37822&version=4.0.12455&mode=iPhoneApp&locale=en_US HTTP/1.1" 200 22 "-" "Tales2Go/3.2.0 CFNetwork/609 Darwin/13.0.0"
66.87.101.120 - - [06/Jan/2013:15:31:00 -0800] "GET /PostUsage.php?uid=37822&sid=18&fid=2746&eid=4787&completed=109671&timezone=+0000&tlt=592&version=4.0.12455&mode=iPhoneApp&locale=en_US HTTP/1.1" 200 - "-" "Tales2Go/3.2.0 CFNetwork/609 Darwin/13.0.0"
66.87.101.120 - - [06/Jan/2013:15:31:01 -0800] "GET /FeedDisplay.php?archived&mode=iPhoneApp&fid=1953&episode_id=3774&nfid=1242&uid=37822&version=3.2.0 HTTP/1.1" 200 8491 "-" "Mozilla/5.0 (iPhone; CPU iPhone OS 6_0_1 like Mac OS X) AppleWebKit/536.26 (KHTML, like Gecko) Mobile/10A523"
66.87.101.120 - - [06/Jan/2013:15:31:06 -0800] "GET /GetAd.php?sid=18&timeSinceLastAd=596&previousFeedId=1953&nextFeedId=1242&tlt=596&tlf=2&uid=37822&version=4.0.12455&mode=iPhoneApp&locale=en_US HTTP/1.1" 200 22 "-" "Tales2Go/3.2.0 CFNetwork/609 Darwin/13.0.0"
66.87.95.213 - - [06/Jan/2013:15:31:12 -0800] "GET /AddFavorite.php?uid=37810&fid=925&version=4.0.12455&mode=iPhoneApp&locale=en_US HTTP/1.1" 200 55 "-" "Tales2Go/3.2.0 CFNetwork/609 Darwin/13.0.0"
66.87.101.120 - - [06/Jan/2013:15:31:19 -0800] "GET /GetStationPlayList.php?s=0&c=9&uid=37822&sid=61&endFeed=0&version=4.0.12455&mode=iPhoneApp&locale=en_US HTTP/1.1" 200 6867 "-" "Tales2Go/3.2.0 CFNetwork/609 Darwin/13.0.0"
66.87.101.120 - - [06/Jan/2013:15:31:31 -0800] "GET /GetAd.php?sid=61&timeSinceLastAd=612&previousFeedId=1953&nextFeedId=18&newStation&tlt=612&tlf=0&uid=37822&version=4.0.12455&mode=iPhoneApp&locale=en_US HTTP/1.1" 200 22 "-" "Tales2Go/3.2.0 CFNetwork/609 Darwin/13.0.0"
66.87.101.120 - - [06/Jan/2013:15:31:32 -0800] "GET /PostUsage.php?uid=37822&sid=18&fid=1953&eid=3774&completed=20519&timezone=+0000&tlt=612&version=4.0.12455&mode=iPhoneApp&locale=en_US HTTP/1.1" 200 - "-" "Tales2Go/3.2.0 CFNetwork/609 Darwin/13.0.0"
66.87.101.120 - - [06/Jan/2013:15:31:32 -0800] "GET /FeedDisplay.php?archived&mode=iPhoneApp&fid=18&episode_id=36&nfid=2030&uid=37822&version=3.2.0 HTTP/1.1" 200 8626 "-" "Mozilla/5.0 (iPhone; CPU iPhone OS 6_0_1 like Mac OS X) AppleWebKit/536.26 (KHTML, like Gecko) Mobile/10A523"
66.87.101.120 - - [06/Jan/2013:15:32:47 -0800] "GET /GetAd.php?sid=61&timeSinceLastAd=612&previousFeedId=18&nextFeedId=2030&tlt=612&tlf=1&uid=37822&version=4.0.12455&mode=iPhoneApp&locale=en_US HTTP/1.1" 200 22 "-" "Tales2Go/3.2.0 CFNetwork/609 Darwin/13.0.0"
207.138.192.26 - - [06/Jan/2013:15:33:00 -0800] "GET /GetAd.php?sid=1&timeSinceLastAd=6506&previousFeedId=1087&nextFeedId=643&tlt=6506&tlf=1&uid=37441&version=4.0.12455&mode=iPhoneApp&locale=en_US HTTP/1.1" 200 22 "-" "Tales2Go/3.2.0 CFNetwork/609 Darwin/13.0.0"
207.138.192.26 - - [06/Jan/2013:15:33:00 -0800] "GET /PostUsage.php?uid=37441&sid=1&fid=1087&eid=1547&completed=723398&timezone=+0000&tlt=6506&version=4.0.12455&mode=iPhoneApp&locale=en_US HTTP/1.1" 200 - "-" "Tales2Go/3.2.0 CFNetwork/609 Darwin/13.0.0"
207.138.192.26 - - [06/Jan/2013:15:33:00 -0800] "GET /FeedDisplay.php?archived&mode=iPhoneApp&fid=643&episode_id=877&nfid=674&uid=37441&version=3.2.0 HTTP/1.1" 200 8521 "-" "Mozilla/5.0 (iPhone; CPU iPhone OS 6_0_1 like Mac OS X) AppleWebKit/536.26 (KHTML, like Gecko) Mobile/10A523"
207.138.192.26 - - [06/Jan/2013:15:33:01 -0800] "GET /GetAd.php?sid=1&timeSinceLastAd=6506&previousFeedId=643&nextFeedId=674&tlt=6506&tlf=2&uid=37441&version=4.0.12455&mode=iPhoneApp&locale=en_US HTTP/1.1" 200 22 "-" "Tales2Go/3.2.0 CFNetwork/609 Darwin/13.0.0"
66.87.95.213 - - [06/Jan/2013:15:33:16 -0800] "GET /PostUsage.php?uid=37810&sid=0&fid=925&eid=1226&completed=4254958&timezone=+0000&tlt=71&version=4.0.12455&mode=iPhoneApp&locale=en_US HTTP/1.1" 200 - "-" "Tales2Go/3.2.0 CFNetwork/609 Darwin/13.0.0"
166.137.191.44 - - [06/Jan/2013:15:33:20 -0800] "GET /StartupChecks.php?startup&uid=15366&version=4.0.12455&mode=iPhoneApp&locale=en_US HTTP/1.1" 200 289 "-" "Tales2Go%20-%20Old%20Version/2.2.12455 CFNetwork/609 Darwin/13.0.0"
67.242.168.30 - - [06/Jan/2013:15:33:45 -0800] "GET /GetAd.php?sid=1&timeSinceLastAd=2056&previousFeedId=722&nextFeedId=1540&newStation&tlt=2056&tlf=0&uid=18744&version=4.0.12455&mode=iPhoneApp&locale=en_US HTTP/1.1" 200 22 "-" "Tales2Go/3.2.0 CFNetwork/609 Darwin/13.0.0"
67.242.168.30 - - [06/Jan/2013:15:33:46 -0800] "GET /PostUsage.php?uid=18744&sid=1&fid=722&eid=1026&completed=8947&timezone=+0000&tlt=2056&version=4.0.12455&mode=iPhoneApp&locale=en_US HTTP/1.1" 200 - "-" "Tales2Go/3.2.0 CFNetwork/609 Darwin/13.0.0"
67.242.168.30 - - [06/Jan/2013:15:33:46 -0800] "GET /FeedDisplay.php?archived&mode=iPhoneApp&fid=1540&episode_id=2951&nfid=1557&uid=18744&version=3.2.0 HTTP/1.1" 200 9128 "-" "Mozilla/5.0 (iPhone; CPU iPhone OS 6_0_1 like Mac OS X) AppleWebKit/536.26 (KHTML, like Gecko) Mobile/10A523"
67.242.168.30 - - [06/Jan/2013:15:34:07 -0800] "GET /GetStationPlayList.php?s=36&c=9&uid=18744&sid=35&endFeed=0&version=4.0.12455&mode=iPhoneApp&locale=en_US HTTP/1.1" 200 2505 "-" "Tales2Go/3.2.0 CFNetwork/609 Darwin/13.0.0"
67.242.168.30 - - [06/Jan/2013:15:34:08 -0800] "GET /GetAd.php?sid=35&timeSinceLastAd=2076&previousFeedId=1540&nextFeedId=1087&newStation&tlt=2076&tlf=0&uid=18744&version=4.0.12455&mode=iPhoneApp&locale=en_US HTTP/1.1" 200 22 "-" "Tales2Go/3.2.0 CFNetwork/609 Darwin/13.0.0"
67.242.168.30 - - [06/Jan/2013:15:34:08 -0800] "GET /PostUsage.php?uid=18744&sid=1&fid=1540&eid=2951&completed=21035&timezone=+0000&tlt=2076&version=4.0.12455&mode=iPhoneApp&locale=en_US HTTP/1.1" 200 - "-" "Tales2Go/3.2.0 CFNetwork/609 Darwin/13.0.0"
67.242.168.30 - - [06/Jan/2013:15:34:09 -0800] "GET /FeedDisplay.php?archived&mode=iPhoneApp&fid=1087&episode_id=1547&nfid=767&uid=18744&version=3.2.0 HTTP/1.1" 200 8613 "-" "Mozilla/5.0 (iPhone; CPU iPhone OS 6_0_1 like Mac OS X) AppleWebKit/536.26 (KHTML, like Gecko) Mobile/10A523"
166.137.156.169 - - [06/Jan/2013:15:34:09 -0800] "GET /GetAd.php?sid=1&timeSinceLastAd=553&previousFeedId=1102&nextFeedId=2698&tlt=553&tlf=1&uid=20756&version=4.0.12455&mode=iPhoneApp&locale=en_US HTTP/1.1" 200 22 "-" "Tales2Go/3.2.0 CFNetwork/609 Darwin/13.0.0"
166.137.156.169 - - [06/Jan/2013:15:34:10 -0800] "GET /PostUsage.php?uid=20756&sid=1&fid=1102&eid=1613&completed=553147&timezone=+0000&tlt=553&version=4.0.12455&mode=iPhoneApp&locale=en_US HTTP/1.1" 200 - "-" "Tales2Go/3.2.0 CFNetwork/609 Darwin/13.0.0"
166.137.156.169 - - [06/Jan/2013:15:34:12 -0800] "GET /FeedDisplay.php?archived&mode=iPhoneApp&fid=2698&episode_id=4723&nfid=2679&uid=20756&version=3.2.0 HTTP/1.1" 200 8492 "-" "Mozilla/5.0 (iPhone; CPU iPhone OS 6_0 like Mac OS X) AppleWebKit/536.26 (KHTML, like Gecko) Mobile/10A403"
68.9.155.94 - - [06/Jan/2013:15:34:14 -0800] "GET /PostUsage.php?uid=35797&sid=0&fid=386&eid=645&completed=548388&timezone=+0000&tlt=0&version=4.0.12455&mode=iPhoneApp&locale=en_US HTTP/1.1" 200 - "-" "Tales2Go/3.2.0 CFNetwork/609 Darwin/13.0.0"
166.137.156.169 - - [06/Jan/2013:15:34:15 -0800] "GET /GetAd.php?sid=1&timeSinceLastAd=555&previousFeedId=2698&nextFeedId=2679&tlt=555&tlf=2&uid=20756&version=4.0.12455&mode=iPhoneApp&locale=en_US HTTP/1.1" 200 22 "-" "Tales2Go/3.2.0 CFNetwork/609 Darwin/13.0.0"
67.242.168.30 - - [06/Jan/2013:15:34:17 -0800] "GET /GetAd.php?sid=35&timeSinceLastAd=2083&previousFeedId=1087&nextFeedId=767&tlt=2083&tlf=1&uid=18744&version=4.0.12455&mode=iPhoneApp&locale=en_US HTTP/1.1" 200 22 "-" "Tales2Go/3.2.0 CFNetwork/609 Darwin/13.0.0"
207.138.192.26 - - [06/Jan/2013:15:34:19 -0800] "GET /GetAd.php?sid=1&timeSinceLastAd=6584&previousFeedId=643&nextFeedId=674&tlt=6584&tlf=2&uid=37441&version=4.0.12455&mode=iPhoneApp&locale=en_US HTTP/1.1" 200 22 "-" "Tales2Go/3.2.0 CFNetwork/609 Darwin/13.0.0"
207.138.192.26 - - [06/Jan/2013:15:34:20 -0800] "GET /PostUsage.php?uid=37441&sid=1&fid=643&eid=877&completed=78852&timezone=+0000&tlt=6584&version=4.0.12455&mode=iPhoneApp&locale=en_US HTTP/1.1" 200 - "-" "Tales2Go/3.2.0 CFNetwork/609 Darwin/13.0.0"
207.138.192.26 - - [06/Jan/2013:15:34:20 -0800] "GET /FeedDisplay.php?archived&mode=iPhoneApp&fid=674&episode_id=908&nfid=1538&uid=37441&version=3.2.0 HTTP/1.1" 200 8579 "-" "Mozilla/5.0 (iPhone; CPU iPhone OS 6_0_1 like Mac OS X) AppleWebKit/536.26 (KHTML, like Gecko) Mobile/10A523"
207.138.192.26 - - [06/Jan/2013:15:34:25 -0800] "GET /GetAd.php?sid=1&timeSinceLastAd=6589&previousFeedId=674&nextFeedId=1538&tlt=6589&tlf=3&uid=37441&version=4.0.12455&mode=iPhoneApp&locale=en_US HTTP/1.1" 200 22 "-" "Tales2Go/3.2.0 CFNetwork/609 Darwin/13.0.0"
208.113.232.130 - - [06/Jan/2013:15:34:26 -0800] "GET /GetAttributeValues.php?uid=20760 HTTP/1.0" 200 35776 "-" "-"
208.113.232.130 - - [06/Jan/2013:15:34:26 -0800] "GET /GetAttributeValues.php?uid=20760 HTTP/1.0" 200 35776 "-" "-"
208.113.232.130 - - [06/Jan/2013:15:34:26 -0800] "GET /GetAttributeValues.php?uid=20760 HTTP/1.0" 200 35776 "-" "-"
208.113.232.130 - - [06/Jan/2013:15:34:26 -0800] "GET /GetAttributeValues.php?uid=20760 HTTP/1.0" 200 35776 "-" "-"
208.113.232.130 - - [06/Jan/2013:15:34:27 -0800] "GET /GetAttributeValues.php?uid=20760 HTTP/1.0" 200 35776 "-" "-"
208.113.232.130 - - [06/Jan/2013:15:34:27 -0800] "GET /GetAttributeValues.php?uid=20760 HTTP/1.0" 200 35776 "-" "-"
208.113.232.130 - - [06/Jan/2013:15:34:29 -0800] "GET /GetStationListFC.php?uid=20760&version=4.0.12455&mode=desktop&override&locale=en_US HTTP/1.0" 200 17195 "-" "-"
208.113.232.130 - - [06/Jan/2013:15:34:30 -0800] "GET /GetStationListFC.php?uid=20760&version=4.0.12455&mode=desktop&override&locale=en_US HTTP/1.0" 200 17195 "-" "-"
208.113.232.130 - - [06/Jan/2013:15:34:30 -0800] "GET /GetStationListFC.php?uid=20760&version=4.0.12455&mode=desktop&override&locale=en_US HTTP/1.0" 200 17195 "-" "-"
208.113.232.130 - - [06/Jan/2013:15:34:30 -0800] "GET /GetStationListFC.php?uid=20760&version=4.0.12455&mode=desktop&override&locale=en_US HTTP/1.0" 200 17195 "-" "-"
208.113.232.130 - - [06/Jan/2013:15:34:31 -0800] "GET /GetStationListFC.php?uid=20760&version=4.0.12455&mode=desktop&override&locale=en_US HTTP/1.0" 200 17195 "-" "-"
208.113.232.130 - - [06/Jan/2013:15:34:31 -0800] "GET /GetStationListFC.php?uid=20760&version=4.0.12455&mode=desktop&override&locale=en_US HTTP/1.0" 200 17195 "-" "-"
208.113.232.130 - - [06/Jan/2013:15:34:32 -0800] "GET /GetStationListFC.php?uid=20760&version=4.0.12455&mode=desktop&override&locale=en_US HTTP/1.0" 200 17195 "-" "-"
68.9.155.94 - - [06/Jan/2013:15:34:34 -0800] "GET /Search.php?uid=35797&term=monster%20truck&s=0&c=20&version=4.0.12455&mode=iPhoneApp&locale=en_US HTTP/1.1" 200 12524 "-" "Tales2Go/3.2.0 CFNetwork/609 Darwin/13.0.0"
208.113.232.130 - - [06/Jan/2013:15:34:34 -0800] "GET /LoadUserFromID.php?markStartup&id=20760&udid=sn_1005054&version=4.0.12455&mode=desktop&override&locale=en_US HTTP/1.0" 200 256 "-" "-"
208.113.232.130 - - [06/Jan/2013:15:34:35 -0800] "GET /LoadUserFromID.php?markStartup&id=20760&udid=sn_1005054&version=4.0.12455&mode=desktop&override&locale=en_US HTTP/1.0" 200 256 "-" "-"
208.113.232.130 - - [06/Jan/2013:15:34:35 -0800] "GET /LoadUserFromID.php?markStartup&id=20760&udid=sn_1005054&version=4.0.12455&mode=desktop&override&locale=en_US HTTP/1.0" 200 256 "-" "-"
208.113.232.130 - - [06/Jan/2013:15:34:35 -0800] "GET /LoadUserFromID.php?markStartup&id=20760&udid=sn_1005054&version=4.0.12455&mode=desktop&override&locale=en_US HTTP/1.0" 200 256 "-" "-"
208.113.232.130 - - [06/Jan/2013:15:34:36 -0800] "GET /LoadUserFromID.php?markStartup&id=20760&udid=sn_1005054&version=4.0.12455&mode=desktop&override&locale=en_US HTTP/1.0" 200 256 "-" "-"
208.113.232.130 - - [06/Jan/2013:15:34:36 -0800] "GET /LoadUserFromID.php?markStartup&id=20760&udid=sn_1005054&version=4.0.12455&mode=desktop&override&locale=en_US HTTP/1.0" 200 256 "-" "-"
208.113.232.130 - - [06/Jan/2013:15:34:36 -0800] "GET /LoadUserFromID.php?markStartup&id=20760&udid=sn_1005054&version=4.0.12455&mode=desktop&override&locale=en_US HTTP/1.0" 200 256 "-" "-"
208.113.232.130 - - [06/Jan/2013:15:34:37 -0800] "GET /LoadUserFromID.php?markStartup&id=20760&udid=sn_1005054&version=4.0.12455&mode=desktop&override&locale=en_US HTTP/1.0" 200 256 "-" "-"
208.113.232.130 - - [06/Jan/2013:15:34:38 -0800] "GET /LoadUserFromID.php?markStartup&id=20760&udid=sn_1005054&version=4.0.12455&mode=desktop&override&locale=en_US HTTP/1.0" 200 256 "-" "-"
127.0.0.1 - - [06/Jan/2013:15:34:42 -0800] "GET /PostUsageScript.php?uid=37348&sid=0&fid=14&eid=32&completed=599&timezone=+0000&tlt=0&version=4.0.12455&mode=desktop&override&locale=en_US HTTP/1.0" 200 59 "-" "Wget/1.11.4 Red Hat modified"
208.113.232.130 - - [06/Jan/2013:15:34:42 -0800] "GET /PostUsage.php?uid=37348&sid=0&fid=14&eid=32&completed=599&timezone=+0000&tlt=0&version=4.0.12455&mode=desktop&override&locale=en_US HTTP/1.0" 200 - "-" "-"
208.113.232.130 - - [06/Jan/2013:15:34:42 -0800] "GET /LoadUserFromID.php?markStartup&id=20760&udid=sn_1005054&version=4.0.12455&mode=desktop&override&locale=en_US HTTP/1.0" 200 256 "-" "-"
208.113.232.130 - - [06/Jan/2013:15:34:44 -0800] "GET /LoadUserFromID.php?markStartup&id=20760&udid=sn_1005054&version=4.0.12455&mode=desktop&override&locale=en_US HTTP/1.0" 200 256 "-" "-"
208.113.232.130 - - [06/Jan/2013:15:34:45 -0800] "GET /LoadUserFromID.php?markStartup&id=20760&udid=sn_1005054&version=4.0.12455&mode=desktop&override&locale=en_US HTTP/1.0" 200 256 "-" "-"
208.113.232.130 - - [06/Jan/2013:15:34:46 -0800] "GET /LoadUserFromID.php?markStartup&id=20760&udid=sn_1005054&version=4.0.12455&mode=desktop&override&locale=en_US HTTP/1.0" 200 256 "-" "-"
208.113.232.130 - - [06/Jan/2013:15:34:46 -0800] "GET /LoadUserFromID.php?markStartup&id=20760&udid=sn_1005054&version=4.0.12455&mode=desktop&override&locale=en_US HTTP/1.0" 200 256 "-" "-"
208.113.232.130 - - [06/Jan/2013:15:34:47 -0800] "GET /LoadUserFromID.php?markStartup&id=20760&udid=sn_1005054&version=4.0.12455&mode=desktop&override&locale=en_US HTTP/1.0" 200 256 "-" "-"
208.113.232.130 - - [06/Jan/2013:15:34:47 -0800] "GET /LoadUserFromID.php?markStartup&id=20760&udid=sn_1005054&version=4.0.12455&mode=desktop&override&locale=en_US HTTP/1.0" 200 256 "-" "-"
208.113.232.130 - - [06/Jan/2013:15:34:47 -0800] "GET /LoadUserFromID.php?markStartup&id=20760&udid=sn_1005054&version=4.0.12455&mode=desktop&override&locale=en_US HTTP/1.0" 200 256 "-" "-"
208.113.232.130 - - [06/Jan/2013:15:34:48 -0800] "GET /LoadUserFromID.php?markStartup&id=20760&udid=sn_1005054&version=4.0.12455&mode=desktop&override&locale=en_US HTTP/1.0" 200 256 "-" "-"
67.242.168.30 - - [06/Jan/2013:15:34:51 -0800] "GET /GetAd.php?sid=35&timeSinceLastAd=2788&previousFeedId=1087&nextFeedId=63&newStation&tlt=2788&tlf=0&uid=18744&version=4.0.12455&mode=iPhoneApp&locale=en_US HTTP/1.1" 200 22 "-" "Tales2Go/3.2.0 CFNetwork/609 Darwin/13.0.0"
67.242.168.30 - - [06/Jan/2013:15:34:52 -0800] "GET /PostUsage.php?uid=18744&sid=1&fid=1087&eid=1547&completed=713164&timezone=+0000&tlt=2788&version=4.0.12455&mode=iPhoneApp&locale=en_US HTTP/1.1" 200 - "-" "Tales2Go/3.2.0 CFNetwork/609 Darwin/13.0.0"
67.242.168.30 - - [06/Jan/2013:15:34:52 -0800] "GET /FeedDisplay.php?archived&mode=iPhoneApp&fid=63&episode_id=573&nfid=1505&uid=18744&version=3.2.0 HTTP/1.1" 200 8544 "-" "Mozilla/5.0 (iPhone; CPU iPhone OS 6_0_1 like Mac OS X) AppleWebKit/536.26 (KHTML, like Gecko) Mobile/10A523"
68.9.155.94 - - [06/Jan/2013:15:34:53 -0800] "GET /Search.php?uid=35797&term=Star%20Wars&s=0&c=20&version=4.0.12455&mode=iPhoneApp&locale=en_US HTTP/1.1" 200 23392 "-" "Tales2Go/3.2.0 CFNetwork/609 Darwin/13.0.0"
98.83.14.98 - - [06/Jan/2013:15:35:01 -0800] "GET /StartupChecks.php?startup&uid=37903&version=4.0.12455&mode=iPhoneApp&locale=en_US HTTP/1.1" 200 289 "-" "Tales2Go/3.2.0 CFNetwork/609 Darwin/13.0.0"
68.9.155.94 - - [06/Jan/2013:15:35:01 -0800] "GET /FeedDisplay.php?archived&mode=iPhoneApp&fid=391&episode_id=650&nfid=0&uid=35797&version=3.2.0 HTTP/1.1" 200 8499 "-" "Mozilla/5.0 (iPhone; CPU iPhone OS 6_0_1 like Mac OS X) AppleWebKit/536.26 (KHTML, like Gecko) Mobile/10A523"
98.83.14.98 - - [06/Jan/2013:15:35:02 -0800] "GET /LoadUserFromID.php?markStartup&id=37903&udid=14:10:9F:66:53:53&version=4.0.12455&mode=iPhoneApp&locale=en_US HTTP/1.1" 200 263 "-" "Tales2Go/3.2.0 CFNetwork/609 Darwin/13.0.0"
98.83.14.98 - - [06/Jan/2013:15:35:03 -0800] "GET /GetContentStationList.php?uid=37903&version=4.0.12455&mode=iPhoneApp&locale=en_US HTTP/1.1" 200 6486 "-" "Tales2Go/3.2.0 CFNetwork/609 Darwin/13.0.0"
98.83.14.98 - - [06/Jan/2013:15:35:03 -0800] "GET /GetStationListFC.php?uid=37903&version=4.0.12455&mode=iPhoneApp&locale=en_US HTTP/1.1" 200 16492 "-" "Tales2Go/3.2.0 CFNetwork/609 Darwin/13.0.0"
67.242.168.30 - - [06/Jan/2013:15:35:05 -0800] "GET /GetAd.php?sid=35&timeSinceLastAd=2800&previousFeedId=63&nextFeedId=1505&tlt=2800&tlf=1&uid=18744&version=4.0.12455&mode=iPhoneApp&locale=en_US HTTP/1.1" 200 22 "-" "Tales2Go/3.2.0 CFNetwork/609 Darwin/13.0.0"
68.9.155.94 - - [06/Jan/2013:15:35:12 -0800] "GET /GetAd.php?sid=0&timeSinceLastAd=9&previousFeedId=391&nextFeedId=0&tlt=9&tlf=1&uid=35797&version=4.0.12455&mode=iPhoneApp&locale=en_US HTTP/1.1" 200 22 "-" "Tales2Go/3.2.0 CFNetwork/609 Darwin/13.0.0"
98.83.14.98 - - [06/Jan/2013:15:35:21 -0800] "GET /GetStationPlayList.php?s=0&c=9&uid=37903&sid=285&endFeed=0&version=4.0.12455&mode=iPhoneApp&locale=en_US HTTP/1.1" 200 9515 "-" "Tales2Go/3.2.0 CFNetwork/609 Darwin/13.0.0"
166.137.156.169 - - [06/Jan/2013:15:35:31 -0800] "GET /GetAd.php?sid=1&timeSinceLastAd=630&previousFeedId=2698&nextFeedId=2679&tlt=630&tlf=2&uid=20756&version=4.0.12455&mode=iPhoneApp&locale=en_US HTTP/1.1" 200 22 "-" "Tales2Go/3.2.0 CFNetwork/609 Darwin/13.0.0"
166.137.156.169 - - [06/Jan/2013:15:35:32 -0800] "GET /PostUsage.php?uid=20756&sid=1&fid=2698&eid=4723&completed=77719&timezone=+0000&tlt=630&version=4.0.12455&mode=iPhoneApp&locale=en_US HTTP/1.1" 200 - "-" "Tales2Go/3.2.0 CFNetwork/609 Darwin/13.0.0"
166.137.156.169 - - [06/Jan/2013:15:35:32 -0800] "GET /FeedDisplay.php?archived&mode=iPhoneApp&fid=2679&episode_id=4704&nfid=146&uid=20756&version=3.2.0 HTTP/1.1" 200 8487 "-" "Mozilla/5.0 (iPhone; CPU iPhone OS 6_0 like Mac OS X) AppleWebKit/536.26 (KHTML, like Gecko) Mobile/10A403"
166.137.156.169 - - [06/Jan/2013:15:35:37 -0800] "GET /GetAd.php?sid=1&timeSinceLastAd=632&previousFeedId=2679&nextFeedId=146&tlt=632&tlf=3&uid=20756&version=4.0.12455&mode=iPhoneApp&locale=en_US HTTP/1.1" 200 22 "-" "Tales2Go/3.2.0 CFNetwork/609 Darwin/13.0.0"
166.137.156.169 - - [06/Jan/2013:15:35:44 -0800] "GET /GetAd.php?sid=1&timeSinceLastAd=638&previousFeedId=2679&nextFeedId=1597&newStation&tlt=638&tlf=0&uid=20756&version=4.0.12455&mode=iPhoneApp&locale=en_US HTTP/1.1" 200 22 "-" "Tales2Go/3.2.0 CFNetwork/609 Darwin/13.0.0"
166.137.156.169 - - [06/Jan/2013:15:35:44 -0800] "GET /PostUsage.php?uid=20756&sid=1&fid=2679&eid=4704&completed=10244&timezone=+0000&tlt=638&version=4.0.12455&mode=iPhoneApp&locale=en_US HTTP/1.1" 200 - "-" "Tales2Go/3.2.0 CFNetwork/609 Darwin/13.0.0"
166.137.156.169 - - [06/Jan/2013:15:35:45 -0800] "GET /FeedDisplay.php?archived&mode=iPhoneApp&fid=1597&episode_id=3060&nfid=806&uid=20756&version=3.2.0 HTTP/1.1" 200 8339 "-" "Mozilla/5.0 (iPhone; CPU iPhone OS 6_0 like Mac OS X) AppleWebKit/536.26 (KHTML, like Gecko) Mobile/10A403"
98.83.14.98 - - [06/Jan/2013:15:35:45 -0800] "GET /GetStationPlayList.php?s=0&c=9&uid=37903&sid=17&endFeed=0&version=4.0.12455&mode=iPhoneApp&locale=en_US HTTP/1.1" 200 8064 "-" "Tales2Go/3.2.0 CFNetwork/609 Darwin/13.0.0"
166.137.156.169 - - [06/Jan/2013:15:35:55 -0800] "GET /GetAd.php?sid=1&timeSinceLastAd=646&previousFeedId=1597&nextFeedId=806&tlt=646&tlf=1&uid=20756&version=4.0.12455&mode=iPhoneApp&locale=en_US HTTP/1.1" 200 22 "-" "Tales2Go/3.2.0 CFNetwork/609 Darwin/13.0.0"
98.83.14.98 - - [06/Jan/2013:15:36:00 -0800] "GET /GetStationPlayList.php?s=0&c=9&uid=37903&sid=498&endFeed=0&version=4.0.12455&mode=iPhoneApp&locale=en_US HTTP/1.1" 200 6111 "-" "Tales2Go/3.2.0 CFNetwork/609 Darwin/13.0.0"
180.242.38.34 - - [06/Jan/2013:15:39:09 -0800] "GET /StartupChecks.php?startup&uid=13527&version=4.0.12455&mode=iPhoneApp&locale=en_US HTTP/1.1" 200 289 "-" "Tales2Go/3.2.0 CFNetwork/485.12.7 Darwin/10.4.0"
180.242.38.34 - - [06/Jan/2013:15:39:11 -0800] "GET /LoadUserFromID.php?markStartup&id=13527&udid=00:25:00:15:AA:D2&version=4.0.12455&mode=iPhoneApp&locale=en_US HTTP/1.1" 200 259 "-" "Tales2Go/3.2.0 CFNetwork/485.12.7 Darwin/10.4.0"
180.242.38.34 - - [06/Jan/2013:15:39:14 -0800] "GET /GetContentStationList.php?uid=13527&version=4.0.12455&mode=iPhoneApp&locale=en_US HTTP/1.1" 200 6486 "-" "Tales2Go/3.2.0 CFNetwork/485.12.7 Darwin/10.4.0"
180.242.38.34 - - [06/Jan/2013:15:39:14 -0800] "GET /GetStationListFC.php?uid=13527&version=4.0.12455&mode=iPhoneApp&locale=en_US HTTP/1.1" 200 16492 "-" "Tales2Go/3.2.0 CFNetwork/485.12.7 Darwin/10.4.0"
180.242.38.34 - - [06/Jan/2013:15:39:20 -0800] "GET /GetBookmarkList.php?uid=13527&version=4.0.12455&mode=iPhoneApp&locale=en_US HTTP/1.1" 200 239506 "-" "Tales2Go/3.2.0 CFNetwork/485.12.7 Darwin/10.4.0"
68.9.155.94 - - [06/Jan/2013:15:39:29 -0800] "GET /PostUsage.php?uid=35797&sid=0&fid=391&eid=650&completed=267040&timezone=+0000&tlt=0&version=4.0.12455&mode=iPhoneApp&locale=en_US HTTP/1.1" 200 - "-" "Tales2Go/3.2.0 CFNetwork/609 Darwin/13.0.0"
75.191.205.131 - - [06/Jan/2013:15:39:31 -0800] "GET /PostUsage.php?uid=31728&sid=0&fid=717&eid=1009&completed=4319059&timezone=+0000&tlt=0&version=4.0.12455&mode=iPhoneApp&locale=en_US HTTP/1.1" 200 - "-" "Tales2Go/3.2.0 CFNetwork/548.1.4 Darwin/11.0.0"
75.191.205.131 - - [06/Jan/2013:15:39:32 -0800] "GET /FeedDisplay.php?archived&mode=iPhoneApp&fid=717&episode_id=1010&nfid=0&uid=31728&version=3.2.0 HTTP/1.1" 200 9032 "-" "Mozilla/5.0 (iPhone; CPU iPhone OS 5_1 like Mac OS X) AppleWebKit/534.46 (KHTML, like Gecko) Mobile/9B176"
75.191.205.131 - - [06/Jan/2013:15:39:44 -0800] "GET /GetAd.php?sid=0&timeSinceLastAd=4329&previousFeedId=717&nextFeedId=0&tlt=4329&tlf=2&uid=31728&version=4.0.12455&mode=iPhoneApp&locale=en_US HTTP/1.1" 200 22 "-" "Tales2Go/3.2.0 CFNetwork/548.1.4 Darwin/11.0.0"
180.242.38.34 - - [06/Jan/2013:15:40:04 -0800] "GET /FeedDisplay.php?archived&mode=iPhoneApp&fid=1558&episode_id=2907&nfid=0&uid=13527&version=3.2.0 HTTP/1.1" 200 9315 "-" "Mozilla/5.0 (iPod; U; CPU iPhone OS 4_2_1 like Mac OS X; en-us) AppleWebKit/533.17.9 (KHTML, like Gecko) Mobile/8C148"
180.242.38.34 - - [06/Jan/2013:15:40:06 -0800] "GET /images/t2g_ratings_gray_active.png HTTP/1.1" 200 1196 "http://t2g.stitcher.com/FeedDisplay.php?archived&mode=iPhoneApp&fid=1558&episode_id=2907&nfid=0&uid=13527&version=3.2.0" "Mozilla/5.0 (iPod; U; CPU iPhone OS 4_2_1 like Mac OS X; en-us) AppleWebKit/533.17.9 (KHTML, like Gecko) Mobile/8C148"
180.242.38.34 - - [06/Jan/2013:15:40:06 -0800] "GET /images/multipart_arrow_left.gif HTTP/1.1" 200 273 "http://t2g.stitcher.com/FeedDisplay.php?archived&mode=iPhoneApp&fid=1558&episode_id=2907&nfid=0&uid=13527&version=3.2.0" "Mozilla/5.0 (iPod; U; CPU iPhone OS 4_2_1 like Mac OS X; en-us) AppleWebKit/533.17.9 (KHTML, like Gecko) Mobile/8C148"
180.242.38.34 - - [06/Jan/2013:15:40:06 -0800] "GET /images/t2g_ratings_color_active.png HTTP/1.1" 200 985 "http://t2g.stitcher.com/FeedDisplay.php?archived&mode=iPhoneApp&fid=1558&episode_id=2907&nfid=0&uid=13527&version=3.2.0" "Mozilla/5.0 (iPod; U; CPU iPhone OS 4_2_1 like Mac OS X; en-us) AppleWebKit/533.17.9 (KHTML, like Gecko) Mobile/8C148"
180.242.38.34 - - [06/Jan/2013:15:40:06 -0800] "GET /images/multipart_arrow_right.gif HTTP/1.1" 200 267 "http://t2g.stitcher.com/FeedDisplay.php?archived&mode=iPhoneApp&fid=1558&episode_id=2907&nfid=0&uid=13527&version=3.2.0" "Mozilla/5.0 (iPod; U; CPU iPhone OS 4_2_1 like Mac OS X; en-us) AppleWebKit/533.17.9 (KHTML, like Gecko) Mobile/8C148"
180.242.38.34 - - [06/Jan/2013:15:40:07 -0800] "GET /images/t2g_ratings_gray.png HTTP/1.1" 200 1215 "http://t2g.stitcher.com/FeedDisplay.php?archived&mode=iPhoneApp&fid=1558&episode_id=2907&nfid=0&uid=13527&version=3.2.0" "Mozilla/5.0 (iPod; U; CPU iPhone OS 4_2_1 like Mac OS X; en-us) AppleWebKit/533.17.9 (KHTML, like Gecko) Mobile/8C148"
180.242.38.34 - - [06/Jan/2013:15:40:07 -0800] "GET /images/t2g_ratings_color.png HTTP/1.1" 200 997 "http://t2g.stitcher.com/FeedDisplay.php?archived&mode=iPhoneApp&fid=1558&episode_id=2907&nfid=0&uid=13527&version=3.2.0" "Mozilla/5.0 (iPod; U; CPU iPhone OS 4_2_1 like Mac OS X; en-us) AppleWebKit/533.17.9 (KHTML, like Gecko) Mobile/8C148"
180.242.38.34 - - [06/Jan/2013:15:40:08 -0800] "GET /images/ajax-loader.gif HTTP/1.1" 200 1849 "http://t2g.stitcher.com/FeedDisplay.php?archived&mode=iPhoneApp&fid=1558&episode_id=2907&nfid=0&uid=13527&version=3.2.0" "Mozilla/5.0 (iPod; U; CPU iPhone OS 4_2_1 like Mac OS X; en-us) AppleWebKit/533.17.9 (KHTML, like Gecko) Mobile/8C148"
127.0.0.1 - - [06/Jan/2013:15:40:35 -0800] "GET /PostUsageScript.php?uid=37348&sid=0&fid=14&eid=32&completed=352&timezone=+0000&tlt=0&version=4.0.12455&mode=desktop&override&locale=en_US HTTP/1.0" 200 59 "-" "Wget/1.11.4 Red Hat modified"
208.113.232.130 - - [06/Jan/2013:15:40:35 -0800] "GET /PostUsage.php?uid=37348&sid=0&fid=14&eid=32&completed=352&timezone=+0000&tlt=0&version=4.0.12455&mode=desktop&override&locale=en_US HTTP/1.0" 200 - "-" "-"
127.0.0.1 - - [06/Jan/2013:15:40:37 -0800] "GET /PostUsageScript.php?uid=37348&sid=0&fid=14&eid=32&completed=0&timezone=+0000&tlt=0&version=4.0.12455&mode=desktop&override&locale=en_US HTTP/1.0" 200 59 "-" "Wget/1.11.4 Red Hat modified"
208.113.232.130 - - [06/Jan/2013:15:40:37 -0800] "GET /PostUsage.php?uid=37348&sid=0&fid=14&eid=32&completed=0&timezone=+0000&tlt=0&version=4.0.12455&mode=desktop&override&locale=en_US HTTP/1.0" 200 - "-" "-"
108.218.235.57 - - [06/Jan/2013:15:41:45 -0800] "GET /PostUsage.php?uid=37276&sid=0&fid=1535&eid=2946&completed=3625339&timezone=+0000&tlt=3986&version=4.0.12455&mode=iPhoneApp&locale=en_US HTTP/1.1" 200 - "-" "Tales2Go/3.2.0 CFNetwork/609 Darwin/13.0.0"
108.218.235.57 - - [06/Jan/2013:15:41:46 -0800] "GET /FeedDisplay.php?archived&mode=iPhoneApp&fid=1536&episode_id=3035&nfid=0&uid=37276&version=3.2.0 HTTP/1.1" 200 9525 "-" "Mozilla/5.0 (iPod; CPU iPhone OS 6_0_1 like Mac OS X) AppleWebKit/536.26 (KHTML, like Gecko) Mobile/10A523"
108.218.235.57 - - [06/Jan/2013:15:43:16 -0800] "GET /GetAd.php?sid=0&timeSinceLastAd=4073&previousFeedId=1536&nextFeedId=0&tlt=4073&tlf=2&uid=37276&version=4.0.12455&mode=iPhoneApp&locale=en_US HTTP/1.1" 200 22 "-" "Tales2Go/3.2.0 CFNetwork/609 Darwin/13.0.0"
74.215.149.224 - - [06/Jan/2013:15:43:33 -0800] "GET /GetAd.php?sid=498&timeSinceLastAd=2437&previousFeedId=59&nextFeedId=855&tlt=2437&tlf=2&uid=33062&version=4.0.12455&mode=iPhoneApp&locale=en_US HTTP/1.1" 200 22 "-" "Tales2Go/3.2.0 CFNetwork/609 Darwin/13.0.0"
74.215.149.224 - - [06/Jan/2013:15:43:34 -0800] "GET /PostUsage.php?uid=33062&sid=498&fid=59&eid=71&completed=1329158&timezone=+0000&tlt=2437&version=4.0.12455&mode=iPhoneApp&locale=en_US HTTP/1.1" 200 - "-" "Tales2Go/3.2.0 CFNetwork/609 Darwin/13.0.0"
74.215.149.224 - - [06/Jan/2013:15:43:34 -0800] "GET /FeedDisplay.php?archived&mode=iPhoneApp&fid=855&episode_id=1099&nfid=152&uid=33062&version=3.2.0 HTTP/1.1" 200 8560 "-" "Mozilla/5.0 (iPod; CPU iPhone OS 6_0 like Mac OS X) AppleWebKit/536.26 (KHTML, like Gecko) Mobile/10A403"
76.218.53.89 - - [06/Jan/2013:15:43:38 -0800] "GET /FeedRate.php?uid=2508&fid=2251&rating=5 HTTP/1.1" 200 28 "http://t2g.stitcher.com/FeedDisplay.php?archived&mode=iPhoneApp&fid=2251&episode_id=5215&nfid=2351&uid=2508&version=2.1.12455" "Mozilla/5.0 (iPhone; U; CPU iPhone OS 3_1_3 like Mac OS X; en-us) AppleWebKit/528.18 (KHTML, like Gecko) Mobile/7E18"
180.242.38.34 - - [06/Jan/2013:15:43:38 -0800] "GET /GetAd.php?sid=0&timeSinceLastAd=334&previousFeedId=1558&nextFeedId=0&tlt=334&tlf=1&uid=13527&version=4.0.12455&mode=iPhoneApp&locale=en_US HTTP/1.1" 200 22 "-" "Tales2Go/3.2.0 CFNetwork/485.12.7 Darwin/10.4.0"
74.215.149.224 - - [06/Jan/2013:15:43:40 -0800] "GET /GetAd.php?sid=498&timeSinceLastAd=2442&previousFeedId=855&nextFeedId=152&tlt=2442&tlf=3&uid=33062&version=4.0.12455&mode=iPhoneApp&locale=en_US HTTP/1.1" 200 22 "-" "Tales2Go/3.2.0 CFNetwork/609 Darwin/13.0.0"
24.64.97.82 - - [06/Jan/2013:15:43:56 -0800] "GET /StartupChecks.php?startup&uid=33949&version=4.0.12455&mode=iPhoneApp&locale=en_CA HTTP/1.1" 200 289 "-" "Tales2Go/3.2.0 CFNetwork/548.1.4 Darwin/11.0.0"
24.64.97.82 - - [06/Jan/2013:15:43:56 -0800] "GET /LoadUserFromID.php?markStartup&id=33949&udid=B0:65:BD:84:4A:2D&version=4.0.12455&mode=iPhoneApp&locale=en_CA HTTP/1.1" 200 263 "-" "Tales2Go/3.2.0 CFNetwork/548.1.4 Darwin/11.0.0"
24.64.97.82 - - [06/Jan/2013:15:43:57 -0800] "GET /GetContentStationList.php?uid=33949&version=4.0.12455&mode=iPhoneApp&locale=en_CA HTTP/1.1" 200 6486 "-" "Tales2Go/3.2.0 CFNetwork/548.1.4 Darwin/11.0.0"
24.64.97.82 - - [06/Jan/2013:15:43:57 -0800] "GET /GetStationListFC.php?uid=33949&version=4.0.12455&mode=iPhoneApp&locale=en_CA HTTP/1.1" 200 256 "-" "Tales2Go/3.2.0 CFNetwork/548.1.4 Darwin/11.0.0"
24.64.97.82 - - [06/Jan/2013:15:44:07 -0800] "GET /GetStationPlayList.php?s=0&c=9&uid=33949&sid=498&endFeed=0&version=4.0.12455&mode=iPhoneApp&locale=en_CA HTTP/1.1" 200 6397 "-" "Tales2Go/3.2.0 CFNetwork/548.1.4 Darwin/11.0.0"
24.64.97.82 - - [06/Jan/2013:15:44:11 -0800] "GET /FeedDisplay.php?archived&mode=iPhoneApp&fid=15&episode_id=33&nfid=855&uid=33949&version=3.2.0 HTTP/1.1" 200 8593 "-" "Mozilla/5.0 (iPhone; CPU iPhone OS 5_1_1 like Mac OS X) AppleWebKit/534.46 (KHTML, like Gecko) Mobile/9B206"
24.64.97.82 - - [06/Jan/2013:15:44:11 -0800] "GET /images/t2g_ratings_gray_active.png HTTP/1.1" 200 1196 "http://t2g.stitcher.com/FeedDisplay.php?archived&mode=iPhoneApp&fid=15&episode_id=33&nfid=855&uid=33949&version=3.2.0" "Mozilla/5.0 (iPhone; CPU iPhone OS 5_1_1 like Mac OS X) AppleWebKit/534.46 (KHTML, like Gecko) Mobile/9B206"
24.64.97.82 - - [06/Jan/2013:15:44:15 -0800] "GET /GetAd.php?sid=498&timeSinceLastAd=3&previousFeedId=15&nextFeedId=855&tlt=3&tlf=1&uid=33949&version=4.0.12455&mode=iPhoneApp&locale=en_CA HTTP/1.1" 200 22 "-" "Tales2Go/3.2.0 CFNetwork/548.1.4 Darwin/11.0.0"
74.215.149.224 - - [06/Jan/2013:15:44:16 -0800] "GET /GetAd.php?sid=498&timeSinceLastAd=3222&previousFeedId=855&nextFeedId=152&tlt=3222&tlf=3&uid=33062&version=4.0.12455&mode=iPhoneApp&locale=en_US HTTP/1.1" 200 22 "-" "Tales2Go/3.2.0 CFNetwork/609 Darwin/13.0.0"
74.215.149.224 - - [06/Jan/2013:15:44:17 -0800] "GET /PostUsage.php?uid=33062&sid=498&fid=855&eid=1099&completed=785000&timezone=+0000&tlt=3222&version=4.0.12455&mode=iPhoneApp&locale=en_US HTTP/1.1" 200 - "-" "Tales2Go/3.2.0 CFNetwork/609 Darwin/13.0.0"
74.215.149.224 - - [06/Jan/2013:15:44:17 -0800] "GET /FeedDisplay.php?archived&mode=iPhoneApp&fid=152&episode_id=169&nfid=1320&uid=33062&version=3.2.0 HTTP/1.1" 200 8590 "-" "Mozilla/5.0 (iPod; CPU iPhone OS 6_0 like Mac OS X) AppleWebKit/536.26 (KHTML, like Gecko) Mobile/10A403"
74.215.149.224 - - [06/Jan/2013:15:44:25 -0800] "GET /GetAd.php?sid=498&timeSinceLastAd=3229&previousFeedId=152&nextFeedId=1320&tlt=3229&tlf=4&uid=33062&version=4.0.12455&mode=iPhoneApp&locale=en_US HTTP/1.1" 200 22 "-" "Tales2Go/3.2.0 CFNetwork/609 Darwin/13.0.0"
24.64.97.82 - - [06/Jan/2013:15:44:37 -0800] "GET /PostUsage.php?interrupted&uid=33949&sid=498&fid=15&eid=33&completed=181250&timezone=+0000&tlt=0&version=4.0.12455&mode=iPhoneApp&locale=en_CA HTTP/1.1" 200 - "-" "Tales2Go/3.2.0 CFNetwork/548.1.4 Darwin/11.0.0"
24.64.97.82 - - [06/Jan/2013:15:44:37 -0800] "GET /PostUsage.php?quit&uid=33949&version=4.0.12455&mode=iPhoneApp&locale=en_CA HTTP/1.1" 200 - "-" "Tales2Go/3.2.0 CFNetwork/548.1.4 Darwin/11.0.0"
74.241.50.249 - - [06/Jan/2013:15:44:55 -0800] "GET /StartupChecks.php?startup&uid=33327&version=4.0.12455&mode=iPhoneApp&locale=en_US HTTP/1.1" 200 289 "-" "Tales2Go/3.2.0 CFNetwork/609 Darwin/13.0.0"
74.241.50.249 - - [06/Jan/2013:15:44:56 -0800] "GET /LoadUserFromID.php?markStartup&id=33327&udid=04:54:53:9C:04:4E&version=4.0.12455&mode=iPhoneApp&locale=en_US HTTP/1.1" 200 263 "-" "Tales2Go/3.2.0 CFNetwork/609 Darwin/13.0.0"
74.241.50.249 - - [06/Jan/2013:15:44:57 -0800] "GET /GetContentStationList.php?uid=33327&version=4.0.12455&mode=iPhoneApp&locale=en_US HTTP/1.1" 200 6486 "-" "Tales2Go/3.2.0 CFNetwork/609 Darwin/13.0.0"
74.241.50.249 - - [06/Jan/2013:15:44:57 -0800] "GET /GetStationListFC.php?uid=33327&version=4.0.12455&mode=iPhoneApp&locale=en_US HTTP/1.1" 200 256 "-" "Tales2Go/3.2.0 CFNetwork/609 Darwin/13.0.0"
74.241.50.249 - - [06/Jan/2013:15:45:09 -0800] "GET /GetStationPlayList.php?s=0&c=9&uid=33327&sid=498&endFeed=0&version=4.0.12455&mode=iPhoneApp&locale=en_US HTTP/1.1" 200 6010 "-" "Tales2Go/3.2.0 CFNetwork/609 Darwin/13.0.0"
74.241.50.249 - - [06/Jan/2013:15:45:10 -0800] "GET /FeedDisplay.php?archived&mode=iPhoneApp&fid=59&episode_id=71&nfid=1340&uid=33327&version=3.2.0 HTTP/1.1" 200 8532 "-" "Mozilla/5.0 (iPhone; CPU iPhone OS 6_0_1 like Mac OS X) AppleWebKit/536.26 (KHTML, like Gecko) Mobile/10A523"
74.241.50.249 - - [06/Jan/2013:15:45:11 -0800] "GET /images/t2g_ratings_color.png HTTP/1.1" 200 997 "http://t2g.stitcher.com/FeedDisplay.php?archived&mode=iPhoneApp&fid=59&episode_id=71&nfid=1340&uid=33327&version=3.2.0" "Mozilla/5.0 (iPhone; CPU iPhone OS 6_0_1 like Mac OS X) AppleWebKit/536.26 (KHTML, like Gecko) Mobile/10A523"
74.241.50.249 - - [06/Jan/2013:15:45:11 -0800] "GET /images/ajax-loader.gif HTTP/1.1" 200 1849 "http://t2g.stitcher.com/FeedDisplay.php?archived&mode=iPhoneApp&fid=59&episode_id=71&nfid=1340&uid=33327&version=3.2.0" "Mozilla/5.0 (iPhone; CPU iPhone OS 6_0_1 like Mac OS X) AppleWebKit/536.26 (KHTML, like Gecko) Mobile/10A523"
74.241.50.249 - - [06/Jan/2013:15:45:21 -0800] "GET /GetAd.php?sid=498&timeSinceLastAd=10&previousFeedId=59&nextFeedId=399&newStation&tlt=10&tlf=0&uid=33327&version=4.0.12455&mode=iPhoneApp&locale=en_US HTTP/1.1" 200 22 "-" "Tales2Go/3.2.0 CFNetwork/609 Darwin/13.0.0"
74.241.50.249 - - [06/Jan/2013:15:45:21 -0800] "GET /PostUsage.php?uid=33327&sid=498&fid=59&eid=71&completed=10952&timezone=+0000&tlt=10&version=4.0.12455&mode=iPhoneApp&locale=en_US HTTP/1.1" 200 - "-" "Tales2Go/3.2.0 CFNetwork/609 Darwin/13.0.0"
74.241.50.249 - - [06/Jan/2013:15:45:21 -0800] "GET /FeedDisplay.php?archived&mode=iPhoneApp&fid=399&episode_id=658&nfid=1320&uid=33327&version=3.2.0 HTTP/1.1" 200 8500 "-" "Mozilla/5.0 (iPhone; CPU iPhone OS 6_0_1 like Mac OS X) AppleWebKit/536.26 (KHTML, like Gecko) Mobile/10A523"
74.241.50.249 - - [06/Jan/2013:15:45:25 -0800] "GET /GetAd.php?sid=498&timeSinceLastAd=13&previousFeedId=399&nextFeedId=1340&newStation&tlt=13&tlf=0&uid=33327&version=4.0.12455&mode=iPhoneApp&locale=en_US HTTP/1.1" 200 22 "-" "Tales2Go/3.2.0 CFNetwork/609 Darwin/13.0.0"
74.241.50.249 - - [06/Jan/2013:15:45:25 -0800] "GET /PostUsage.php?uid=33327&sid=498&fid=399&eid=658&completed=3684&timezone=+0000&tlt=13&version=4.0.12455&mode=iPhoneApp&locale=en_US HTTP/1.1" 200 - "-" "Tales2Go/3.2.0 CFNetwork/609 Darwin/13.0.0"
74.241.50.249 - - [06/Jan/2013:15:45:25 -0800] "GET /FeedDisplay.php?archived&mode=iPhoneApp&fid=1340&episode_id=1929&nfid=399&uid=33327&version=3.2.0 HTTP/1.1" 200 8624 "-" "Mozilla/5.0 (iPhone; CPU iPhone OS 6_0_1 like Mac OS X) AppleWebKit/536.26 (KHTML, like Gecko) Mobile/10A523"
