67.182.135.245 - - [06/Jan/2013:13:12:47 -0800] "GET /AddFavorite.php?uid=22220&fid=907&version=4.0.12455&mode=iPhoneApp&locale=en_US HTTP/1.1" 200 55 "-" "Tales2Go/3.2.0 CFNetwork/548.1.4 Darwin/11.0.0"
107.1.66.178 - - [06/Jan/2013:13:12:48 -0800] "GET /GetStationListFC.php?uid=31285&version=4.0.12455&mode=desktop&override&locale=en_US HTTP/1.0" 200 17195 "-" "-"
107.1.66.178 - - [06/Jan/2013:13:12:49 -0800] "GET /GetStationListFC.php?uid=31285&version=4.0.12455&mode=desktop&override&locale=en_US HTTP/1.0" 200 17195 "-" "-"
107.1.66.178 - - [06/Jan/2013:13:12:51 -0800] "GET /GetStationListFC.php?uid=31285&version=4.0.12455&mode=desktop&override&locale=en_US HTTP/1.0" 200 17195 "-" "-"
74.69.23.21 - - [06/Jan/2013:13:12:51 -0800] "GET /Search.php?uid=37771&term=Bethany%20Hamilton%20&s=0&c=20&version=4.0.12455&mode=iPhoneApp&locale=en_US HTTP/1.1" 200 13075 "-" "Tales2Go/3.2.0 CFNetwork/609 Darwin/13.0.0"
107.1.66.178 - - [06/Jan/2013:13:12:54 -0800] "GET /GetStationListFC.php?uid=31285&version=4.0.12455&mode=desktop&override&locale=en_US HTTP/1.0" 200 17195 "-" "-"
184.153.136.152 - - [06/Jan/2013:13:12:55 -0800] "GET /Search.php?uid=30660&term=mystery&s=0&c=20&version=4.0.12455&mode=iPhoneApp&locale=en_US HTTP/1.1" 200 19874 "-" "Tales2Go/3.2.0 CFNetwork/548.1.4 Darwin/11.0.0"
107.1.66.178 - - [06/Jan/2013:13:12:56 -0800] "GET /GetStationPlayList.php?uid=31285&sid=285&endFeed=0&version=4.0.12455&mode=desktop&override&locale=en_US HTTP/1.0" 200 133093 "-" "-"
107.1.66.178 - - [06/Jan/2013:13:12:57 -0800] "GET /GetStationListFC.php?uid=31285&version=4.0.12455&mode=desktop&override&locale=en_US HTTP/1.0" 200 17195 "-" "-"
67.182.135.245 - - [06/Jan/2013:13:12:58 -0800] "GET /FeedDisplay.php?archived&mode=iPhoneApp&fid=907&episode_id=1235&nfid=768&uid=22220&version=3.2.0 HTTP/1.1" 200 8493 "-" "Mozilla/5.0 (iPhone; CPU iPhone OS 5_1_1 like Mac OS X) AppleWebKit/534.46 (KHTML, like Gecko) Mobile/9B206"
76.177.249.6 - - [06/Jan/2013:13:12:58 -0800] "GET /StartupChecks.php?startup&uid=37552&version=4.0.12455&mode=iPhoneApp&locale=en_US HTTP/1.1" 200 289 "-" "Tales2Go/3.2.0 CFNetwork/609 Darwin/13.0.0"
208.113.232.130 - - [06/Jan/2013:13:12:58 -0800] "GET /GetStationPlayList.php?uid=36491&sid=68&endFeed=0&version=4.0.12455&mode=desktop&override&locale=en_US HTTP/1.0" 200 7921 "-" "-"
76.177.249.6 - - [06/Jan/2013:13:12:58 -0800] "GET /LoadUserFromID.php?markStartup&id=37552&udid=98:FE:94:6B:9E:22&version=4.0.12455&mode=iPhoneApp&locale=en_US HTTP/1.1" 200 263 "-" "Tales2Go/3.2.0 CFNetwork/609 Darwin/13.0.0"
67.182.135.245 - - [06/Jan/2013:13:12:59 -0800] "GET /images/ajax-loader.gif HTTP/1.1" 200 1849 "http://t2g.stitcher.com/FeedDisplay.php?archived&mode=iPhoneApp&fid=907&episode_id=1235&nfid=768&uid=22220&version=3.2.0" "Mozilla/5.0 (iPhone; CPU iPhone OS 5_1_1 like Mac OS X) AppleWebKit/534.46 (KHTML, like Gecko) Mobile/9B206"
76.177.249.6 - - [06/Jan/2013:13:12:59 -0800] "GET /GetContentStationList.php?uid=37552&version=4.0.12455&mode=iPhoneApp&locale=en_US HTTP/1.1" 200 6486 "-" "Tales2Go/3.2.0 CFNetwork/609 Darwin/13.0.0"
76.177.249.6 - - [06/Jan/2013:13:12:59 -0800] "GET /GetStationListFC.php?uid=37552&version=4.0.12455&mode=iPhoneApp&locale=en_US HTTP/1.1" 200 16492 "-" "Tales2Go/3.2.0 CFNetwork/609 Darwin/13.0.0"
67.182.135.245 - - [06/Jan/2013:13:13:03 -0800] "GET /GetAd.php?sid=109&timeSinceLastAd=4&previousFeedId=907&nextFeedId=768&tlt=4&tlf=1&uid=22220&version=4.0.12455&mode=iPhoneApp&locale=en_US HTTP/1.1" 200 22 "-" "Tales2Go/3.2.0 CFNetwork/548.1.4 Darwin/11.0.0"
76.177.249.6 - - [06/Jan/2013:13:13:07 -0800] "GET /GetStationPlayList.php?s=0&c=9&uid=37552&sid=5&endFeed=0&version=4.0.12455&mode=iPhoneApp&locale=en_US HTTP/1.1" 200 7160 "-" "Tales2Go/3.2.0 CFNetwork/609 Darwin/13.0.0"
76.177.249.6 - - [06/Jan/2013:13:13:13 -0800] "GET /GetStationPlayList.php?s=9&c=9&uid=37552&sid=5&endFeed=0&version=4.0.12455&mode=iPhoneApp&locale=en_US HTTP/1.1" 200 6024 "-" "Tales2Go/3.2.0 CFNetwork/609 Darwin/13.0.0"
184.153.136.152 - - [06/Jan/2013:13:13:21 -0800] "GET /FeedDisplay.php?archived&mode=iPhoneApp&fid=1971&episode_id=3812&nfid=0&uid=30660&version=3.2.0 HTTP/1.1" 200 9782 "-" "Mozilla/5.0 (iPhone; CPU iPhone OS 5_1_1 like Mac OS X) AppleWebKit/534.46 (KHTML, like Gecko) Mobile/9B206"
184.153.136.152 - - [06/Jan/2013:13:13:22 -0800] "GET /images/multipart_arrow_right.gif HTTP/1.1" 200 267 "http://t2g.stitcher.com/FeedDisplay.php?archived&mode=iPhoneApp&fid=1971&episode_id=3812&nfid=0&uid=30660&version=3.2.0" "Mozilla/5.0 (iPhone; CPU iPhone OS 5_1_1 like Mac OS X) AppleWebKit/534.46 (KHTML, like Gecko) Mobile/9B206"
184.153.136.152 - - [06/Jan/2013:13:13:22 -0800] "GET /images/t2g_ratings_color.png HTTP/1.1" 200 997 "http://t2g.stitcher.com/FeedDisplay.php?archived&mode=iPhoneApp&fid=1971&episode_id=3812&nfid=0&uid=30660&version=3.2.0" "Mozilla/5.0 (iPhone; CPU iPhone OS 5_1_1 like Mac OS X) AppleWebKit/534.46 (KHTML, like Gecko) Mobile/9B206"
76.177.249.6 - - [06/Jan/2013:13:13:34 -0800] "GET /Search.php?uid=37552&term=Nick&s=0&c=20&version=4.0.12455&mode=iPhoneApp&locale=en_US HTTP/1.1" 200 4318 "-" "Tales2Go/3.2.0 CFNetwork/609 Darwin/13.0.0"
184.153.136.152 - - [06/Jan/2013:13:13:37 -0800] "GET /GetAd.php?sid=0&timeSinceLastAd=15&previousFeedId=1971&nextFeedId=0&tlt=15&tlf=1&uid=30660&version=4.0.12455&mode=iPhoneApp&locale=en_US HTTP/1.1" 200 22 "-" "Tales2Go/3.2.0 CFNetwork/548.1.4 Darwin/11.0.0"
74.69.23.21 - - [06/Jan/2013:13:13:39 -0800] "GET /Search.php?uid=37771&term=soul%20suerfer&s=0&c=20&version=4.0.12455&mode=iPhoneApp&locale=en_US HTTP/1.1" 200 81 "-" "Tales2Go/3.2.0 CFNetwork/609 Darwin/13.0.0"
76.21.82.160 - - [06/Jan/2013:13:13:45 -0800] "GET /GetAd.php?sid=1&timeSinceLastAd=3694&previousFeedId=889&nextFeedId=1532&tlt=3694&tlf=3&uid=13546&version=4.0.12455&mode=iPhoneApp&locale=en_US HTTP/1.1" 200 22 "-" "Tales2Go/3.2.0 CFNetwork/548.1.4 Darwin/11.0.0"
76.177.249.6 - - [06/Jan/2013:13:13:45 -0800] "GET /Search.php?uid=37552&term=Titanium&s=0&c=20&version=4.0.12455&mode=iPhoneApp&locale=en_US HTTP/1.1" 200 77 "-" "Tales2Go/3.2.0 CFNetwork/609 Darwin/13.0.0"
76.21.82.160 - - [06/Jan/2013:13:13:45 -0800] "GET /PostUsage.php?uid=13546&sid=1&fid=889&eid=1139&completed=584609&timezone=+0000&tlt=3694&version=4.0.12455&mode=iPhoneApp&locale=en_US HTTP/1.1" 200 - "-" "Tales2Go/3.2.0 CFNetwork/548.1.4 Darwin/11.0.0"
76.21.82.160 - - [06/Jan/2013:13:13:45 -0800] "GET /FeedDisplay.php?archived&mode=iPhoneApp&fid=1532&episode_id=2858&nfid=904&uid=13546&version=3.2.0 HTTP/1.1" 200 8577 "-" "Mozilla/5.0 (iPhone; CPU iPhone OS 5_1_1 like Mac OS X) AppleWebKit/534.46 (KHTML, like Gecko) Mobile/9B206"
76.21.82.160 - - [06/Jan/2013:13:13:48 -0800] "GET /GetAd.php?sid=1&timeSinceLastAd=3695&previousFeedId=1532&nextFeedId=904&tlt=3695&tlf=4&uid=13546&version=4.0.12455&mode=iPhoneApp&locale=en_US HTTP/1.1" 200 22 "-" "Tales2Go/3.2.0 CFNetwork/548.1.4 Darwin/11.0.0"
74.69.23.21 - - [06/Jan/2013:13:13:49 -0800] "GET /Search.php?uid=37771&term=soul%20surfer&s=0&c=20&version=4.0.12455&mode=iPhoneApp&locale=en_US HTTP/1.1" 200 80 "-" "Tales2Go/3.2.0 CFNetwork/609 Darwin/13.0.0"
76.177.249.6 - - [06/Jan/2013:13:13:52 -0800] "GET /Search.php?uid=37552&term=%F0%9F%8E%8A&s=0&c=20&version=4.0.12455&mode=iPhoneApp&locale=en_US HTTP/1.1" 200 73 "-" "Tales2Go/3.2.0 CFNetwork/609 Darwin/13.0.0"
74.69.23.21 - - [06/Jan/2013:13:13:55 -0800] "GET /GetStationPlayList.php?uid=37771&sid=favorites&version=4.0.12455&mode=iPhoneApp&locale=en_US HTTP/1.1" 200 141 "-" "Tales2Go/3.2.0 CFNetwork/609 Darwin/13.0.0"
184.153.136.152 - - [06/Jan/2013:13:13:59 -0800] "GET /PostUsage.php?uid=30660&sid=0&fid=1971&eid=3812&completed=37096&timezone=+0000&tlt=0&version=4.0.12455&mode=iPhoneApp&locale=en_US HTTP/1.1" 200 - "-" "Tales2Go/3.2.0 CFNetwork/548.1.4 Darwin/11.0.0"
184.153.136.152 - - [06/Jan/2013:13:14:00 -0800] "GET /FeedDisplay.php?archived&mode=iPhoneApp&fid=981&episode_id=1529&nfid=0&uid=30660&version=3.2.0 HTTP/1.1" 200 9224 "-" "Mozilla/5.0 (iPhone; CPU iPhone OS 5_1_1 like Mac OS X) AppleWebKit/534.46 (KHTML, like Gecko) Mobile/9B206"
76.177.249.6 - - [06/Jan/2013:13:14:00 -0800] "GET /Search.php?uid=37552&term=I%20clean%20it&s=0&c=20&version=4.0.12455&mode=iPhoneApp&locale=en_US HTTP/1.1" 200 2507 "-" "Tales2Go/3.2.0 CFNetwork/609 Darwin/13.0.0"
74.69.23.21 - - [06/Jan/2013:13:14:03 -0800] "GET /GetStationPlayList.php?s=0&c=9&uid=37771&sid=285&endFeed=0&version=4.0.12455&mode=iPhoneApp&locale=en_US HTTP/1.1" 200 8881 "-" "Tales2Go/3.2.0 CFNetwork/609 Darwin/13.0.0"
76.177.249.6 - - [06/Jan/2013:13:14:06 -0800] "GET /Search.php?uid=37552&term=titanic&s=0&c=20&version=4.0.12455&mode=iPhoneApp&locale=en_US HTTP/1.1" 200 1288 "-" "Tales2Go/3.2.0 CFNetwork/609 Darwin/13.0.0"
76.177.249.6 - - [06/Jan/2013:13:14:10 -0800] "GET /FeedDisplay.php?archived&mode=iPhoneApp&fid=304&episode_id=541&nfid=0&uid=37552&version=3.2.0 HTTP/1.1" 200 8513 "-" "Mozilla/5.0 (iPhone; CPU iPhone OS 6_0_1 like Mac OS X) AppleWebKit/536.26 (KHTML, like Gecko) Mobile/10A523"
184.153.136.152 - - [06/Jan/2013:13:14:20 -0800] "GET /GetAd.php?sid=0&timeSinceLastAd=20&previousFeedId=981&nextFeedId=0&tlt=20&tlf=1&uid=30660&version=4.0.12455&mode=iPhoneApp&locale=en_US HTTP/1.1" 200 22 "-" "Tales2Go/3.2.0 CFNetwork/548.1.4 Darwin/11.0.0"
74.69.23.21 - - [06/Jan/2013:13:14:22 -0800] "GET /GetStationPlayList.php?s=0&c=9&uid=37771&sid=498&endFeed=0&version=4.0.12455&mode=iPhoneApp&locale=en_US HTTP/1.1" 200 6300 "-" "Tales2Go/3.2.0 CFNetwork/609 Darwin/13.0.0"
74.69.23.21 - - [06/Jan/2013:13:14:26 -0800] "GET /GetStationPlayList.php?s=9&c=9&uid=37771&sid=498&endFeed=0&version=4.0.12455&mode=iPhoneApp&locale=en_US HTTP/1.1" 200 2138 "-" "Tales2Go/3.2.0 CFNetwork/609 Darwin/13.0.0"
107.1.66.178 - - [06/Jan/2013:13:14:32 -0800] "GET /GetStationListFC.php?uid=31285&version=4.0.12455&mode=desktop&override&locale=en_US HTTP/1.0" 200 17195 "-" "-"
107.1.66.178 - - [06/Jan/2013:13:14:34 -0800] "GET /GetStationPlayList.php?uid=31285&sid=285&endFeed=0&version=4.0.12455&mode=desktop&override&locale=en_US HTTP/1.0" 200 133093 "-" "-"
107.1.66.178 - - [06/Jan/2013:13:14:35 -0800] "GET /GetStationListFC.php?uid=31285&version=4.0.12455&mode=desktop&override&locale=en_US HTTP/1.0" 200 17195 "-" "-"
107.1.66.178 - - [06/Jan/2013:13:14:38 -0800] "GET /GetStationListFC.php?uid=31285&version=4.0.12455&mode=desktop&override&locale=en_US HTTP/1.0" 200 17195 "-" "-"
107.1.66.178 - - [06/Jan/2013:13:14:40 -0800] "GET /GetStationPlayList.php?uid=31285&sid=285&endFeed=0&version=4.0.12455&mode=desktop&override&locale=en_US HTTP/1.0" 200 133093 "-" "-"
107.1.66.178 - - [06/Jan/2013:13:14:41 -0800] "GET /GetStationListFC.php?uid=31285&version=4.0.12455&mode=desktop&override&locale=en_US HTTP/1.0" 200 17195 "-" "-"
184.153.136.152 - - [06/Jan/2013:13:14:42 -0800] "GET /Search.php?uid=30660&term=mystery&s=20&c=20&version=4.0.12455&mode=iPhoneApp&locale=en_US HTTP/1.1" 200 18758 "-" "Tales2Go/3.2.0 CFNetwork/548.1.4 Darwin/11.0.0"
184.153.136.152 - - [06/Jan/2013:13:14:52 -0800] "GET /PostUsage.php?uid=30660&sid=0&fid=981&eid=1529&completed=51328&timezone=+0000&tlt=0&version=4.0.12455&mode=iPhoneApp&locale=en_US HTTP/1.1" 200 - "-" "Tales2Go/3.2.0 CFNetwork/548.1.4 Darwin/11.0.0"
184.153.136.152 - - [06/Jan/2013:13:14:52 -0800] "GET /FeedDisplay.php?archived&mode=iPhoneApp&fid=2311&episode_id=5544&nfid=0&uid=30660&version=3.2.0 HTTP/1.1" 200 9248 "-" "Mozilla/5.0 (iPhone; CPU iPhone OS 5_1_1 like Mac OS X) AppleWebKit/534.46 (KHTML, like Gecko) Mobile/9B206"
184.153.136.152 - - [06/Jan/2013:13:15:03 -0800] "GET /GetAd.php?sid=0&timeSinceLastAd=10&previousFeedId=2311&nextFeedId=0&tlt=10&tlf=1&uid=30660&version=4.0.12455&mode=iPhoneApp&locale=en_US HTTP/1.1" 200 22 "-" "Tales2Go/3.2.0 CFNetwork/548.1.4 Darwin/11.0.0"
184.153.136.152 - - [06/Jan/2013:13:15:27 -0800] "GET /PostUsage.php?uid=30660&sid=0&fid=2311&eid=5544&completed=13402&timezone=+0000&tlt=0&version=4.0.12455&mode=iPhoneApp&locale=en_US HTTP/1.1" 200 - "-" "Tales2Go/3.2.0 CFNetwork/548.1.4 Darwin/11.0.0"
184.153.136.152 - - [06/Jan/2013:13:15:28 -0800] "GET /FeedDisplay.php?archived&mode=iPhoneApp&fid=962&episode_id=1455&nfid=0&uid=30660&version=3.2.0 HTTP/1.1" 200 8614 "-" "Mozilla/5.0 (iPhone; CPU iPhone OS 5_1_1 like Mac OS X) AppleWebKit/534.46 (KHTML, like Gecko) Mobile/9B206"
184.153.136.152 - - [06/Jan/2013:13:15:52 -0800] "GET /GetAd.php?sid=0&timeSinceLastAd=23&previousFeedId=962&nextFeedId=0&tlt=23&tlf=1&uid=30660&version=4.0.12455&mode=iPhoneApp&locale=en_US HTTP/1.1" 200 22 "-" "Tales2Go/3.2.0 CFNetwork/548.1.4 Darwin/11.0.0"
74.69.23.21 - - [06/Jan/2013:13:16:01 -0800] "GET /GetStationPlayList.php?s=0&c=9&uid=37771&sid=93&endFeed=0&version=4.0.12455&mode=iPhoneApp&locale=en_US HTTP/1.1" 200 7411 "-" "Tales2Go/3.2.0 CFNetwork/609 Darwin/13.0.0"
69.140.155.104 - - [06/Jan/2013:13:16:03 -0800] "GET /AddBookmark.php?uid=5627&eid=2969&offset=873&version=4.0.12455&mode=iPhoneApp&locale=en_US HTTP/1.1" 200 47 "-" "Tales2Go/3.2.0 CFNetwork/609 Darwin/13.0.0"
74.69.23.21 - - [06/Jan/2013:13:16:04 -0800] "GET /GetStationPlayList.php?s=0&c=9&uid=37771&sid=122&endFeed=0&version=4.0.12455&mode=iPhoneApp&locale=en_US HTTP/1.1" 200 5418 "-" "Tales2Go/3.2.0 CFNetwork/609 Darwin/13.0.0"
74.69.23.21 - - [06/Jan/2013:13:16:11 -0800] "GET /FeedDisplay.php?archived&mode=iPhoneApp&fid=924&episode_id=1223&nfid=926&uid=37771&version=3.2.0 HTTP/1.1" 200 9130 "-" "Mozilla/5.0 (iPod; CPU iPhone OS 6_0_1 like Mac OS X) AppleWebKit/536.26 (KHTML, like Gecko) Mobile/10A523"
69.140.155.104 - - [06/Jan/2013:13:16:21 -0800] "GET /DeleteBookmark.php?uid=5627&eid=2967&version=4.0.12455&mode=iPhoneApp&locale=en_US HTTP/1.1" 200 45 "-" "Tales2Go/3.2.0 CFNetwork/609 Darwin/13.0.0"
69.140.155.104 - - [06/Jan/2013:13:16:26 -0800] "GET /DeleteBookmark.php?uid=5627&eid=2963&version=4.0.12455&mode=iPhoneApp&locale=en_US HTTP/1.1" 200 45 "-" "Tales2Go/3.2.0 CFNetwork/609 Darwin/13.0.0"
69.140.155.104 - - [06/Jan/2013:13:16:30 -0800] "GET /DeleteBookmark.php?uid=5627&eid=2495&version=4.0.12455&mode=iPhoneApp&locale=en_US HTTP/1.1" 200 45 "-" "Tales2Go/3.2.0 CFNetwork/609 Darwin/13.0.0"
69.140.155.104 - - [06/Jan/2013:13:16:32 -0800] "GET /DeleteBookmark.php?uid=5627&eid=2496&version=4.0.12455&mode=iPhoneApp&locale=en_US HTTP/1.1" 200 45 "-" "Tales2Go/3.2.0 CFNetwork/609 Darwin/13.0.0"
69.140.155.104 - - [06/Jan/2013:13:16:35 -0800] "GET /DeleteBookmark.php?uid=5627&eid=2962&version=4.0.12455&mode=iPhoneApp&locale=en_US HTTP/1.1" 200 45 "-" "Tales2Go/3.2.0 CFNetwork/609 Darwin/13.0.0"
69.140.155.104 - - [06/Jan/2013:13:16:38 -0800] "GET /DeleteBookmark.php?uid=5627&eid=2580&version=4.0.12455&mode=iPhoneApp&locale=en_US HTTP/1.1" 200 45 "-" "Tales2Go/3.2.0 CFNetwork/609 Darwin/13.0.0"
69.140.155.104 - - [06/Jan/2013:13:16:40 -0800] "GET /DeleteBookmark.php?uid=5627&eid=1002&version=4.0.12455&mode=iPhoneApp&locale=en_US HTTP/1.1" 200 45 "-" "Tales2Go/3.2.0 CFNetwork/609 Darwin/13.0.0"
69.140.155.104 - - [06/Jan/2013:13:16:46 -0800] "GET /GetStationPlayList.php?uid=5627&sid=favorites&version=4.0.12455&mode=iPhoneApp&locale=en_US HTTP/1.1" 200 140 "-" "Tales2Go/3.2.0 CFNetwork/609 Darwin/13.0.0"
208.113.232.130 - - [06/Jan/2013:13:16:58 -0800] "GET /GetContentStationList.php?uid=36491&version=4.0.12455&mode=desktop&override&locale=en_US HTTP/1.0" 200 6486 "-" "-"
69.140.155.104 - - [06/Jan/2013:13:17:01 -0800] "GET /AddFavorite.php?uid=5627&fid=1550&version=4.0.12455&mode=iPhoneApp&locale=en_US HTTP/1.1" 200 56 "-" "Tales2Go/3.2.0 CFNetwork/609 Darwin/13.0.0"
76.6.153.108 - - [06/Jan/2013:13:17:08 -0800] "GET /Search.php?uid=37728&term=Dan%20Gutman&s=0&c=20&version=4.0.12455&mode=iPhoneApp&locale=en_US HTTP/1.1" 200 21207 "-" "Tales2Go/3.2.0 CFNetwork/609 Darwin/13.0.0"
76.177.249.6 - - [06/Jan/2013:13:17:21 -0800] "GET /GetAd.php?sid=0&timeSinceLastAd=190&previousFeedId=304&nextFeedId=0&tlt=190&tlf=1&uid=37552&version=4.0.12455&mode=iPhoneApp&locale=en_US HTTP/1.1" 200 22 "-" "Tales2Go/3.2.0 CFNetwork/609 Darwin/13.0.0"
76.218.53.89 - - [06/Jan/2013:13:17:22 -0800] "GET /GetStationPlayList.php?s=45&c=9&uid=2508&sid=613&endFeed=0&version=4.0.12455&mode=iPhoneApp&locale=en_US HTTP/1.1" 200 6126 "-" "Tales2Go./2.1.12455 CFNetwork/459 Darwin/10.0.0d3"
208.113.232.130 - - [06/Jan/2013:13:17:20 -0800] "GET /GetTitleList.php?uid=36491&mode=desktop HTTP/1.0" 200 818307 "-" "-"
76.6.153.108 - - [06/Jan/2013:13:17:34 -0800] "GET /PostUsage.php?uid=37728&sid=5&fid=1539&eid=3156&completed=971727&timezone=+0000&tlt=5661&version=4.0.12455&mode=iPhoneApp&locale=en_US HTTP/1.1" 200 - "-" "Tales2Go/3.2.0 CFNetwork/609 Darwin/13.0.0"
76.6.153.108 - - [06/Jan/2013:13:17:34 -0800] "GET /FeedDisplay.php?archived&mode=iPhoneApp&fid=1548&episode_id=2960&nfid=0&uid=37728&version=3.2.0 HTTP/1.1" 200 9334 "-" "Mozilla/5.0 (iPod; CPU iPhone OS 6_0 like Mac OS X) AppleWebKit/536.26 (KHTML, like Gecko) Mobile/10A403"
76.218.53.89 - - [06/Jan/2013:13:17:34 -0800] "GET /GetStationPlayList.php?s=54&c=9&uid=2508&sid=613&endFeed=0&version=4.0.12455&mode=iPhoneApp&locale=en_US HTTP/1.1" 200 2654 "-" "Tales2Go./2.1.12455 CFNetwork/459 Darwin/10.0.0d3"
74.69.23.21 - - [06/Jan/2013:13:17:37 -0800] "GET /GetAd.php?sid=122&timeSinceLastAd=80&previousFeedId=924&nextFeedId=926&tlt=80&tlf=1&uid=37771&version=4.0.12455&mode=iPhoneApp&locale=en_US HTTP/1.1" 200 22 "-" "Tales2Go/3.2.0 CFNetwork/609 Darwin/13.0.0"
208.113.232.130 - - [06/Jan/2013:13:17:42 -0800] "GET /GetNewSerialNum.php HTTP/1.0" 200 63 "-" "-"
208.113.232.130 - - [06/Jan/2013:13:17:42 -0800] "GET /LoadUserFromUDID.php?markStartup&udid=sn_1005115&version=4.0.12455&mode=desktop&override&locale=en_US HTTP/1.0" 200 58 "-" "-"
208.113.232.130 - - [06/Jan/2013:13:18:29 -0800] "GET /GetNewSerialNum.php HTTP/1.0" 200 63 "-" "-"
208.113.232.130 - - [06/Jan/2013:13:18:29 -0800] "GET /LoadUserFromUDID.php?markStartup&udid=sn_1005116&version=4.0.12455&mode=desktop&override&locale=en_US HTTP/1.0" 200 58 "-" "-"
208.113.232.130 - - [06/Jan/2013:13:18:31 -0800] "GET /GetNewSerialNum.php HTTP/1.0" 200 63 "-" "-"
208.113.232.130 - - [06/Jan/2013:13:18:31 -0800] "GET /LoadUserFromUDID.php?markStartup&udid=sn_1005117&version=4.0.12455&mode=desktop&override&locale=en_US HTTP/1.0" 200 58 "-" "-"
74.69.23.21 - - [06/Jan/2013:13:18:48 -0800] "GET /PostUsage.php?uid=37771&sid=122&fid=924&eid=1223&completed=150167&timezone=+0000&tlt=0&version=4.0.12455&mode=iPhoneApp&locale=en_US HTTP/1.1" 200 - "-" "Tales2Go/3.2.0 CFNetwork/609 Darwin/13.0.0"
74.69.23.21 - - [06/Jan/2013:13:18:52 -0800] "GET /PostUsage.php?uid=37771&sid=122&fid=924&eid=1224&completed=0&timezone=+0000&tlt=0&version=4.0.12455&mode=iPhoneApp&locale=en_US HTTP/1.1" 200 - "-" "Tales2Go/3.2.0 CFNetwork/609 Darwin/13.0.0"
74.69.23.21 - - [06/Jan/2013:13:18:53 -0800] "GET /FeedDisplay.php?archived&mode=iPhoneApp&fid=924&episode_id=1224&nfid=926&uid=37771&version=3.2.0 HTTP/1.1" 200 9130 "-" "Mozilla/5.0 (iPod; CPU iPhone OS 6_0_1 like Mac OS X) AppleWebKit/536.26 (KHTML, like Gecko) Mobile/10A523"
74.69.23.21 - - [06/Jan/2013:13:18:53 -0800] "GET /FeedDisplay.php?archived&mode=iPhoneApp&fid=924&episode_id=1224&nfid=926&uid=37771&version=3.2.0 HTTP/1.1" 200 9130 "-" "Mozilla/5.0 (iPod; CPU iPhone OS 6_0_1 like Mac OS X) AppleWebKit/536.26 (KHTML, like Gecko) Mobile/10A523"
71.8.196.117 - - [06/Jan/2013:13:19:24 -0800] "GET /StartupChecks.php?startup&uid=36663&version=4.0.12455&mode=iPhoneApp&locale=en_US HTTP/1.1" 200 289 "-" "Tales2Go/3.2.0 CFNetwork/609 Darwin/13.0.0"
71.8.196.117 - - [06/Jan/2013:13:19:25 -0800] "GET /LoadUserFromID.php?markStartup&id=36663&udid=70:56:81:7C:71:1A&version=4.0.12455&mode=iPhoneApp&locale=en_US HTTP/1.1" 200 263 "-" "Tales2Go/3.2.0 CFNetwork/609 Darwin/13.0.0"
71.8.196.117 - - [06/Jan/2013:13:19:25 -0800] "GET /GetContentStationList.php?uid=36663&version=4.0.12455&mode=iPhoneApp&locale=en_US HTTP/1.1" 200 6486 "-" "Tales2Go/3.2.0 CFNetwork/609 Darwin/13.0.0"
71.8.196.117 - - [06/Jan/2013:13:19:25 -0800] "GET /GetStationListFC.php?uid=36663&version=4.0.12455&mode=iPhoneApp&locale=en_US HTTP/1.1" 200 16492 "-" "Tales2Go/3.2.0 CFNetwork/609 Darwin/13.0.0"
208.113.232.130 - - [06/Jan/2013:13:19:46 -0800] "GET /GetStationPlayList.php?uid=36491&sid=68&endFeed=0&version=4.0.12455&mode=desktop&override&locale=en_US HTTP/1.0" 200 7921 "-" "-"
76.115.20.69 - - [06/Jan/2013:13:20:24 -0800] "GET /StartupChecks.php?startup&version=4.0.12455&mode=iPhoneApp&locale=en_US HTTP/1.1" 200 246 "-" "Tales2Go/3.2.0 CFNetwork/609 Darwin/13.0.0"
76.115.20.69 - - [06/Jan/2013:13:20:24 -0800] "GET /TransitionUDIDToMACAddr.php?udid=ce3e752b0886b43e4a10de6b97cc591816a853bb&mac=70:DE:E2:66:82:83&version=4.0.12455&mode=iPhoneApp&locale=en_US HTTP/1.1" 200 121 "-" "Tales2Go/3.2.0 CFNetwork/609 Darwin/13.0.0"
76.115.20.69 - - [06/Jan/2013:13:20:25 -0800] "GET /LoadUserFromUDID.php?markStartup&udid=70:DE:E2:66:82:83&version=4.0.12455&mode=iPhoneApp&locale=en_US HTTP/1.1" 200 58 "-" "Tales2Go/3.2.0 CFNetwork/609 Darwin/13.0.0"
76.115.20.69 - - [06/Jan/2013:13:20:25 -0800] "GET /CreateUser.php?markStartup&mode=iPhoneApp&udid=70:DE:E2:66:82:83&version=4.0.12455&mode=iPhoneApp&locale=en_US HTTP/1.1" 200 228 "-" "Tales2Go/3.2.0 CFNetwork/609 Darwin/13.0.0"
76.115.20.69 - - [06/Jan/2013:13:20:25 -0800] "GET /SubmitSettings.php?currentId=37883&email=70:DE:E2:66:82:83@t2g.t2g&epx=97ANL-M1A48J-BAD66&phone=&optin=0&explicit=1&alertOption=0&alertType=0&alertTimestamp=0.000000&udid=70:DE:E2:66:82:83&version=4.0.12455&mode=iPhoneApp&locale=en_US HTTP/1.1" 200 238 "-" "Tales2Go/3.2.0 CFNetwork/609 Darwin/13.0.0"
76.115.20.69 - - [06/Jan/2013:13:20:26 -0800] "GET /GetContentStationList.php?uid=37883&version=4.0.12455&mode=iPhoneApp&locale=en_US HTTP/1.1" 200 6486 "-" "Tales2Go/3.2.0 CFNetwork/609 Darwin/13.0.0"
76.115.20.69 - - [06/Jan/2013:13:20:26 -0800] "GET /LoadUserFromID.php?markStartup&id=37883&udid=70:DE:E2:66:82:83&version=4.0.12455&mode=iPhoneApp&locale=en_US HTTP/1.1" 200 263 "-" "Tales2Go/3.2.0 CFNetwork/609 Darwin/13.0.0"
76.115.20.69 - - [06/Jan/2013:13:20:26 -0800] "GET /GetContentStationList.php?uid=37883&version=4.0.12455&mode=iPhoneApp&locale=en_US HTTP/1.1" 200 6486 "-" "Tales2Go/3.2.0 CFNetwork/609 Darwin/13.0.0"
76.115.20.69 - - [06/Jan/2013:13:20:26 -0800] "GET /GetStationListFC.php?uid=37883&version=4.0.12455&mode=iPhoneApp&locale=en_US HTTP/1.1" 200 16492 "-" "Tales2Go/3.2.0 CFNetwork/609 Darwin/13.0.0"
76.115.20.69 - - [06/Jan/2013:13:20:28 -0800] "GET /GetStationListFC.php?uid=37883&version=4.0.12455&mode=iPhoneApp&locale=en_US HTTP/1.1" 200 16492 "-" "Tales2Go/3.2.0 CFNetwork/609 Darwin/13.0.0"
76.115.20.69 - - [06/Jan/2013:13:20:33 -0800] "GET /GetStationPlayList.php?s=0&c=9&uid=37883&sid=34&endFeed=0&version=4.0.12455&mode=iPhoneApp&locale=en_US HTTP/1.1" 200 8390 "-" "Tales2Go/3.2.0 CFNetwork/609 Darwin/13.0.0"
71.8.196.117 - - [06/Jan/2013:13:20:38 -0800] "GET /Search.php?uid=36663&term=capton%20under%20pants&s=0&c=20&version=4.0.12455&mode=iPhoneApp&locale=en_US HTTP/1.1" 200 87 "-" "Tales2Go/3.2.0 CFNetwork/609 Darwin/13.0.0"
76.115.20.69 - - [06/Jan/2013:13:20:40 -0800] "GET /FeedDisplay.php?archived&mode=iPhoneApp&fid=832&episode_id=1207&nfid=934&uid=37883&version=3.2.0 HTTP/1.1" 200 8525 "-" "Mozilla/5.0 (iPhone; CPU iPhone OS 6_0_1 like Mac OS X) AppleWebKit/536.26 (KHTML, like Gecko) Mobile/10A523"
76.115.20.69 - - [06/Jan/2013:13:20:40 -0800] "GET /images/t2g_ratings_color_active.png HTTP/1.1" 200 985 "http://t2g.stitcher.com/FeedDisplay.php?archived&mode=iPhoneApp&fid=832&episode_id=1207&nfid=934&uid=37883&version=3.2.0" "Mozilla/5.0 (iPhone; CPU iPhone OS 6_0_1 like Mac OS X) AppleWebKit/536.26 (KHTML, like Gecko) Mobile/10A523"
76.115.20.69 - - [06/Jan/2013:13:20:40 -0800] "GET /images/t2g_ratings_gray_active.png HTTP/1.1" 200 1196 "http://t2g.stitcher.com/FeedDisplay.php?archived&mode=iPhoneApp&fid=832&episode_id=1207&nfid=934&uid=37883&version=3.2.0" "Mozilla/5.0 (iPhone; CPU iPhone OS 6_0_1 like Mac OS X) AppleWebKit/536.26 (KHTML, like Gecko) Mobile/10A523"
76.115.20.69 - - [06/Jan/2013:13:20:40 -0800] "GET /images/t2g_ratings_gray.png HTTP/1.1" 200 1215 "http://t2g.stitcher.com/FeedDisplay.php?archived&mode=iPhoneApp&fid=832&episode_id=1207&nfid=934&uid=37883&version=3.2.0" "Mozilla/5.0 (iPhone; CPU iPhone OS 6_0_1 like Mac OS X) AppleWebKit/536.26 (KHTML, like Gecko) Mobile/10A523"
76.115.20.69 - - [06/Jan/2013:13:20:40 -0800] "GET /images/t2g_ratings_color.png HTTP/1.1" 200 997 "http://t2g.stitcher.com/FeedDisplay.php?archived&mode=iPhoneApp&fid=832&episode_id=1207&nfid=934&uid=37883&version=3.2.0" "Mozilla/5.0 (iPhone; CPU iPhone OS 6_0_1 like Mac OS X) AppleWebKit/536.26 (KHTML, like Gecko) Mobile/10A523"
76.115.20.69 - - [06/Jan/2013:13:20:40 -0800] "GET /images/ajax-loader.gif HTTP/1.1" 200 1849 "http://t2g.stitcher.com/FeedDisplay.php?archived&mode=iPhoneApp&fid=832&episode_id=1207&nfid=934&uid=37883&version=3.2.0" "Mozilla/5.0 (iPhone; CPU iPhone OS 6_0_1 like Mac OS X) AppleWebKit/536.26 (KHTML, like Gecko) Mobile/10A523"
76.115.20.69 - - [06/Jan/2013:13:20:41 -0800] "GET /GetAd.php?sid=34&timeSinceLastAd=1&previousFeedId=832&nextFeedId=934&tlt=1&tlf=1&uid=37883&version=4.0.12455&mode=iPhoneApp&locale=en_US HTTP/1.1" 200 22 "-" "Tales2Go/3.2.0 CFNetwork/609 Darwin/13.0.0"
76.115.20.69 - - [06/Jan/2013:13:20:57 -0800] "GET /GetAd.php?sid=34&timeSinceLastAd=17&previousFeedId=832&nextFeedId=934&newStation&tlt=17&tlf=0&uid=37883&version=4.0.12455&mode=iPhoneApp&locale=en_US HTTP/1.1" 200 22 "-" "Tales2Go/3.2.0 CFNetwork/609 Darwin/13.0.0"
76.115.20.69 - - [06/Jan/2013:13:20:58 -0800] "GET /PostUsage.php?uid=37883&sid=34&fid=832&eid=1207&completed=18044&timezone=+0000&tlt=17&version=4.0.12455&mode=iPhoneApp&locale=en_US HTTP/1.1" 200 - "-" "Tales2Go/3.2.0 CFNetwork/609 Darwin/13.0.0"
76.115.20.69 - - [06/Jan/2013:13:20:58 -0800] "GET /FeedDisplay.php?archived&mode=iPhoneApp&fid=934&episode_id=1282&nfid=1538&uid=37883&version=3.2.0 HTTP/1.1" 200 8911 "-" "Mozilla/5.0 (iPhone; CPU iPhone OS 6_0_1 like Mac OS X) AppleWebKit/536.26 (KHTML, like Gecko) Mobile/10A523"
76.115.20.69 - - [06/Jan/2013:13:20:58 -0800] "GET /images/multipart_arrow_left_disabled.gif HTTP/1.1" 200 275 "http://t2g.stitcher.com/FeedDisplay.php?archived&mode=iPhoneApp&fid=934&episode_id=1282&nfid=1538&uid=37883&version=3.2.0" "Mozilla/5.0 (iPhone; CPU iPhone OS 6_0_1 like Mac OS X) AppleWebKit/536.26 (KHTML, like Gecko) Mobile/10A523"
76.115.20.69 - - [06/Jan/2013:13:20:58 -0800] "GET /images/multipart_arrow_right.gif HTTP/1.1" 200 267 "http://t2g.stitcher.com/FeedDisplay.php?archived&mode=iPhoneApp&fid=934&episode_id=1282&nfid=1538&uid=37883&version=3.2.0" "Mozilla/5.0 (iPhone; CPU iPhone OS 6_0_1 like Mac OS X) AppleWebKit/536.26 (KHTML, like Gecko) Mobile/10A523"
71.8.196.117 - - [06/Jan/2013:13:20:59 -0800] "GET /GetBookmarkList.php?uid=36663&version=4.0.12455&mode=iPhoneApp&locale=en_US HTTP/1.1" 200 55 "-" "Tales2Go/3.2.0 CFNetwork/609 Darwin/13.0.0"
71.8.196.117 - - [06/Jan/2013:13:21:01 -0800] "GET /GetStationPlayList.php?uid=36663&sid=favorites&version=4.0.12455&mode=iPhoneApp&locale=en_US HTTP/1.1" 200 141 "-" "Tales2Go/3.2.0 CFNetwork/609 Darwin/13.0.0"
76.115.20.69 - - [06/Jan/2013:13:21:04 -0800] "GET /GetAd.php?sid=34&timeSinceLastAd=22&previousFeedId=934&nextFeedId=1538&tlt=22&tlf=1&uid=37883&version=4.0.12455&mode=iPhoneApp&locale=en_US HTTP/1.1" 200 22 "-" "Tales2Go/3.2.0 CFNetwork/609 Darwin/13.0.0"
96.251.122.8 - - [06/Jan/2013:13:21:04 -0800] "GET /StartupChecks.php?startup&uid=37144&version=4.0.12455&mode=iPhoneApp&locale=en_US HTTP/1.1" 200 289 "-" "Tales2Go/3.2.0 CFNetwork/609 Darwin/13.0.0"
96.251.122.8 - - [06/Jan/2013:13:21:05 -0800] "GET /LoadUserFromID.php?markStartup&id=37144&udid=BC:52:B7:C2:E9:38&version=4.0.12455&mode=iPhoneApp&locale=en_US HTTP/1.1" 200 254 "-" "Tales2Go/3.2.0 CFNetwork/609 Darwin/13.0.0"
96.251.122.8 - - [06/Jan/2013:13:21:06 -0800] "GET /GetContentStationList.php?uid=37144&version=4.0.12455&mode=iPhoneApp&locale=en_US HTTP/1.1" 200 6486 "-" "Tales2Go/3.2.0 CFNetwork/609 Darwin/13.0.0"
96.251.122.8 - - [06/Jan/2013:13:21:06 -0800] "GET /GetStationListFC.php?uid=37144&version=4.0.12455&mode=iPhoneApp&locale=en_US HTTP/1.1" 200 16492 "-" "Tales2Go/3.2.0 CFNetwork/609 Darwin/13.0.0"
96.251.122.8 - - [06/Jan/2013:13:21:09 -0800] "GET /GetStationPlayList.php?s=0&c=9&uid=37144&sid=35&endFeed=0&version=4.0.12455&mode=iPhoneApp&locale=en_US HTTP/1.1" 200 10497 "-" "Tales2Go/3.2.0 CFNetwork/609 Darwin/13.0.0"
71.8.196.117 - - [06/Jan/2013:13:21:15 -0800] "GET /GetStationPlayList.php?s=0&c=9&uid=36663&sid=6&endFeed=0&version=4.0.12455&mode=iPhoneApp&locale=en_US HTTP/1.1" 200 7961 "-" "Tales2Go/3.2.0 CFNetwork/609 Darwin/13.0.0"
96.251.122.8 - - [06/Jan/2013:13:21:18 -0800] "GET /FeedDisplay.php?archived&mode=iPhoneApp&fid=926&episode_id=1227&nfid=1420&uid=37144&version=3.2.0 HTTP/1.1" 200 8958 "-" "Mozilla/5.0 (iPhone; CPU iPhone OS 6_0_1 like Mac OS X) AppleWebKit/536.26 (KHTML, like Gecko) Mobile/10A523"
96.251.122.8 - - [06/Jan/2013:13:21:23 -0800] "GET /PostUsage.php?uid=37144&sid=35&fid=926&eid=1227&completed=7621&timezone=+0000&tlt=0&version=4.0.12455&mode=iPhoneApp&locale=en_US HTTP/1.1" 200 - "-" "Tales2Go/3.2.0 CFNetwork/609 Darwin/13.0.0"
96.251.122.8 - - [06/Jan/2013:13:21:24 -0800] "GET /PostUsage.php?uid=37144&sid=35&fid=926&eid=1228&completed=0&timezone=+0000&tlt=0&version=4.0.12455&mode=iPhoneApp&locale=en_US HTTP/1.1" 200 - "-" "Tales2Go/3.2.0 CFNetwork/609 Darwin/13.0.0"
96.251.122.8 - - [06/Jan/2013:13:21:24 -0800] "GET /FeedDisplay.php?archived&mode=iPhoneApp&fid=926&episode_id=1228&nfid=1420&uid=37144&version=3.2.0 HTTP/1.1" 200 8958 "-" "Mozilla/5.0 (iPhone; CPU iPhone OS 6_0_1 like Mac OS X) AppleWebKit/536.26 (KHTML, like Gecko) Mobile/10A523"
96.251.122.8 - - [06/Jan/2013:13:21:24 -0800] "GET /FeedDisplay.php?archived&mode=iPhoneApp&fid=926&episode_id=1228&nfid=1420&uid=37144&version=3.2.0 HTTP/1.1" 200 8958 "-" "Mozilla/5.0 (iPhone; CPU iPhone OS 6_0_1 like Mac OS X) AppleWebKit/536.26 (KHTML, like Gecko) Mobile/10A523"
71.8.196.117 - - [06/Jan/2013:13:21:27 -0800] "GET /GetStationPlayList.php?s=9&c=9&uid=36663&sid=6&endFeed=0&version=4.0.12455&mode=iPhoneApp&locale=en_US HTTP/1.1" 200 9178 "-" "Tales2Go/3.2.0 CFNetwork/609 Darwin/13.0.0"
71.8.196.117 - - [06/Jan/2013:13:21:34 -0800] "GET /GetStationPlayList.php?s=18&c=9&uid=36663&sid=6&endFeed=0&version=4.0.12455&mode=iPhoneApp&locale=en_US HTTP/1.1" 200 8398 "-" "Tales2Go/3.2.0 CFNetwork/609 Darwin/13.0.0"
71.8.196.117 - - [06/Jan/2013:13:21:40 -0800] "GET /GetStationPlayList.php?s=27&c=9&uid=36663&sid=6&endFeed=0&version=4.0.12455&mode=iPhoneApp&locale=en_US HTTP/1.1" 200 7482 "-" "Tales2Go/3.2.0 CFNetwork/609 Darwin/13.0.0"
96.251.122.8 - - [06/Jan/2013:13:21:44 -0800] "GET /GetAd.php?sid=35&timeSinceLastAd=1284&previousFeedId=926&nextFeedId=1420&tlt=1284&tlf=1&uid=37144&version=4.0.12455&mode=iPhoneApp&locale=en_US HTTP/1.1" 200 22 "-" "Tales2Go/3.2.0 CFNetwork/609 Darwin/13.0.0"
71.8.196.117 - - [06/Jan/2013:13:21:55 -0800] "GET /GetStationPlayList.php?s=0&c=9&uid=36663&sid=285&endFeed=0&version=4.0.12455&mode=iPhoneApp&locale=en_US HTTP/1.1" 200 11575 "-" "Tales2Go/3.2.0 CFNetwork/609 Darwin/13.0.0"
71.8.196.117 - - [06/Jan/2013:13:22:03 -0800] "GET /GetStationPlayList.php?s=0&c=9&uid=36663&sid=14&endFeed=0&version=4.0.12455&mode=iPhoneApp&locale=en_US HTTP/1.1" 200 9531 "-" "Tales2Go/3.2.0 CFNetwork/609 Darwin/13.0.0"
76.178.208.31 - - [06/Jan/2013:13:22:23 -0800] "GET /GetRecentFeedList.php?uid=36299&version=4.0.12455&mode=iPhoneApp&locale=en_US HTTP/1.1" 200 61 "-" "Tales2Go/3.2.0 CFNetwork/485.13.9 Darwin/11.0.0"
71.8.196.117 - - [06/Jan/2013:13:22:25 -0800] "GET /GetStationPlayList.php?s=9&c=9&uid=36663&sid=14&endFeed=0&version=4.0.12455&mode=iPhoneApp&locale=en_US HTTP/1.1" 200 8450 "-" "Tales2Go/3.2.0 CFNetwork/609 Darwin/13.0.0"
71.8.196.117 - - [06/Jan/2013:13:22:29 -0800] "GET /GetStationPlayList.php?s=18&c=9&uid=36663&sid=14&endFeed=0&version=4.0.12455&mode=iPhoneApp&locale=en_US HTTP/1.1" 200 8501 "-" "Tales2Go/3.2.0 CFNetwork/609 Darwin/13.0.0"
70.199.231.67 - - [06/Jan/2013:13:22:31 -0800] "GET /StartupChecks.php?startup&uid=36452&version=4.0.12455&mode=iPhoneApp&locale=en_US HTTP/1.1" 200 289 "-" "Tales2Go/3.2.0 CFNetwork/609 Darwin/13.0.0"
70.199.231.67 - - [06/Jan/2013:13:22:31 -0800] "GET /LoadUserFromID.php?markStartup&id=36452&udid=34:C0:59:76:82:1E&version=4.0.12455&mode=iPhoneApp&locale=en_US HTTP/1.1" 200 263 "-" "Tales2Go/3.2.0 CFNetwork/609 Darwin/13.0.0"
70.199.231.67 - - [06/Jan/2013:13:22:32 -0800] "GET /GetContentStationList.php?uid=36452&version=4.0.12455&mode=iPhoneApp&locale=en_US HTTP/1.1" 200 6486 "-" "Tales2Go/3.2.0 CFNetwork/609 Darwin/13.0.0"
70.199.231.67 - - [06/Jan/2013:13:22:32 -0800] "GET /GetStationListFC.php?uid=36452&version=4.0.12455&mode=iPhoneApp&locale=en_US HTTP/1.1" 200 16492 "-" "Tales2Go/3.2.0 CFNetwork/609 Darwin/13.0.0"
70.199.231.67 - - [06/Jan/2013:13:22:34 -0800] "GET /GetStationPlayList.php?s=0&c=9&uid=36452&sid=34&endFeed=908&version=4.0.12455&mode=iPhoneApp&locale=en_US HTTP/1.1" 200 8390 "-" "Tales2Go/3.2.0 CFNetwork/609 Darwin/13.0.0"
70.199.231.67 - - [06/Jan/2013:13:22:35 -0800] "GET /FeedDisplay.php?archived&mode=iPhoneApp&fid=908&episode_id=1236&nfid=973&uid=36452&version=3.2.0 HTTP/1.1" 200 9176 "-" "Mozilla/5.0 (iPhone; CPU iPhone OS 6_0_2 like Mac OS X) AppleWebKit/536.26 (KHTML, like Gecko) Mobile/10A551"
70.199.231.67 - - [06/Jan/2013:13:22:35 -0800] "GET /images/multipart_arrow_left_disabled.gif HTTP/1.1" 200 275 "http://t2g.stitcher.com/FeedDisplay.php?archived&mode=iPhoneApp&fid=908&episode_id=1236&nfid=973&uid=36452&version=3.2.0" "Mozilla/5.0 (iPhone; CPU iPhone OS 6_0_2 like Mac OS X) AppleWebKit/536.26 (KHTML, like Gecko) Mobile/10A551"
71.8.196.117 - - [06/Jan/2013:13:22:34 -0800] "GET /GetStationPlayList.php?s=27&c=9&uid=36663&sid=14&endFeed=0&version=4.0.12455&mode=iPhoneApp&locale=en_US HTTP/1.1" 200 8696 "-" "Tales2Go/3.2.0 CFNetwork/609 Darwin/13.0.0"
70.199.231.67 - - [06/Jan/2013:13:22:35 -0800] "GET /images/multipart_arrow_right.gif HTTP/1.1" 200 267 "http://t2g.stitcher.com/FeedDisplay.php?archived&mode=iPhoneApp&fid=908&episode_id=1236&nfid=973&uid=36452&version=3.2.0" "Mozilla/5.0 (iPhone; CPU iPhone OS 6_0_2 like Mac OS X) AppleWebKit/536.26 (KHTML, like Gecko) Mobile/10A551"
70.199.231.67 - - [06/Jan/2013:13:22:35 -0800] "GET /images/t2g_ratings_color_active.png HTTP/1.1" 200 985 "http://t2g.stitcher.com/FeedDisplay.php?archived&mode=iPhoneApp&fid=908&episode_id=1236&nfid=973&uid=36452&version=3.2.0" "Mozilla/5.0 (iPhone; CPU iPhone OS 6_0_2 like Mac OS X) AppleWebKit/536.26 (KHTML, like Gecko) Mobile/10A551"
70.199.231.67 - - [06/Jan/2013:13:22:36 -0800] "GET /images/t2g_ratings_gray_active.png HTTP/1.1" 200 1196 "http://t2g.stitcher.com/FeedDisplay.php?archived&mode=iPhoneApp&fid=908&episode_id=1236&nfid=973&uid=36452&version=3.2.0" "Mozilla/5.0 (iPhone; CPU iPhone OS 6_0_2 like Mac OS X) AppleWebKit/536.26 (KHTML, like Gecko) Mobile/10A551"
70.199.231.67 - - [06/Jan/2013:13:22:36 -0800] "GET /images/t2g_ratings_gray.png HTTP/1.1" 200 1215 "http://t2g.stitcher.com/FeedDisplay.php?archived&mode=iPhoneApp&fid=908&episode_id=1236&nfid=973&uid=36452&version=3.2.0" "Mozilla/5.0 (iPhone; CPU iPhone OS 6_0_2 like Mac OS X) AppleWebKit/536.26 (KHTML, like Gecko) Mobile/10A551"
70.199.231.67 - - [06/Jan/2013:13:22:36 -0800] "GET /images/t2g_ratings_color.png HTTP/1.1" 200 997 "http://t2g.stitcher.com/FeedDisplay.php?archived&mode=iPhoneApp&fid=908&episode_id=1236&nfid=973&uid=36452&version=3.2.0" "Mozilla/5.0 (iPhone; CPU iPhone OS 6_0_2 like Mac OS X) AppleWebKit/536.26 (KHTML, like Gecko) Mobile/10A551"
70.199.231.67 - - [06/Jan/2013:13:22:36 -0800] "GET /images/ajax-loader.gif HTTP/1.1" 200 1849 "http://t2g.stitcher.com/FeedDisplay.php?archived&mode=iPhoneApp&fid=908&episode_id=1236&nfid=973&uid=36452&version=3.2.0" "Mozilla/5.0 (iPhone; CPU iPhone OS 6_0_2 like Mac OS X) AppleWebKit/536.26 (KHTML, like Gecko) Mobile/10A551"
71.8.196.117 - - [06/Jan/2013:13:22:38 -0800] "GET /GetStationPlayList.php?s=36&c=9&uid=36663&sid=14&endFeed=0&version=4.0.12455&mode=iPhoneApp&locale=en_US HTTP/1.1" 200 9297 "-" "Tales2Go/3.2.0 CFNetwork/609 Darwin/13.0.0"
24.230.105.155 - - [06/Jan/2013:13:22:54 -0800] "GET /StartupChecks.php?startup&version=4.0.12455&mode=iPhoneApp&locale=en_US HTTP/1.1" 200 246 "-" "Tales2Go/3.2.0 CFNetwork/609 Darwin/13.0.0"
24.230.105.155 - - [06/Jan/2013:13:22:56 -0800] "GET /TransitionUDIDToMACAddr.php?udid=35f2ef587fc5a2b054f3818287387f168be5db7b&mac=98:03:D8:7D:73:E4&version=4.0.12455&mode=iPhoneApp&locale=en_US HTTP/1.1" 200 121 "-" "Tales2Go/3.2.0 CFNetwork/609 Darwin/13.0.0"
24.230.105.155 - - [06/Jan/2013:13:22:59 -0800] "GET /LoadUserFromUDID.php?markStartup&udid=98:03:D8:7D:73:E4&version=4.0.12455&mode=iPhoneApp&locale=en_US HTTP/1.1" 200 58 "-" "Tales2Go/3.2.0 CFNetwork/609 Darwin/13.0.0"
24.230.105.155 - - [06/Jan/2013:13:23:01 -0800] "GET /CreateUser.php?markStartup&mode=iPhoneApp&udid=98:03:D8:7D:73:E4&version=4.0.12455&mode=iPhoneApp&locale=en_US HTTP/1.1" 200 228 "-" "Tales2Go/3.2.0 CFNetwork/609 Darwin/13.0.0"
24.230.105.155 - - [06/Jan/2013:13:23:04 -0800] "GET /SubmitSettings.php?currentId=37884&email=98:03:D8:7D:73:E4@t2g.t2g&epx=_DA55-L7A5KJ9CAQ78&phone=&optin=0&explicit=1&alertOption=0&alertType=0&alertTimestamp=0.000000&udid=98:03:D8:7D:73:E4&version=4.0.12455&mode=iPhoneApp&locale=en_US HTTP/1.1" 200 238 "-" "Tales2Go/3.2.0 CFNetwork/609 Darwin/13.0.0"
24.230.105.155 - - [06/Jan/2013:13:23:07 -0800] "GET /GetContentStationList.php?uid=37884&version=4.0.12455&mode=iPhoneApp&locale=en_US HTTP/1.1" 200 6486 "-" "Tales2Go/3.2.0 CFNetwork/609 Darwin/13.0.0"
24.230.105.155 - - [06/Jan/2013:13:23:07 -0800] "GET /LoadUserFromID.php?markStartup&id=37884&udid=98:03:D8:7D:73:E4&version=4.0.12455&mode=iPhoneApp&locale=en_US HTTP/1.1" 200 263 "-" "Tales2Go/3.2.0 CFNetwork/609 Darwin/13.0.0"
24.230.105.155 - - [06/Jan/2013:13:23:07 -0800] "GET /GetStationListFC.php?uid=37884&version=4.0.12455&mode=iPhoneApp&locale=en_US HTTP/1.1" 200 16492 "-" "Tales2Go/3.2.0 CFNetwork/609 Darwin/13.0.0"
24.230.105.155 - - [06/Jan/2013:13:23:10 -0800] "GET /GetContentStationList.php?uid=37884&version=4.0.12455&mode=iPhoneApp&locale=en_US HTTP/1.1" 200 6486 "-" "Tales2Go/3.2.0 CFNetwork/609 Darwin/13.0.0"
24.230.105.155 - - [06/Jan/2013:13:23:11 -0800] "GET /GetStationListFC.php?uid=37884&version=4.0.12455&mode=iPhoneApp&locale=en_US HTTP/1.1" 200 16492 "-" "Tales2Go/3.2.0 CFNetwork/609 Darwin/13.0.0"
24.230.105.155 - - [06/Jan/2013:13:23:11 -0800] "GET /GetStationPlayList.php?uid=37884&sid=favorites&version=4.0.12455&mode=iPhoneApp&locale=en_US HTTP/1.1" 200 141 "-" "Tales2Go/3.2.0 CFNetwork/609 Darwin/13.0.0"
24.230.105.155 - - [06/Jan/2013:13:23:31 -0800] "GET /GetBookmarkList.php?uid=37884&version=4.0.12455&mode=iPhoneApp&locale=en_US HTTP/1.1" 200 55 "-" "Tales2Go/3.2.0 CFNetwork/609 Darwin/13.0.0"
198.228.201.148 - - [06/Jan/2013:13:23:46 -0800] "GET /GetAd.php?sid=16&timeSinceLastAd=2793&previousFeedId=39&nextFeedId=26&tlt=2793&tlf=1&uid=21814&version=4.0.12455&mode=iPhoneApp&locale=en_US HTTP/1.1" 200 22 "-" "Tales2Go/3.2.0 CFNetwork/609 Darwin/13.0.0"
198.228.201.148 - - [06/Jan/2013:13:23:46 -0800] "GET /PostUsage.php?uid=21814&sid=16&fid=39&eid=53&completed=792843&timezone=+0000&tlt=2793&version=4.0.12455&mode=iPhoneApp&locale=en_US HTTP/1.1" 200 - "-" "Tales2Go/3.2.0 CFNetwork/609 Darwin/13.0.0"
198.228.201.148 - - [06/Jan/2013:13:23:47 -0800] "GET /FeedDisplay.php?archived&mode=iPhoneApp&fid=26&episode_id=44&nfid=2521&uid=21814&version=3.2.0 HTTP/1.1" 200 8613 "-" "Mozilla/5.0 (iPhone; CPU iPhone OS 6_0_1 like Mac OS X) AppleWebKit/536.26 (KHTML, like Gecko) Mobile/10A523"
99.57.132.99 - - [06/Jan/2013:13:24:25 -0800] "GET /StartupChecks.php?startup&uid=17395&version=4.0.12455&mode=iPhoneApp&locale=en_US HTTP/1.1" 200 289 "-" "Tales2Go/3.2.0 CFNetwork/609 Darwin/13.0.0"
99.57.132.99 - - [06/Jan/2013:13:24:26 -0800] "GET /LoadUserFromID.php?markStartup&id=17395&udid=00:F4:B9:16:BF:3B&version=4.0.12455&mode=iPhoneApp&locale=en_US HTTP/1.1" 200 261 "-" "Tales2Go/3.2.0 CFNetwork/609 Darwin/13.0.0"
99.57.132.99 - - [06/Jan/2013:13:24:26 -0800] "GET /GetContentStationList.php?uid=17395&version=4.0.12455&mode=iPhoneApp&locale=en_US HTTP/1.1" 200 6486 "-" "Tales2Go/3.2.0 CFNetwork/609 Darwin/13.0.0"
99.57.132.99 - - [06/Jan/2013:13:24:26 -0800] "GET /GetStationListFC.php?uid=17395&version=4.0.12455&mode=iPhoneApp&locale=en_US HTTP/1.1" 200 16492 "-" "Tales2Go/3.2.0 CFNetwork/609 Darwin/13.0.0"
198.228.201.148 - - [06/Jan/2013:13:24:30 -0800] "GET /GetAd.php?sid=16&timeSinceLastAd=2834&previousFeedId=26&nextFeedId=2521&tlt=2834&tlf=2&uid=21814&version=4.0.12455&mode=iPhoneApp&locale=en_US HTTP/1.1" 200 22 "-" "Tales2Go/3.2.0 CFNetwork/609 Darwin/13.0.0"
24.230.105.155 - - [06/Jan/2013:13:24:36 -0800] "GET /GetStationPlayList.php?s=0&c=9&uid=37884&sid=498&endFeed=0&version=4.0.12455&mode=iPhoneApp&locale=en_US HTTP/1.1" 200 6397 "-" "Tales2Go/3.2.0 CFNetwork/609 Darwin/13.0.0"
76.178.208.31 - - [06/Jan/2013:13:24:37 -0800] "GET /FeedbackPost.php?uid=36299&email=tagteam15@roadrunner.com&sid=0&fid=0&mode=iPhoneApp&version=3.2&msg=I%20want%20to%20cancel%20my%20trial%0Amembership...did%20not%20realize%20the%20age%20range%20for%20this%20app,and%20our%20family%20is%20much%20too%20old%20for%20these%20tales.%20How%20do%20I%20unsubscribe%3F%20I%20do%20not%20want%20to%20automatically%20subscribe%20after%20the%20trial%20period.%0A HTTP/1.1" 200 43 "-" "Tales2Go/3.2.0 CFNetwork/485.13.9 Darwin/11.0.0"
198.228.201.148 - - [06/Jan/2013:13:24:39 -0800] "GET /GetAd.php?sid=16&timeSinceLastAd=2842&previousFeedId=26&nextFeedId=39&newStation&tlt=2842&tlf=0&uid=21814&version=4.0.12455&mode=iPhoneApp&locale=en_US HTTP/1.1" 200 22 "-" "Tales2Go/3.2.0 CFNetwork/609 Darwin/13.0.0"
198.228.201.148 - - [06/Jan/2013:13:24:39 -0800] "GET /PostUsage.php?uid=21814&sid=16&fid=26&eid=44&completed=50621&timezone=+0000&tlt=2842&version=4.0.12455&mode=iPhoneApp&locale=en_US HTTP/1.1" 200 - "-" "Tales2Go/3.2.0 CFNetwork/609 Darwin/13.0.0"
198.228.201.148 - - [06/Jan/2013:13:24:40 -0800] "GET /FeedDisplay.php?archived&mode=iPhoneApp&fid=39&episode_id=53&nfid=26&uid=21814&version=3.2.0 HTTP/1.1" 200 8593 "-" "Mozilla/5.0 (iPhone; CPU iPhone OS 6_0_1 like Mac OS X) AppleWebKit/536.26 (KHTML, like Gecko) Mobile/10A523"
24.230.105.155 - - [06/Jan/2013:13:24:54 -0800] "GET /FeedDisplay.php?archived&mode=iPhoneApp&fid=1505&episode_id=2833&nfid=399&uid=37884&version=3.2.0 HTTP/1.1" 200 8644 "-" "Mozilla/5.0 (iPhone; CPU iPhone OS 6_0_1 like Mac OS X) AppleWebKit/536.26 (KHTML, like Gecko) Mobile/10A523"
99.57.132.99 - - [06/Jan/2013:13:24:55 -0800] "POST /ActivateLicense.php HTTP/1.1" 200 54 "-" "Tales2Go/3.2.0 CFNetwork/609 Darwin/13.0.0"
99.57.132.99 - - [06/Jan/2013:13:24:55 -0800] "GET /LoadUserFromID.php?markStartup&id=17395&udid=00:F4:B9:16:BF:3B&version=4.0.12455&mode=iPhoneApp&locale=en_US HTTP/1.1" 200 261 "-" "Tales2Go/3.2.0 CFNetwork/609 Darwin/13.0.0"
24.230.105.155 - - [06/Jan/2013:13:24:57 -0800] "GET /images/t2g_ratings_color_active.png HTTP/1.1" 200 985 "http://t2g.stitcher.com/FeedDisplay.php?archived&mode=iPhoneApp&fid=1505&episode_id=2833&nfid=399&uid=37884&version=3.2.0" "Mozilla/5.0 (iPhone; CPU iPhone OS 6_0_1 like Mac OS X) AppleWebKit/536.26 (KHTML, like Gecko) Mobile/10A523"
24.230.105.155 - - [06/Jan/2013:13:24:57 -0800] "GET /images/t2g_ratings_gray_active.png HTTP/1.1" 200 1196 "http://t2g.stitcher.com/FeedDisplay.php?archived&mode=iPhoneApp&fid=1505&episode_id=2833&nfid=399&uid=37884&version=3.2.0" "Mozilla/5.0 (iPhone; CPU iPhone OS 6_0_1 like Mac OS X) AppleWebKit/536.26 (KHTML, like Gecko) Mobile/10A523"
24.230.105.155 - - [06/Jan/2013:13:24:57 -0800] "GET /images/t2g_ratings_gray.png HTTP/1.1" 200 1215 "http://t2g.stitcher.com/FeedDisplay.php?archived&mode=iPhoneApp&fid=1505&episode_id=2833&nfid=399&uid=37884&version=3.2.0" "Mozilla/5.0 (iPhone; CPU iPhone OS 6_0_1 like Mac OS X) AppleWebKit/536.26 (KHTML, like Gecko) Mobile/10A523"
24.230.105.155 - - [06/Jan/2013:13:24:57 -0800] "GET /images/t2g_ratings_color.png HTTP/1.1" 200 997 "http://t2g.stitcher.com/FeedDisplay.php?archived&mode=iPhoneApp&fid=1505&episode_id=2833&nfid=399&uid=37884&version=3.2.0" "Mozilla/5.0 (iPhone; CPU iPhone OS 6_0_1 like Mac OS X) AppleWebKit/536.26 (KHTML, like Gecko) Mobile/10A523"
24.230.105.155 - - [06/Jan/2013:13:24:57 -0800] "GET /images/ajax-loader.gif HTTP/1.1" 200 1849 "http://t2g.stitcher.com/FeedDisplay.php?archived&mode=iPhoneApp&fid=1505&episode_id=2833&nfid=399&uid=37884&version=3.2.0" "Mozilla/5.0 (iPhone; CPU iPhone OS 6_0_1 like Mac OS X) AppleWebKit/536.26 (KHTML, like Gecko) Mobile/10A523"
198.228.201.148 - - [06/Jan/2013:13:24:59 -0800] "GET /GetAd.php?sid=16&timeSinceLastAd=2858&previousFeedId=39&nextFeedId=1920&newStation&tlt=2858&tlf=0&uid=21814&version=4.0.12455&mode=iPhoneApp&locale=en_US HTTP/1.1" 200 22 "-" "Tales2Go/3.2.0 CFNetwork/609 Darwin/13.0.0"
198.228.201.148 - - [06/Jan/2013:13:25:01 -0800] "GET /PostUsage.php?uid=21814&sid=16&fid=39&eid=53&completed=19425&timezone=+0000&tlt=2858&version=4.0.12455&mode=iPhoneApp&locale=en_US HTTP/1.1" 200 - "-" "Tales2Go/3.2.0 CFNetwork/609 Darwin/13.0.0"
99.57.132.99 - - [06/Jan/2013:13:25:01 -0800] "GET /GetStationPlayList.php?uid=17395&sid=favorites&version=4.0.12455&mode=iPhoneApp&locale=en_US HTTP/1.1" 200 3886 "-" "Tales2Go/3.2.0 CFNetwork/609 Darwin/13.0.0"
198.228.201.148 - - [06/Jan/2013:13:25:02 -0800] "GET /FeedDisplay.php?archived&mode=iPhoneApp&fid=1920&episode_id=3440&nfid=2405&uid=21814&version=3.2.0 HTTP/1.1" 200 8716 "-" "Mozilla/5.0 (iPhone; CPU iPhone OS 6_0_1 like Mac OS X) AppleWebKit/536.26 (KHTML, like Gecko) Mobile/10A523"
50.53.97.248 - - [06/Jan/2013:13:25:02 -0800] "GET /StartupChecks.php?startup&uid=36863&version=4.0.12455&mode=iPhoneApp&locale=en_US HTTP/1.1" 200 289 "-" "Tales2Go/3.2.0 CFNetwork/609 Darwin/13.0.0"
50.53.97.248 - - [06/Jan/2013:13:25:02 -0800] "GET /LoadUserFromID.php?markStartup&id=36863&udid=70:73:CB:03:23:D3&version=4.0.12455&mode=iPhoneApp&locale=en_US HTTP/1.1" 200 263 "-" "Tales2Go/3.2.0 CFNetwork/609 Darwin/13.0.0"
50.53.97.248 - - [06/Jan/2013:13:25:03 -0800] "GET /GetContentStationList.php?uid=36863&version=4.0.12455&mode=iPhoneApp&locale=en_US HTTP/1.1" 200 6486 "-" "Tales2Go/3.2.0 CFNetwork/609 Darwin/13.0.0"
50.53.97.248 - - [06/Jan/2013:13:25:03 -0800] "GET /GetStationListFC.php?uid=36863&version=4.0.12455&mode=iPhoneApp&locale=en_US HTTP/1.1" 200 16492 "-" "Tales2Go/3.2.0 CFNetwork/609 Darwin/13.0.0"
99.186.112.135 - - [06/Jan/2013:13:25:08 -0800] "GET /StartupChecks.php?startup&uid=35044&version=4.0.12455&mode=iPhoneApp&locale=en_US HTTP/1.1" 200 289 "-" "Tales2Go/3.2.0 CFNetwork/609 Darwin/13.0.0"
99.186.112.135 - - [06/Jan/2013:13:25:08 -0800] "GET /LoadUserFromID.php?markStartup&id=35044&udid=60:FA:CD:AB:12:0C&version=4.0.12455&mode=iPhoneApp&locale=en_US HTTP/1.1" 200 263 "-" "Tales2Go/3.2.0 CFNetwork/609 Darwin/13.0.0"
99.186.112.135 - - [06/Jan/2013:13:25:09 -0800] "GET /GetContentStationList.php?uid=35044&version=4.0.12455&mode=iPhoneApp&locale=en_US HTTP/1.1" 200 6486 "-" "Tales2Go/3.2.0 CFNetwork/609 Darwin/13.0.0"
99.186.112.135 - - [06/Jan/2013:13:25:09 -0800] "GET /GetStationListFC.php?uid=35044&version=4.0.12455&mode=iPhoneApp&locale=en_US HTTP/1.1" 200 256 "-" "Tales2Go/3.2.0 CFNetwork/609 Darwin/13.0.0"
50.53.97.248 - - [06/Jan/2013:13:25:12 -0800] "GET /GetStationPlayList.php?s=0&c=9&uid=36863&sid=34&endFeed=0&version=4.0.12455&mode=iPhoneApp&locale=en_US HTTP/1.1" 200 8390 "-" "Tales2Go/3.2.0 CFNetwork/609 Darwin/13.0.0"
99.186.112.135 - - [06/Jan/2013:13:25:14 -0800] "GET /GetStationPlayList.php?s=0&c=9&uid=35044&sid=498&endFeed=0&version=4.0.12455&mode=iPhoneApp&locale=en_US HTTP/1.1" 200 6056 "-" "Tales2Go/3.2.0 CFNetwork/609 Darwin/13.0.0"
99.57.132.99 - - [06/Jan/2013:13:25:17 -0800] "GET /EditFavorites.php?uid=17395&flist=empty HTTP/1.1" 200 186 "-" "Tales2Go/3.2.0 CFNetwork/609 Darwin/13.0.0"
50.53.97.248 - - [06/Jan/2013:13:25:18 -0800] "GET /GetStationPlayList.php?s=9&c=9&uid=36863&sid=34&endFeed=0&version=4.0.12455&mode=iPhoneApp&locale=en_US HTTP/1.1" 200 7682 "-" "Tales2Go/3.2.0 CFNetwork/609 Darwin/13.0.0"
99.57.132.99 - - [06/Jan/2013:13:25:19 -0800] "GET /GetBookmarkList.php?uid=17395&version=4.0.12455&mode=iPhoneApp&locale=en_US HTTP/1.1" 200 9563 "-" "Tales2Go/3.2.0 CFNetwork/609 Darwin/13.0.0"
70.199.231.67 - - [06/Jan/2013:13:25:21 -0800] "GET /GetAd.php?sid=34&timeSinceLastAd=13&previousFeedId=908&nextFeedId=973&tlt=13&tlf=1&uid=36452&version=4.0.12455&mode=iPhoneApp&locale=en_US HTTP/1.1" 200 22 "-" "Tales2Go/3.2.0 CFNetwork/609 Darwin/13.0.0"
99.57.132.99 - - [06/Jan/2013:13:25:24 -0800] "GET /GetStationPlayList.php?s=0&c=9&uid=17395&sid=34&endFeed=0&version=4.0.12455&mode=iPhoneApp&locale=en_US HTTP/1.1" 200 8442 "-" "Tales2Go/3.2.0 CFNetwork/609 Darwin/13.0.0"
99.57.132.99 - - [06/Jan/2013:13:25:25 -0800] "GET /FeedDisplay.php?archived&mode=iPhoneApp&fid=908&episode_id=1236&nfid=973&uid=17395&version=3.2.0 HTTP/1.1" 200 9176 "-" "Mozilla/5.0 (iPhone; CPU iPhone OS 6_0_2 like Mac OS X) AppleWebKit/536.26 (KHTML, like Gecko) Mobile/10A551"
99.57.132.99 - - [06/Jan/2013:13:25:25 -0800] "GET /images/multipart_arrow_left_disabled.gif HTTP/1.1" 200 275 "http://t2g.stitcher.com/FeedDisplay.php?archived&mode=iPhoneApp&fid=908&episode_id=1236&nfid=973&uid=17395&version=3.2.0" "Mozilla/5.0 (iPhone; CPU iPhone OS 6_0_2 like Mac OS X) AppleWebKit/536.26 (KHTML, like Gecko) Mobile/10A551"
99.57.132.99 - - [06/Jan/2013:13:25:25 -0800] "GET /images/multipart_arrow_right.gif HTTP/1.1" 200 267 "http://t2g.stitcher.com/FeedDisplay.php?archived&mode=iPhoneApp&fid=908&episode_id=1236&nfid=973&uid=17395&version=3.2.0" "Mozilla/5.0 (iPhone; CPU iPhone OS 6_0_2 like Mac OS X) AppleWebKit/536.26 (KHTML, like Gecko) Mobile/10A551"
