66.87.101.120 - - [06/Jan/2013:10:39:44 -0800] "GET /GetAd.php?sid=35&timeSinceLastAd=419&previousFeedId=728&nextFeedId=1106&newStation&tlt=419&tlf=0&uid=37822&version=4.0.12455&mode=iPhoneApp&locale=en_US HTTP/1.1" 200 22 "-" "Tales2Go/3.2.0 CFNetwork/609 Darwin/13.0.0"
66.87.101.120 - - [06/Jan/2013:10:39:44 -0800] "GET /PostUsage.php?uid=37822&sid=35&fid=728&eid=1029&completed=25825&timezone=+0000&tlt=419&version=4.0.12455&mode=iPhoneApp&locale=en_US HTTP/1.1" 200 - "-" "Tales2Go/3.2.0 CFNetwork/609 Darwin/13.0.0"
66.87.101.120 - - [06/Jan/2013:10:39:45 -0800] "GET /FeedDisplay.php?archived&mode=iPhoneApp&fid=1106&episode_id=1565&nfid=752&uid=37822&version=3.2.0 HTTP/1.1" 200 8730 "-" "Mozilla/5.0 (iPhone; CPU iPhone OS 6_0_1 like Mac OS X) AppleWebKit/536.26 (KHTML, like Gecko) Mobile/10A523"
71.173.87.134 - - [06/Jan/2013:10:39:53 -0800] "GET /PostUsage.php?uid=27665&sid=5&fid=1528&eid=2934&completed=2785000&timezone=+0000&tlt=793&version=4.0.12455&mode=iPhoneApp&locale=en_US HTTP/1.1" 200 - "-" "Tales2Go/3.2.0 CFNetwork/609 Darwin/13.0.0"
66.87.101.120 - - [06/Jan/2013:10:39:53 -0800] "GET /GetAd.php?sid=35&timeSinceLastAd=426&previousFeedId=1106&nextFeedId=752&tlt=426&tlf=1&uid=37822&version=4.0.12455&mode=iPhoneApp&locale=en_US HTTP/1.1" 200 22 "-" "Tales2Go/3.2.0 CFNetwork/609 Darwin/13.0.0"
71.173.87.134 - - [06/Jan/2013:10:39:53 -0800] "GET /FeedDisplay.php?archived&mode=iPhoneApp&fid=1528&episode_id=2935&nfid=2836&uid=27665&version=3.2.0 HTTP/1.1" 200 9149 "-" "Mozilla/5.0 (iPhone; CPU iPhone OS 6_0_1 like Mac OS X) AppleWebKit/536.26 (KHTML, like Gecko) Mobile/10A523"
71.173.87.134 - - [06/Jan/2013:10:39:54 -0800] "GET /PostUsage.php?uid=27665&sid=5&fid=1528&eid=2935&completed=0&timezone=+0000&tlt=3335&version=4.0.12455&mode=iPhoneApp&locale=en_US HTTP/1.1" 200 - "-" "Tales2Go/3.2.0 CFNetwork/609 Darwin/13.0.0"
71.173.87.134 - - [06/Jan/2013:10:39:56 -0800] "GET /PostUsage.php?uid=27665&sid=5&fid=1528&eid=2935&completed=0&timezone=+0000&tlt=3335&version=4.0.12455&mode=iPhoneApp&locale=en_US HTTP/1.1" 200 - "-" "Tales2Go/3.2.0 CFNetwork/609 Darwin/13.0.0"
71.173.87.134 - - [06/Jan/2013:10:39:56 -0800] "GET /FeedDisplay.php?archived&mode=iPhoneApp&fid=1528&episode_id=2935&nfid=2836&uid=27665&version=3.2.0 HTTP/1.1" 200 9149 "-" "Mozilla/5.0 (iPhone; CPU iPhone OS 6_0_1 like Mac OS X) AppleWebKit/536.26 (KHTML, like Gecko) Mobile/10A523"
71.173.87.134 - - [06/Jan/2013:10:39:57 -0800] "GET /images/multipart_arrow_left.gif HTTP/1.1" 200 273 "http://t2g.stitcher.com/FeedDisplay.php?archived&mode=iPhoneApp&fid=1528&episode_id=2935&nfid=2836&uid=27665&version=3.2.0" "Mozilla/5.0 (iPhone; CPU iPhone OS 6_0_1 like Mac OS X) AppleWebKit/536.26 (KHTML, like Gecko) Mobile/10A523"
71.173.87.134 - - [06/Jan/2013:10:39:57 -0800] "GET /images/multipart_arrow_right_disabled.gif HTTP/1.1" 200 278 "http://t2g.stitcher.com/FeedDisplay.php?archived&mode=iPhoneApp&fid=1528&episode_id=2935&nfid=2836&uid=27665&version=3.2.0" "Mozilla/5.0 (iPhone; CPU iPhone OS 6_0_1 like Mac OS X) AppleWebKit/536.26 (KHTML, like Gecko) Mobile/10A523"
174.227.6.55 - - [06/Jan/2013:10:40:11 -0800] "GET /StartupChecks.php?startup&version=4.0.12455&mode=iPhoneApp&locale=en_US HTTP/1.1" 200 246 "-" "Tales2Go/3.2.0 CFNetwork/609 Darwin/13.0.0"
174.227.6.55 - - [06/Jan/2013:10:40:11 -0800] "GET /TransitionUDIDToMACAddr.php?udid=7a8e2d434cab4d2fcad470c6a3844c65254dbb12&mac=8C:58:77:39:2D:2F&version=4.0.12455&mode=iPhoneApp&locale=en_US HTTP/1.1" 200 121 "-" "Tales2Go/3.2.0 CFNetwork/609 Darwin/13.0.0"
174.227.6.55 - - [06/Jan/2013:10:40:12 -0800] "GET /LoadUserFromUDID.php?markStartup&udid=8C:58:77:39:2D:2F&version=4.0.12455&mode=iPhoneApp&locale=en_US HTTP/1.1" 200 58 "-" "Tales2Go/3.2.0 CFNetwork/609 Darwin/13.0.0"
174.227.6.55 - - [06/Jan/2013:10:40:12 -0800] "GET /CreateUser.php?markStartup&mode=iPhoneApp&udid=8C:58:77:39:2D:2F&version=4.0.12455&mode=iPhoneApp&locale=en_US HTTP/1.1" 200 228 "-" "Tales2Go/3.2.0 CFNetwork/609 Darwin/13.0.0"
174.227.6.55 - - [06/Jan/2013:10:40:13 -0800] "GET /SubmitSettings.php?currentId=37865&email=8C:58:77:39:2D:2F@t2g.t2g&epx=-OA----6A1_J4TA9N7&phone=&optin=0&explicit=1&alertOption=0&alertType=0&alertTimestamp=0.000000&udid=8C:58:77:39:2D:2F&version=4.0.12455&mode=iPhoneApp&locale=en_US HTTP/1.1" 200 238 "-" "Tales2Go/3.2.0 CFNetwork/609 Darwin/13.0.0"
174.227.6.55 - - [06/Jan/2013:10:40:14 -0800] "GET /GetContentStationList.php?uid=37865&version=4.0.12455&mode=iPhoneApp&locale=en_US HTTP/1.1" 200 6486 "-" "Tales2Go/3.2.0 CFNetwork/609 Darwin/13.0.0"
174.227.6.55 - - [06/Jan/2013:10:40:14 -0800] "GET /LoadUserFromID.php?markStartup&id=37865&udid=8C:58:77:39:2D:2F&version=4.0.12455&mode=iPhoneApp&locale=en_US HTTP/1.1" 200 263 "-" "Tales2Go/3.2.0 CFNetwork/609 Darwin/13.0.0"
174.227.6.55 - - [06/Jan/2013:10:40:15 -0800] "GET /GetContentStationList.php?uid=37865&version=4.0.12455&mode=iPhoneApp&locale=en_US HTTP/1.1" 200 6486 "-" "Tales2Go/3.2.0 CFNetwork/609 Darwin/13.0.0"
174.227.6.55 - - [06/Jan/2013:10:40:14 -0800] "GET /GetStationListFC.php?uid=37865&version=4.0.12455&mode=iPhoneApp&locale=en_US HTTP/1.1" 200 16492 "-" "Tales2Go/3.2.0 CFNetwork/609 Darwin/13.0.0"
76.169.213.66 - - [06/Jan/2013:10:40:16 -0800] "GET /GetAd.php?sid=122&timeSinceLastAd=11820&previousFeedId=0&nextFeedId=1285&newStation&tlt=11820&tlf=0&uid=36934&version=4.0.12455&mode=iPhoneApp&locale=en_US HTTP/1.1" 200 22 "-" "Tales2Go/3.2.0 CFNetwork/609 Darwin/13.0.0"
76.169.213.66 - - [06/Jan/2013:10:40:16 -0800] "GET /FeedDisplay.php?archived&mode=iPhoneApp&fid=1285&episode_id=2257&nfid=0&uid=36934&version=3.2.0 HTTP/1.1" 200 9176 "-" "Mozilla/5.0 (iPhone; CPU iPhone OS 6_0_2 like Mac OS X) AppleWebKit/536.26 (KHTML, like Gecko) Mobile/10A550"
174.227.6.55 - - [06/Jan/2013:10:40:18 -0800] "GET /GetStationListFC.php?uid=37865&version=4.0.12455&mode=iPhoneApp&locale=en_US HTTP/1.1" 200 16492 "-" "Tales2Go/3.2.0 CFNetwork/609 Darwin/13.0.0"
76.169.213.66 - - [06/Jan/2013:10:40:23 -0800] "GET /GetAd.php?sid=122&timeSinceLastAd=14262&previousFeedId=1285&nextFeedId=0&tlt=14262&tlf=1&uid=36934&version=4.0.12455&mode=iPhoneApp&locale=en_US HTTP/1.1" 200 22 "-" "Tales2Go/3.2.0 CFNetwork/609 Darwin/13.0.0"
96.231.210.209 - - [06/Jan/2013:10:40:25 -0800] "GET /GetUserInfo.php?uid=33929&udid=70:DE:E2:44:88:D7&version=4.0.12455&mode=iPhoneApp&locale=en_US HTTP/1.1" 200 194 "-" "Tales2Go/3.2.0 CFNetwork/609 Darwin/13.0.0"
96.231.210.209 - - [06/Jan/2013:10:40:25 -0800] "GET /GetContentStationList.php?uid=33929&version=4.0.12455&mode=iPhoneApp&locale=en_US HTTP/1.1" 200 6486 "-" "Tales2Go/3.2.0 CFNetwork/609 Darwin/13.0.0"
96.231.210.209 - - [06/Jan/2013:10:40:25 -0800] "GET /GetStationListFC.php?uid=33929&version=4.0.12455&mode=iPhoneApp&locale=en_US HTTP/1.1" 200 16492 "-" "Tales2Go/3.2.0 CFNetwork/609 Darwin/13.0.0"
174.227.6.55 - - [06/Jan/2013:10:40:29 -0800] "GET /GetStationPlayList.php?s=0&c=9&uid=37865&sid=199&endFeed=0&version=4.0.12455&mode=iPhoneApp&locale=en_US HTTP/1.1" 200 8499 "-" "Tales2Go/3.2.0 CFNetwork/609 Darwin/13.0.0"
96.231.210.209 - - [06/Jan/2013:10:40:31 -0800] "GET /GetStationPlayList.php?s=0&c=9&uid=33929&sid=35&endFeed=0&version=4.0.12455&mode=iPhoneApp&locale=en_US HTTP/1.1" 200 10497 "-" "Tales2Go/3.2.0 CFNetwork/609 Darwin/13.0.0"
96.231.210.209 - - [06/Jan/2013:10:40:38 -0800] "GET /GetRecentFeedList.php?uid=33929&version=4.0.12455&mode=iPhoneApp&locale=en_US HTTP/1.1" 200 2244 "-" "Tales2Go/3.2.0 CFNetwork/609 Darwin/13.0.0"
96.231.210.209 - - [06/Jan/2013:10:40:38 -0800] "GET /FeedDisplay.php?archived&mode=iPhoneApp&fid=926&episode_id=1227&nfid=1420&uid=33929&version=3.2.0 HTTP/1.1" 200 9085 "-" "Mozilla/5.0 (iPhone; CPU iPhone OS 6_0_1 like Mac OS X) AppleWebKit/536.26 (KHTML, like Gecko) Mobile/10A523"
174.227.6.55 - - [06/Jan/2013:10:40:41 -0800] "GET /FeedDisplay.php?archived&mode=iPhoneApp&fid=1888&episode_id=3352&nfid=916&uid=37865&version=3.2.0 HTTP/1.1" 200 8683 "-" "Mozilla/5.0 (iPhone; CPU iPhone OS 6_0_1 like Mac OS X) AppleWebKit/536.26 (KHTML, like Gecko) Mobile/10A523"
174.227.6.55 - - [06/Jan/2013:10:40:42 -0800] "GET /images/t2g_ratings_color_active.png HTTP/1.1" 200 985 "http://t2g.stitcher.com/FeedDisplay.php?archived&mode=iPhoneApp&fid=1888&episode_id=3352&nfid=916&uid=37865&version=3.2.0" "Mozilla/5.0 (iPhone; CPU iPhone OS 6_0_1 like Mac OS X) AppleWebKit/536.26 (KHTML, like Gecko) Mobile/10A523"
174.227.6.55 - - [06/Jan/2013:10:40:42 -0800] "GET /images/t2g_ratings_gray_active.png HTTP/1.1" 200 1196 "http://t2g.stitcher.com/FeedDisplay.php?archived&mode=iPhoneApp&fid=1888&episode_id=3352&nfid=916&uid=37865&version=3.2.0" "Mozilla/5.0 (iPhone; CPU iPhone OS 6_0_1 like Mac OS X) AppleWebKit/536.26 (KHTML, like Gecko) Mobile/10A523"
174.227.6.55 - - [06/Jan/2013:10:40:42 -0800] "GET /images/t2g_ratings_gray.png HTTP/1.1" 200 1215 "http://t2g.stitcher.com/FeedDisplay.php?archived&mode=iPhoneApp&fid=1888&episode_id=3352&nfid=916&uid=37865&version=3.2.0" "Mozilla/5.0 (iPhone; CPU iPhone OS 6_0_1 like Mac OS X) AppleWebKit/536.26 (KHTML, like Gecko) Mobile/10A523"
174.227.6.55 - - [06/Jan/2013:10:40:42 -0800] "GET /images/t2g_ratings_color.png HTTP/1.1" 200 997 "http://t2g.stitcher.com/FeedDisplay.php?archived&mode=iPhoneApp&fid=1888&episode_id=3352&nfid=916&uid=37865&version=3.2.0" "Mozilla/5.0 (iPhone; CPU iPhone OS 6_0_1 like Mac OS X) AppleWebKit/536.26 (KHTML, like Gecko) Mobile/10A523"
174.227.6.55 - - [06/Jan/2013:10:40:42 -0800] "GET /images/ajax-loader.gif HTTP/1.1" 200 1849 "http://t2g.stitcher.com/FeedDisplay.php?archived&mode=iPhoneApp&fid=1888&episode_id=3352&nfid=916&uid=37865&version=3.2.0" "Mozilla/5.0 (iPhone; CPU iPhone OS 6_0_1 like Mac OS X) AppleWebKit/536.26 (KHTML, like Gecko) Mobile/10A523"
96.231.210.209 - - [06/Jan/2013:10:40:44 -0800] "GET /GetAd.php?sid=35&timeSinceLastAd=5&previousFeedId=926&nextFeedId=1420&tlt=5&tlf=1&uid=33929&version=4.0.12455&mode=iPhoneApp&locale=en_US HTTP/1.1" 200 22 "-" "Tales2Go/3.2.0 CFNetwork/609 Darwin/13.0.0"
174.227.6.55 - - [06/Jan/2013:10:40:57 -0800] "GET /GetAd.php?sid=199&timeSinceLastAd=14&previousFeedId=1888&nextFeedId=916&tlt=14&tlf=1&uid=37865&version=4.0.12455&mode=iPhoneApp&locale=en_US HTTP/1.1" 200 22 "-" "Tales2Go/3.2.0 CFNetwork/609 Darwin/13.0.0"
96.231.210.209 - - [06/Jan/2013:10:40:57 -0800] "GET /GetStationPlayList.php?s=9&c=9&uid=33929&sid=35&endFeed=0&version=4.0.12455&mode=iPhoneApp&locale=en_US HTTP/1.1" 200 7657 "-" "Tales2Go/3.2.0 CFNetwork/609 Darwin/13.0.0"
72.130.37.211 - - [06/Jan/2013:10:41:03 -0800] "GET /StartupChecks.php?startup&uid=36267&version=4.0.12455&mode=iPhoneApp&locale=en_US HTTP/1.1" 200 289 "-" "Tales2Go/3.2.0 CFNetwork/548.1.4 Darwin/11.0.0"
72.130.37.211 - - [06/Jan/2013:10:41:03 -0800] "GET /LoadUserFromID.php?markStartup&id=36267&udid=8C:58:77:F2:EB:B3&version=4.0.12455&mode=iPhoneApp&locale=en_US HTTP/1.1" 200 263 "-" "Tales2Go/3.2.0 CFNetwork/548.1.4 Darwin/11.0.0"
72.130.37.211 - - [06/Jan/2013:10:41:04 -0800] "GET /GetContentStationList.php?uid=36267&version=4.0.12455&mode=iPhoneApp&locale=en_US HTTP/1.1" 200 6486 "-" "Tales2Go/3.2.0 CFNetwork/548.1.4 Darwin/11.0.0"
72.130.37.211 - - [06/Jan/2013:10:41:04 -0800] "GET /GetStationListFC.php?uid=36267&version=4.0.12455&mode=iPhoneApp&locale=en_US HTTP/1.1" 200 16492 "-" "Tales2Go/3.2.0 CFNetwork/548.1.4 Darwin/11.0.0"
62.194.73.248 - - [06/Jan/2013:10:41:12 -0800] "GET /StartupChecks.php?startup&uid=34205&version=4.0.12455&mode=iPhoneApp&locale=en_US HTTP/1.1" 200 289 "-" "Tales2Go/3.2.0 CFNetwork/548.1.4 Darwin/11.0.0"
62.194.73.248 - - [06/Jan/2013:10:41:12 -0800] "GET /LoadUserFromID.php?markStartup&id=34205&udid=C8:BC:C8:5D:4E:3C&version=4.0.12455&mode=iPhoneApp&locale=en_US HTTP/1.1" 200 263 "-" "Tales2Go/3.2.0 CFNetwork/548.1.4 Darwin/11.0.0"
62.194.73.248 - - [06/Jan/2013:10:41:14 -0800] "GET /GetContentStationList.php?uid=34205&version=4.0.12455&mode=iPhoneApp&locale=en_US HTTP/1.1" 200 6486 "-" "Tales2Go/3.2.0 CFNetwork/548.1.4 Darwin/11.0.0"
62.194.73.248 - - [06/Jan/2013:10:41:14 -0800] "GET /GetStationListFC.php?uid=34205&version=4.0.12455&mode=iPhoneApp&locale=en_US HTTP/1.1" 200 256 "-" "Tales2Go/3.2.0 CFNetwork/548.1.4 Darwin/11.0.0"
72.130.37.211 - - [06/Jan/2013:10:41:11 -0800] "GET /GetStationPlayList.php?s=0&c=9&uid=36267&sid=22&endFeed=0&version=4.0.12455&mode=iPhoneApp&locale=en_US HTTP/1.1" 200 8469 "-" "Tales2Go/3.2.0 CFNetwork/548.1.4 Darwin/11.0.0"
72.191.106.182 - - [06/Jan/2013:10:41:22 -0800] "GET /PostUsage.php?uid=37864&sid=196&fid=925&eid=1225&completed=82471&timezone=+0000&tlt=0&version=4.0.12455&mode=iPhoneApp&locale=en_US HTTP/1.1" 200 - "-" "Tales2Go/3.2.0 CFNetwork/609 Darwin/13.0.0"
72.191.106.182 - - [06/Jan/2013:10:41:23 -0800] "GET /PostUsage.php?uid=37864&sid=196&fid=925&eid=1226&completed=0&timezone=+0000&tlt=0&version=4.0.12455&mode=iPhoneApp&locale=en_US HTTP/1.1" 200 - "-" "Tales2Go/3.2.0 CFNetwork/609 Darwin/13.0.0"
96.231.210.209 - - [06/Jan/2013:10:41:22 -0800] "GET /GetStationPlayList.php?s=0&c=9&uid=33929&sid=6&endFeed=0&version=4.0.12455&mode=iPhoneApp&locale=en_US HTTP/1.1" 200 7463 "-" "Tales2Go/3.2.0 CFNetwork/609 Darwin/13.0.0"
96.231.210.209 - - [06/Jan/2013:10:41:23 -0800] "GET /GetAd.php?sid=6&timeSinceLastAd=44&previousFeedId=926&nextFeedId=2294&newStation&tlt=44&tlf=0&uid=33929&version=4.0.12455&mode=iPhoneApp&locale=en_US HTTP/1.1" 200 22 "-" "Tales2Go/3.2.0 CFNetwork/609 Darwin/13.0.0"
72.191.106.182 - - [06/Jan/2013:10:41:23 -0800] "GET /FeedDisplay.php?archived&mode=iPhoneApp&fid=925&episode_id=1226&nfid=164&uid=37864&version=3.2.0 HTTP/1.1" 200 9150 "-" "Mozilla/5.0 (iPod; CPU iPhone OS 6_0_1 like Mac OS X) AppleWebKit/536.26 (KHTML, like Gecko) Mobile/10A523"
72.130.37.211 - - [06/Jan/2013:10:41:23 -0800] "GET /FeedDisplay.php?archived&mode=iPhoneApp&fid=2918&episode_id=5686&nfid=2154&uid=36267&version=3.2.0 HTTP/1.1" 200 8845 "-" "Mozilla/5.0 (iPhone; CPU iPhone OS 5_1_1 like Mac OS X) AppleWebKit/534.46 (KHTML, like Gecko) Mobile/9B206"
72.191.106.182 - - [06/Jan/2013:10:41:24 -0800] "GET /FeedDisplay.php?archived&mode=iPhoneApp&fid=925&episode_id=1226&nfid=164&uid=37864&version=3.2.0 HTTP/1.1" 200 9150 "-" "Mozilla/5.0 (iPod; CPU iPhone OS 6_0_1 like Mac OS X) AppleWebKit/536.26 (KHTML, like Gecko) Mobile/10A523"
96.231.210.209 - - [06/Jan/2013:10:41:24 -0800] "GET /PostUsage.php?uid=33929&sid=35&fid=926&eid=1227&completed=44981&timezone=+0000&tlt=44&version=4.0.12455&mode=iPhoneApp&locale=en_US HTTP/1.1" 200 - "-" "Tales2Go/3.2.0 CFNetwork/609 Darwin/13.0.0"
96.231.210.209 - - [06/Jan/2013:10:41:24 -0800] "GET /FeedDisplay.php?archived&mode=iPhoneApp&fid=2294&episode_id=5230&nfid=1821&uid=33929&version=3.2.0 HTTP/1.1" 200 8523 "-" "Mozilla/5.0 (iPhone; CPU iPhone OS 6_0_1 like Mac OS X) AppleWebKit/536.26 (KHTML, like Gecko) Mobile/10A523"
72.191.106.182 - - [06/Jan/2013:10:41:25 -0800] "GET /images/multipart_arrow_left.gif HTTP/1.1" 200 273 "http://t2g.stitcher.com/FeedDisplay.php?archived&mode=iPhoneApp&fid=925&episode_id=1226&nfid=164&uid=37864&version=3.2.0" "Mozilla/5.0 (iPod; CPU iPhone OS 6_0_1 like Mac OS X) AppleWebKit/536.26 (KHTML, like Gecko) Mobile/10A523"
72.191.106.182 - - [06/Jan/2013:10:41:25 -0800] "GET /images/multipart_arrow_right_disabled.gif HTTP/1.1" 200 278 "http://t2g.stitcher.com/FeedDisplay.php?archived&mode=iPhoneApp&fid=925&episode_id=1226&nfid=164&uid=37864&version=3.2.0" "Mozilla/5.0 (iPod; CPU iPhone OS 6_0_1 like Mac OS X) AppleWebKit/536.26 (KHTML, like Gecko) Mobile/10A523"
96.231.210.209 - - [06/Jan/2013:10:41:30 -0800] "GET /GetAd.php?sid=6&timeSinceLastAd=49&previousFeedId=2294&nextFeedId=1821&tlt=49&tlf=1&uid=33929&version=4.0.12455&mode=iPhoneApp&locale=en_US HTTP/1.1" 200 22 "-" "Tales2Go/3.2.0 CFNetwork/609 Darwin/13.0.0"
72.191.106.182 - - [06/Jan/2013:10:41:33 -0800] "GET /PostUsage.php?uid=37864&sid=196&fid=925&eid=1226&completed=9387&timezone=+0000&tlt=0&version=4.0.12455&mode=iPhoneApp&locale=en_US HTTP/1.1" 200 - "-" "Tales2Go/3.2.0 CFNetwork/609 Darwin/13.0.0"
72.191.106.182 - - [06/Jan/2013:10:41:34 -0800] "GET /PostUsage.php?uid=37864&sid=196&fid=925&eid=1225&completed=0&timezone=+0000&tlt=0&version=4.0.12455&mode=iPhoneApp&locale=en_US HTTP/1.1" 200 - "-" "Tales2Go/3.2.0 CFNetwork/609 Darwin/13.0.0"
72.191.106.182 - - [06/Jan/2013:10:41:34 -0800] "GET /FeedDisplay.php?archived&mode=iPhoneApp&fid=925&episode_id=1225&nfid=164&uid=37864&version=3.2.0 HTTP/1.1" 200 9150 "-" "Mozilla/5.0 (iPod; CPU iPhone OS 6_0_1 like Mac OS X) AppleWebKit/536.26 (KHTML, like Gecko) Mobile/10A523"
72.191.106.182 - - [06/Jan/2013:10:41:34 -0800] "GET /FeedDisplay.php?archived&mode=iPhoneApp&fid=925&episode_id=1225&nfid=164&uid=37864&version=3.2.0 HTTP/1.1" 200 9150 "-" "Mozilla/5.0 (iPod; CPU iPhone OS 6_0_1 like Mac OS X) AppleWebKit/536.26 (KHTML, like Gecko) Mobile/10A523"
96.231.210.209 - - [06/Jan/2013:10:41:38 -0800] "GET /GetAd.php?sid=6&timeSinceLastAd=57&previousFeedId=2294&nextFeedId=2294&newStation&tlt=57&tlf=0&uid=33929&version=4.0.12455&mode=iPhoneApp&locale=en_US HTTP/1.1" 200 22 "-" "Tales2Go/3.2.0 CFNetwork/609 Darwin/13.0.0"
72.130.37.211 - - [06/Jan/2013:10:41:38 -0800] "GET /GetAd.php?sid=22&timeSinceLastAd=6&previousFeedId=2918&nextFeedId=717&newStation&tlt=6&tlf=0&uid=36267&version=4.0.12455&mode=iPhoneApp&locale=en_US HTTP/1.1" 200 22 "-" "Tales2Go/3.2.0 CFNetwork/548.1.4 Darwin/11.0.0"
72.130.37.211 - - [06/Jan/2013:10:41:39 -0800] "GET /PostUsage.php?uid=36267&sid=22&fid=2918&eid=5686&completed=13894&timezone=+0000&tlt=6&version=4.0.12455&mode=iPhoneApp&locale=en_US HTTP/1.1" 200 - "-" "Tales2Go/3.2.0 CFNetwork/548.1.4 Darwin/11.0.0"
72.130.37.211 - - [06/Jan/2013:10:41:40 -0800] "GET /FeedDisplay.php?archived&mode=iPhoneApp&fid=717&episode_id=1009&nfid=2885&uid=36267&version=3.2.0 HTTP/1.1" 200 9032 "-" "Mozilla/5.0 (iPhone; CPU iPhone OS 5_1_1 like Mac OS X) AppleWebKit/534.46 (KHTML, like Gecko) Mobile/9B206"
96.231.210.209 - - [06/Jan/2013:10:41:42 -0800] "GET /GetStationPlayList.php?s=0&c=9&uid=33929&sid=14&endFeed=0&version=4.0.12455&mode=iPhoneApp&locale=en_US HTTP/1.1" 200 7989 "-" "Tales2Go/3.2.0 CFNetwork/609 Darwin/13.0.0"
96.231.210.209 - - [06/Jan/2013:10:41:45 -0800] "GET /GetAd.php?sid=14&timeSinceLastAd=77&previousFeedId=2294&nextFeedId=1070&newStation&tlt=77&tlf=0&uid=33929&version=4.0.12455&mode=iPhoneApp&locale=en_US HTTP/1.1" 200 22 "-" "Tales2Go/3.2.0 CFNetwork/609 Darwin/13.0.0"
96.231.210.209 - - [06/Jan/2013:10:41:45 -0800] "GET /PostUsage.php?uid=33929&sid=6&fid=2294&eid=5230&completed=20852&timezone=+0000&tlt=77&version=4.0.12455&mode=iPhoneApp&locale=en_US HTTP/1.1" 200 - "-" "Tales2Go/3.2.0 CFNetwork/609 Darwin/13.0.0"
96.231.210.209 - - [06/Jan/2013:10:41:45 -0800] "GET /FeedDisplay.php?archived&mode=iPhoneApp&fid=1070&episode_id=1500&nfid=1266&uid=33929&version=3.2.0 HTTP/1.1" 200 8571 "-" "Mozilla/5.0 (iPhone; CPU iPhone OS 6_0_1 like Mac OS X) AppleWebKit/536.26 (KHTML, like Gecko) Mobile/10A523"
96.231.210.209 - - [06/Jan/2013:10:41:46 -0800] "GET /GetAd.php?sid=14&timeSinceLastAd=77&previousFeedId=1070&nextFeedId=1266&tlt=77&tlf=1&uid=33929&version=4.0.12455&mode=iPhoneApp&locale=en_US HTTP/1.1" 200 22 "-" "Tales2Go/3.2.0 CFNetwork/609 Darwin/13.0.0"
72.191.106.182 - - [06/Jan/2013:10:41:55 -0800] "GET /GetAd.php?sid=196&timeSinceLastAd=47&previousFeedId=925&nextFeedId=164&tlt=47&tlf=1&uid=37864&version=4.0.12455&mode=iPhoneApp&locale=en_US HTTP/1.1" 200 22 "-" "Tales2Go/3.2.0 CFNetwork/609 Darwin/13.0.0"
108.250.13.78 - - [06/Jan/2013:10:41:59 -0800] "GET /StartupChecks.php?startup&uid=37833&version=4.0.12455&mode=iPhoneApp&locale=en_US HTTP/1.1" 200 289 "-" "Tales2Go%20-%20Old%20Version/2.2.12455 CFNetwork/609 Darwin/13.0.0"
108.250.13.78 - - [06/Jan/2013:10:41:59 -0800] "GET /LoadUserFromID.php?markStartup&id=37833&udid=27041777e529b31a02f6cc1f161789dd30473ee1&version=4.0.12455&mode=iPhoneApp&locale=en_US HTTP/1.1" 200 256 "-" "Tales2Go%20-%20Old%20Version/2.2.12455 CFNetwork/609 Darwin/13.0.0"
108.250.13.78 - - [06/Jan/2013:10:42:03 -0800] "GET /GetStationPlayList.php?s=0&c=9&uid=37833&sid=3&endFeed=0&version=4.0.12455&mode=iPhoneApp&locale=en_US HTTP/1.1" 200 6387 "-" "Tales2Go%20-%20Old%20Version/2.2.12455 CFNetwork/609 Darwin/13.0.0"
96.231.210.209 - - [06/Jan/2013:10:42:07 -0800] "GET /GetAd.php?sid=6&timeSinceLastAd=98&previousFeedId=1070&nextFeedId=2294&newStation&tlt=98&tlf=0&uid=33929&version=4.0.12455&mode=iPhoneApp&locale=en_US HTTP/1.1" 200 22 "-" "Tales2Go/3.2.0 CFNetwork/609 Darwin/13.0.0"
96.231.210.209 - - [06/Jan/2013:10:42:07 -0800] "GET /PostUsage.php?uid=33929&sid=14&fid=1070&eid=1500&completed=21762&timezone=+0000&tlt=98&version=4.0.12455&mode=iPhoneApp&locale=en_US HTTP/1.1" 200 - "-" "Tales2Go/3.2.0 CFNetwork/609 Darwin/13.0.0"
96.231.210.209 - - [06/Jan/2013:10:42:08 -0800] "GET /FeedDisplay.php?archived&mode=iPhoneApp&fid=2294&episode_id=5230&nfid=1821&uid=33929&version=3.2.0 HTTP/1.1" 200 8523 "-" "Mozilla/5.0 (iPhone; CPU iPhone OS 6_0_1 like Mac OS X) AppleWebKit/536.26 (KHTML, like Gecko) Mobile/10A523"
108.250.13.78 - - [06/Jan/2013:10:42:10 -0800] "GET /FeedDisplay.php?archived&mode=iPhoneApp&fid=1122&episode_id=1595&nfid=1628&uid=37833&version=2.2.12455 HTTP/1.1" 200 8557 "-" "Mozilla/5.0 (iPhone; CPU iPhone OS 6_0_1 like Mac OS X) AppleWebKit/536.26 (KHTML, like Gecko) Mobile/10A523"
108.250.13.78 - - [06/Jan/2013:10:42:11 -0800] "GET /images/t2g_ratings_gray.png HTTP/1.1" 200 1215 "http://t2g.stitcher.com/FeedDisplay.php?archived&mode=iPhoneApp&fid=1122&episode_id=1595&nfid=1628&uid=37833&version=2.2.12455" "Mozilla/5.0 (iPhone; CPU iPhone OS 6_0_1 like Mac OS X) AppleWebKit/536.26 (KHTML, like Gecko) Mobile/10A523"
108.250.13.78 - - [06/Jan/2013:10:42:13 -0800] "GET /GetAd.php?sid=3&timeSinceLastAd=1&previousFeedId=1122&nextFeedId=1628&tlt=1&tlf=1&uid=37833&version=4.0.12455&mode=iPhoneApp&locale=en_US HTTP/1.1" 200 22 "-" "Tales2Go%20-%20Old%20Version/2.2.12455 CFNetwork/609 Darwin/13.0.0"
96.231.210.209 - - [06/Jan/2013:10:42:14 -0800] "GET /GetAd.php?sid=6&timeSinceLastAd=103&previousFeedId=2294&nextFeedId=1821&tlt=103&tlf=1&uid=33929&version=4.0.12455&mode=iPhoneApp&locale=en_US HTTP/1.1" 200 22 "-" "Tales2Go/3.2.0 CFNetwork/609 Darwin/13.0.0"
96.231.210.209 - - [06/Jan/2013:10:42:15 -0800] "GET /GetStationPlayList.php?s=0&c=9&uid=33929&sid=285&endFeed=0&version=4.0.12455&mode=iPhoneApp&locale=en_US HTTP/1.1" 200 10028 "-" "Tales2Go/3.2.0 CFNetwork/609 Darwin/13.0.0"
96.231.210.209 - - [06/Jan/2013:10:42:16 -0800] "GET /GetAd.php?sid=285&timeSinceLastAd=106&previousFeedId=2294&nextFeedId=2835&newStation&tlt=106&tlf=0&uid=33929&version=4.0.12455&mode=iPhoneApp&locale=en_US HTTP/1.1" 200 22 "-" "Tales2Go/3.2.0 CFNetwork/609 Darwin/13.0.0"
96.231.210.209 - - [06/Jan/2013:10:42:16 -0800] "GET /PostUsage.php?uid=33929&sid=6&fid=2294&eid=5230&completed=8488&timezone=+0000&tlt=106&version=4.0.12455&mode=iPhoneApp&locale=en_US HTTP/1.1" 200 - "-" "Tales2Go/3.2.0 CFNetwork/609 Darwin/13.0.0"
96.231.210.209 - - [06/Jan/2013:10:42:16 -0800] "GET /FeedDisplay.php?archived&mode=iPhoneApp&fid=2835&episode_id=5389&nfid=2316&uid=33929&version=3.2.0 HTTP/1.1" 200 9211 "-" "Mozilla/5.0 (iPhone; CPU iPhone OS 6_0_1 like Mac OS X) AppleWebKit/536.26 (KHTML, like Gecko) Mobile/10A523"
62.194.73.248 - - [06/Jan/2013:10:42:20 -0800] "GET /GetStationPlayList.php?s=0&c=9&uid=34205&sid=498&endFeed=0&version=4.0.12455&mode=iPhoneApp&locale=en_US HTTP/1.1" 200 6075 "-" "Tales2Go/3.2.0 CFNetwork/548.1.4 Darwin/11.0.0"
96.231.210.209 - - [06/Jan/2013:10:42:23 -0800] "GET /GetAd.php?sid=285&timeSinceLastAd=111&previousFeedId=2835&nextFeedId=2316&tlt=111&tlf=1&uid=33929&version=4.0.12455&mode=iPhoneApp&locale=en_US HTTP/1.1" 200 22 "-" "Tales2Go/3.2.0 CFNetwork/609 Darwin/13.0.0"
96.231.210.209 - - [06/Jan/2013:10:42:24 -0800] "GET /GetAd.php?sid=14&timeSinceLastAd=112&previousFeedId=2835&nextFeedId=1070&newStation&tlt=112&tlf=0&uid=33929&version=4.0.12455&mode=iPhoneApp&locale=en_US HTTP/1.1" 200 22 "-" "Tales2Go/3.2.0 CFNetwork/609 Darwin/13.0.0"
96.231.210.209 - - [06/Jan/2013:10:42:24 -0800] "GET /PostUsage.php?uid=33929&sid=285&fid=2835&eid=5389&completed=6830&timezone=+0000&tlt=112&version=4.0.12455&mode=iPhoneApp&locale=en_US HTTP/1.1" 200 - "-" "Tales2Go/3.2.0 CFNetwork/609 Darwin/13.0.0"
96.231.210.209 - - [06/Jan/2013:10:42:24 -0800] "GET /FeedDisplay.php?archived&mode=iPhoneApp&fid=1070&episode_id=1500&nfid=1266&uid=33929&version=3.2.0 HTTP/1.1" 200 8571 "-" "Mozilla/5.0 (iPhone; CPU iPhone OS 6_0_1 like Mac OS X) AppleWebKit/536.26 (KHTML, like Gecko) Mobile/10A523"
96.231.210.209 - - [06/Jan/2013:10:42:24 -0800] "GET /GetAd.php?sid=14&timeSinceLastAd=112&previousFeedId=1070&nextFeedId=1266&tlt=112&tlf=1&uid=33929&version=4.0.12455&mode=iPhoneApp&locale=en_US HTTP/1.1" 200 22 "-" "Tales2Go/3.2.0 CFNetwork/609 Darwin/13.0.0"
62.194.73.248 - - [06/Jan/2013:10:42:26 -0800] "GET /GetStationPlayList.php?s=9&c=9&uid=34205&sid=498&endFeed=0&version=4.0.12455&mode=iPhoneApp&locale=en_US HTTP/1.1" 200 2363 "-" "Tales2Go/3.2.0 CFNetwork/548.1.4 Darwin/11.0.0"
108.250.13.78 - - [06/Jan/2013:10:42:28 -0800] "GET /GetAd.php?sid=3&timeSinceLastAd=114&previousFeedId=1122&nextFeedId=1325&newStation&tlt=114&tlf=0&uid=37833&version=4.0.12455&mode=iPhoneApp&locale=en_US HTTP/1.1" 200 22 "-" "Tales2Go%20-%20Old%20Version/2.2.12455 CFNetwork/609 Darwin/13.0.0"
108.250.13.78 - - [06/Jan/2013:10:42:29 -0800] "GET /PostUsage.php?uid=37833&sid=3&fid=1122&eid=1595&completed=115291&timezone=+0000&tlt=114&version=4.0.12455&mode=iPhoneApp&locale=en_US HTTP/1.1" 200 - "-" "Tales2Go%20-%20Old%20Version/2.2.12455 CFNetwork/609 Darwin/13.0.0"
108.250.13.78 - - [06/Jan/2013:10:42:29 -0800] "GET /FeedDisplay.php?archived&mode=iPhoneApp&fid=1325&episode_id=2237&nfid=2753&uid=37833&version=2.2.12455 HTTP/1.1" 200 8624 "-" "Mozilla/5.0 (iPhone; CPU iPhone OS 6_0_1 like Mac OS X) AppleWebKit/536.26 (KHTML, like Gecko) Mobile/10A523"
108.250.13.78 - - [06/Jan/2013:10:42:31 -0800] "GET /GetAd.php?sid=3&timeSinceLastAd=115&previousFeedId=1325&nextFeedId=2753&tlt=115&tlf=1&uid=37833&version=4.0.12455&mode=iPhoneApp&locale=en_US HTTP/1.1" 200 22 "-" "Tales2Go%20-%20Old%20Version/2.2.12455 CFNetwork/609 Darwin/13.0.0"
96.231.210.209 - - [06/Jan/2013:10:42:33 -0800] "GET /GetStationPlayList.php?uid=33929&sid=favorites&version=4.0.12455&mode=iPhoneApp&locale=en_US HTTP/1.1" 200 141 "-" "Tales2Go/3.2.0 CFNetwork/609 Darwin/13.0.0"
76.218.53.89 - - [06/Jan/2013:10:42:35 -0800] "GET /GetStationPlayList.php?s=36&c=9&uid=2508&sid=613&endFeed=0&version=4.0.12455&mode=iPhoneApp&locale=en_US HTTP/1.1" 200 5838 "-" "Tales2Go./2.1.12455 CFNetwork/459 Darwin/10.0.0d3"
108.250.13.78 - - [06/Jan/2013:10:42:39 -0800] "GET /GetStationPlayList.php?s=9&c=9&uid=37833&sid=3&endFeed=0&version=4.0.12455&mode=iPhoneApp&locale=en_US HTTP/1.1" 200 6154 "-" "Tales2Go%20-%20Old%20Version/2.2.12455 CFNetwork/609 Darwin/13.0.0"
76.218.53.89 - - [06/Jan/2013:10:42:40 -0800] "GET /GetAd.php?sid=613&timeSinceLastAd=37464&previousFeedId=2332&nextFeedId=2348&newStation&tlt=37464&tlf=0&uid=2508&version=4.0.12455&mode=iPhoneApp&locale=en_US HTTP/1.1" 200 22 "-" "Tales2Go./2.1.12455 CFNetwork/459 Darwin/10.0.0d3"
76.218.53.89 - - [06/Jan/2013:10:42:40 -0800] "GET /PostUsage.php?uid=2508&sid=613&fid=2332&eid=5241&completed=2000642&timezone=-0800&tlt=37464&version=4.0.12455&mode=iPhoneApp&locale=en_US HTTP/1.1" 200 - "-" "Tales2Go./2.1.12455 CFNetwork/459 Darwin/10.0.0d3"
76.218.53.89 - - [06/Jan/2013:10:42:41 -0800] "GET /FeedDisplay.php?archived&mode=iPhoneApp&fid=2348&episode_id=5250&nfid=2288&uid=2508&version=2.1.12455 HTTP/1.1" 200 8524 "-" "Mozilla/5.0 (iPhone; U; CPU iPhone OS 3_1_3 like Mac OS X; en-us) AppleWebKit/528.18 (KHTML, like Gecko) Mobile/7E18"
96.231.210.209 - - [06/Jan/2013:10:42:42 -0800] "GET /GetBookmarkList.php?uid=33929&version=4.0.12455&mode=iPhoneApp&locale=en_US HTTP/1.1" 200 13644 "-" "Tales2Go/3.2.0 CFNetwork/609 Darwin/13.0.0"
62.194.73.248 - - [06/Jan/2013:10:42:43 -0800] "GET /FeedDisplay.php?archived&mode=iPhoneApp&fid=374&episode_id=817&nfid=59&uid=34205&version=3.2.0 HTTP/1.1" 200 8633 "-" "Mozilla/5.0 (iPhone; CPU iPhone OS 5_1_1 like Mac OS X) AppleWebKit/534.46 (KHTML, like Gecko) Mobile/9B206"
76.218.53.89 - - [06/Jan/2013:10:42:44 -0800] "GET /AddFavorite.php?uid=2508&fid=2348&version=4.0.12455&mode=iPhoneApp&locale=en_US HTTP/1.1" 200 56 "-" "Tales2Go./2.1.12455 CFNetwork/459 Darwin/10.0.0d3"
71.173.87.134 - - [06/Jan/2013:10:42:50 -0800] "GET /GetAd.php?sid=5&timeSinceLastAd=3774&previousFeedId=1528&nextFeedId=2836&tlt=3774&tlf=14&uid=27665&version=4.0.12455&mode=iPhoneApp&locale=en_US HTTP/1.1" 200 22 "-" "Tales2Go/3.2.0 CFNetwork/609 Darwin/13.0.0"
76.218.53.89 - - [06/Jan/2013:10:42:51 -0800] "GET /FeedRate.php?uid=2508&fid=2348&rating=5 HTTP/1.1" 200 28 "http://t2g.stitcher.com/FeedDisplay.php?archived&mode=iPhoneApp&fid=2348&episode_id=5250&nfid=2288&uid=2508&version=2.1.12455" "Mozilla/5.0 (iPhone; U; CPU iPhone OS 3_1_3 like Mac OS X; en-us) AppleWebKit/528.18 (KHTML, like Gecko) Mobile/7E18"
62.194.73.248 - - [06/Jan/2013:10:42:52 -0800] "GET /GetAd.php?sid=498&timeSinceLastAd=8&previousFeedId=374&nextFeedId=59&tlt=8&tlf=1&uid=34205&version=4.0.12455&mode=iPhoneApp&locale=en_US HTTP/1.1" 200 22 "-" "Tales2Go/3.2.0 CFNetwork/548.1.4 Darwin/11.0.0"
108.250.13.78 - - [06/Jan/2013:10:42:54 -0800] "GET /Search.php?uid=37833&term=songs&s=0&c=20&version=4.0.12455&mode=iPhoneApp&locale=en_US HTTP/1.1" 200 12263 "-" "Tales2Go%20-%20Old%20Version/2.2.12455 CFNetwork/609 Darwin/13.0.0"
108.250.13.78 - - [06/Jan/2013:10:43:01 -0800] "GET /PostUsage.php?uid=37833&sid=3&fid=1325&eid=2237&completed=76193&timezone=+0000&tlt=114&version=4.0.12455&mode=iPhoneApp&locale=en_US HTTP/1.1" 200 - "-" "Tales2Go%20-%20Old%20Version/2.2.12455 CFNetwork/609 Darwin/13.0.0"
108.250.13.78 - - [06/Jan/2013:10:43:01 -0800] "GET /FeedDisplay.php?archived&mode=iPhoneApp&fid=2841&episode_id=5409&nfid=0&uid=37833&version=2.2.12455 HTTP/1.1" 200 8578 "-" "Mozilla/5.0 (iPhone; CPU iPhone OS 6_0_1 like Mac OS X) AppleWebKit/536.26 (KHTML, like Gecko) Mobile/10A523"
96.231.210.209 - - [06/Jan/2013:10:43:03 -0800] "GET /PostUsage.php?uid=33929&sid=14&fid=1070&eid=1500&completed=14416&timezone=+0000&tlt=112&version=4.0.12455&mode=iPhoneApp&locale=en_US HTTP/1.1" 200 - "-" "Tales2Go/3.2.0 CFNetwork/609 Darwin/13.0.0"
96.231.210.209 - - [06/Jan/2013:10:43:03 -0800] "GET /GetUserInfo.php?uid=33929&udid=70:DE:E2:44:88:D7&version=4.0.12455&mode=iPhoneApp&locale=en_US HTTP/1.1" 200 194 "-" "Tales2Go/3.2.0 CFNetwork/609 Darwin/13.0.0"
96.231.210.209 - - [06/Jan/2013:10:43:03 -0800] "GET /GetContentStationList.php?uid=33929&version=4.0.12455&mode=iPhoneApp&locale=en_US HTTP/1.1" 200 6486 "-" "Tales2Go/3.2.0 CFNetwork/609 Darwin/13.0.0"
108.250.13.78 - - [06/Jan/2013:10:43:03 -0800] "GET /GetAd.php?sid=0&timeSinceLastAd=115&previousFeedId=2841&nextFeedId=0&tlt=115&tlf=1&uid=37833&version=4.0.12455&mode=iPhoneApp&locale=en_US HTTP/1.1" 200 22 "-" "Tales2Go%20-%20Old%20Version/2.2.12455 CFNetwork/609 Darwin/13.0.0"
96.231.210.209 - - [06/Jan/2013:10:43:03 -0800] "GET /GetStationListFC.php?uid=33929&version=4.0.12455&mode=iPhoneApp&locale=en_US HTTP/1.1" 200 16492 "-" "Tales2Go/3.2.0 CFNetwork/609 Darwin/13.0.0"
76.218.53.89 - - [06/Jan/2013:10:43:04 -0800] "GET /GetAd.php?sid=613&timeSinceLastAd=37480&previousFeedId=2348&nextFeedId=2288&tlt=37480&tlf=1&uid=2508&version=4.0.12455&mode=iPhoneApp&locale=en_US HTTP/1.1" 200 22 "-" "Tales2Go./2.1.12455 CFNetwork/459 Darwin/10.0.0d3"
96.231.210.209 - - [06/Jan/2013:10:43:12 -0800] "GET /GetBookmarkList.php?uid=33929&version=4.0.12455&mode=iPhoneApp&locale=en_US HTTP/1.1" 200 13644 "-" "Tales2Go/3.2.0 CFNetwork/609 Darwin/13.0.0"
96.231.210.209 - - [06/Jan/2013:10:43:18 -0800] "GET /GetStationPlayList.php?s=0&c=9&uid=33929&sid=17&endFeed=0&version=4.0.12455&mode=iPhoneApp&locale=en_US HTTP/1.1" 200 9263 "-" "Tales2Go/3.2.0 CFNetwork/609 Darwin/13.0.0"
96.231.210.209 - - [06/Jan/2013:10:43:20 -0800] "GET /GetAd.php?sid=17&timeSinceLastAd=112&previousFeedId=0&nextFeedId=1841&newStation&tlt=112&tlf=0&uid=33929&version=4.0.12455&mode=iPhoneApp&locale=en_US HTTP/1.1" 200 22 "-" "Tales2Go/3.2.0 CFNetwork/609 Darwin/13.0.0"
96.231.210.209 - - [06/Jan/2013:10:43:20 -0800] "GET /GetRecentFeedList.php?uid=33929&version=4.0.12455&mode=iPhoneApp&locale=en_US HTTP/1.1" 200 2244 "-" "Tales2Go/3.2.0 CFNetwork/609 Darwin/13.0.0"
96.231.210.209 - - [06/Jan/2013:10:43:21 -0800] "GET /FeedDisplay.php?archived&mode=iPhoneApp&fid=1841&episode_id=3366&nfid=2831&uid=33929&version=3.2.0 HTTP/1.1" 200 8678 "-" "Mozilla/5.0 (iPhone; CPU iPhone OS 6_0_1 like Mac OS X) AppleWebKit/536.26 (KHTML, like Gecko) Mobile/10A523"
96.231.210.209 - - [06/Jan/2013:10:43:22 -0800] "GET /GetAd.php?sid=17&timeSinceLastAd=112&previousFeedId=1841&nextFeedId=2831&tlt=112&tlf=1&uid=33929&version=4.0.12455&mode=iPhoneApp&locale=en_US HTTP/1.1" 200 22 "-" "Tales2Go/3.2.0 CFNetwork/609 Darwin/13.0.0"
96.231.210.209 - - [06/Jan/2013:10:43:34 -0800] "GET /GetAd.php?sid=17&timeSinceLastAd=125&previousFeedId=1841&nextFeedId=1545&tlt=125&tlf=1&uid=33929&version=4.0.12455&mode=iPhoneApp&locale=en_US HTTP/1.1" 200 22 "-" "Tales2Go/3.2.0 CFNetwork/609 Darwin/13.0.0"
96.231.210.209 - - [06/Jan/2013:10:43:35 -0800] "GET /PostUsage.php?uid=33929&sid=17&fid=1841&eid=3366&completed=13711&timezone=+0000&tlt=125&version=4.0.12455&mode=iPhoneApp&locale=en_US HTTP/1.1" 200 - "-" "Tales2Go/3.2.0 CFNetwork/609 Darwin/13.0.0"
96.231.210.209 - - [06/Jan/2013:10:43:35 -0800] "GET /FeedDisplay.php?archived&mode=iPhoneApp&fid=1545&episode_id=3012&nfid=1931&uid=33929&version=3.2.0 HTTP/1.1" 200 9737 "-" "Mozilla/5.0 (iPhone; CPU iPhone OS 6_0_1 like Mac OS X) AppleWebKit/536.26 (KHTML, like Gecko) Mobile/10A523"
166.137.156.155 - - [06/Jan/2013:10:43:37 -0800] "GET /GetStationPlayList.php?s=0&c=9&uid=37851&sid=61&endFeed=0&version=4.0.12455&mode=iPhoneApp&locale=en_US HTTP/1.1" 200 5795 "-" "Tales2Go/3.2.0 CFNetwork/609 Darwin/13.0.0"
96.231.210.209 - - [06/Jan/2013:10:43:41 -0800] "GET /GetAd.php?sid=17&timeSinceLastAd=131&previousFeedId=1545&nextFeedId=1931&tlt=131&tlf=2&uid=33929&version=4.0.12455&mode=iPhoneApp&locale=en_US HTTP/1.1" 200 22 "-" "Tales2Go/3.2.0 CFNetwork/609 Darwin/13.0.0"
72.191.106.182 - - [06/Jan/2013:10:43:48 -0800] "GET /GetStationPlayList.php?s=54&c=9&uid=37864&sid=196&endFeed=0&version=4.0.12455&mode=iPhoneApp&locale=en_US HTTP/1.1" 200 6469 "-" "Tales2Go/3.2.0 CFNetwork/609 Darwin/13.0.0"
108.250.13.78 - - [06/Jan/2013:10:43:48 -0800] "GET /Search.php?uid=37833&term=music&s=0&c=20&version=4.0.12455&mode=iPhoneApp&locale=en_US HTTP/1.1" 200 14125 "-" "Tales2Go%20-%20Old%20Version/2.2.12455 CFNetwork/609 Darwin/13.0.0"
96.231.210.209 - - [06/Jan/2013:10:43:52 -0800] "GET /PostUsage.php?skipped&uid=33929&sid=17&fid=1545&eid=3012&completed=10031&timezone=+0000&tlt=125&version=4.0.12455&mode=iPhoneApp&locale=en_US HTTP/1.1" 200 - "-" "Tales2Go/3.2.0 CFNetwork/609 Darwin/13.0.0"
166.137.156.155 - - [06/Jan/2013:10:43:53 -0800] "GET /GetStationPlayList.php?s=9&c=9&uid=37851&sid=61&endFeed=0&version=4.0.12455&mode=iPhoneApp&locale=en_US HTTP/1.1" 200 6193 "-" "Tales2Go/3.2.0 CFNetwork/609 Darwin/13.0.0"
96.231.210.209 - - [06/Jan/2013:10:43:52 -0800] "GET /GetStationPlayList.php?s=9&c=9&uid=33929&sid=17&endFeed=0&version=4.0.12455&mode=iPhoneApp&locale=en_US HTTP/1.1" 200 8372 "-" "Tales2Go/3.2.0 CFNetwork/609 Darwin/13.0.0"
96.231.210.209 - - [06/Jan/2013:10:43:54 -0800] "GET /GetAd.php?sid=17&timeSinceLastAd=135&previousFeedId=1545&nextFeedId=1931&tlt=135&tlf=2&uid=33929&version=4.0.12455&mode=iPhoneApp&locale=en_US HTTP/1.1" 200 22 "-" "Tales2Go/3.2.0 CFNetwork/609 Darwin/13.0.0"
108.250.13.78 - - [06/Jan/2013:10:43:54 -0800] "GET /PostUsage.php?uid=37833&sid=0&fid=2841&eid=5409&completed=206143&timezone=+0000&tlt=114&version=4.0.12455&mode=iPhoneApp&locale=en_US HTTP/1.1" 200 - "-" "Tales2Go%20-%20Old%20Version/2.2.12455 CFNetwork/609 Darwin/13.0.0"
108.250.13.78 - - [06/Jan/2013:10:43:54 -0800] "GET /FeedDisplay.php?archived&mode=iPhoneApp&fid=269&episode_id=380&nfid=0&uid=37833&version=2.2.12455 HTTP/1.1" 200 8503 "-" "Mozilla/5.0 (iPhone; CPU iPhone OS 6_0_1 like Mac OS X) AppleWebKit/536.26 (KHTML, like Gecko) Mobile/10A523"
96.231.210.209 - - [06/Jan/2013:10:43:54 -0800] "GET /FeedDisplay.php?archived&mode=iPhoneApp&fid=1931&episode_id=3641&nfid=2177&uid=33929&version=3.2.0 HTTP/1.1" 200 9461 "-" "Mozilla/5.0 (iPhone; CPU iPhone OS 6_0_1 like Mac OS X) AppleWebKit/536.26 (KHTML, like Gecko) Mobile/10A523"
166.137.156.155 - - [06/Jan/2013:10:43:54 -0800] "GET /GetAd.php?sid=61&timeSinceLastAd=2153&previousFeedId=294&nextFeedId=2407&newStation&tlt=2153&tlf=0&uid=37851&version=4.0.12455&mode=iPhoneApp&locale=en_US HTTP/1.1" 200 22 "-" "Tales2Go/3.2.0 CFNetwork/609 Darwin/13.0.0"
166.137.156.155 - - [06/Jan/2013:10:43:54 -0800] "GET /PostUsage.php?uid=37851&sid=60&fid=294&eid=482&completed=398374&timezone=+0000&tlt=2153&version=4.0.12455&mode=iPhoneApp&locale=en_US HTTP/1.1" 200 - "-" "Tales2Go/3.2.0 CFNetwork/609 Darwin/13.0.0"
108.250.13.78 - - [06/Jan/2013:10:43:55 -0800] "GET /GetAd.php?sid=0&timeSinceLastAd=114&previousFeedId=269&nextFeedId=0&tlt=114&tlf=1&uid=37833&version=4.0.12455&mode=iPhoneApp&locale=en_US HTTP/1.1" 200 22 "-" "Tales2Go%20-%20Old%20Version/2.2.12455 CFNetwork/609 Darwin/13.0.0"
166.137.156.155 - - [06/Jan/2013:10:43:55 -0800] "GET /FeedDisplay.php?archived&mode=iPhoneApp&fid=2407&episode_id=4630&nfid=918&uid=37851&version=3.2.0 HTTP/1.1" 200 8610 "-" "Mozilla/5.0 (iPhone; CPU iPhone OS 6_0_1 like Mac OS X) AppleWebKit/536.26 (KHTML, like Gecko) Mobile/10A523"
96.231.210.209 - - [06/Jan/2013:10:43:56 -0800] "GET /GetAd.php?sid=17&timeSinceLastAd=136&previousFeedId=1931&nextFeedId=1841&newStation&tlt=136&tlf=0&uid=33929&version=4.0.12455&mode=iPhoneApp&locale=en_US HTTP/1.1" 200 22 "-" "Tales2Go/3.2.0 CFNetwork/609 Darwin/13.0.0"
96.231.210.209 - - [06/Jan/2013:10:43:57 -0800] "GET /PostUsage.php?uid=33929&sid=17&fid=1931&eid=3641&completed=2250&timezone=+0000&tlt=136&version=4.0.12455&mode=iPhoneApp&locale=en_US HTTP/1.1" 200 - "-" "Tales2Go/3.2.0 CFNetwork/609 Darwin/13.0.0"
96.231.210.209 - - [06/Jan/2013:10:43:57 -0800] "GET /FeedDisplay.php?archived&mode=iPhoneApp&fid=1841&episode_id=3366&nfid=2831&uid=33929&version=3.2.0 HTTP/1.1" 200 8678 "-" "Mozilla/5.0 (iPhone; CPU iPhone OS 6_0_1 like Mac OS X) AppleWebKit/536.26 (KHTML, like Gecko) Mobile/10A523"
96.231.210.209 - - [06/Jan/2013:10:43:58 -0800] "GET /GetAd.php?sid=17&timeSinceLastAd=136&previousFeedId=1841&nextFeedId=2831&tlt=136&tlf=1&uid=33929&version=4.0.12455&mode=iPhoneApp&locale=en_US HTTP/1.1" 200 22 "-" "Tales2Go/3.2.0 CFNetwork/609 Darwin/13.0.0"
72.191.106.182 - - [06/Jan/2013:10:44:00 -0800] "GET /GetStationPlayList.php?s=0&c=9&uid=37864&sid=285&endFeed=0&version=4.0.12455&mode=iPhoneApp&locale=en_US HTTP/1.1" 200 10772 "-" "Tales2Go/3.2.0 CFNetwork/609 Darwin/13.0.0"
72.191.106.182 - - [06/Jan/2013:10:44:07 -0800] "GET /GetStationPlayList.php?s=9&c=9&uid=37864&sid=285&endFeed=0&version=4.0.12455&mode=iPhoneApp&locale=en_US HTTP/1.1" 200 9801 "-" "Tales2Go/3.2.0 CFNetwork/609 Darwin/13.0.0"
108.250.13.78 - - [06/Jan/2013:10:44:08 -0800] "GET /Search.php?uid=37833&term=music&s=20&c=20&version=4.0.12455&mode=iPhoneApp&locale=en_US HTTP/1.1" 200 16660 "-" "Tales2Go%20-%20Old%20Version/2.2.12455 CFNetwork/609 Darwin/13.0.0"
166.137.156.155 - - [06/Jan/2013:10:44:11 -0800] "GET /GetAd.php?sid=61&timeSinceLastAd=2167&previousFeedId=2407&nextFeedId=918&tlt=2167&tlf=1&uid=37851&version=4.0.12455&mode=iPhoneApp&locale=en_US HTTP/1.1" 200 22 "-" "Tales2Go/3.2.0 CFNetwork/609 Darwin/13.0.0"
72.191.106.182 - - [06/Jan/2013:10:44:16 -0800] "GET /GetStationPlayList.php?s=18&c=9&uid=37864&sid=285&endFeed=0&version=4.0.12455&mode=iPhoneApp&locale=en_US HTTP/1.1" 200 9478 "-" "Tales2Go/3.2.0 CFNetwork/609 Darwin/13.0.0"
96.231.210.209 - - [06/Jan/2013:10:44:31 -0800] "GET /GetStationPlayList.php?s=0&c=9&uid=33929&sid=285&endFeed=0&version=4.0.12455&mode=iPhoneApp&locale=en_US HTTP/1.1" 200 10028 "-" "Tales2Go/3.2.0 CFNetwork/609 Darwin/13.0.0"
96.231.210.209 - - [06/Jan/2013:10:44:32 -0800] "GET /GetAd.php?sid=285&timeSinceLastAd=170&previousFeedId=1841&nextFeedId=2835&newStation&tlt=170&tlf=0&uid=33929&version=4.0.12455&mode=iPhoneApp&locale=en_US HTTP/1.1" 200 22 "-" "Tales2Go/3.2.0 CFNetwork/609 Darwin/13.0.0"
96.231.210.209 - - [06/Jan/2013:10:44:32 -0800] "GET /PostUsage.php?uid=33929&sid=17&fid=1841&eid=3366&completed=34676&timezone=+0000&tlt=170&version=4.0.12455&mode=iPhoneApp&locale=en_US HTTP/1.1" 200 - "-" "Tales2Go/3.2.0 CFNetwork/609 Darwin/13.0.0"
96.231.210.209 - - [06/Jan/2013:10:44:32 -0800] "GET /FeedDisplay.php?archived&mode=iPhoneApp&fid=2835&episode_id=5389&nfid=2316&uid=33929&version=3.2.0 HTTP/1.1" 200 9211 "-" "Mozilla/5.0 (iPhone; CPU iPhone OS 6_0_1 like Mac OS X) AppleWebKit/536.26 (KHTML, like Gecko) Mobile/10A523"
75.216.139.254 - - [06/Jan/2013:10:44:32 -0800] "GET /StartupChecks.php?startup&uid=36583&version=4.0.12455&mode=iPhoneApp&locale=en_US HTTP/1.1" 200 289 "-" "Tales2Go/3.2.0 CFNetwork/548.1.4 Darwin/11.0.0"
75.216.139.254 - - [06/Jan/2013:10:44:33 -0800] "GET /LoadUserFromID.php?markStartup&id=36583&udid=8C:58:77:CD:85:6A&version=4.0.12455&mode=iPhoneApp&locale=en_US HTTP/1.1" 200 263 "-" "Tales2Go/3.2.0 CFNetwork/548.1.4 Darwin/11.0.0"
24.66.42.52 - - [06/Jan/2013:10:44:34 -0800] "GET /PostUsage.php?uid=36484&sid=285&fid=1482&eid=5658&completed=4527731&timezone=+0000&tlt=123770&version=4.0.12455&mode=iPhoneApp&locale=en_CA HTTP/1.1" 200 - "-" "Tales2Go/3.2.0 CFNetwork/548.0.4 Darwin/11.0.0"
75.216.139.254 - - [06/Jan/2013:10:44:34 -0800] "GET /GetContentStationList.php?uid=36583&version=4.0.12455&mode=iPhoneApp&locale=en_US HTTP/1.1" 200 6486 "-" "Tales2Go/3.2.0 CFNetwork/548.1.4 Darwin/11.0.0"
24.66.42.52 - - [06/Jan/2013:10:44:36 -0800] "GET /FeedDisplay.php?archived&mode=iPhoneApp&fid=1482&episode_id=5659&nfid=293&uid=36484&version=3.2.0 HTTP/1.1" 200 9278 "-" "Mozilla/5.0 (iPod; CPU iPhone OS 5_0_1 like Mac OS X) AppleWebKit/534.46 (KHTML, like Gecko) Mobile/9A405"
75.216.139.254 - - [06/Jan/2013:10:44:34 -0800] "GET /GetStationListFC.php?uid=36583&version=4.0.12455&mode=iPhoneApp&locale=en_US HTTP/1.1" 200 16492 "-" "Tales2Go/3.2.0 CFNetwork/548.1.4 Darwin/11.0.0"
96.231.210.209 - - [06/Jan/2013:10:44:39 -0800] "GET /GetAd.php?sid=285&timeSinceLastAd=172&previousFeedId=2835&nextFeedId=2316&tlt=172&tlf=1&uid=33929&version=4.0.12455&mode=iPhoneApp&locale=en_US HTTP/1.1" 200 22 "-" "Tales2Go/3.2.0 CFNetwork/609 Darwin/13.0.0"
72.191.106.182 - - [06/Jan/2013:10:44:46 -0800] "GET /GetStationPlayList.php?s=9&c=9&uid=37864&sid=197&endFeed=0&version=4.0.12455&mode=iPhoneApp&locale=en_US HTTP/1.1" 200 7253 "-" "Tales2Go/3.2.0 CFNetwork/609 Darwin/13.0.0"
72.191.106.182 - - [06/Jan/2013:10:44:51 -0800] "GET /GetStationPlayList.php?s=18&c=9&uid=37864&sid=197&endFeed=0&version=4.0.12455&mode=iPhoneApp&locale=en_US HTTP/1.1" 200 1929 "-" "Tales2Go/3.2.0 CFNetwork/609 Darwin/13.0.0"
72.191.106.182 - - [06/Jan/2013:10:45:08 -0800] "GET /GetAd.php?sid=285&timeSinceLastAd=153&previousFeedId=925&nextFeedId=2216&newStation&tlt=153&tlf=0&uid=37864&version=4.0.12455&mode=iPhoneApp&locale=en_US HTTP/1.1" 200 22 "-" "Tales2Go/3.2.0 CFNetwork/609 Darwin/13.0.0"
72.191.106.182 - - [06/Jan/2013:10:45:08 -0800] "GET /PostUsage.php?uid=37864&sid=196&fid=925&eid=1225&completed=153643&timezone=+0000&tlt=153&version=4.0.12455&mode=iPhoneApp&locale=en_US HTTP/1.1" 200 - "-" "Tales2Go/3.2.0 CFNetwork/609 Darwin/13.0.0"
72.191.106.182 - - [06/Jan/2013:10:45:09 -0800] "GET /FeedDisplay.php?archived&mode=iPhoneApp&fid=2216&episode_id=5044&nfid=2131&uid=37864&version=3.2.0 HTTP/1.1" 200 8564 "-" "Mozilla/5.0 (iPod; CPU iPhone OS 6_0_1 like Mac OS X) AppleWebKit/536.26 (KHTML, like Gecko) Mobile/10A523"
96.231.210.209 - - [06/Jan/2013:10:45:12 -0800] "GET /Search.php?uid=33929&term=Tom%20sawyer&s=0&c=20&version=4.0.12455&mode=iPhoneApp&locale=en_US HTTP/1.1" 200 14139 "-" "Tales2Go/3.2.0 CFNetwork/609 Darwin/13.0.0"
72.191.106.182 - - [06/Jan/2013:10:45:14 -0800] "GET /GetAd.php?sid=285&timeSinceLastAd=157&previousFeedId=2216&nextFeedId=2131&tlt=157&tlf=1&uid=37864&version=4.0.12455&mode=iPhoneApp&locale=en_US HTTP/1.1" 200 22 "-" "Tales2Go/3.2.0 CFNetwork/609 Darwin/13.0.0"
76.111.86.252 - - [06/Jan/2013:10:45:30 -0800] "GET /PostUsage.php?skipped&uid=37245&sid=0&fid=961&eid=1454&completed=3409924&timezone=+0000&tlt=0&version=4.0.12455&mode=iPhoneApp&locale=en_US HTTP/1.1" 200 - "-" "Tales2Go/3.2.0 CFNetwork/609 Darwin/13.0.0"
72.191.106.182 - - [06/Jan/2013:10:45:37 -0800] "GET /GetStationPlayList.php?s=0&c=9&uid=37864&sid=43&endFeed=0&version=4.0.12455&mode=iPhoneApp&locale=en_US HTTP/1.1" 200 11494 "-" "Tales2Go/3.2.0 CFNetwork/609 Darwin/13.0.0"
72.191.106.182 - - [06/Jan/2013:10:45:41 -0800] "GET /GetBookmarkList.php?uid=37864&version=4.0.12455&mode=iPhoneApp&locale=en_US HTTP/1.1" 200 55 "-" "Tales2Go/3.2.0 CFNetwork/609 Darwin/13.0.0"
72.191.106.182 - - [06/Jan/2013:10:45:43 -0800] "GET /GetStationPlayList.php?s=9&c=9&uid=37864&sid=43&endFeed=0&version=4.0.12455&mode=iPhoneApp&locale=en_US HTTP/1.1" 200 7886 "-" "Tales2Go/3.2.0 CFNetwork/609 Darwin/13.0.0"
24.2.124.195 - - [06/Jan/2013:10:45:54 -0800] "GET /GetAd.php?sid=103&timeSinceLastAd=67401&previousFeedId=773&nextFeedId=772&tlt=67401&tlf=30&uid=31930&version=4.0.12455&mode=iPhoneApp&locale=en_US HTTP/1.1" 200 22 "-" "Tales2Go/3.2.0 CFNetwork/548.1.4 Darwin/11.0.0"
24.2.124.195 - - [06/Jan/2013:10:45:54 -0800] "GET /PostUsage.php?uid=31930&sid=103&fid=773&eid=1066&completed=3969363&timezone=+0000&tlt=67401&version=4.0.12455&mode=iPhoneApp&locale=en_US HTTP/1.1" 200 - "-" "Tales2Go/3.2.0 CFNetwork/548.1.4 Darwin/11.0.0"
24.2.124.195 - - [06/Jan/2013:10:45:54 -0800] "GET /FeedDisplay.php?archived&mode=iPhoneApp&fid=772&episode_id=1058&nfid=762&uid=31930&version=3.2.0 HTTP/1.1" 200 8581 "-" "Mozilla/5.0 (iPhone; CPU iPhone OS 5_1_1 like Mac OS X) AppleWebKit/534.46 (KHTML, like Gecko) Mobile/9B206"
96.231.210.209 - - [06/Jan/2013:10:45:58 -0800] "GET /Search.php?uid=33929&term=huckleberry%20Finn&s=0&c=20&version=4.0.12455&mode=iPhoneApp&locale=en_US HTTP/1.1" 200 6840 "-" "Tales2Go/3.2.0 CFNetwork/609 Darwin/13.0.0"
24.2.124.195 - - [06/Jan/2013:10:46:00 -0800] "GET /GetAd.php?sid=103&timeSinceLastAd=67406&previousFeedId=772&nextFeedId=762&tlt=67406&tlf=31&uid=31930&version=4.0.12455&mode=iPhoneApp&locale=en_US HTTP/1.1" 200 22 "-" "Tales2Go/3.2.0 CFNetwork/548.1.4 Darwin/11.0.0"
76.111.86.252 - - [06/Jan/2013:10:46:04 -0800] "GET /Search.php?uid=37245&term=box&s=0&c=20&version=4.0.12455&mode=iPhoneApp&locale=en_US HTTP/1.1" 200 3792 "-" "Tales2Go/3.2.0 CFNetwork/609 Darwin/13.0.0"
96.231.210.209 - - [06/Jan/2013:10:46:08 -0800] "GET /PostUsage.php?uid=33929&sid=285&fid=2835&eid=5389&completed=2217&timezone=+0000&tlt=170&version=4.0.12455&mode=iPhoneApp&locale=en_US HTTP/1.1" 200 - "-" "Tales2Go/3.2.0 CFNetwork/609 Darwin/13.0.0"
96.231.210.209 - - [06/Jan/2013:10:46:08 -0800] "GET /FeedDisplay.php?archived&mode=iPhoneApp&fid=1292&episode_id=2068&nfid=0&uid=33929&version=3.2.0 HTTP/1.1" 200 9061 "-" "Mozilla/5.0 (iPhone; CPU iPhone OS 6_0_1 like Mac OS X) AppleWebKit/536.26 (KHTML, like Gecko) Mobile/10A523"
96.231.210.209 - - [06/Jan/2013:10:46:08 -0800] "GET /GetAd.php?sid=0&timeSinceLastAd=170&previousFeedId=1292&nextFeedId=0&tlt=170&tlf=1&uid=33929&version=4.0.12455&mode=iPhoneApp&locale=en_US HTTP/1.1" 200 22 "-" "Tales2Go/3.2.0 CFNetwork/609 Darwin/13.0.0"
96.231.210.209 - - [06/Jan/2013:10:46:17 -0800] "GET /PostUsage.php?uid=33929&sid=0&fid=1292&eid=2068&completed=8764&timezone=+0000&tlt=170&version=4.0.12455&mode=iPhoneApp&locale=en_US HTTP/1.1" 200 - "-" "Tales2Go/3.2.0 CFNetwork/609 Darwin/13.0.0"
96.231.210.209 - - [06/Jan/2013:10:46:18 -0800] "GET /FeedDisplay.php?archived&mode=iPhoneApp&fid=1292&episode_id=2069&nfid=0&uid=33929&version=3.2.0 HTTP/1.1" 200 9083 "-" "Mozilla/5.0 (iPhone; CPU iPhone OS 6_0_1 like Mac OS X) AppleWebKit/536.26 (KHTML, like Gecko) Mobile/10A523"
96.231.210.209 - - [06/Jan/2013:10:46:24 -0800] "GET /GetAd.php?sid=0&timeSinceLastAd=183&previousFeedId=1292&nextFeedId=0&tlt=183&tlf=2&uid=33929&version=4.0.12455&mode=iPhoneApp&locale=en_US HTTP/1.1" 200 22 "-" "Tales2Go/3.2.0 CFNetwork/609 Darwin/13.0.0"
76.111.86.252 - - [06/Jan/2013:10:46:25 -0800] "GET /Search.php?uid=37245&term=boxcar%20children&s=0&c=20&version=4.0.12455&mode=iPhoneApp&locale=en_US HTTP/1.1" 200 17653 "-" "Tales2Go/3.2.0 CFNetwork/609 Darwin/13.0.0"
72.191.106.182 - - [06/Jan/2013:10:46:26 -0800] "GET /Search.php?uid=37864&term=thirteen%20ghosts&s=0&c=20&version=4.0.12455&mode=iPhoneApp&locale=en_US HTTP/1.1" 200 14769 "-" "Tales2Go/3.2.0 CFNetwork/609 Darwin/13.0.0"
24.2.124.195 - - [06/Jan/2013:10:46:38 -0800] "GET /GetAd.php?sid=103&timeSinceLastAd=68337&previousFeedId=772&nextFeedId=950&tlt=68337&tlf=31&uid=31930&version=4.0.12455&mode=iPhoneApp&locale=en_US HTTP/1.1" 200 22 "-" "Tales2Go/3.2.0 CFNetwork/548.1.4 Darwin/11.0.0"
24.2.124.195 - - [06/Jan/2013:10:46:38 -0800] "GET /PostUsage.php?uid=31930&sid=103&fid=772&eid=1058&completed=936980&timezone=+0000&tlt=68337&version=4.0.12455&mode=iPhoneApp&locale=en_US HTTP/1.1" 200 - "-" "Tales2Go/3.2.0 CFNetwork/548.1.4 Darwin/11.0.0"
24.2.124.195 - - [06/Jan/2013:10:46:38 -0800] "GET /FeedDisplay.php?archived&mode=iPhoneApp&fid=950&episode_id=1514&nfid=942&uid=31930&version=3.2.0 HTTP/1.1" 200 8906 "-" "Mozilla/5.0 (iPhone; CPU iPhone OS 5_1_1 like Mac OS X) AppleWebKit/534.46 (KHTML, like Gecko) Mobile/9B206"
24.2.124.195 - - [06/Jan/2013:10:46:38 -0800] "GET /GetAd.php?sid=103&timeSinceLastAd=68337&previousFeedId=950&nextFeedId=942&tlt=68337&tlf=32&uid=31930&version=4.0.12455&mode=iPhoneApp&locale=en_US HTTP/1.1" 200 22 "-" "Tales2Go/3.2.0 CFNetwork/548.1.4 Darwin/11.0.0"
76.111.86.252 - - [06/Jan/2013:10:46:56 -0800] "GET /RemoveFavorite.php?uid=37245&fid=966&version=4.0.12455&mode=iPhoneApp&locale=en_US HTTP/1.1" 200 57 "-" "Tales2Go/3.2.0 CFNetwork/609 Darwin/13.0.0"
